{"id":37058,"date":"2021-09-13T21:42:36","date_gmt":"2021-09-13T19:42:36","guid":{"rendered":"https:\/\/marktxxl.de\/markt\/produkt\/bioniva-retinol-liposomen-liefersystem-mit-vitamin-c-vegan-hyaluronsaeure-anti-aging-lift-serum-fuer-gesicht-dekollete-und-koerper\/"},"modified":"2023-04-10T01:37:45","modified_gmt":"2023-04-09T23:37:45","slug":"bioniva-retinol-liposomen-liefersystem-mit-vitamin-c-vegan-hyaluronsaeure-anti-aging-lift-serum-fuer-gesicht-dekollete-und-koerper","status":"publish","type":"product","link":"https:\/\/marktxxl.de\/markt\/produkt\/bioniva-retinol-liposomen-liefersystem-mit-vitamin-c-vegan-hyaluronsaeure-anti-aging-lift-serum-fuer-gesicht-dekollete-und-koerper\/","title":{"rendered":"Retinol Serum Hochdosiert BIO mit Vitamin C &amp; Vegan Hyalurons\u00e4ure &#8211; Bioniva Retinol Serum gegen falten und augenringe\u2026"},"content":{"rendered":"<p>WO RETINOL EFFEKTIV IST &#8211; Retinol muss tieferen Schichten gelangen um effektiv zu sein. Anstatt einfach Retinolpulver hinzuf\u00fcgen wie bei den meisten anderen Retinolprodukten, verwenden wir ein verkapseltes Retinol-Liposomen-Liefersystem. Das System verbessert die F\u00e4higkeit der Retinole, in die oberen Hautschichten einzudringen und von den tieferen Schichten absorbiert zu werden. &#8220;SEHR GUT&#8221; AUSZEICHNUNG \/ SIEGER GESICHTSSERUM auf Vergleich.org<br \/>\nKOMPLETT GESICHTSBEHANDLUNG \u2013 Retinol arbeitet mit zus\u00e4tzlichen Anti-Aging Wirkstoffen wie Vitamin C, vegane Hyalorons\u00e4ure, Vitamin E und Gr\u00fcner Tee, um die Hautstruktur zu gl\u00e4tten und einen gesunden, strahlenden Teint wiederherzustellen und gleichzeitig die mit der Retinol-Behandlung verbundenen Irritationen zu reduzieren. Diese Anti-Aging-Gesichtscreme eignet sich f\u00fcr alle Hauttypen, selbst f\u00fcr empfindliche Haut.<br \/>\nVERRINGERT AKNE &amp; REDUZIERT AUSBR\u00dcCHE \u2013 Dieses straffende Serum unterst\u00fctzt Kollagenproduktion, verbessert auf dramatische Weise den Zellaustausch der Haut, indem tote Haut entfernt wird und Poren frei gemacht werden. Dies unterst\u00fctzt die Kontrolle von Ausbr\u00fcchen und f\u00fchrt zu einer reineren Haut. Die nat\u00fcrliche Exfoliationsaktion von Retinol reduziert auch die Porengr\u00f6\u00dfe, um ein gesundes strahlendes Aussehen zu erreichen.<br \/>\nVEGANE BIO NATURKOSMETIK \u2013 Unser Anti Aging Retinol Lift Serum enth\u00e4lt KEINE Parabene und KEINEN Alkohol. Die aktive Bestandteile wirken zusammen mit Ihrer Haut und ist f\u00fcr m\u00e4nner und frauen geeignet. Unsere Produkte werden nie an Tieren getestet. Verbessern Sie die Erscheinung Ihrer Haut heute mit unserem nat\u00fcrlichen und organischen Gesichtsserum gegen Falten, unreine Haut, feine Linien, ungleichm\u00e4\u00dfiger Hautton und Flecken.<br \/>\nFUNKTIONIERT ES NICHT, ERHALTEN SIE IHR GELD ZUR\u00dcCK 3 Monate 100% Geldzur\u00fcckGarantie. Wenn Sie nicht voll und ganz zufrieden sind, erstatten wir Ihnen das Geld zur\u00fcck. UNSER BESTAND IST SCHNELL AUSVERKAUFT beeilen Sie sich und bestellen Sie jetzt.<br \/>\n<div class=\"main-cross-sell\" data-asin=\"B01LZAR4BL\">\n\n\t<div class=\"WooZone-cross-sell-loader\">\n\t\t<div>\n\t\t\t<div id=\"floatingBarsG\">\n\t\t\t\t<div class=\"blockG\" id=\"rotateG_01\"><\/div>\n\t\t\t\t<div class=\"blockG\" id=\"rotateG_02\"><\/div>\n\t\t\t\t<div class=\"blockG\" id=\"rotateG_03\"><\/div>\n\t\t\t\t<div class=\"blockG\" id=\"rotateG_04\"><\/div>\n\t\t\t\t<div class=\"blockG\" id=\"rotateG_05\"><\/div>\n\t\t\t\t<div class=\"blockG\" id=\"rotateG_06\"><\/div>\n\t\t\t\t<div class=\"blockG\" id=\"rotateG_07\"><\/div>\n\t\t\t\t<div class=\"blockG\" id=\"rotateG_08\"><\/div>\n\t\t\t<\/div>\n\t\t\t<div class=\"WooZone-cross-sell-loader-text\"><\/div>\n\t\t<\/div>\n\t<\/div>\n\n\t\t\n<\/div>\n<div style=\"clear:both;\"><\/div><\/p>\n","protected":false},"excerpt":{"rendered":"<p>WO RETINOL EFFEKTIV IST &#8211; Retinol muss tieferen Schichten gelangen um effektiv zu sein. Anstatt einfach Retinolpulver hinzuf\u00fcgen wie bei den meisten anderen Retinolprodukten, verwenden wir ein verkapseltes Retinol-Liposomen-Liefersystem. Das System verbessert die F\u00e4higkeit der Retinole, in die oberen Hautschichten einzudringen und von den tieferen Schichten absorbiert zu werden. &#8220;SEHR GUT&#8221; AUSZEICHNUNG \/ SIEGER GESICHTSSERUM auf Vergleich.org<br \/>\nKOMPLETT GESICHTSBEHANDLUNG \u2013 Retinol arbeitet mit zus\u00e4tzlichen Anti-Aging Wirkstoffen wie Vitamin C, vegane Hyalorons\u00e4ure, Vitamin E und Gr\u00fcner Tee, um die Hautstruktur zu gl\u00e4tten und einen gesunden, strahlenden Teint wiederherzustellen und gleichzeitig die mit der Retinol-Behandlung verbundenen Irritationen zu reduzieren. Diese Anti-Aging-Gesichtscreme eignet sich f\u00fcr alle Hauttypen, selbst f\u00fcr empfindliche Haut.<br \/>\nVERRINGERT AKNE &amp; REDUZIERT AUSBR\u00dcCHE \u2013 Dieses straffende Serum unterst\u00fctzt Kollagenproduktion, verbessert auf dramatische Weise den Zellaustausch der Haut, indem tote Haut entfernt wird und Poren frei gemacht werden. Dies unterst\u00fctzt die Kontrolle von Ausbr\u00fcchen und f\u00fchrt zu einer reineren Haut. Die nat\u00fcrliche Exfoliationsaktion von Retinol reduziert auch die Porengr\u00f6\u00dfe, um ein gesundes strahlendes Aussehen zu erreichen.<\/p>\n","protected":false},"featured_media":37059,"comment_status":"open","ping_status":"closed","template":"","meta":[],"product_brand":[],"product_cat":[2858,7067],"product_tag":[],"class_list":{"0":"post-37058","1":"product","2":"type-product","3":"status-publish","4":"has-post-thumbnail","6":"product_cat-beauty","7":"product_cat-hautpflege","8":"pa_binding-misc","9":"pa_brand-bioniva","10":"pa_height-4-2519684996-zoll","11":"pa_length-1-38188976237-zoll","12":"pa_manufacturer-bioniva","13":"pa_model-16421","14":"pa_size-30-ml-1er-pack","15":"pa_width-1-38188976237-zoll","17":"first","18":"instock","19":"shipping-taxable","20":"purchasable","21":"product-type-simple","22":"customify-col","23":"product-has-gallery"},"yoast_head":"<!-- This site is optimized with the Yoast SEO plugin v27.4 - https:\/\/yoast.com\/product\/yoast-seo-wordpress\/ -->\n<title>Retinol Serum Hochdosiert BIO mit Vitamin C &amp; Vegan Hyalurons\u00e4ure - Bioniva Retinol Serum gegen falten und augenringe\u2026 - Markt-XXL<\/title>\n<meta name=\"description\" content=\"Markt-XXL Retinol Serum Hochdosiert BIO mit Vitamin C &amp; Vegan Hyalurons\u00e4ure - Bioniva Retinol Serum gegen falten und augenringe\u2026\" \/>\n<meta name=\"robots\" content=\"index, follow, max-snippet:-1, max-image-preview:large, max-video-preview:-1\" \/>\n<link rel=\"canonical\" href=\"https:\/\/marktxxl.de\/markt\/produkt\/bioniva-retinol-liposomen-liefersystem-mit-vitamin-c-vegan-hyaluronsaeure-anti-aging-lift-serum-fuer-gesicht-dekollete-und-koerper\/\" \/>\n<meta property=\"og:locale\" content=\"de_DE\" \/>\n<meta property=\"og:type\" content=\"article\" \/>\n<meta property=\"og:title\" content=\"Retinol Serum Hochdosiert BIO mit Vitamin C &amp; Vegan Hyalurons\u00e4ure - Bioniva Retinol Serum gegen falten und augenringe\u2026 - Markt-XXL\" \/>\n<meta property=\"og:description\" content=\"Markt-XXL Retinol Serum Hochdosiert BIO mit Vitamin C &amp; Vegan Hyalurons\u00e4ure - Bioniva Retinol Serum gegen falten und augenringe\u2026\" \/>\n<meta property=\"og:url\" content=\"https:\/\/marktxxl.de\/markt\/produkt\/bioniva-retinol-liposomen-liefersystem-mit-vitamin-c-vegan-hyaluronsaeure-anti-aging-lift-serum-fuer-gesicht-dekollete-und-koerper\/\" \/>\n<meta property=\"og:site_name\" content=\"Markt-XXL\" \/>\n<meta property=\"article:modified_time\" content=\"2023-04-09T23:37:45+00:00\" \/>\n<meta property=\"og:image\" content=\"https:\/\/m.media-amazon.com\/images\/I\/417lprNcTbS._SL500_.jpg\" \/>\n\t<meta property=\"og:image:width\" content=\"331\" \/>\n\t<meta property=\"og:image:height\" content=\"500\" \/>\n\t<meta property=\"og:image:type\" content=\"image\/jpeg\" \/>\n<meta name=\"twitter:card\" content=\"summary_large_image\" \/>\n<meta name=\"twitter:label1\" content=\"Gesch\u00e4tzte Lesezeit\" \/>\n\t<meta name=\"twitter:data1\" content=\"1\u00a0Minute\" \/>\n<script type=\"application\/ld+json\" class=\"yoast-schema-graph\">{\"@context\":\"https:\\\/\\\/schema.org\",\"@graph\":[{\"@type\":\"WebPage\",\"@id\":\"https:\\\/\\\/marktxxl.de\\\/markt\\\/produkt\\\/bioniva-retinol-liposomen-liefersystem-mit-vitamin-c-vegan-hyaluronsaeure-anti-aging-lift-serum-fuer-gesicht-dekollete-und-koerper\\\/\",\"url\":\"https:\\\/\\\/marktxxl.de\\\/markt\\\/produkt\\\/bioniva-retinol-liposomen-liefersystem-mit-vitamin-c-vegan-hyaluronsaeure-anti-aging-lift-serum-fuer-gesicht-dekollete-und-koerper\\\/\",\"name\":\"Retinol Serum Hochdosiert BIO mit Vitamin C &amp; Vegan Hyalurons\u00e4ure - Bioniva Retinol Serum gegen falten und augenringe\u2026 - Markt-XXL\",\"isPartOf\":{\"@id\":\"https:\\\/\\\/marktxxl.de\\\/markt\\\/#website\"},\"primaryImageOfPage\":{\"@id\":\"https:\\\/\\\/marktxxl.de\\\/markt\\\/produkt\\\/bioniva-retinol-liposomen-liefersystem-mit-vitamin-c-vegan-hyaluronsaeure-anti-aging-lift-serum-fuer-gesicht-dekollete-und-koerper\\\/#primaryimage\"},\"image\":{\"@id\":\"https:\\\/\\\/marktxxl.de\\\/markt\\\/produkt\\\/bioniva-retinol-liposomen-liefersystem-mit-vitamin-c-vegan-hyaluronsaeure-anti-aging-lift-serum-fuer-gesicht-dekollete-und-koerper\\\/#primaryimage\"},\"thumbnailUrl\":\"https:\\\/\\\/m.media-amazon.com\\\/images\\\/I\\\/417lprNcTbS._SL500_.jpg\",\"datePublished\":\"2021-09-13T19:42:36+00:00\",\"dateModified\":\"2023-04-09T23:37:45+00:00\",\"description\":\"Markt-XXL Retinol Serum Hochdosiert BIO mit Vitamin C &amp; Vegan Hyalurons\u00e4ure - Bioniva Retinol Serum gegen falten und augenringe\u2026\",\"breadcrumb\":{\"@id\":\"https:\\\/\\\/marktxxl.de\\\/markt\\\/produkt\\\/bioniva-retinol-liposomen-liefersystem-mit-vitamin-c-vegan-hyaluronsaeure-anti-aging-lift-serum-fuer-gesicht-dekollete-und-koerper\\\/#breadcrumb\"},\"inLanguage\":\"de\",\"potentialAction\":[{\"@type\":\"ReadAction\",\"target\":[\"https:\\\/\\\/marktxxl.de\\\/markt\\\/produkt\\\/bioniva-retinol-liposomen-liefersystem-mit-vitamin-c-vegan-hyaluronsaeure-anti-aging-lift-serum-fuer-gesicht-dekollete-und-koerper\\\/\"]}]},{\"@type\":\"ImageObject\",\"inLanguage\":\"de\",\"@id\":\"https:\\\/\\\/marktxxl.de\\\/markt\\\/produkt\\\/bioniva-retinol-liposomen-liefersystem-mit-vitamin-c-vegan-hyaluronsaeure-anti-aging-lift-serum-fuer-gesicht-dekollete-und-koerper\\\/#primaryimage\",\"url\":\"https:\\\/\\\/m.media-amazon.com\\\/images\\\/I\\\/417lprNcTbS._SL500_.jpg\",\"contentUrl\":\"https:\\\/\\\/m.media-amazon.com\\\/images\\\/I\\\/417lprNcTbS._SL500_.jpg\",\"width\":331,\"height\":500},{\"@type\":\"BreadcrumbList\",\"@id\":\"https:\\\/\\\/marktxxl.de\\\/markt\\\/produkt\\\/bioniva-retinol-liposomen-liefersystem-mit-vitamin-c-vegan-hyaluronsaeure-anti-aging-lift-serum-fuer-gesicht-dekollete-und-koerper\\\/#breadcrumb\",\"itemListElement\":[{\"@type\":\"ListItem\",\"position\":1,\"name\":\"Startseite\",\"item\":\"https:\\\/\\\/marktxxl.de\\\/markt\\\/\"},{\"@type\":\"ListItem\",\"position\":2,\"name\":\"Markt\",\"item\":\"https:\\\/\\\/marktxxl.de\\\/markt\\\/\"},{\"@type\":\"ListItem\",\"position\":3,\"name\":\"Retinol Serum Hochdosiert BIO mit Vitamin C &amp; Vegan Hyalurons\u00e4ure &#8211; Bioniva Retinol Serum gegen falten und augenringe\u2026\"}]},{\"@type\":\"WebSite\",\"@id\":\"https:\\\/\\\/marktxxl.de\\\/markt\\\/#website\",\"url\":\"https:\\\/\\\/marktxxl.de\\\/markt\\\/\",\"name\":\"Markt-XXL\",\"description\":\"Ihr Markt Online\",\"publisher\":{\"@id\":\"https:\\\/\\\/marktxxl.de\\\/markt\\\/#organization\"},\"potentialAction\":[{\"@type\":\"SearchAction\",\"target\":{\"@type\":\"EntryPoint\",\"urlTemplate\":\"https:\\\/\\\/marktxxl.de\\\/markt\\\/?s={search_term_string}\"},\"query-input\":{\"@type\":\"PropertyValueSpecification\",\"valueRequired\":true,\"valueName\":\"search_term_string\"}}],\"inLanguage\":\"de\"},{\"@type\":\"Organization\",\"@id\":\"https:\\\/\\\/marktxxl.de\\\/markt\\\/#organization\",\"name\":\"Markt-XXL\",\"url\":\"https:\\\/\\\/marktxxl.de\\\/markt\\\/\",\"logo\":{\"@type\":\"ImageObject\",\"inLanguage\":\"de\",\"@id\":\"https:\\\/\\\/marktxxl.de\\\/markt\\\/#\\\/schema\\\/logo\\\/image\\\/\",\"url\":\"https:\\\/\\\/marktxxl.de\\\/markt\\\/wp-content\\\/uploads\\\/sites\\\/3\\\/2020\\\/12\\\/logo.png\",\"contentUrl\":\"https:\\\/\\\/marktxxl.de\\\/markt\\\/wp-content\\\/uploads\\\/sites\\\/3\\\/2020\\\/12\\\/logo.png\",\"width\":200,\"height\":70,\"caption\":\"Markt-XXL\"},\"image\":{\"@id\":\"https:\\\/\\\/marktxxl.de\\\/markt\\\/#\\\/schema\\\/logo\\\/image\\\/\"}}]}<\/script>\n<!-- \/ Yoast SEO plugin. -->","yoast_head_json":{"title":"Retinol Serum Hochdosiert BIO mit Vitamin C &amp; Vegan Hyalurons\u00e4ure - Bioniva Retinol Serum gegen falten und augenringe\u2026 - Markt-XXL","description":"Markt-XXL Retinol Serum Hochdosiert BIO mit Vitamin C &amp; Vegan Hyalurons\u00e4ure - Bioniva Retinol Serum gegen falten und augenringe\u2026","robots":{"index":"index","follow":"follow","max-snippet":"max-snippet:-1","max-image-preview":"max-image-preview:large","max-video-preview":"max-video-preview:-1"},"canonical":"https:\/\/marktxxl.de\/markt\/produkt\/bioniva-retinol-liposomen-liefersystem-mit-vitamin-c-vegan-hyaluronsaeure-anti-aging-lift-serum-fuer-gesicht-dekollete-und-koerper\/","og_locale":"de_DE","og_type":"article","og_title":"Retinol Serum Hochdosiert BIO mit Vitamin C &amp; Vegan Hyalurons\u00e4ure - Bioniva Retinol Serum gegen falten und augenringe\u2026 - Markt-XXL","og_description":"Markt-XXL Retinol Serum Hochdosiert BIO mit Vitamin C &amp; Vegan Hyalurons\u00e4ure - Bioniva Retinol Serum gegen falten und augenringe\u2026","og_url":"https:\/\/marktxxl.de\/markt\/produkt\/bioniva-retinol-liposomen-liefersystem-mit-vitamin-c-vegan-hyaluronsaeure-anti-aging-lift-serum-fuer-gesicht-dekollete-und-koerper\/","og_site_name":"Markt-XXL","article_modified_time":"2023-04-09T23:37:45+00:00","og_image":[{"width":331,"height":500,"url":"https:\/\/m.media-amazon.com\/images\/I\/417lprNcTbS._SL500_.jpg","type":"image\/jpeg"}],"twitter_card":"summary_large_image","twitter_misc":{"Gesch\u00e4tzte Lesezeit":"1\u00a0Minute"},"schema":{"@context":"https:\/\/schema.org","@graph":[{"@type":"WebPage","@id":"https:\/\/marktxxl.de\/markt\/produkt\/bioniva-retinol-liposomen-liefersystem-mit-vitamin-c-vegan-hyaluronsaeure-anti-aging-lift-serum-fuer-gesicht-dekollete-und-koerper\/","url":"https:\/\/marktxxl.de\/markt\/produkt\/bioniva-retinol-liposomen-liefersystem-mit-vitamin-c-vegan-hyaluronsaeure-anti-aging-lift-serum-fuer-gesicht-dekollete-und-koerper\/","name":"Retinol Serum Hochdosiert BIO mit Vitamin C &amp; Vegan Hyalurons\u00e4ure - Bioniva Retinol Serum gegen falten und augenringe\u2026 - Markt-XXL","isPartOf":{"@id":"https:\/\/marktxxl.de\/markt\/#website"},"primaryImageOfPage":{"@id":"https:\/\/marktxxl.de\/markt\/produkt\/bioniva-retinol-liposomen-liefersystem-mit-vitamin-c-vegan-hyaluronsaeure-anti-aging-lift-serum-fuer-gesicht-dekollete-und-koerper\/#primaryimage"},"image":{"@id":"https:\/\/marktxxl.de\/markt\/produkt\/bioniva-retinol-liposomen-liefersystem-mit-vitamin-c-vegan-hyaluronsaeure-anti-aging-lift-serum-fuer-gesicht-dekollete-und-koerper\/#primaryimage"},"thumbnailUrl":"https:\/\/m.media-amazon.com\/images\/I\/417lprNcTbS._SL500_.jpg","datePublished":"2021-09-13T19:42:36+00:00","dateModified":"2023-04-09T23:37:45+00:00","description":"Markt-XXL Retinol Serum Hochdosiert BIO mit Vitamin C &amp; Vegan Hyalurons\u00e4ure - Bioniva Retinol Serum gegen falten und augenringe\u2026","breadcrumb":{"@id":"https:\/\/marktxxl.de\/markt\/produkt\/bioniva-retinol-liposomen-liefersystem-mit-vitamin-c-vegan-hyaluronsaeure-anti-aging-lift-serum-fuer-gesicht-dekollete-und-koerper\/#breadcrumb"},"inLanguage":"de","potentialAction":[{"@type":"ReadAction","target":["https:\/\/marktxxl.de\/markt\/produkt\/bioniva-retinol-liposomen-liefersystem-mit-vitamin-c-vegan-hyaluronsaeure-anti-aging-lift-serum-fuer-gesicht-dekollete-und-koerper\/"]}]},{"@type":"ImageObject","inLanguage":"de","@id":"https:\/\/marktxxl.de\/markt\/produkt\/bioniva-retinol-liposomen-liefersystem-mit-vitamin-c-vegan-hyaluronsaeure-anti-aging-lift-serum-fuer-gesicht-dekollete-und-koerper\/#primaryimage","url":"https:\/\/m.media-amazon.com\/images\/I\/417lprNcTbS._SL500_.jpg","contentUrl":"https:\/\/m.media-amazon.com\/images\/I\/417lprNcTbS._SL500_.jpg","width":331,"height":500},{"@type":"BreadcrumbList","@id":"https:\/\/marktxxl.de\/markt\/produkt\/bioniva-retinol-liposomen-liefersystem-mit-vitamin-c-vegan-hyaluronsaeure-anti-aging-lift-serum-fuer-gesicht-dekollete-und-koerper\/#breadcrumb","itemListElement":[{"@type":"ListItem","position":1,"name":"Startseite","item":"https:\/\/marktxxl.de\/markt\/"},{"@type":"ListItem","position":2,"name":"Markt","item":"https:\/\/marktxxl.de\/markt\/"},{"@type":"ListItem","position":3,"name":"Retinol Serum Hochdosiert BIO mit Vitamin C &amp; Vegan Hyalurons\u00e4ure &#8211; Bioniva Retinol Serum gegen falten und augenringe\u2026"}]},{"@type":"WebSite","@id":"https:\/\/marktxxl.de\/markt\/#website","url":"https:\/\/marktxxl.de\/markt\/","name":"Markt-XXL","description":"Ihr Markt Online","publisher":{"@id":"https:\/\/marktxxl.de\/markt\/#organization"},"potentialAction":[{"@type":"SearchAction","target":{"@type":"EntryPoint","urlTemplate":"https:\/\/marktxxl.de\/markt\/?s={search_term_string}"},"query-input":{"@type":"PropertyValueSpecification","valueRequired":true,"valueName":"search_term_string"}}],"inLanguage":"de"},{"@type":"Organization","@id":"https:\/\/marktxxl.de\/markt\/#organization","name":"Markt-XXL","url":"https:\/\/marktxxl.de\/markt\/","logo":{"@type":"ImageObject","inLanguage":"de","@id":"https:\/\/marktxxl.de\/markt\/#\/schema\/logo\/image\/","url":"https:\/\/marktxxl.de\/markt\/wp-content\/uploads\/sites\/3\/2020\/12\/logo.png","contentUrl":"https:\/\/marktxxl.de\/markt\/wp-content\/uploads\/sites\/3\/2020\/12\/logo.png","width":200,"height":70,"caption":"Markt-XXL"},"image":{"@id":"https:\/\/marktxxl.de\/markt\/#\/schema\/logo\/image\/"}}]}},"_links":{"self":[{"href":"https:\/\/marktxxl.de\/markt\/wp-json\/wp\/v2\/product\/37058","targetHints":{"allow":["GET"]}}],"collection":[{"href":"https:\/\/marktxxl.de\/markt\/wp-json\/wp\/v2\/product"}],"about":[{"href":"https:\/\/marktxxl.de\/markt\/wp-json\/wp\/v2\/types\/product"}],"replies":[{"embeddable":true,"href":"https:\/\/marktxxl.de\/markt\/wp-json\/wp\/v2\/comments?post=37058"}],"wp:featuredmedia":[{"embeddable":true,"href":"https:\/\/marktxxl.de\/markt\/wp-json\/wp\/v2\/media\/37059"}],"wp:attachment":[{"href":"https:\/\/marktxxl.de\/markt\/wp-json\/wp\/v2\/media?parent=37058"}],"wp:term":[{"taxonomy":"product_brand","embeddable":true,"href":"https:\/\/marktxxl.de\/markt\/wp-json\/wp\/v2\/product_brand?post=37058"},{"taxonomy":"product_cat","embeddable":true,"href":"https:\/\/marktxxl.de\/markt\/wp-json\/wp\/v2\/product_cat?post=37058"},{"taxonomy":"product_tag","embeddable":true,"href":"https:\/\/marktxxl.de\/markt\/wp-json\/wp\/v2\/product_tag?post=37058"}],"curies":[{"name":"wp","href":"https:\/\/api.w.org\/{rel}","templated":true}]}}