{"id":36972,"date":"2021-09-13T21:39:39","date_gmt":"2021-09-13T19:39:39","guid":{"rendered":"https:\/\/marktxxl.de\/markt\/produkt\/vitamin-c-serum-hochdosiert-mit-echten-15-vitamin-c-veganes-anti-aging-gesichtsserum-mit-hyaluronsaeure-fuer-gesicht-haut-von-colibri-cosmetics-naturkosmetik-made-in-germany\/"},"modified":"2023-04-10T01:37:44","modified_gmt":"2023-04-09T23:37:44","slug":"vitamin-c-serum-hochdosiert-mit-echten-15-vitamin-c-veganes-anti-aging-gesichtsserum-mit-hyaluronsaeure-fuer-gesicht-haut-von-colibri-cosmetics-naturkosmetik-made-in-germany","status":"publish","type":"product","link":"https:\/\/marktxxl.de\/markt\/produkt\/vitamin-c-serum-hochdosiert-mit-echten-15-vitamin-c-veganes-anti-aging-gesichtsserum-mit-hyaluronsaeure-fuer-gesicht-haut-von-colibri-cosmetics-naturkosmetik-made-in-germany\/","title":{"rendered":"colibri skincare Vitamin C Serum hochdosiert mit echten 15% Vitamin C &#8211; 30ml veganes Anti Aging Serum &#8211; Gesichtspflege\u2026"},"content":{"rendered":"<p>\u2705 VERBESSERTE REZEPTUR: das Vitamin C Serum von colibri cosmetics enth\u00e4lt 15% reines Vitamin C in Form von Ascorbins\u00e4ure und Ethyl Ascorbins\u00e4ure (kein Komplex!) und dient als t\u00e4gliche Feuchtigkeitspflege f\u00fcr Gesicht, Hals und Dekollet\u00e9. Es ist ein Antioxidans und unterst\u00fctzt den Aufbau von Kollagen, welches die Haut straff und faltenfrei werden l\u00e4sst. F\u00fcr M\u00e4nner und Frauen geeignet.<br \/>\n\u2705 ANTI AGING PFLEGE F\u00dcR DIE HAUT: neben der reinen Ascorbins\u00e4ure enth\u00e4lt das Vitamin C Serum Hyaluron, welches durch seine hautstraffende Wirkung Falten und F\u00e4ltchen mindern kann. Das nat\u00fcrlich gewonnene Propandiol versorgt die Haut intensiv mit Feuchtigkeit. Geeignet f\u00fcr Dermaroller, sowie als Make-Up Basis.<br \/>\n\u2705 OHNE TIERVERSUCHE &#8211; VEGAN &#8211; MADE IN GERMANY: alle unsere Produkte sind frei von tierischen Inhaltsstoffen und werden nicht an Tieren getestet. Zudem verwenden wir keine umstrittenen Zusatzstoffe: OHNE Silikone, OHNE Mikroplastik, OHNE Parabene, OHNE Parf\u00fcme, OHNE Mineral\u00f6le, OHNE PEGs.<br \/>\n\u2705 ANTIOXIDATIVE WIRKUNG: die enthaltene Ascorbins\u00e4ure hellt oberfl\u00e4chliche Pigmentflecken auf, wodurch das Hautbild gleichm\u00e4\u00dfiger erscheint. Das Vitamin C Serum beugt der Bildung von Altersflecken vor und die entz\u00fcndungshemmende Wirkung regeneriert die Haut.<br \/>\n\u2705 100% ZUFRIEDENHEIT GARANTIERT: es ist unser Anspruch, dass Sie mit unseren Produkten in vollem Umfang zufrieden sind. Sollten Sie nicht zufrieden sein, erstatten wir Ihnen ihr Geld innerhalb von 30 Tagen nach Kauf zur\u00fcck. Tun Sie Ihrer Haut etwas gutes und bestellen Sie jetzt das Vitamin C Serum von colibri cosmetics!<br \/>\n<div class=\"main-cross-sell\" data-asin=\"B07DJ87Q37\">\n\n\t<div class=\"WooZone-cross-sell-loader\">\n\t\t<div>\n\t\t\t<div id=\"floatingBarsG\">\n\t\t\t\t<div class=\"blockG\" id=\"rotateG_01\"><\/div>\n\t\t\t\t<div class=\"blockG\" id=\"rotateG_02\"><\/div>\n\t\t\t\t<div class=\"blockG\" id=\"rotateG_03\"><\/div>\n\t\t\t\t<div class=\"blockG\" id=\"rotateG_04\"><\/div>\n\t\t\t\t<div class=\"blockG\" id=\"rotateG_05\"><\/div>\n\t\t\t\t<div class=\"blockG\" id=\"rotateG_06\"><\/div>\n\t\t\t\t<div class=\"blockG\" id=\"rotateG_07\"><\/div>\n\t\t\t\t<div class=\"blockG\" id=\"rotateG_08\"><\/div>\n\t\t\t<\/div>\n\t\t\t<div class=\"WooZone-cross-sell-loader-text\"><\/div>\n\t\t<\/div>\n\t<\/div>\n\n\t\t\n<\/div>\n<div style=\"clear:both;\"><\/div><\/p>\n","protected":false},"excerpt":{"rendered":"<p>\u2705 VERBESSERTE REZEPTUR: das Vitamin C Serum von colibri cosmetics enth\u00e4lt 15% reines Vitamin C in Form von Ascorbins\u00e4ure und Ethyl Ascorbins\u00e4ure (kein Komplex!) und dient als t\u00e4gliche Feuchtigkeitspflege f\u00fcr Gesicht, Hals und Dekollet\u00e9. Es ist ein Antioxidans und unterst\u00fctzt den Aufbau von Kollagen, welches die Haut straff und faltenfrei werden l\u00e4sst. F\u00fcr M\u00e4nner und Frauen geeignet.<br \/>\n\u2705 ANTI AGING PFLEGE F\u00dcR DIE HAUT: neben der reinen Ascorbins\u00e4ure enth\u00e4lt das Vitamin C Serum Hyaluron, welches durch seine hautstraffende Wirkung Falten und F\u00e4ltchen mindern kann. Das nat\u00fcrlich gewonnene Propandiol versorgt die Haut intensiv mit Feuchtigkeit. Geeignet f\u00fcr Dermaroller, sowie als Make-Up Basis.<br \/>\n\u2705 OHNE TIERVERSUCHE &#8211; VEGAN &#8211; MADE IN GERMANY: alle unsere Produkte sind frei von tierischen Inhaltsstoffen und werden nicht an Tieren getestet. Zudem verwenden wir keine umstrittenen Zusatzstoffe: OHNE Silikone, OHNE Mikroplastik, OHNE Parabene, OHNE Parf\u00fcme, OHNE Mineral\u00f6le, OHNE PEGs.<\/p>\n","protected":false},"featured_media":36973,"comment_status":"open","ping_status":"closed","template":"","meta":[],"product_brand":[],"product_cat":[2858,7067],"product_tag":[],"class_list":{"0":"post-36972","1":"product","2":"type-product","3":"status-publish","4":"has-post-thumbnail","6":"product_cat-beauty","7":"product_cat-hautpflege","8":"pa_binding-misc","9":"pa_brand-colibri-cosmetics","10":"pa_manufacturer-colibri-cosmetics","11":"pa_size-30-ml-1er-pack","13":"first","14":"instock","15":"shipping-taxable","16":"purchasable","17":"product-type-simple","18":"customify-col","19":"product-has-gallery"},"yoast_head":"<!-- This site is optimized with the Yoast SEO plugin v27.4 - https:\/\/yoast.com\/product\/yoast-seo-wordpress\/ -->\n<title>colibri skincare Vitamin C Serum hochdosiert mit echten 15% Vitamin C - 30ml veganes Anti Aging Serum - Gesichtspflege\u2026 - Markt-XXL<\/title>\n<meta name=\"description\" content=\"Markt-XXL colibri skincare Vitamin C Serum hochdosiert mit echten 15% Vitamin C - 30ml veganes Anti Aging Serum - Gesichtspflege\u2026\" \/>\n<meta name=\"robots\" content=\"index, follow, max-snippet:-1, max-image-preview:large, max-video-preview:-1\" \/>\n<link rel=\"canonical\" href=\"https:\/\/marktxxl.de\/markt\/produkt\/vitamin-c-serum-hochdosiert-mit-echten-15-vitamin-c-veganes-anti-aging-gesichtsserum-mit-hyaluronsaeure-fuer-gesicht-haut-von-colibri-cosmetics-naturkosmetik-made-in-germany\/\" \/>\n<meta property=\"og:locale\" content=\"de_DE\" \/>\n<meta property=\"og:type\" content=\"article\" \/>\n<meta property=\"og:title\" content=\"colibri skincare Vitamin C Serum hochdosiert mit echten 15% Vitamin C - 30ml veganes Anti Aging Serum - Gesichtspflege\u2026 - Markt-XXL\" \/>\n<meta property=\"og:description\" content=\"Markt-XXL colibri skincare Vitamin C Serum hochdosiert mit echten 15% Vitamin C - 30ml veganes Anti Aging Serum - Gesichtspflege\u2026\" \/>\n<meta property=\"og:url\" content=\"https:\/\/marktxxl.de\/markt\/produkt\/vitamin-c-serum-hochdosiert-mit-echten-15-vitamin-c-veganes-anti-aging-gesichtsserum-mit-hyaluronsaeure-fuer-gesicht-haut-von-colibri-cosmetics-naturkosmetik-made-in-germany\/\" \/>\n<meta property=\"og:site_name\" content=\"Markt-XXL\" \/>\n<meta property=\"article:modified_time\" content=\"2023-04-09T23:37:44+00:00\" \/>\n<meta property=\"og:image\" content=\"https:\/\/m.media-amazon.com\/images\/I\/41trfQUhbBL._SL500_.jpg\" \/>\n\t<meta property=\"og:image:width\" content=\"500\" \/>\n\t<meta property=\"og:image:height\" content=\"482\" \/>\n\t<meta property=\"og:image:type\" content=\"image\/jpeg\" \/>\n<meta name=\"twitter:card\" content=\"summary_large_image\" \/>\n<meta name=\"twitter:label1\" content=\"Gesch\u00e4tzte Lesezeit\" \/>\n\t<meta name=\"twitter:data1\" content=\"1\u00a0Minute\" \/>\n<script type=\"application\/ld+json\" class=\"yoast-schema-graph\">{\"@context\":\"https:\\\/\\\/schema.org\",\"@graph\":[{\"@type\":\"WebPage\",\"@id\":\"https:\\\/\\\/marktxxl.de\\\/markt\\\/produkt\\\/vitamin-c-serum-hochdosiert-mit-echten-15-vitamin-c-veganes-anti-aging-gesichtsserum-mit-hyaluronsaeure-fuer-gesicht-haut-von-colibri-cosmetics-naturkosmetik-made-in-germany\\\/\",\"url\":\"https:\\\/\\\/marktxxl.de\\\/markt\\\/produkt\\\/vitamin-c-serum-hochdosiert-mit-echten-15-vitamin-c-veganes-anti-aging-gesichtsserum-mit-hyaluronsaeure-fuer-gesicht-haut-von-colibri-cosmetics-naturkosmetik-made-in-germany\\\/\",\"name\":\"colibri skincare Vitamin C Serum hochdosiert mit echten 15% Vitamin C - 30ml veganes Anti Aging Serum - Gesichtspflege\u2026 - Markt-XXL\",\"isPartOf\":{\"@id\":\"https:\\\/\\\/marktxxl.de\\\/markt\\\/#website\"},\"primaryImageOfPage\":{\"@id\":\"https:\\\/\\\/marktxxl.de\\\/markt\\\/produkt\\\/vitamin-c-serum-hochdosiert-mit-echten-15-vitamin-c-veganes-anti-aging-gesichtsserum-mit-hyaluronsaeure-fuer-gesicht-haut-von-colibri-cosmetics-naturkosmetik-made-in-germany\\\/#primaryimage\"},\"image\":{\"@id\":\"https:\\\/\\\/marktxxl.de\\\/markt\\\/produkt\\\/vitamin-c-serum-hochdosiert-mit-echten-15-vitamin-c-veganes-anti-aging-gesichtsserum-mit-hyaluronsaeure-fuer-gesicht-haut-von-colibri-cosmetics-naturkosmetik-made-in-germany\\\/#primaryimage\"},\"thumbnailUrl\":\"https:\\\/\\\/m.media-amazon.com\\\/images\\\/I\\\/41trfQUhbBL._SL500_.jpg\",\"datePublished\":\"2021-09-13T19:39:39+00:00\",\"dateModified\":\"2023-04-09T23:37:44+00:00\",\"description\":\"Markt-XXL colibri skincare Vitamin C Serum hochdosiert mit echten 15% Vitamin C - 30ml veganes Anti Aging Serum - Gesichtspflege\u2026\",\"breadcrumb\":{\"@id\":\"https:\\\/\\\/marktxxl.de\\\/markt\\\/produkt\\\/vitamin-c-serum-hochdosiert-mit-echten-15-vitamin-c-veganes-anti-aging-gesichtsserum-mit-hyaluronsaeure-fuer-gesicht-haut-von-colibri-cosmetics-naturkosmetik-made-in-germany\\\/#breadcrumb\"},\"inLanguage\":\"de\",\"potentialAction\":[{\"@type\":\"ReadAction\",\"target\":[\"https:\\\/\\\/marktxxl.de\\\/markt\\\/produkt\\\/vitamin-c-serum-hochdosiert-mit-echten-15-vitamin-c-veganes-anti-aging-gesichtsserum-mit-hyaluronsaeure-fuer-gesicht-haut-von-colibri-cosmetics-naturkosmetik-made-in-germany\\\/\"]}]},{\"@type\":\"ImageObject\",\"inLanguage\":\"de\",\"@id\":\"https:\\\/\\\/marktxxl.de\\\/markt\\\/produkt\\\/vitamin-c-serum-hochdosiert-mit-echten-15-vitamin-c-veganes-anti-aging-gesichtsserum-mit-hyaluronsaeure-fuer-gesicht-haut-von-colibri-cosmetics-naturkosmetik-made-in-germany\\\/#primaryimage\",\"url\":\"https:\\\/\\\/m.media-amazon.com\\\/images\\\/I\\\/41trfQUhbBL._SL500_.jpg\",\"contentUrl\":\"https:\\\/\\\/m.media-amazon.com\\\/images\\\/I\\\/41trfQUhbBL._SL500_.jpg\",\"width\":500,\"height\":482},{\"@type\":\"BreadcrumbList\",\"@id\":\"https:\\\/\\\/marktxxl.de\\\/markt\\\/produkt\\\/vitamin-c-serum-hochdosiert-mit-echten-15-vitamin-c-veganes-anti-aging-gesichtsserum-mit-hyaluronsaeure-fuer-gesicht-haut-von-colibri-cosmetics-naturkosmetik-made-in-germany\\\/#breadcrumb\",\"itemListElement\":[{\"@type\":\"ListItem\",\"position\":1,\"name\":\"Startseite\",\"item\":\"https:\\\/\\\/marktxxl.de\\\/markt\\\/\"},{\"@type\":\"ListItem\",\"position\":2,\"name\":\"Markt\",\"item\":\"https:\\\/\\\/marktxxl.de\\\/markt\\\/\"},{\"@type\":\"ListItem\",\"position\":3,\"name\":\"colibri skincare Vitamin C Serum hochdosiert mit echten 15% Vitamin C &#8211; 30ml veganes Anti Aging Serum &#8211; Gesichtspflege\u2026\"}]},{\"@type\":\"WebSite\",\"@id\":\"https:\\\/\\\/marktxxl.de\\\/markt\\\/#website\",\"url\":\"https:\\\/\\\/marktxxl.de\\\/markt\\\/\",\"name\":\"Markt-XXL\",\"description\":\"Ihr Markt Online\",\"publisher\":{\"@id\":\"https:\\\/\\\/marktxxl.de\\\/markt\\\/#organization\"},\"potentialAction\":[{\"@type\":\"SearchAction\",\"target\":{\"@type\":\"EntryPoint\",\"urlTemplate\":\"https:\\\/\\\/marktxxl.de\\\/markt\\\/?s={search_term_string}\"},\"query-input\":{\"@type\":\"PropertyValueSpecification\",\"valueRequired\":true,\"valueName\":\"search_term_string\"}}],\"inLanguage\":\"de\"},{\"@type\":\"Organization\",\"@id\":\"https:\\\/\\\/marktxxl.de\\\/markt\\\/#organization\",\"name\":\"Markt-XXL\",\"url\":\"https:\\\/\\\/marktxxl.de\\\/markt\\\/\",\"logo\":{\"@type\":\"ImageObject\",\"inLanguage\":\"de\",\"@id\":\"https:\\\/\\\/marktxxl.de\\\/markt\\\/#\\\/schema\\\/logo\\\/image\\\/\",\"url\":\"https:\\\/\\\/marktxxl.de\\\/markt\\\/wp-content\\\/uploads\\\/sites\\\/3\\\/2020\\\/12\\\/logo.png\",\"contentUrl\":\"https:\\\/\\\/marktxxl.de\\\/markt\\\/wp-content\\\/uploads\\\/sites\\\/3\\\/2020\\\/12\\\/logo.png\",\"width\":200,\"height\":70,\"caption\":\"Markt-XXL\"},\"image\":{\"@id\":\"https:\\\/\\\/marktxxl.de\\\/markt\\\/#\\\/schema\\\/logo\\\/image\\\/\"}}]}<\/script>\n<!-- \/ Yoast SEO plugin. -->","yoast_head_json":{"title":"colibri skincare Vitamin C Serum hochdosiert mit echten 15% Vitamin C - 30ml veganes Anti Aging Serum - Gesichtspflege\u2026 - Markt-XXL","description":"Markt-XXL colibri skincare Vitamin C Serum hochdosiert mit echten 15% Vitamin C - 30ml veganes Anti Aging Serum - Gesichtspflege\u2026","robots":{"index":"index","follow":"follow","max-snippet":"max-snippet:-1","max-image-preview":"max-image-preview:large","max-video-preview":"max-video-preview:-1"},"canonical":"https:\/\/marktxxl.de\/markt\/produkt\/vitamin-c-serum-hochdosiert-mit-echten-15-vitamin-c-veganes-anti-aging-gesichtsserum-mit-hyaluronsaeure-fuer-gesicht-haut-von-colibri-cosmetics-naturkosmetik-made-in-germany\/","og_locale":"de_DE","og_type":"article","og_title":"colibri skincare Vitamin C Serum hochdosiert mit echten 15% Vitamin C - 30ml veganes Anti Aging Serum - Gesichtspflege\u2026 - Markt-XXL","og_description":"Markt-XXL colibri skincare Vitamin C Serum hochdosiert mit echten 15% Vitamin C - 30ml veganes Anti Aging Serum - Gesichtspflege\u2026","og_url":"https:\/\/marktxxl.de\/markt\/produkt\/vitamin-c-serum-hochdosiert-mit-echten-15-vitamin-c-veganes-anti-aging-gesichtsserum-mit-hyaluronsaeure-fuer-gesicht-haut-von-colibri-cosmetics-naturkosmetik-made-in-germany\/","og_site_name":"Markt-XXL","article_modified_time":"2023-04-09T23:37:44+00:00","og_image":[{"width":500,"height":482,"url":"https:\/\/m.media-amazon.com\/images\/I\/41trfQUhbBL._SL500_.jpg","type":"image\/jpeg"}],"twitter_card":"summary_large_image","twitter_misc":{"Gesch\u00e4tzte Lesezeit":"1\u00a0Minute"},"schema":{"@context":"https:\/\/schema.org","@graph":[{"@type":"WebPage","@id":"https:\/\/marktxxl.de\/markt\/produkt\/vitamin-c-serum-hochdosiert-mit-echten-15-vitamin-c-veganes-anti-aging-gesichtsserum-mit-hyaluronsaeure-fuer-gesicht-haut-von-colibri-cosmetics-naturkosmetik-made-in-germany\/","url":"https:\/\/marktxxl.de\/markt\/produkt\/vitamin-c-serum-hochdosiert-mit-echten-15-vitamin-c-veganes-anti-aging-gesichtsserum-mit-hyaluronsaeure-fuer-gesicht-haut-von-colibri-cosmetics-naturkosmetik-made-in-germany\/","name":"colibri skincare Vitamin C Serum hochdosiert mit echten 15% Vitamin C - 30ml veganes Anti Aging Serum - Gesichtspflege\u2026 - Markt-XXL","isPartOf":{"@id":"https:\/\/marktxxl.de\/markt\/#website"},"primaryImageOfPage":{"@id":"https:\/\/marktxxl.de\/markt\/produkt\/vitamin-c-serum-hochdosiert-mit-echten-15-vitamin-c-veganes-anti-aging-gesichtsserum-mit-hyaluronsaeure-fuer-gesicht-haut-von-colibri-cosmetics-naturkosmetik-made-in-germany\/#primaryimage"},"image":{"@id":"https:\/\/marktxxl.de\/markt\/produkt\/vitamin-c-serum-hochdosiert-mit-echten-15-vitamin-c-veganes-anti-aging-gesichtsserum-mit-hyaluronsaeure-fuer-gesicht-haut-von-colibri-cosmetics-naturkosmetik-made-in-germany\/#primaryimage"},"thumbnailUrl":"https:\/\/m.media-amazon.com\/images\/I\/41trfQUhbBL._SL500_.jpg","datePublished":"2021-09-13T19:39:39+00:00","dateModified":"2023-04-09T23:37:44+00:00","description":"Markt-XXL colibri skincare Vitamin C Serum hochdosiert mit echten 15% Vitamin C - 30ml veganes Anti Aging Serum - Gesichtspflege\u2026","breadcrumb":{"@id":"https:\/\/marktxxl.de\/markt\/produkt\/vitamin-c-serum-hochdosiert-mit-echten-15-vitamin-c-veganes-anti-aging-gesichtsserum-mit-hyaluronsaeure-fuer-gesicht-haut-von-colibri-cosmetics-naturkosmetik-made-in-germany\/#breadcrumb"},"inLanguage":"de","potentialAction":[{"@type":"ReadAction","target":["https:\/\/marktxxl.de\/markt\/produkt\/vitamin-c-serum-hochdosiert-mit-echten-15-vitamin-c-veganes-anti-aging-gesichtsserum-mit-hyaluronsaeure-fuer-gesicht-haut-von-colibri-cosmetics-naturkosmetik-made-in-germany\/"]}]},{"@type":"ImageObject","inLanguage":"de","@id":"https:\/\/marktxxl.de\/markt\/produkt\/vitamin-c-serum-hochdosiert-mit-echten-15-vitamin-c-veganes-anti-aging-gesichtsserum-mit-hyaluronsaeure-fuer-gesicht-haut-von-colibri-cosmetics-naturkosmetik-made-in-germany\/#primaryimage","url":"https:\/\/m.media-amazon.com\/images\/I\/41trfQUhbBL._SL500_.jpg","contentUrl":"https:\/\/m.media-amazon.com\/images\/I\/41trfQUhbBL._SL500_.jpg","width":500,"height":482},{"@type":"BreadcrumbList","@id":"https:\/\/marktxxl.de\/markt\/produkt\/vitamin-c-serum-hochdosiert-mit-echten-15-vitamin-c-veganes-anti-aging-gesichtsserum-mit-hyaluronsaeure-fuer-gesicht-haut-von-colibri-cosmetics-naturkosmetik-made-in-germany\/#breadcrumb","itemListElement":[{"@type":"ListItem","position":1,"name":"Startseite","item":"https:\/\/marktxxl.de\/markt\/"},{"@type":"ListItem","position":2,"name":"Markt","item":"https:\/\/marktxxl.de\/markt\/"},{"@type":"ListItem","position":3,"name":"colibri skincare Vitamin C Serum hochdosiert mit echten 15% Vitamin C &#8211; 30ml veganes Anti Aging Serum &#8211; Gesichtspflege\u2026"}]},{"@type":"WebSite","@id":"https:\/\/marktxxl.de\/markt\/#website","url":"https:\/\/marktxxl.de\/markt\/","name":"Markt-XXL","description":"Ihr Markt Online","publisher":{"@id":"https:\/\/marktxxl.de\/markt\/#organization"},"potentialAction":[{"@type":"SearchAction","target":{"@type":"EntryPoint","urlTemplate":"https:\/\/marktxxl.de\/markt\/?s={search_term_string}"},"query-input":{"@type":"PropertyValueSpecification","valueRequired":true,"valueName":"search_term_string"}}],"inLanguage":"de"},{"@type":"Organization","@id":"https:\/\/marktxxl.de\/markt\/#organization","name":"Markt-XXL","url":"https:\/\/marktxxl.de\/markt\/","logo":{"@type":"ImageObject","inLanguage":"de","@id":"https:\/\/marktxxl.de\/markt\/#\/schema\/logo\/image\/","url":"https:\/\/marktxxl.de\/markt\/wp-content\/uploads\/sites\/3\/2020\/12\/logo.png","contentUrl":"https:\/\/marktxxl.de\/markt\/wp-content\/uploads\/sites\/3\/2020\/12\/logo.png","width":200,"height":70,"caption":"Markt-XXL"},"image":{"@id":"https:\/\/marktxxl.de\/markt\/#\/schema\/logo\/image\/"}}]}},"_links":{"self":[{"href":"https:\/\/marktxxl.de\/markt\/wp-json\/wp\/v2\/product\/36972","targetHints":{"allow":["GET"]}}],"collection":[{"href":"https:\/\/marktxxl.de\/markt\/wp-json\/wp\/v2\/product"}],"about":[{"href":"https:\/\/marktxxl.de\/markt\/wp-json\/wp\/v2\/types\/product"}],"replies":[{"embeddable":true,"href":"https:\/\/marktxxl.de\/markt\/wp-json\/wp\/v2\/comments?post=36972"}],"wp:featuredmedia":[{"embeddable":true,"href":"https:\/\/marktxxl.de\/markt\/wp-json\/wp\/v2\/media\/36973"}],"wp:attachment":[{"href":"https:\/\/marktxxl.de\/markt\/wp-json\/wp\/v2\/media?parent=36972"}],"wp:term":[{"taxonomy":"product_brand","embeddable":true,"href":"https:\/\/marktxxl.de\/markt\/wp-json\/wp\/v2\/product_brand?post=36972"},{"taxonomy":"product_cat","embeddable":true,"href":"https:\/\/marktxxl.de\/markt\/wp-json\/wp\/v2\/product_cat?post=36972"},{"taxonomy":"product_tag","embeddable":true,"href":"https:\/\/marktxxl.de\/markt\/wp-json\/wp\/v2\/product_tag?post=36972"}],"curies":[{"name":"wp","href":"https:\/\/api.w.org\/{rel}","templated":true}]}}