{"id":36609,"date":"2021-09-13T21:24:35","date_gmt":"2021-09-13T19:24:35","guid":{"rendered":"https:\/\/marktxxl.de\/markt\/produkt\/bueschellichterkette-warmweiss-840cm-cluster-lichterkette-fuer-aussen-und-innen-led-weihnachtsbeleuchtung-strom-betrieben-weihnachtsdeko-tannenbaum-1152-led\/"},"modified":"2023-04-08T01:20:15","modified_gmt":"2023-04-07T23:20:15","slug":"bueschellichterkette-warmweiss-840cm-cluster-lichterkette-fuer-aussen-und-innen-led-weihnachtsbeleuchtung-strom-betrieben-weihnachtsdeko-tannenbaum-1152-led","status":"publish","type":"product","link":"https:\/\/marktxxl.de\/markt\/produkt\/bueschellichterkette-warmweiss-840cm-cluster-lichterkette-fuer-aussen-und-innen-led-weihnachtsbeleuchtung-strom-betrieben-weihnachtsdeko-tannenbaum-1152-led\/","title":{"rendered":"dszapaci B\u00fcschellichterkette Warmwei\u00df 840cm Cluster Lichterkette f\u00fcr au\u00dfen und innen LED Weihnachtsbeleuchtung Strom\u2026"},"content":{"rendered":"<p>Schm\u00fccken Sie zuhause Ihr Weihnachtsbaum, Wohnzimmer, Eingangsbereich, Terrasse, Balkon oder Ihre Tannen im Garten mit diese LED B\u00fcschellichterkette. Durch die spezielle Anordnung der einzelnen Micro Lichter erhalten Sie ganz besondere sch\u00f6ne Lichteffekte<br \/>\nSchm\u00fccken Sie zuhause Ihr Weihnachtsbaum, Wohnzimmer, Eingangsbereich, Terrasse, Balkon oder Ihre Tannen im Garten mit diese LED B\u00fcschellichterkette. Durch die spezielle Anordnung der einzelnen Micro Lichter erhalten Sie ganz besondere sch\u00f6ne Lichteffekte<br \/>\nSchm\u00fccken Sie zuhause Ihr Weihnachtsbaum, Wohnzimmer, Eingangsbereich, Terrasse, Balkon oder Ihre Tannen im Garten mit diese LED B\u00fcschellichterkette. Durch die spezielle Anordnung der einzelnen Micro Lichter erhalten Sie ganz besondere sch\u00f6ne Lichteffekte<br \/>\nSchm\u00fccken Sie zuhause Ihr Weihnachtsbaum, Wohnzimmer, Eingangsbereich, Terrasse, Balkon oder Ihre Tannen im Garten mit diese LED B\u00fcschellichterkette. Durch die spezielle Anordnung der einzelnen Micro Lichter erhalten Sie ganz besondere sch\u00f6ne Lichteffekte<br \/>\nSchm\u00fccken Sie zuhause Ihr Weihnachtsbaum, Wohnzimmer, Eingangsbereich, Terrasse, Balkon oder Ihre Tannen im Garten mit diese LED B\u00fcschellichterkette. Durch die spezielle Anordnung der einzelnen Micro Lichter erhalten Sie ganz besondere sch\u00f6ne Lichteffekte<br \/>\nDiese Lichterkette mit warmwei\u00dfen L\u00e4mpchen eignet sich besonders als Weihnachtsdeko und zaubert Ihnen eine stimmungsvolle Au\u00dfen und Innenbereich und das nicht nur zur Weihnachtszeit<br \/>\nDie B\u00fcschel Lichterkette enth\u00e4lt 1152 Warmwei\u00dfe LED Lichter und ist insgesamt 11,4m lang (Zuleitung 3m). Durch einen Taster am Netzteil sind 8 verschiedene Lichteffekte w\u00e4hlbar (comb, in waves, sequential, slo-glow, chasing \/ flash, slow fade, twinkle \/ flash, steady on)<br \/>\nDie Cluster Lichterkette ist Strombetrieben und spart gegen\u00fcber herk\u00f6mmlich verwendeten Lichterketten mit Gl\u00fchbirnen auch noch Energie und Kosten. Da die LEDs nicht hei\u00df werden somit auch die perfekte Wahl f\u00fcr Dekorationen jeglicher Art<br \/>\n1152 warmwei\u00dfe LEDs auf schwarzem Kabel k\u00f6nnen auch bald bei Ihnen f\u00fcr einen super Hingucker sorgen. Der mitgelieferte Trafo verf\u00fcgt des weiteren \u00fcber eine Speicherfunktion und wird Ihre LED Lichterkette bei jedem Einschalten wieder in der zuletzt benutzen Einstellung erstrahlen lassen<br \/>\n<div class=\"main-cross-sell\" data-asin=\"B0764DYFGH\">\n\n\t<div class=\"WooZone-cross-sell-loader\">\n\t\t<div>\n\t\t\t<div id=\"floatingBarsG\">\n\t\t\t\t<div class=\"blockG\" id=\"rotateG_01\"><\/div>\n\t\t\t\t<div class=\"blockG\" id=\"rotateG_02\"><\/div>\n\t\t\t\t<div class=\"blockG\" id=\"rotateG_03\"><\/div>\n\t\t\t\t<div class=\"blockG\" id=\"rotateG_04\"><\/div>\n\t\t\t\t<div class=\"blockG\" id=\"rotateG_05\"><\/div>\n\t\t\t\t<div class=\"blockG\" id=\"rotateG_06\"><\/div>\n\t\t\t\t<div class=\"blockG\" id=\"rotateG_07\"><\/div>\n\t\t\t\t<div class=\"blockG\" id=\"rotateG_08\"><\/div>\n\t\t\t<\/div>\n\t\t\t<div class=\"WooZone-cross-sell-loader-text\"><\/div>\n\t\t<\/div>\n\t<\/div>\n\n\t\t\n<\/div>\n<div style=\"clear:both;\"><\/div><\/p>\n","protected":false},"excerpt":{"rendered":"<p>Schm\u00fccken Sie zuhause Ihr Weihnachtsbaum, Wohnzimmer, Eingangsbereich, Terrasse, Balkon oder Ihre Tannen im Garten mit diese LED B\u00fcschellichterkette. Durch die spezielle Anordnung der einzelnen Micro Lichter erhalten Sie ganz besondere sch\u00f6ne Lichteffekte<br \/>\nSchm\u00fccken Sie zuhause Ihr Weihnachtsbaum, Wohnzimmer, Eingangsbereich, Terrasse, Balkon oder Ihre Tannen im Garten mit diese LED B\u00fcschellichterkette. Durch die spezielle Anordnung der einzelnen Micro Lichter erhalten Sie ganz besondere sch\u00f6ne Lichteffekte<br \/>\nSchm\u00fccken Sie zuhause Ihr Weihnachtsbaum, Wohnzimmer, Eingangsbereich, Terrasse, Balkon oder Ihre Tannen im Garten mit diese LED B\u00fcschellichterkette. Durch die spezielle Anordnung der einzelnen Micro Lichter erhalten Sie ganz besondere sch\u00f6ne Lichteffekte<\/p>\n","protected":false},"featured_media":36610,"comment_status":"open","ping_status":"closed","template":"","meta":[],"product_brand":[],"product_cat":[2108,15622],"product_tag":[],"class_list":{"0":"post-36609","1":"product","2":"type-product","3":"status-publish","4":"has-post-thumbnail","6":"product_cat-beleuchtung","7":"product_cat-lichterketten","8":"pa_brand-dszapaci","9":"pa_color-1152-led","10":"pa_manufacturer-dszapaci","12":"first","13":"instock","14":"shipping-taxable","15":"purchasable","16":"product-type-simple","17":"customify-col","18":"product-has-gallery"},"yoast_head":"<!-- This site is optimized with the Yoast SEO plugin v27.4 - https:\/\/yoast.com\/product\/yoast-seo-wordpress\/ -->\n<title>dszapaci B\u00fcschellichterkette Warmwei\u00df 840cm Cluster Lichterkette f\u00fcr au\u00dfen und innen LED Weihnachtsbeleuchtung Strom\u2026 - Markt-XXL<\/title>\n<meta name=\"description\" content=\"Markt-XXL dszapaci B\u00fcschellichterkette Warmwei\u00df 840cm Cluster Lichterkette f\u00fcr au\u00dfen und innen LED Weihnachtsbeleuchtung Strom\u2026\" \/>\n<meta name=\"robots\" content=\"index, follow, max-snippet:-1, max-image-preview:large, max-video-preview:-1\" \/>\n<link rel=\"canonical\" href=\"https:\/\/marktxxl.de\/markt\/produkt\/bueschellichterkette-warmweiss-840cm-cluster-lichterkette-fuer-aussen-und-innen-led-weihnachtsbeleuchtung-strom-betrieben-weihnachtsdeko-tannenbaum-1152-led\/\" \/>\n<meta property=\"og:locale\" content=\"de_DE\" \/>\n<meta property=\"og:type\" content=\"article\" \/>\n<meta property=\"og:title\" content=\"dszapaci B\u00fcschellichterkette Warmwei\u00df 840cm Cluster Lichterkette f\u00fcr au\u00dfen und innen LED Weihnachtsbeleuchtung Strom\u2026 - Markt-XXL\" \/>\n<meta property=\"og:description\" content=\"Markt-XXL dszapaci B\u00fcschellichterkette Warmwei\u00df 840cm Cluster Lichterkette f\u00fcr au\u00dfen und innen LED Weihnachtsbeleuchtung Strom\u2026\" \/>\n<meta property=\"og:url\" content=\"https:\/\/marktxxl.de\/markt\/produkt\/bueschellichterkette-warmweiss-840cm-cluster-lichterkette-fuer-aussen-und-innen-led-weihnachtsbeleuchtung-strom-betrieben-weihnachtsdeko-tannenbaum-1152-led\/\" \/>\n<meta property=\"og:site_name\" content=\"Markt-XXL\" \/>\n<meta property=\"article:modified_time\" content=\"2023-04-07T23:20:15+00:00\" \/>\n<meta property=\"og:image\" content=\"https:\/\/m.media-amazon.com\/images\/I\/51CKquxZ82L._SL500_.jpg\" \/>\n\t<meta property=\"og:image:width\" content=\"500\" \/>\n\t<meta property=\"og:image:height\" content=\"500\" \/>\n\t<meta property=\"og:image:type\" content=\"image\/jpeg\" \/>\n<meta name=\"twitter:card\" content=\"summary_large_image\" \/>\n<meta name=\"twitter:label1\" content=\"Gesch\u00e4tzte Lesezeit\" \/>\n\t<meta name=\"twitter:data1\" content=\"2\u00a0Minuten\" \/>\n<script type=\"application\/ld+json\" class=\"yoast-schema-graph\">{\"@context\":\"https:\\\/\\\/schema.org\",\"@graph\":[{\"@type\":\"WebPage\",\"@id\":\"https:\\\/\\\/marktxxl.de\\\/markt\\\/produkt\\\/bueschellichterkette-warmweiss-840cm-cluster-lichterkette-fuer-aussen-und-innen-led-weihnachtsbeleuchtung-strom-betrieben-weihnachtsdeko-tannenbaum-1152-led\\\/\",\"url\":\"https:\\\/\\\/marktxxl.de\\\/markt\\\/produkt\\\/bueschellichterkette-warmweiss-840cm-cluster-lichterkette-fuer-aussen-und-innen-led-weihnachtsbeleuchtung-strom-betrieben-weihnachtsdeko-tannenbaum-1152-led\\\/\",\"name\":\"dszapaci B\u00fcschellichterkette Warmwei\u00df 840cm Cluster Lichterkette f\u00fcr au\u00dfen und innen LED Weihnachtsbeleuchtung Strom\u2026 - Markt-XXL\",\"isPartOf\":{\"@id\":\"https:\\\/\\\/marktxxl.de\\\/markt\\\/#website\"},\"primaryImageOfPage\":{\"@id\":\"https:\\\/\\\/marktxxl.de\\\/markt\\\/produkt\\\/bueschellichterkette-warmweiss-840cm-cluster-lichterkette-fuer-aussen-und-innen-led-weihnachtsbeleuchtung-strom-betrieben-weihnachtsdeko-tannenbaum-1152-led\\\/#primaryimage\"},\"image\":{\"@id\":\"https:\\\/\\\/marktxxl.de\\\/markt\\\/produkt\\\/bueschellichterkette-warmweiss-840cm-cluster-lichterkette-fuer-aussen-und-innen-led-weihnachtsbeleuchtung-strom-betrieben-weihnachtsdeko-tannenbaum-1152-led\\\/#primaryimage\"},\"thumbnailUrl\":\"https:\\\/\\\/m.media-amazon.com\\\/images\\\/I\\\/51CKquxZ82L._SL500_.jpg\",\"datePublished\":\"2021-09-13T19:24:35+00:00\",\"dateModified\":\"2023-04-07T23:20:15+00:00\",\"description\":\"Markt-XXL dszapaci B\u00fcschellichterkette Warmwei\u00df 840cm Cluster Lichterkette f\u00fcr au\u00dfen und innen LED Weihnachtsbeleuchtung Strom\u2026\",\"breadcrumb\":{\"@id\":\"https:\\\/\\\/marktxxl.de\\\/markt\\\/produkt\\\/bueschellichterkette-warmweiss-840cm-cluster-lichterkette-fuer-aussen-und-innen-led-weihnachtsbeleuchtung-strom-betrieben-weihnachtsdeko-tannenbaum-1152-led\\\/#breadcrumb\"},\"inLanguage\":\"de\",\"potentialAction\":[{\"@type\":\"ReadAction\",\"target\":[\"https:\\\/\\\/marktxxl.de\\\/markt\\\/produkt\\\/bueschellichterkette-warmweiss-840cm-cluster-lichterkette-fuer-aussen-und-innen-led-weihnachtsbeleuchtung-strom-betrieben-weihnachtsdeko-tannenbaum-1152-led\\\/\"]}]},{\"@type\":\"ImageObject\",\"inLanguage\":\"de\",\"@id\":\"https:\\\/\\\/marktxxl.de\\\/markt\\\/produkt\\\/bueschellichterkette-warmweiss-840cm-cluster-lichterkette-fuer-aussen-und-innen-led-weihnachtsbeleuchtung-strom-betrieben-weihnachtsdeko-tannenbaum-1152-led\\\/#primaryimage\",\"url\":\"https:\\\/\\\/m.media-amazon.com\\\/images\\\/I\\\/51CKquxZ82L._SL500_.jpg\",\"contentUrl\":\"https:\\\/\\\/m.media-amazon.com\\\/images\\\/I\\\/51CKquxZ82L._SL500_.jpg\",\"width\":500,\"height\":500},{\"@type\":\"BreadcrumbList\",\"@id\":\"https:\\\/\\\/marktxxl.de\\\/markt\\\/produkt\\\/bueschellichterkette-warmweiss-840cm-cluster-lichterkette-fuer-aussen-und-innen-led-weihnachtsbeleuchtung-strom-betrieben-weihnachtsdeko-tannenbaum-1152-led\\\/#breadcrumb\",\"itemListElement\":[{\"@type\":\"ListItem\",\"position\":1,\"name\":\"Startseite\",\"item\":\"https:\\\/\\\/marktxxl.de\\\/markt\\\/\"},{\"@type\":\"ListItem\",\"position\":2,\"name\":\"Markt\",\"item\":\"https:\\\/\\\/marktxxl.de\\\/markt\\\/\"},{\"@type\":\"ListItem\",\"position\":3,\"name\":\"dszapaci B\u00fcschellichterkette Warmwei\u00df 840cm Cluster Lichterkette f\u00fcr au\u00dfen und innen LED Weihnachtsbeleuchtung Strom\u2026\"}]},{\"@type\":\"WebSite\",\"@id\":\"https:\\\/\\\/marktxxl.de\\\/markt\\\/#website\",\"url\":\"https:\\\/\\\/marktxxl.de\\\/markt\\\/\",\"name\":\"Markt-XXL\",\"description\":\"Ihr Markt Online\",\"publisher\":{\"@id\":\"https:\\\/\\\/marktxxl.de\\\/markt\\\/#organization\"},\"potentialAction\":[{\"@type\":\"SearchAction\",\"target\":{\"@type\":\"EntryPoint\",\"urlTemplate\":\"https:\\\/\\\/marktxxl.de\\\/markt\\\/?s={search_term_string}\"},\"query-input\":{\"@type\":\"PropertyValueSpecification\",\"valueRequired\":true,\"valueName\":\"search_term_string\"}}],\"inLanguage\":\"de\"},{\"@type\":\"Organization\",\"@id\":\"https:\\\/\\\/marktxxl.de\\\/markt\\\/#organization\",\"name\":\"Markt-XXL\",\"url\":\"https:\\\/\\\/marktxxl.de\\\/markt\\\/\",\"logo\":{\"@type\":\"ImageObject\",\"inLanguage\":\"de\",\"@id\":\"https:\\\/\\\/marktxxl.de\\\/markt\\\/#\\\/schema\\\/logo\\\/image\\\/\",\"url\":\"https:\\\/\\\/marktxxl.de\\\/markt\\\/wp-content\\\/uploads\\\/sites\\\/3\\\/2020\\\/12\\\/logo.png\",\"contentUrl\":\"https:\\\/\\\/marktxxl.de\\\/markt\\\/wp-content\\\/uploads\\\/sites\\\/3\\\/2020\\\/12\\\/logo.png\",\"width\":200,\"height\":70,\"caption\":\"Markt-XXL\"},\"image\":{\"@id\":\"https:\\\/\\\/marktxxl.de\\\/markt\\\/#\\\/schema\\\/logo\\\/image\\\/\"}}]}<\/script>\n<!-- \/ Yoast SEO plugin. -->","yoast_head_json":{"title":"dszapaci B\u00fcschellichterkette Warmwei\u00df 840cm Cluster Lichterkette f\u00fcr au\u00dfen und innen LED Weihnachtsbeleuchtung Strom\u2026 - Markt-XXL","description":"Markt-XXL dszapaci B\u00fcschellichterkette Warmwei\u00df 840cm Cluster Lichterkette f\u00fcr au\u00dfen und innen LED Weihnachtsbeleuchtung Strom\u2026","robots":{"index":"index","follow":"follow","max-snippet":"max-snippet:-1","max-image-preview":"max-image-preview:large","max-video-preview":"max-video-preview:-1"},"canonical":"https:\/\/marktxxl.de\/markt\/produkt\/bueschellichterkette-warmweiss-840cm-cluster-lichterkette-fuer-aussen-und-innen-led-weihnachtsbeleuchtung-strom-betrieben-weihnachtsdeko-tannenbaum-1152-led\/","og_locale":"de_DE","og_type":"article","og_title":"dszapaci B\u00fcschellichterkette Warmwei\u00df 840cm Cluster Lichterkette f\u00fcr au\u00dfen und innen LED Weihnachtsbeleuchtung Strom\u2026 - Markt-XXL","og_description":"Markt-XXL dszapaci B\u00fcschellichterkette Warmwei\u00df 840cm Cluster Lichterkette f\u00fcr au\u00dfen und innen LED Weihnachtsbeleuchtung Strom\u2026","og_url":"https:\/\/marktxxl.de\/markt\/produkt\/bueschellichterkette-warmweiss-840cm-cluster-lichterkette-fuer-aussen-und-innen-led-weihnachtsbeleuchtung-strom-betrieben-weihnachtsdeko-tannenbaum-1152-led\/","og_site_name":"Markt-XXL","article_modified_time":"2023-04-07T23:20:15+00:00","og_image":[{"width":500,"height":500,"url":"https:\/\/m.media-amazon.com\/images\/I\/51CKquxZ82L._SL500_.jpg","type":"image\/jpeg"}],"twitter_card":"summary_large_image","twitter_misc":{"Gesch\u00e4tzte Lesezeit":"2\u00a0Minuten"},"schema":{"@context":"https:\/\/schema.org","@graph":[{"@type":"WebPage","@id":"https:\/\/marktxxl.de\/markt\/produkt\/bueschellichterkette-warmweiss-840cm-cluster-lichterkette-fuer-aussen-und-innen-led-weihnachtsbeleuchtung-strom-betrieben-weihnachtsdeko-tannenbaum-1152-led\/","url":"https:\/\/marktxxl.de\/markt\/produkt\/bueschellichterkette-warmweiss-840cm-cluster-lichterkette-fuer-aussen-und-innen-led-weihnachtsbeleuchtung-strom-betrieben-weihnachtsdeko-tannenbaum-1152-led\/","name":"dszapaci B\u00fcschellichterkette Warmwei\u00df 840cm Cluster Lichterkette f\u00fcr au\u00dfen und innen LED Weihnachtsbeleuchtung Strom\u2026 - Markt-XXL","isPartOf":{"@id":"https:\/\/marktxxl.de\/markt\/#website"},"primaryImageOfPage":{"@id":"https:\/\/marktxxl.de\/markt\/produkt\/bueschellichterkette-warmweiss-840cm-cluster-lichterkette-fuer-aussen-und-innen-led-weihnachtsbeleuchtung-strom-betrieben-weihnachtsdeko-tannenbaum-1152-led\/#primaryimage"},"image":{"@id":"https:\/\/marktxxl.de\/markt\/produkt\/bueschellichterkette-warmweiss-840cm-cluster-lichterkette-fuer-aussen-und-innen-led-weihnachtsbeleuchtung-strom-betrieben-weihnachtsdeko-tannenbaum-1152-led\/#primaryimage"},"thumbnailUrl":"https:\/\/m.media-amazon.com\/images\/I\/51CKquxZ82L._SL500_.jpg","datePublished":"2021-09-13T19:24:35+00:00","dateModified":"2023-04-07T23:20:15+00:00","description":"Markt-XXL dszapaci B\u00fcschellichterkette Warmwei\u00df 840cm Cluster Lichterkette f\u00fcr au\u00dfen und innen LED Weihnachtsbeleuchtung Strom\u2026","breadcrumb":{"@id":"https:\/\/marktxxl.de\/markt\/produkt\/bueschellichterkette-warmweiss-840cm-cluster-lichterkette-fuer-aussen-und-innen-led-weihnachtsbeleuchtung-strom-betrieben-weihnachtsdeko-tannenbaum-1152-led\/#breadcrumb"},"inLanguage":"de","potentialAction":[{"@type":"ReadAction","target":["https:\/\/marktxxl.de\/markt\/produkt\/bueschellichterkette-warmweiss-840cm-cluster-lichterkette-fuer-aussen-und-innen-led-weihnachtsbeleuchtung-strom-betrieben-weihnachtsdeko-tannenbaum-1152-led\/"]}]},{"@type":"ImageObject","inLanguage":"de","@id":"https:\/\/marktxxl.de\/markt\/produkt\/bueschellichterkette-warmweiss-840cm-cluster-lichterkette-fuer-aussen-und-innen-led-weihnachtsbeleuchtung-strom-betrieben-weihnachtsdeko-tannenbaum-1152-led\/#primaryimage","url":"https:\/\/m.media-amazon.com\/images\/I\/51CKquxZ82L._SL500_.jpg","contentUrl":"https:\/\/m.media-amazon.com\/images\/I\/51CKquxZ82L._SL500_.jpg","width":500,"height":500},{"@type":"BreadcrumbList","@id":"https:\/\/marktxxl.de\/markt\/produkt\/bueschellichterkette-warmweiss-840cm-cluster-lichterkette-fuer-aussen-und-innen-led-weihnachtsbeleuchtung-strom-betrieben-weihnachtsdeko-tannenbaum-1152-led\/#breadcrumb","itemListElement":[{"@type":"ListItem","position":1,"name":"Startseite","item":"https:\/\/marktxxl.de\/markt\/"},{"@type":"ListItem","position":2,"name":"Markt","item":"https:\/\/marktxxl.de\/markt\/"},{"@type":"ListItem","position":3,"name":"dszapaci B\u00fcschellichterkette Warmwei\u00df 840cm Cluster Lichterkette f\u00fcr au\u00dfen und innen LED Weihnachtsbeleuchtung Strom\u2026"}]},{"@type":"WebSite","@id":"https:\/\/marktxxl.de\/markt\/#website","url":"https:\/\/marktxxl.de\/markt\/","name":"Markt-XXL","description":"Ihr Markt Online","publisher":{"@id":"https:\/\/marktxxl.de\/markt\/#organization"},"potentialAction":[{"@type":"SearchAction","target":{"@type":"EntryPoint","urlTemplate":"https:\/\/marktxxl.de\/markt\/?s={search_term_string}"},"query-input":{"@type":"PropertyValueSpecification","valueRequired":true,"valueName":"search_term_string"}}],"inLanguage":"de"},{"@type":"Organization","@id":"https:\/\/marktxxl.de\/markt\/#organization","name":"Markt-XXL","url":"https:\/\/marktxxl.de\/markt\/","logo":{"@type":"ImageObject","inLanguage":"de","@id":"https:\/\/marktxxl.de\/markt\/#\/schema\/logo\/image\/","url":"https:\/\/marktxxl.de\/markt\/wp-content\/uploads\/sites\/3\/2020\/12\/logo.png","contentUrl":"https:\/\/marktxxl.de\/markt\/wp-content\/uploads\/sites\/3\/2020\/12\/logo.png","width":200,"height":70,"caption":"Markt-XXL"},"image":{"@id":"https:\/\/marktxxl.de\/markt\/#\/schema\/logo\/image\/"}}]}},"_links":{"self":[{"href":"https:\/\/marktxxl.de\/markt\/wp-json\/wp\/v2\/product\/36609","targetHints":{"allow":["GET"]}}],"collection":[{"href":"https:\/\/marktxxl.de\/markt\/wp-json\/wp\/v2\/product"}],"about":[{"href":"https:\/\/marktxxl.de\/markt\/wp-json\/wp\/v2\/types\/product"}],"replies":[{"embeddable":true,"href":"https:\/\/marktxxl.de\/markt\/wp-json\/wp\/v2\/comments?post=36609"}],"wp:featuredmedia":[{"embeddable":true,"href":"https:\/\/marktxxl.de\/markt\/wp-json\/wp\/v2\/media\/36610"}],"wp:attachment":[{"href":"https:\/\/marktxxl.de\/markt\/wp-json\/wp\/v2\/media?parent=36609"}],"wp:term":[{"taxonomy":"product_brand","embeddable":true,"href":"https:\/\/marktxxl.de\/markt\/wp-json\/wp\/v2\/product_brand?post=36609"},{"taxonomy":"product_cat","embeddable":true,"href":"https:\/\/marktxxl.de\/markt\/wp-json\/wp\/v2\/product_cat?post=36609"},{"taxonomy":"product_tag","embeddable":true,"href":"https:\/\/marktxxl.de\/markt\/wp-json\/wp\/v2\/product_tag?post=36609"}],"curies":[{"name":"wp","href":"https:\/\/api.w.org\/{rel}","templated":true}]}}