{"id":36585,"date":"2021-09-13T21:21:44","date_gmt":"2021-09-13T19:21:44","guid":{"rendered":"https:\/\/marktxxl.de\/markt\/produkt\/yuanj-hoelzerne-faltende-buch-lampe-magnetisches-led-licht-dekorative-lichter-schreibtisch-lampe-mit-akku-880-mah-warmes-licht-hell-genug-fuer-das-ablesen-ideal-fuer-geschenk\/"},"modified":"2023-04-08T01:20:15","modified_gmt":"2023-04-07T23:20:15","slug":"yuanj-hoelzerne-faltende-buch-lampe-magnetisches-led-licht-dekorative-lichter-schreibtisch-lampe-mit-akku-880-mah-warmes-licht-hell-genug-fuer-das-ablesen-ideal-fuer-geschenk","status":"publish","type":"product","link":"https:\/\/marktxxl.de\/markt\/produkt\/yuanj-hoelzerne-faltende-buch-lampe-magnetisches-led-licht-dekorative-lichter-schreibtisch-lampe-mit-akku-880-mah-warmes-licht-hell-genug-fuer-das-ablesen-ideal-fuer-geschenk\/","title":{"rendered":"Yuanj H\u00f6lzerne faltende Buch-Lampe &#8211; magnetisches LED-Licht -dekorative Lichter, Schreibtisch-Lampe mit Akku 880 mAh\u2026"},"content":{"rendered":"<p>Perfekt f\u00fcr Geschenk: Portable und klein, bequem mit Ihnen \u00fcberall zu bringen, Ideal f\u00fcr Geburtstag Weihnachten Jahrestag Festival Valentinstag Geschenk f\u00fcr Freunde, Familie, Kollegen und Verwandten<br \/>\nHell und faltbar: Das warmwei\u00dfe Licht ist hell genug, um jedem Zimmer eine romantische Note zu verleihen. Flexibles Design, Modellvielfalt, erm\u00f6glicht es Ihnen, die Form sofort zu transformieren, es kann ein Licht um 360 Grad werfen<br \/>\nEinfach zu verwenden &amp; Magnetisch: Wenn Sie das Buch \u00f6ffnen, wird es eingeschaltet; Wenn Sie das Buch schlie\u00dfen, wird es ausgeschaltet. Magnetische Auto-Sensing, starke Absaugung, erleichtern das \u00d6ffnen und Schlie\u00dfen<br \/>\nUmweltmaterial: Hergestellt aus umweltfreundlichem wei\u00dfem Ahornholz, Laserschneidtechnologie, um das Biegen zu gew\u00e4hrleisten und die Lampe nicht zu besch\u00e4digen. Es ist ein perfektes Geschenk f\u00fcr jeden, den Sie interessieren und die beste Lampe f\u00fcr Zuhause und B\u00fcro Dekor<br \/>\nWiederaufladbar: Angetrieben von 880 mAh Li-on Batterie im Inneren, kann die Lampe f\u00fcr 4 Stunden unterst\u00fctzen. Es kann \u00fcber den Anschluss an Computer oder Ladeger\u00e4t aufgeladen werden<br \/>\n<div class=\"main-cross-sell\" data-asin=\"B07KZDD7B3\">\n\n\t<div class=\"WooZone-cross-sell-loader\">\n\t\t<div>\n\t\t\t<div id=\"floatingBarsG\">\n\t\t\t\t<div class=\"blockG\" id=\"rotateG_01\"><\/div>\n\t\t\t\t<div class=\"blockG\" id=\"rotateG_02\"><\/div>\n\t\t\t\t<div class=\"blockG\" id=\"rotateG_03\"><\/div>\n\t\t\t\t<div class=\"blockG\" id=\"rotateG_04\"><\/div>\n\t\t\t\t<div class=\"blockG\" id=\"rotateG_05\"><\/div>\n\t\t\t\t<div class=\"blockG\" id=\"rotateG_06\"><\/div>\n\t\t\t\t<div class=\"blockG\" id=\"rotateG_07\"><\/div>\n\t\t\t\t<div class=\"blockG\" id=\"rotateG_08\"><\/div>\n\t\t\t<\/div>\n\t\t\t<div class=\"WooZone-cross-sell-loader-text\"><\/div>\n\t\t<\/div>\n\t<\/div>\n\n\t\t\n<\/div>\n<div style=\"clear:both;\"><\/div><\/p>\n","protected":false},"excerpt":{"rendered":"<p>Perfekt f\u00fcr Geschenk: Portable und klein, bequem mit Ihnen \u00fcberall zu bringen, Ideal f\u00fcr Geburtstag Weihnachten Jahrestag Festival Valentinstag Geschenk f\u00fcr Freunde, Familie, Kollegen und Verwandten<br \/>\nHell und faltbar: Das warmwei\u00dfe Licht ist hell genug, um jedem Zimmer eine romantische Note zu verleihen. Flexibles Design, Modellvielfalt, erm\u00f6glicht es Ihnen, die Form sofort zu transformieren, es kann ein Licht um 360 Grad werfen<br \/>\nEinfach zu verwenden &amp; Magnetisch: Wenn Sie das Buch \u00f6ffnen, wird es eingeschaltet; Wenn Sie das Buch schlie\u00dfen, wird es ausgeschaltet. Magnetische Auto-Sensing, starke Absaugung, erleichtern das \u00d6ffnen und Schlie\u00dfen<\/p>\n","protected":false},"featured_media":36586,"comment_status":"open","ping_status":"closed","template":"","meta":[],"product_brand":[],"product_cat":[2108,11509],"product_tag":[],"class_list":{"0":"post-36585","1":"product","2":"type-product","3":"status-publish","4":"has-post-thumbnail","6":"product_cat-beleuchtung","7":"product_cat-innenbeleuchtung","8":"pa_binding-ausruestung","9":"pa_brand-yuanj","10":"pa_color-mini-2","11":"pa_manufacturer-yuanj","12":"pa_size-mini-warmes-licht","13":"pa_weight-0-32628414776-pfund","15":"first","16":"instock","17":"shipping-taxable","18":"purchasable","19":"product-type-simple","20":"customify-col","21":"product-has-gallery"},"yoast_head":"<!-- This site is optimized with the Yoast SEO plugin v27.4 - https:\/\/yoast.com\/product\/yoast-seo-wordpress\/ -->\n<title>Yuanj H\u00f6lzerne faltende Buch-Lampe - magnetisches LED-Licht -dekorative Lichter, Schreibtisch-Lampe mit Akku 880 mAh\u2026 - Markt-XXL<\/title>\n<meta name=\"description\" content=\"Markt-XXL Yuanj H\u00f6lzerne faltende Buch-Lampe - magnetisches LED-Licht -dekorative Lichter, Schreibtisch-Lampe mit Akku 880 mAh\u2026\" \/>\n<meta name=\"robots\" content=\"index, follow, max-snippet:-1, max-image-preview:large, max-video-preview:-1\" \/>\n<link rel=\"canonical\" href=\"https:\/\/marktxxl.de\/markt\/produkt\/yuanj-hoelzerne-faltende-buch-lampe-magnetisches-led-licht-dekorative-lichter-schreibtisch-lampe-mit-akku-880-mah-warmes-licht-hell-genug-fuer-das-ablesen-ideal-fuer-geschenk\/\" \/>\n<meta property=\"og:locale\" content=\"de_DE\" \/>\n<meta property=\"og:type\" content=\"article\" \/>\n<meta property=\"og:title\" content=\"Yuanj H\u00f6lzerne faltende Buch-Lampe - magnetisches LED-Licht -dekorative Lichter, Schreibtisch-Lampe mit Akku 880 mAh\u2026 - Markt-XXL\" \/>\n<meta property=\"og:description\" content=\"Markt-XXL Yuanj H\u00f6lzerne faltende Buch-Lampe - magnetisches LED-Licht -dekorative Lichter, Schreibtisch-Lampe mit Akku 880 mAh\u2026\" \/>\n<meta property=\"og:url\" content=\"https:\/\/marktxxl.de\/markt\/produkt\/yuanj-hoelzerne-faltende-buch-lampe-magnetisches-led-licht-dekorative-lichter-schreibtisch-lampe-mit-akku-880-mah-warmes-licht-hell-genug-fuer-das-ablesen-ideal-fuer-geschenk\/\" \/>\n<meta property=\"og:site_name\" content=\"Markt-XXL\" \/>\n<meta property=\"article:modified_time\" content=\"2023-04-07T23:20:15+00:00\" \/>\n<meta property=\"og:image\" content=\"https:\/\/m.media-amazon.com\/images\/I\/3141QQUA7RL._SL500_.jpg\" \/>\n\t<meta property=\"og:image:width\" content=\"344\" \/>\n\t<meta property=\"og:image:height\" content=\"500\" \/>\n\t<meta property=\"og:image:type\" content=\"image\/jpeg\" \/>\n<meta name=\"twitter:card\" content=\"summary_large_image\" \/>\n<meta name=\"twitter:label1\" content=\"Gesch\u00e4tzte Lesezeit\" \/>\n\t<meta name=\"twitter:data1\" content=\"1\u00a0Minute\" \/>\n<script type=\"application\/ld+json\" class=\"yoast-schema-graph\">{\"@context\":\"https:\\\/\\\/schema.org\",\"@graph\":[{\"@type\":\"WebPage\",\"@id\":\"https:\\\/\\\/marktxxl.de\\\/markt\\\/produkt\\\/yuanj-hoelzerne-faltende-buch-lampe-magnetisches-led-licht-dekorative-lichter-schreibtisch-lampe-mit-akku-880-mah-warmes-licht-hell-genug-fuer-das-ablesen-ideal-fuer-geschenk\\\/\",\"url\":\"https:\\\/\\\/marktxxl.de\\\/markt\\\/produkt\\\/yuanj-hoelzerne-faltende-buch-lampe-magnetisches-led-licht-dekorative-lichter-schreibtisch-lampe-mit-akku-880-mah-warmes-licht-hell-genug-fuer-das-ablesen-ideal-fuer-geschenk\\\/\",\"name\":\"Yuanj H\u00f6lzerne faltende Buch-Lampe - magnetisches LED-Licht -dekorative Lichter, Schreibtisch-Lampe mit Akku 880 mAh\u2026 - Markt-XXL\",\"isPartOf\":{\"@id\":\"https:\\\/\\\/marktxxl.de\\\/markt\\\/#website\"},\"primaryImageOfPage\":{\"@id\":\"https:\\\/\\\/marktxxl.de\\\/markt\\\/produkt\\\/yuanj-hoelzerne-faltende-buch-lampe-magnetisches-led-licht-dekorative-lichter-schreibtisch-lampe-mit-akku-880-mah-warmes-licht-hell-genug-fuer-das-ablesen-ideal-fuer-geschenk\\\/#primaryimage\"},\"image\":{\"@id\":\"https:\\\/\\\/marktxxl.de\\\/markt\\\/produkt\\\/yuanj-hoelzerne-faltende-buch-lampe-magnetisches-led-licht-dekorative-lichter-schreibtisch-lampe-mit-akku-880-mah-warmes-licht-hell-genug-fuer-das-ablesen-ideal-fuer-geschenk\\\/#primaryimage\"},\"thumbnailUrl\":\"https:\\\/\\\/m.media-amazon.com\\\/images\\\/I\\\/3141QQUA7RL._SL500_.jpg\",\"datePublished\":\"2021-09-13T19:21:44+00:00\",\"dateModified\":\"2023-04-07T23:20:15+00:00\",\"description\":\"Markt-XXL Yuanj H\u00f6lzerne faltende Buch-Lampe - magnetisches LED-Licht -dekorative Lichter, Schreibtisch-Lampe mit Akku 880 mAh\u2026\",\"breadcrumb\":{\"@id\":\"https:\\\/\\\/marktxxl.de\\\/markt\\\/produkt\\\/yuanj-hoelzerne-faltende-buch-lampe-magnetisches-led-licht-dekorative-lichter-schreibtisch-lampe-mit-akku-880-mah-warmes-licht-hell-genug-fuer-das-ablesen-ideal-fuer-geschenk\\\/#breadcrumb\"},\"inLanguage\":\"de\",\"potentialAction\":[{\"@type\":\"ReadAction\",\"target\":[\"https:\\\/\\\/marktxxl.de\\\/markt\\\/produkt\\\/yuanj-hoelzerne-faltende-buch-lampe-magnetisches-led-licht-dekorative-lichter-schreibtisch-lampe-mit-akku-880-mah-warmes-licht-hell-genug-fuer-das-ablesen-ideal-fuer-geschenk\\\/\"]}]},{\"@type\":\"ImageObject\",\"inLanguage\":\"de\",\"@id\":\"https:\\\/\\\/marktxxl.de\\\/markt\\\/produkt\\\/yuanj-hoelzerne-faltende-buch-lampe-magnetisches-led-licht-dekorative-lichter-schreibtisch-lampe-mit-akku-880-mah-warmes-licht-hell-genug-fuer-das-ablesen-ideal-fuer-geschenk\\\/#primaryimage\",\"url\":\"https:\\\/\\\/m.media-amazon.com\\\/images\\\/I\\\/3141QQUA7RL._SL500_.jpg\",\"contentUrl\":\"https:\\\/\\\/m.media-amazon.com\\\/images\\\/I\\\/3141QQUA7RL._SL500_.jpg\",\"width\":344,\"height\":500},{\"@type\":\"BreadcrumbList\",\"@id\":\"https:\\\/\\\/marktxxl.de\\\/markt\\\/produkt\\\/yuanj-hoelzerne-faltende-buch-lampe-magnetisches-led-licht-dekorative-lichter-schreibtisch-lampe-mit-akku-880-mah-warmes-licht-hell-genug-fuer-das-ablesen-ideal-fuer-geschenk\\\/#breadcrumb\",\"itemListElement\":[{\"@type\":\"ListItem\",\"position\":1,\"name\":\"Startseite\",\"item\":\"https:\\\/\\\/marktxxl.de\\\/markt\\\/\"},{\"@type\":\"ListItem\",\"position\":2,\"name\":\"Markt\",\"item\":\"https:\\\/\\\/marktxxl.de\\\/markt\\\/\"},{\"@type\":\"ListItem\",\"position\":3,\"name\":\"Yuanj H\u00f6lzerne faltende Buch-Lampe &#8211; magnetisches LED-Licht -dekorative Lichter, Schreibtisch-Lampe mit Akku 880 mAh\u2026\"}]},{\"@type\":\"WebSite\",\"@id\":\"https:\\\/\\\/marktxxl.de\\\/markt\\\/#website\",\"url\":\"https:\\\/\\\/marktxxl.de\\\/markt\\\/\",\"name\":\"Markt-XXL\",\"description\":\"Ihr Markt Online\",\"publisher\":{\"@id\":\"https:\\\/\\\/marktxxl.de\\\/markt\\\/#organization\"},\"potentialAction\":[{\"@type\":\"SearchAction\",\"target\":{\"@type\":\"EntryPoint\",\"urlTemplate\":\"https:\\\/\\\/marktxxl.de\\\/markt\\\/?s={search_term_string}\"},\"query-input\":{\"@type\":\"PropertyValueSpecification\",\"valueRequired\":true,\"valueName\":\"search_term_string\"}}],\"inLanguage\":\"de\"},{\"@type\":\"Organization\",\"@id\":\"https:\\\/\\\/marktxxl.de\\\/markt\\\/#organization\",\"name\":\"Markt-XXL\",\"url\":\"https:\\\/\\\/marktxxl.de\\\/markt\\\/\",\"logo\":{\"@type\":\"ImageObject\",\"inLanguage\":\"de\",\"@id\":\"https:\\\/\\\/marktxxl.de\\\/markt\\\/#\\\/schema\\\/logo\\\/image\\\/\",\"url\":\"https:\\\/\\\/marktxxl.de\\\/markt\\\/wp-content\\\/uploads\\\/sites\\\/3\\\/2020\\\/12\\\/logo.png\",\"contentUrl\":\"https:\\\/\\\/marktxxl.de\\\/markt\\\/wp-content\\\/uploads\\\/sites\\\/3\\\/2020\\\/12\\\/logo.png\",\"width\":200,\"height\":70,\"caption\":\"Markt-XXL\"},\"image\":{\"@id\":\"https:\\\/\\\/marktxxl.de\\\/markt\\\/#\\\/schema\\\/logo\\\/image\\\/\"}}]}<\/script>\n<!-- \/ Yoast SEO plugin. -->","yoast_head_json":{"title":"Yuanj H\u00f6lzerne faltende Buch-Lampe - magnetisches LED-Licht -dekorative Lichter, Schreibtisch-Lampe mit Akku 880 mAh\u2026 - Markt-XXL","description":"Markt-XXL Yuanj H\u00f6lzerne faltende Buch-Lampe - magnetisches LED-Licht -dekorative Lichter, Schreibtisch-Lampe mit Akku 880 mAh\u2026","robots":{"index":"index","follow":"follow","max-snippet":"max-snippet:-1","max-image-preview":"max-image-preview:large","max-video-preview":"max-video-preview:-1"},"canonical":"https:\/\/marktxxl.de\/markt\/produkt\/yuanj-hoelzerne-faltende-buch-lampe-magnetisches-led-licht-dekorative-lichter-schreibtisch-lampe-mit-akku-880-mah-warmes-licht-hell-genug-fuer-das-ablesen-ideal-fuer-geschenk\/","og_locale":"de_DE","og_type":"article","og_title":"Yuanj H\u00f6lzerne faltende Buch-Lampe - magnetisches LED-Licht -dekorative Lichter, Schreibtisch-Lampe mit Akku 880 mAh\u2026 - Markt-XXL","og_description":"Markt-XXL Yuanj H\u00f6lzerne faltende Buch-Lampe - magnetisches LED-Licht -dekorative Lichter, Schreibtisch-Lampe mit Akku 880 mAh\u2026","og_url":"https:\/\/marktxxl.de\/markt\/produkt\/yuanj-hoelzerne-faltende-buch-lampe-magnetisches-led-licht-dekorative-lichter-schreibtisch-lampe-mit-akku-880-mah-warmes-licht-hell-genug-fuer-das-ablesen-ideal-fuer-geschenk\/","og_site_name":"Markt-XXL","article_modified_time":"2023-04-07T23:20:15+00:00","og_image":[{"width":344,"height":500,"url":"https:\/\/m.media-amazon.com\/images\/I\/3141QQUA7RL._SL500_.jpg","type":"image\/jpeg"}],"twitter_card":"summary_large_image","twitter_misc":{"Gesch\u00e4tzte Lesezeit":"1\u00a0Minute"},"schema":{"@context":"https:\/\/schema.org","@graph":[{"@type":"WebPage","@id":"https:\/\/marktxxl.de\/markt\/produkt\/yuanj-hoelzerne-faltende-buch-lampe-magnetisches-led-licht-dekorative-lichter-schreibtisch-lampe-mit-akku-880-mah-warmes-licht-hell-genug-fuer-das-ablesen-ideal-fuer-geschenk\/","url":"https:\/\/marktxxl.de\/markt\/produkt\/yuanj-hoelzerne-faltende-buch-lampe-magnetisches-led-licht-dekorative-lichter-schreibtisch-lampe-mit-akku-880-mah-warmes-licht-hell-genug-fuer-das-ablesen-ideal-fuer-geschenk\/","name":"Yuanj H\u00f6lzerne faltende Buch-Lampe - magnetisches LED-Licht -dekorative Lichter, Schreibtisch-Lampe mit Akku 880 mAh\u2026 - Markt-XXL","isPartOf":{"@id":"https:\/\/marktxxl.de\/markt\/#website"},"primaryImageOfPage":{"@id":"https:\/\/marktxxl.de\/markt\/produkt\/yuanj-hoelzerne-faltende-buch-lampe-magnetisches-led-licht-dekorative-lichter-schreibtisch-lampe-mit-akku-880-mah-warmes-licht-hell-genug-fuer-das-ablesen-ideal-fuer-geschenk\/#primaryimage"},"image":{"@id":"https:\/\/marktxxl.de\/markt\/produkt\/yuanj-hoelzerne-faltende-buch-lampe-magnetisches-led-licht-dekorative-lichter-schreibtisch-lampe-mit-akku-880-mah-warmes-licht-hell-genug-fuer-das-ablesen-ideal-fuer-geschenk\/#primaryimage"},"thumbnailUrl":"https:\/\/m.media-amazon.com\/images\/I\/3141QQUA7RL._SL500_.jpg","datePublished":"2021-09-13T19:21:44+00:00","dateModified":"2023-04-07T23:20:15+00:00","description":"Markt-XXL Yuanj H\u00f6lzerne faltende Buch-Lampe - magnetisches LED-Licht -dekorative Lichter, Schreibtisch-Lampe mit Akku 880 mAh\u2026","breadcrumb":{"@id":"https:\/\/marktxxl.de\/markt\/produkt\/yuanj-hoelzerne-faltende-buch-lampe-magnetisches-led-licht-dekorative-lichter-schreibtisch-lampe-mit-akku-880-mah-warmes-licht-hell-genug-fuer-das-ablesen-ideal-fuer-geschenk\/#breadcrumb"},"inLanguage":"de","potentialAction":[{"@type":"ReadAction","target":["https:\/\/marktxxl.de\/markt\/produkt\/yuanj-hoelzerne-faltende-buch-lampe-magnetisches-led-licht-dekorative-lichter-schreibtisch-lampe-mit-akku-880-mah-warmes-licht-hell-genug-fuer-das-ablesen-ideal-fuer-geschenk\/"]}]},{"@type":"ImageObject","inLanguage":"de","@id":"https:\/\/marktxxl.de\/markt\/produkt\/yuanj-hoelzerne-faltende-buch-lampe-magnetisches-led-licht-dekorative-lichter-schreibtisch-lampe-mit-akku-880-mah-warmes-licht-hell-genug-fuer-das-ablesen-ideal-fuer-geschenk\/#primaryimage","url":"https:\/\/m.media-amazon.com\/images\/I\/3141QQUA7RL._SL500_.jpg","contentUrl":"https:\/\/m.media-amazon.com\/images\/I\/3141QQUA7RL._SL500_.jpg","width":344,"height":500},{"@type":"BreadcrumbList","@id":"https:\/\/marktxxl.de\/markt\/produkt\/yuanj-hoelzerne-faltende-buch-lampe-magnetisches-led-licht-dekorative-lichter-schreibtisch-lampe-mit-akku-880-mah-warmes-licht-hell-genug-fuer-das-ablesen-ideal-fuer-geschenk\/#breadcrumb","itemListElement":[{"@type":"ListItem","position":1,"name":"Startseite","item":"https:\/\/marktxxl.de\/markt\/"},{"@type":"ListItem","position":2,"name":"Markt","item":"https:\/\/marktxxl.de\/markt\/"},{"@type":"ListItem","position":3,"name":"Yuanj H\u00f6lzerne faltende Buch-Lampe &#8211; magnetisches LED-Licht -dekorative Lichter, Schreibtisch-Lampe mit Akku 880 mAh\u2026"}]},{"@type":"WebSite","@id":"https:\/\/marktxxl.de\/markt\/#website","url":"https:\/\/marktxxl.de\/markt\/","name":"Markt-XXL","description":"Ihr Markt Online","publisher":{"@id":"https:\/\/marktxxl.de\/markt\/#organization"},"potentialAction":[{"@type":"SearchAction","target":{"@type":"EntryPoint","urlTemplate":"https:\/\/marktxxl.de\/markt\/?s={search_term_string}"},"query-input":{"@type":"PropertyValueSpecification","valueRequired":true,"valueName":"search_term_string"}}],"inLanguage":"de"},{"@type":"Organization","@id":"https:\/\/marktxxl.de\/markt\/#organization","name":"Markt-XXL","url":"https:\/\/marktxxl.de\/markt\/","logo":{"@type":"ImageObject","inLanguage":"de","@id":"https:\/\/marktxxl.de\/markt\/#\/schema\/logo\/image\/","url":"https:\/\/marktxxl.de\/markt\/wp-content\/uploads\/sites\/3\/2020\/12\/logo.png","contentUrl":"https:\/\/marktxxl.de\/markt\/wp-content\/uploads\/sites\/3\/2020\/12\/logo.png","width":200,"height":70,"caption":"Markt-XXL"},"image":{"@id":"https:\/\/marktxxl.de\/markt\/#\/schema\/logo\/image\/"}}]}},"_links":{"self":[{"href":"https:\/\/marktxxl.de\/markt\/wp-json\/wp\/v2\/product\/36585","targetHints":{"allow":["GET"]}}],"collection":[{"href":"https:\/\/marktxxl.de\/markt\/wp-json\/wp\/v2\/product"}],"about":[{"href":"https:\/\/marktxxl.de\/markt\/wp-json\/wp\/v2\/types\/product"}],"replies":[{"embeddable":true,"href":"https:\/\/marktxxl.de\/markt\/wp-json\/wp\/v2\/comments?post=36585"}],"wp:featuredmedia":[{"embeddable":true,"href":"https:\/\/marktxxl.de\/markt\/wp-json\/wp\/v2\/media\/36586"}],"wp:attachment":[{"href":"https:\/\/marktxxl.de\/markt\/wp-json\/wp\/v2\/media?parent=36585"}],"wp:term":[{"taxonomy":"product_brand","embeddable":true,"href":"https:\/\/marktxxl.de\/markt\/wp-json\/wp\/v2\/product_brand?post=36585"},{"taxonomy":"product_cat","embeddable":true,"href":"https:\/\/marktxxl.de\/markt\/wp-json\/wp\/v2\/product_cat?post=36585"},{"taxonomy":"product_tag","embeddable":true,"href":"https:\/\/marktxxl.de\/markt\/wp-json\/wp\/v2\/product_tag?post=36585"}],"curies":[{"name":"wp","href":"https:\/\/api.w.org\/{rel}","templated":true}]}}