{"id":36570,"date":"2021-09-13T21:21:41","date_gmt":"2021-09-13T19:21:41","guid":{"rendered":"https:\/\/marktxxl.de\/markt\/produkt\/sternenhimmel-projecktor-sternlicht-360-grad-projector-und-nacht-farbwechsel-lampe-rotierende-ozeanwelle-buehnenlicht-touch-panel-fernbedienung-bluetooth-music-player-fuer-schlafzimmer-ballsaal\/"},"modified":"2023-04-08T01:20:15","modified_gmt":"2023-04-07T23:20:15","slug":"sternenhimmel-projecktor-sternlicht-360-grad-projector-und-nacht-farbwechsel-lampe-rotierende-ozeanwelle-buehnenlicht-touch-panel-fernbedienung-bluetooth-music-player-fuer-schlafzimmer-ballsaal","status":"publish","type":"product","link":"https:\/\/marktxxl.de\/markt\/produkt\/sternenhimmel-projecktor-sternlicht-360-grad-projector-und-nacht-farbwechsel-lampe-rotierende-ozeanwelle-buehnenlicht-touch-panel-fernbedienung-bluetooth-music-player-fuer-schlafzimmer-ballsaal\/","title":{"rendered":"LKcare Sternenhimmel Projecktor, Sternlicht 360 Grad Projector und Nacht Farbwechsel Lampe rotierende Ozeanwelle\u2026"},"content":{"rendered":"<p>\u3010verbesserte Nacht Himmelprojektor&amp; Nachtlichtschale\u3011 Neu gestaltete Nebula Pattern, lebendigere 3D-Struktur, 4 LED Lichte kann ein besseres und helleres Bild auf W\u00e4nde und Decke werfen, einschlie\u00dflich einer Mond- und Wolkenzeichnung, die die Szene sch\u00f6ner macht. Die H\u00fclle des Sternlichtprojektors besteht nicht mehr nur aus schwarzem Kunststoff, sondern ein buntes Nachtlicht kann durchgehend orange, rot, blau, wei\u00df, gelb oder in der Farbe des Fahrrads sein.<br \/>\n\u3010Verbesserte Steuerungserfahrung mit Touch Panel-Taste und erweiterter Fernbedienung\u3011Das neue Touch-Bedienfeld am sternenhimmel kann die Tastenlichter einschalten, damit der Benutzer die Tasten klarer sehen kann. Die Fernbedienung ist zuverl\u00e4ssiger als alte Modelle. Benutzer k\u00f6nnen sie in einer Entfernung von 20 Fu\u00df in jede Richtung verwenden, sowohl den Licht- als auch den Musikeffekt steuern und das LED- sternenhimmel projektor baby ein- und ausschalten.<br \/>\n\u3010Ger\u00e4uscharmer Motor und Positionierungsfunktionshalterung\u3011Das lampe sternenhimmel ist beim Drehen super leise. Lassen Sie den Benutzer in eine M\u00e4rchenwelt eintauchen, ohne gest\u00f6rt zu werden. Mit der Halterung kann der Benutzer den sternenhimmel lampe so einstellen, dass das Nebelbild durch Aufh\u00e4ngen an Decke, W\u00e4nde oder sogar Boden geworfen wird, dadurch entsteht ein fantastischer Effekt und eine romantische Atmosph\u00e4re, die Kinder, Liebhaber und Publikum am\u00fcsiert.<br \/>\n\u3010Bluetooth-Lautsprecher und schallreagierender Lichteffekt\u3011Der sternenhimmel projektor erwachsene ist auch ein Bluetooth-Lautsprecher. Es kann die Musikdateien auf einer Micro-SD-Karte (nicht im Lieferumfang enthalten) abspielen oder \u00fcber Bluetooth mit dem Mobiltelefon verbinden. Mit der Fernbedienung oder dem Bedienfeld am sternenhimmel projektor erwachsene kann der Benutzer die Musikwiedergabe steuern. Der Benutzer kann die Musik das Blinken des Himmelslichts steuern lassen.<br \/>\n\u3010Timer und Vibrationssensor\u3011 Das Galaxienlicht wird standardm\u00e4\u00dfig 4 Stunden sp\u00e4ter automatisch ausgeschaltet. Es kann auch so eingestellt werden, dass es 1 oder 2 Stunden sp\u00e4ter. Bei Dunkelheit kann der Benutzer das sensorische Licht f\u00fcr 10 Minuten einschalten (nicht den Galaxienprojektor), indem er in der N\u00e4he klopft. Das Paket beinhaltet einen Starlight-Projektor * 1 Fernbedienung mit gro\u00dfer Reichweite * 1 USB-Stromversorgung * 1 Benutzerhandbuch in EN DE FR IT ES JP * 1.<br \/>\n<div class=\"main-cross-sell\" data-asin=\"B08ZXR1K89\">\n\n\t<div class=\"WooZone-cross-sell-loader\">\n\t\t<div>\n\t\t\t<div id=\"floatingBarsG\">\n\t\t\t\t<div class=\"blockG\" id=\"rotateG_01\"><\/div>\n\t\t\t\t<div class=\"blockG\" id=\"rotateG_02\"><\/div>\n\t\t\t\t<div class=\"blockG\" id=\"rotateG_03\"><\/div>\n\t\t\t\t<div class=\"blockG\" id=\"rotateG_04\"><\/div>\n\t\t\t\t<div class=\"blockG\" id=\"rotateG_05\"><\/div>\n\t\t\t\t<div class=\"blockG\" id=\"rotateG_06\"><\/div>\n\t\t\t\t<div class=\"blockG\" id=\"rotateG_07\"><\/div>\n\t\t\t\t<div class=\"blockG\" id=\"rotateG_08\"><\/div>\n\t\t\t<\/div>\n\t\t\t<div class=\"WooZone-cross-sell-loader-text\"><\/div>\n\t\t<\/div>\n\t<\/div>\n\n\t\t\n<\/div>\n<div style=\"clear:both;\"><\/div><\/p>\n","protected":false},"excerpt":{"rendered":"<p>\u3010verbesserte Nacht Himmelprojektor&amp; Nachtlichtschale\u3011 Neu gestaltete Nebula Pattern, lebendigere 3D-Struktur, 4 LED Lichte kann ein besseres und helleres Bild auf W\u00e4nde und Decke werfen, einschlie\u00dflich einer Mond- und Wolkenzeichnung, die die Szene sch\u00f6ner macht. Die H\u00fclle des Sternlichtprojektors besteht nicht mehr nur aus schwarzem Kunststoff, sondern ein buntes Nachtlicht kann durchgehend orange, rot, blau, wei\u00df, gelb oder in der Farbe des Fahrrads sein.<br \/>\n\u3010Verbesserte Steuerungserfahrung mit Touch Panel-Taste und erweiterter Fernbedienung\u3011Das neue Touch-Bedienfeld am sternenhimmel kann die Tastenlichter einschalten, damit der Benutzer die Tasten klarer sehen kann. Die Fernbedienung ist zuverl\u00e4ssiger als alte Modelle. Benutzer k\u00f6nnen sie in einer Entfernung von 20 Fu\u00df in jede Richtung verwenden, sowohl den Licht- als auch den Musikeffekt steuern und das LED- sternenhimmel projektor baby ein- und ausschalten.<br \/>\n\u3010Ger\u00e4uscharmer Motor und Positionierungsfunktionshalterung\u3011Das lampe sternenhimmel ist beim Drehen super leise. Lassen Sie den Benutzer in eine M\u00e4rchenwelt eintauchen, ohne gest\u00f6rt zu werden. Mit der Halterung kann der Benutzer den sternenhimmel lampe so einstellen, dass das Nebelbild durch Aufh\u00e4ngen an Decke, W\u00e4nde oder sogar Boden geworfen wird, dadurch entsteht ein fantastischer Effekt und eine romantische Atmosph\u00e4re, die Kinder, Liebhaber und Publikum am\u00fcsiert.<\/p>\n","protected":false},"featured_media":36571,"comment_status":"open","ping_status":"closed","template":"","meta":[],"product_brand":[],"product_cat":[2108,11509],"product_tag":[],"class_list":{"0":"post-36570","1":"product","2":"type-product","3":"status-publish","4":"has-post-thumbnail","6":"product_cat-beleuchtung","7":"product_cat-innenbeleuchtung","8":"pa_binding-misc","9":"pa_brand-lkcare","10":"pa_height-4-724409444-zoll","11":"pa_length-5-511811018-zoll","12":"pa_manufacturer-lkcare","13":"pa_width-5-511811018-zoll","15":"first","16":"instock","17":"shipping-taxable","18":"purchasable","19":"product-type-simple","20":"customify-col","21":"product-has-gallery"},"yoast_head":"<!-- This site is optimized with the Yoast SEO plugin v27.4 - https:\/\/yoast.com\/product\/yoast-seo-wordpress\/ -->\n<title>LKcare Sternenhimmel Projecktor, Sternlicht 360 Grad Projector und Nacht Farbwechsel Lampe rotierende Ozeanwelle\u2026 - Markt-XXL<\/title>\n<meta name=\"description\" content=\"Markt-XXL LKcare Sternenhimmel Projecktor, Sternlicht 360 Grad Projector und Nacht Farbwechsel Lampe rotierende Ozeanwelle\u2026\" \/>\n<meta name=\"robots\" content=\"index, follow, max-snippet:-1, max-image-preview:large, max-video-preview:-1\" \/>\n<link rel=\"canonical\" href=\"https:\/\/marktxxl.de\/markt\/produkt\/sternenhimmel-projecktor-sternlicht-360-grad-projector-und-nacht-farbwechsel-lampe-rotierende-ozeanwelle-buehnenlicht-touch-panel-fernbedienung-bluetooth-music-player-fuer-schlafzimmer-ballsaal\/\" \/>\n<meta property=\"og:locale\" content=\"de_DE\" \/>\n<meta property=\"og:type\" content=\"article\" \/>\n<meta property=\"og:title\" content=\"LKcare Sternenhimmel Projecktor, Sternlicht 360 Grad Projector und Nacht Farbwechsel Lampe rotierende Ozeanwelle\u2026 - Markt-XXL\" \/>\n<meta property=\"og:description\" content=\"Markt-XXL LKcare Sternenhimmel Projecktor, Sternlicht 360 Grad Projector und Nacht Farbwechsel Lampe rotierende Ozeanwelle\u2026\" \/>\n<meta property=\"og:url\" content=\"https:\/\/marktxxl.de\/markt\/produkt\/sternenhimmel-projecktor-sternlicht-360-grad-projector-und-nacht-farbwechsel-lampe-rotierende-ozeanwelle-buehnenlicht-touch-panel-fernbedienung-bluetooth-music-player-fuer-schlafzimmer-ballsaal\/\" \/>\n<meta property=\"og:site_name\" content=\"Markt-XXL\" \/>\n<meta property=\"article:modified_time\" content=\"2023-04-07T23:20:15+00:00\" \/>\n<meta property=\"og:image\" content=\"https:\/\/m.media-amazon.com\/images\/I\/51rJXWhPJHS._SL500_.jpg\" \/>\n\t<meta property=\"og:image:width\" content=\"500\" \/>\n\t<meta property=\"og:image:height\" content=\"500\" \/>\n\t<meta property=\"og:image:type\" content=\"image\/jpeg\" \/>\n<meta name=\"twitter:card\" content=\"summary_large_image\" \/>\n<meta name=\"twitter:label1\" content=\"Gesch\u00e4tzte Lesezeit\" \/>\n\t<meta name=\"twitter:data1\" content=\"2\u00a0Minuten\" \/>\n<script type=\"application\/ld+json\" class=\"yoast-schema-graph\">{\"@context\":\"https:\\\/\\\/schema.org\",\"@graph\":[{\"@type\":\"WebPage\",\"@id\":\"https:\\\/\\\/marktxxl.de\\\/markt\\\/produkt\\\/sternenhimmel-projecktor-sternlicht-360-grad-projector-und-nacht-farbwechsel-lampe-rotierende-ozeanwelle-buehnenlicht-touch-panel-fernbedienung-bluetooth-music-player-fuer-schlafzimmer-ballsaal\\\/\",\"url\":\"https:\\\/\\\/marktxxl.de\\\/markt\\\/produkt\\\/sternenhimmel-projecktor-sternlicht-360-grad-projector-und-nacht-farbwechsel-lampe-rotierende-ozeanwelle-buehnenlicht-touch-panel-fernbedienung-bluetooth-music-player-fuer-schlafzimmer-ballsaal\\\/\",\"name\":\"LKcare Sternenhimmel Projecktor, Sternlicht 360 Grad Projector und Nacht Farbwechsel Lampe rotierende Ozeanwelle\u2026 - Markt-XXL\",\"isPartOf\":{\"@id\":\"https:\\\/\\\/marktxxl.de\\\/markt\\\/#website\"},\"primaryImageOfPage\":{\"@id\":\"https:\\\/\\\/marktxxl.de\\\/markt\\\/produkt\\\/sternenhimmel-projecktor-sternlicht-360-grad-projector-und-nacht-farbwechsel-lampe-rotierende-ozeanwelle-buehnenlicht-touch-panel-fernbedienung-bluetooth-music-player-fuer-schlafzimmer-ballsaal\\\/#primaryimage\"},\"image\":{\"@id\":\"https:\\\/\\\/marktxxl.de\\\/markt\\\/produkt\\\/sternenhimmel-projecktor-sternlicht-360-grad-projector-und-nacht-farbwechsel-lampe-rotierende-ozeanwelle-buehnenlicht-touch-panel-fernbedienung-bluetooth-music-player-fuer-schlafzimmer-ballsaal\\\/#primaryimage\"},\"thumbnailUrl\":\"https:\\\/\\\/m.media-amazon.com\\\/images\\\/I\\\/51rJXWhPJHS._SL500_.jpg\",\"datePublished\":\"2021-09-13T19:21:41+00:00\",\"dateModified\":\"2023-04-07T23:20:15+00:00\",\"description\":\"Markt-XXL LKcare Sternenhimmel Projecktor, Sternlicht 360 Grad Projector und Nacht Farbwechsel Lampe rotierende Ozeanwelle\u2026\",\"breadcrumb\":{\"@id\":\"https:\\\/\\\/marktxxl.de\\\/markt\\\/produkt\\\/sternenhimmel-projecktor-sternlicht-360-grad-projector-und-nacht-farbwechsel-lampe-rotierende-ozeanwelle-buehnenlicht-touch-panel-fernbedienung-bluetooth-music-player-fuer-schlafzimmer-ballsaal\\\/#breadcrumb\"},\"inLanguage\":\"de\",\"potentialAction\":[{\"@type\":\"ReadAction\",\"target\":[\"https:\\\/\\\/marktxxl.de\\\/markt\\\/produkt\\\/sternenhimmel-projecktor-sternlicht-360-grad-projector-und-nacht-farbwechsel-lampe-rotierende-ozeanwelle-buehnenlicht-touch-panel-fernbedienung-bluetooth-music-player-fuer-schlafzimmer-ballsaal\\\/\"]}]},{\"@type\":\"ImageObject\",\"inLanguage\":\"de\",\"@id\":\"https:\\\/\\\/marktxxl.de\\\/markt\\\/produkt\\\/sternenhimmel-projecktor-sternlicht-360-grad-projector-und-nacht-farbwechsel-lampe-rotierende-ozeanwelle-buehnenlicht-touch-panel-fernbedienung-bluetooth-music-player-fuer-schlafzimmer-ballsaal\\\/#primaryimage\",\"url\":\"https:\\\/\\\/m.media-amazon.com\\\/images\\\/I\\\/51rJXWhPJHS._SL500_.jpg\",\"contentUrl\":\"https:\\\/\\\/m.media-amazon.com\\\/images\\\/I\\\/51rJXWhPJHS._SL500_.jpg\",\"width\":500,\"height\":500},{\"@type\":\"BreadcrumbList\",\"@id\":\"https:\\\/\\\/marktxxl.de\\\/markt\\\/produkt\\\/sternenhimmel-projecktor-sternlicht-360-grad-projector-und-nacht-farbwechsel-lampe-rotierende-ozeanwelle-buehnenlicht-touch-panel-fernbedienung-bluetooth-music-player-fuer-schlafzimmer-ballsaal\\\/#breadcrumb\",\"itemListElement\":[{\"@type\":\"ListItem\",\"position\":1,\"name\":\"Startseite\",\"item\":\"https:\\\/\\\/marktxxl.de\\\/markt\\\/\"},{\"@type\":\"ListItem\",\"position\":2,\"name\":\"Markt\",\"item\":\"https:\\\/\\\/marktxxl.de\\\/markt\\\/\"},{\"@type\":\"ListItem\",\"position\":3,\"name\":\"LKcare Sternenhimmel Projecktor, Sternlicht 360 Grad Projector und Nacht Farbwechsel Lampe rotierende Ozeanwelle\u2026\"}]},{\"@type\":\"WebSite\",\"@id\":\"https:\\\/\\\/marktxxl.de\\\/markt\\\/#website\",\"url\":\"https:\\\/\\\/marktxxl.de\\\/markt\\\/\",\"name\":\"Markt-XXL\",\"description\":\"Ihr Markt Online\",\"publisher\":{\"@id\":\"https:\\\/\\\/marktxxl.de\\\/markt\\\/#organization\"},\"potentialAction\":[{\"@type\":\"SearchAction\",\"target\":{\"@type\":\"EntryPoint\",\"urlTemplate\":\"https:\\\/\\\/marktxxl.de\\\/markt\\\/?s={search_term_string}\"},\"query-input\":{\"@type\":\"PropertyValueSpecification\",\"valueRequired\":true,\"valueName\":\"search_term_string\"}}],\"inLanguage\":\"de\"},{\"@type\":\"Organization\",\"@id\":\"https:\\\/\\\/marktxxl.de\\\/markt\\\/#organization\",\"name\":\"Markt-XXL\",\"url\":\"https:\\\/\\\/marktxxl.de\\\/markt\\\/\",\"logo\":{\"@type\":\"ImageObject\",\"inLanguage\":\"de\",\"@id\":\"https:\\\/\\\/marktxxl.de\\\/markt\\\/#\\\/schema\\\/logo\\\/image\\\/\",\"url\":\"https:\\\/\\\/marktxxl.de\\\/markt\\\/wp-content\\\/uploads\\\/sites\\\/3\\\/2020\\\/12\\\/logo.png\",\"contentUrl\":\"https:\\\/\\\/marktxxl.de\\\/markt\\\/wp-content\\\/uploads\\\/sites\\\/3\\\/2020\\\/12\\\/logo.png\",\"width\":200,\"height\":70,\"caption\":\"Markt-XXL\"},\"image\":{\"@id\":\"https:\\\/\\\/marktxxl.de\\\/markt\\\/#\\\/schema\\\/logo\\\/image\\\/\"}}]}<\/script>\n<!-- \/ Yoast SEO plugin. -->","yoast_head_json":{"title":"LKcare Sternenhimmel Projecktor, Sternlicht 360 Grad Projector und Nacht Farbwechsel Lampe rotierende Ozeanwelle\u2026 - Markt-XXL","description":"Markt-XXL LKcare Sternenhimmel Projecktor, Sternlicht 360 Grad Projector und Nacht Farbwechsel Lampe rotierende Ozeanwelle\u2026","robots":{"index":"index","follow":"follow","max-snippet":"max-snippet:-1","max-image-preview":"max-image-preview:large","max-video-preview":"max-video-preview:-1"},"canonical":"https:\/\/marktxxl.de\/markt\/produkt\/sternenhimmel-projecktor-sternlicht-360-grad-projector-und-nacht-farbwechsel-lampe-rotierende-ozeanwelle-buehnenlicht-touch-panel-fernbedienung-bluetooth-music-player-fuer-schlafzimmer-ballsaal\/","og_locale":"de_DE","og_type":"article","og_title":"LKcare Sternenhimmel Projecktor, Sternlicht 360 Grad Projector und Nacht Farbwechsel Lampe rotierende Ozeanwelle\u2026 - Markt-XXL","og_description":"Markt-XXL LKcare Sternenhimmel Projecktor, Sternlicht 360 Grad Projector und Nacht Farbwechsel Lampe rotierende Ozeanwelle\u2026","og_url":"https:\/\/marktxxl.de\/markt\/produkt\/sternenhimmel-projecktor-sternlicht-360-grad-projector-und-nacht-farbwechsel-lampe-rotierende-ozeanwelle-buehnenlicht-touch-panel-fernbedienung-bluetooth-music-player-fuer-schlafzimmer-ballsaal\/","og_site_name":"Markt-XXL","article_modified_time":"2023-04-07T23:20:15+00:00","og_image":[{"width":500,"height":500,"url":"https:\/\/m.media-amazon.com\/images\/I\/51rJXWhPJHS._SL500_.jpg","type":"image\/jpeg"}],"twitter_card":"summary_large_image","twitter_misc":{"Gesch\u00e4tzte Lesezeit":"2\u00a0Minuten"},"schema":{"@context":"https:\/\/schema.org","@graph":[{"@type":"WebPage","@id":"https:\/\/marktxxl.de\/markt\/produkt\/sternenhimmel-projecktor-sternlicht-360-grad-projector-und-nacht-farbwechsel-lampe-rotierende-ozeanwelle-buehnenlicht-touch-panel-fernbedienung-bluetooth-music-player-fuer-schlafzimmer-ballsaal\/","url":"https:\/\/marktxxl.de\/markt\/produkt\/sternenhimmel-projecktor-sternlicht-360-grad-projector-und-nacht-farbwechsel-lampe-rotierende-ozeanwelle-buehnenlicht-touch-panel-fernbedienung-bluetooth-music-player-fuer-schlafzimmer-ballsaal\/","name":"LKcare Sternenhimmel Projecktor, Sternlicht 360 Grad Projector und Nacht Farbwechsel Lampe rotierende Ozeanwelle\u2026 - Markt-XXL","isPartOf":{"@id":"https:\/\/marktxxl.de\/markt\/#website"},"primaryImageOfPage":{"@id":"https:\/\/marktxxl.de\/markt\/produkt\/sternenhimmel-projecktor-sternlicht-360-grad-projector-und-nacht-farbwechsel-lampe-rotierende-ozeanwelle-buehnenlicht-touch-panel-fernbedienung-bluetooth-music-player-fuer-schlafzimmer-ballsaal\/#primaryimage"},"image":{"@id":"https:\/\/marktxxl.de\/markt\/produkt\/sternenhimmel-projecktor-sternlicht-360-grad-projector-und-nacht-farbwechsel-lampe-rotierende-ozeanwelle-buehnenlicht-touch-panel-fernbedienung-bluetooth-music-player-fuer-schlafzimmer-ballsaal\/#primaryimage"},"thumbnailUrl":"https:\/\/m.media-amazon.com\/images\/I\/51rJXWhPJHS._SL500_.jpg","datePublished":"2021-09-13T19:21:41+00:00","dateModified":"2023-04-07T23:20:15+00:00","description":"Markt-XXL LKcare Sternenhimmel Projecktor, Sternlicht 360 Grad Projector und Nacht Farbwechsel Lampe rotierende Ozeanwelle\u2026","breadcrumb":{"@id":"https:\/\/marktxxl.de\/markt\/produkt\/sternenhimmel-projecktor-sternlicht-360-grad-projector-und-nacht-farbwechsel-lampe-rotierende-ozeanwelle-buehnenlicht-touch-panel-fernbedienung-bluetooth-music-player-fuer-schlafzimmer-ballsaal\/#breadcrumb"},"inLanguage":"de","potentialAction":[{"@type":"ReadAction","target":["https:\/\/marktxxl.de\/markt\/produkt\/sternenhimmel-projecktor-sternlicht-360-grad-projector-und-nacht-farbwechsel-lampe-rotierende-ozeanwelle-buehnenlicht-touch-panel-fernbedienung-bluetooth-music-player-fuer-schlafzimmer-ballsaal\/"]}]},{"@type":"ImageObject","inLanguage":"de","@id":"https:\/\/marktxxl.de\/markt\/produkt\/sternenhimmel-projecktor-sternlicht-360-grad-projector-und-nacht-farbwechsel-lampe-rotierende-ozeanwelle-buehnenlicht-touch-panel-fernbedienung-bluetooth-music-player-fuer-schlafzimmer-ballsaal\/#primaryimage","url":"https:\/\/m.media-amazon.com\/images\/I\/51rJXWhPJHS._SL500_.jpg","contentUrl":"https:\/\/m.media-amazon.com\/images\/I\/51rJXWhPJHS._SL500_.jpg","width":500,"height":500},{"@type":"BreadcrumbList","@id":"https:\/\/marktxxl.de\/markt\/produkt\/sternenhimmel-projecktor-sternlicht-360-grad-projector-und-nacht-farbwechsel-lampe-rotierende-ozeanwelle-buehnenlicht-touch-panel-fernbedienung-bluetooth-music-player-fuer-schlafzimmer-ballsaal\/#breadcrumb","itemListElement":[{"@type":"ListItem","position":1,"name":"Startseite","item":"https:\/\/marktxxl.de\/markt\/"},{"@type":"ListItem","position":2,"name":"Markt","item":"https:\/\/marktxxl.de\/markt\/"},{"@type":"ListItem","position":3,"name":"LKcare Sternenhimmel Projecktor, Sternlicht 360 Grad Projector und Nacht Farbwechsel Lampe rotierende Ozeanwelle\u2026"}]},{"@type":"WebSite","@id":"https:\/\/marktxxl.de\/markt\/#website","url":"https:\/\/marktxxl.de\/markt\/","name":"Markt-XXL","description":"Ihr Markt Online","publisher":{"@id":"https:\/\/marktxxl.de\/markt\/#organization"},"potentialAction":[{"@type":"SearchAction","target":{"@type":"EntryPoint","urlTemplate":"https:\/\/marktxxl.de\/markt\/?s={search_term_string}"},"query-input":{"@type":"PropertyValueSpecification","valueRequired":true,"valueName":"search_term_string"}}],"inLanguage":"de"},{"@type":"Organization","@id":"https:\/\/marktxxl.de\/markt\/#organization","name":"Markt-XXL","url":"https:\/\/marktxxl.de\/markt\/","logo":{"@type":"ImageObject","inLanguage":"de","@id":"https:\/\/marktxxl.de\/markt\/#\/schema\/logo\/image\/","url":"https:\/\/marktxxl.de\/markt\/wp-content\/uploads\/sites\/3\/2020\/12\/logo.png","contentUrl":"https:\/\/marktxxl.de\/markt\/wp-content\/uploads\/sites\/3\/2020\/12\/logo.png","width":200,"height":70,"caption":"Markt-XXL"},"image":{"@id":"https:\/\/marktxxl.de\/markt\/#\/schema\/logo\/image\/"}}]}},"_links":{"self":[{"href":"https:\/\/marktxxl.de\/markt\/wp-json\/wp\/v2\/product\/36570","targetHints":{"allow":["GET"]}}],"collection":[{"href":"https:\/\/marktxxl.de\/markt\/wp-json\/wp\/v2\/product"}],"about":[{"href":"https:\/\/marktxxl.de\/markt\/wp-json\/wp\/v2\/types\/product"}],"replies":[{"embeddable":true,"href":"https:\/\/marktxxl.de\/markt\/wp-json\/wp\/v2\/comments?post=36570"}],"wp:featuredmedia":[{"embeddable":true,"href":"https:\/\/marktxxl.de\/markt\/wp-json\/wp\/v2\/media\/36571"}],"wp:attachment":[{"href":"https:\/\/marktxxl.de\/markt\/wp-json\/wp\/v2\/media?parent=36570"}],"wp:term":[{"taxonomy":"product_brand","embeddable":true,"href":"https:\/\/marktxxl.de\/markt\/wp-json\/wp\/v2\/product_brand?post=36570"},{"taxonomy":"product_cat","embeddable":true,"href":"https:\/\/marktxxl.de\/markt\/wp-json\/wp\/v2\/product_cat?post=36570"},{"taxonomy":"product_tag","embeddable":true,"href":"https:\/\/marktxxl.de\/markt\/wp-json\/wp\/v2\/product_tag?post=36570"}],"curies":[{"name":"wp","href":"https:\/\/api.w.org\/{rel}","templated":true}]}}