{"id":36493,"date":"2021-09-13T21:19:19","date_gmt":"2021-09-13T19:19:19","guid":{"rendered":"https:\/\/marktxxl.de\/markt\/produkt\/grafelstein-haengelampenschirm-marrakech-weiss-lampenschirm-aus-metall-mit-kristallen\/"},"modified":"2023-04-08T01:20:15","modified_gmt":"2023-04-07T23:20:15","slug":"grafelstein-haengelampenschirm-marrakech-weiss-lampenschirm-aus-metall-mit-kristallen","status":"publish","type":"product","link":"https:\/\/marktxxl.de\/markt\/produkt\/grafelstein-haengelampenschirm-marrakech-weiss-lampenschirm-aus-metall-mit-kristallen\/","title":{"rendered":"Grafelstein H\u00e4ngelampenschirm Marrakech wei\u00df Lampenschirm aus Metall mit Kristallen, \u00d8 33,5 cm, inkl. Anschlu\u00dfkabel"},"content":{"rendered":"<p>Ein M\u00e4rchen aus 1001 Nacht&#8230;<br \/>\nDer Lampenschirm verzaubert mit seinen traumhaft sch\u00f6nen Lichtspielen, die durch das orientalische Lochmuster und die funkelnden Kristalle aus Acryl entstehen. Aber auch bei Tageslicht ist der matt wei\u00dfe Metallschirm ein echter Eyecatcher<br \/>\nGesamt ca. 37 cm hoch, \u00d8 33,5 cm Metallrandh\u00f6he ca. 19 cm<br \/>\nAchtung: Es ist Handarbeit und kleine Unebenheiten geh\u00f6ren zum Charme dieses tollen Artikels<br \/>\nNeuerdings inkl. wundersch\u00f6nen, verzierten Anschlu\u00dfkabel, also komplett als H\u00e4ngelampe zu benutzen.<br \/>\n<div class=\"main-cross-sell\" data-asin=\"B0173F4KTQ\">\n\n\t<div class=\"WooZone-cross-sell-loader\">\n\t\t<div>\n\t\t\t<div id=\"floatingBarsG\">\n\t\t\t\t<div class=\"blockG\" id=\"rotateG_01\"><\/div>\n\t\t\t\t<div class=\"blockG\" id=\"rotateG_02\"><\/div>\n\t\t\t\t<div class=\"blockG\" id=\"rotateG_03\"><\/div>\n\t\t\t\t<div class=\"blockG\" id=\"rotateG_04\"><\/div>\n\t\t\t\t<div class=\"blockG\" id=\"rotateG_05\"><\/div>\n\t\t\t\t<div class=\"blockG\" id=\"rotateG_06\"><\/div>\n\t\t\t\t<div class=\"blockG\" id=\"rotateG_07\"><\/div>\n\t\t\t\t<div class=\"blockG\" id=\"rotateG_08\"><\/div>\n\t\t\t<\/div>\n\t\t\t<div class=\"WooZone-cross-sell-loader-text\"><\/div>\n\t\t<\/div>\n\t<\/div>\n\n\t\t\n<\/div>\n<div style=\"clear:both;\"><\/div><\/p>\n","protected":false},"excerpt":{"rendered":"<p>Ein M\u00e4rchen aus 1001 Nacht&#8230;<br \/>\nDer Lampenschirm verzaubert mit seinen traumhaft sch\u00f6nen Lichtspielen, die durch das orientalische Lochmuster und die funkelnden Kristalle aus Acryl entstehen. Aber auch bei Tageslicht ist der matt wei\u00dfe Metallschirm ein echter Eyecatcher<br \/>\nGesamt ca. 37 cm hoch, \u00d8 33,5 cm Metallrandh\u00f6he ca. 19 cm<\/p>\n","protected":false},"featured_media":36494,"comment_status":"open","ping_status":"closed","template":"","meta":[],"product_brand":[],"product_cat":[2108,11509],"product_tag":[],"class_list":{"0":"post-36493","1":"product","2":"type-product","3":"status-publish","4":"has-post-thumbnail","6":"product_cat-beleuchtung","7":"product_cat-innenbeleuchtung","8":"pa_brand-grafelstein","9":"pa_color-weiss","10":"pa_manufacturer-grafelstein","12":"first","13":"instock","14":"shipping-taxable","15":"purchasable","16":"product-type-simple","17":"customify-col","18":"product-has-gallery"},"yoast_head":"<!-- This site is optimized with the Yoast SEO plugin v27.4 - https:\/\/yoast.com\/product\/yoast-seo-wordpress\/ -->\n<title>Grafelstein H\u00e4ngelampenschirm Marrakech wei\u00df Lampenschirm aus Metall mit Kristallen, \u00d8 33,5 cm, inkl. Anschlu\u00dfkabel - Markt-XXL<\/title>\n<meta name=\"description\" content=\"Markt-XXL Grafelstein H\u00e4ngelampenschirm Marrakech wei\u00df Lampenschirm aus Metall mit Kristallen, \u00d8 33,5 cm, inkl. Anschlu\u00dfkabel\" \/>\n<meta name=\"robots\" content=\"index, follow, max-snippet:-1, max-image-preview:large, max-video-preview:-1\" \/>\n<link rel=\"canonical\" href=\"https:\/\/marktxxl.de\/markt\/produkt\/grafelstein-haengelampenschirm-marrakech-weiss-lampenschirm-aus-metall-mit-kristallen\/\" \/>\n<meta property=\"og:locale\" content=\"de_DE\" \/>\n<meta property=\"og:type\" content=\"article\" \/>\n<meta property=\"og:title\" content=\"Grafelstein H\u00e4ngelampenschirm Marrakech wei\u00df Lampenschirm aus Metall mit Kristallen, \u00d8 33,5 cm, inkl. Anschlu\u00dfkabel - Markt-XXL\" \/>\n<meta property=\"og:description\" content=\"Markt-XXL Grafelstein H\u00e4ngelampenschirm Marrakech wei\u00df Lampenschirm aus Metall mit Kristallen, \u00d8 33,5 cm, inkl. Anschlu\u00dfkabel\" \/>\n<meta property=\"og:url\" content=\"https:\/\/marktxxl.de\/markt\/produkt\/grafelstein-haengelampenschirm-marrakech-weiss-lampenschirm-aus-metall-mit-kristallen\/\" \/>\n<meta property=\"og:site_name\" content=\"Markt-XXL\" \/>\n<meta property=\"article:modified_time\" content=\"2023-04-07T23:20:15+00:00\" \/>\n<meta property=\"og:image\" content=\"https:\/\/m.media-amazon.com\/images\/I\/411YnskwGML._SL500_.jpg\" \/>\n\t<meta property=\"og:image:width\" content=\"500\" \/>\n\t<meta property=\"og:image:height\" content=\"500\" \/>\n\t<meta property=\"og:image:type\" content=\"image\/jpeg\" \/>\n<meta name=\"twitter:card\" content=\"summary_large_image\" \/>\n<script type=\"application\/ld+json\" class=\"yoast-schema-graph\">{\"@context\":\"https:\\\/\\\/schema.org\",\"@graph\":[{\"@type\":\"WebPage\",\"@id\":\"https:\\\/\\\/marktxxl.de\\\/markt\\\/produkt\\\/grafelstein-haengelampenschirm-marrakech-weiss-lampenschirm-aus-metall-mit-kristallen\\\/\",\"url\":\"https:\\\/\\\/marktxxl.de\\\/markt\\\/produkt\\\/grafelstein-haengelampenschirm-marrakech-weiss-lampenschirm-aus-metall-mit-kristallen\\\/\",\"name\":\"Grafelstein H\u00e4ngelampenschirm Marrakech wei\u00df Lampenschirm aus Metall mit Kristallen, \u00d8 33,5 cm, inkl. Anschlu\u00dfkabel - Markt-XXL\",\"isPartOf\":{\"@id\":\"https:\\\/\\\/marktxxl.de\\\/markt\\\/#website\"},\"primaryImageOfPage\":{\"@id\":\"https:\\\/\\\/marktxxl.de\\\/markt\\\/produkt\\\/grafelstein-haengelampenschirm-marrakech-weiss-lampenschirm-aus-metall-mit-kristallen\\\/#primaryimage\"},\"image\":{\"@id\":\"https:\\\/\\\/marktxxl.de\\\/markt\\\/produkt\\\/grafelstein-haengelampenschirm-marrakech-weiss-lampenschirm-aus-metall-mit-kristallen\\\/#primaryimage\"},\"thumbnailUrl\":\"https:\\\/\\\/m.media-amazon.com\\\/images\\\/I\\\/411YnskwGML._SL500_.jpg\",\"datePublished\":\"2021-09-13T19:19:19+00:00\",\"dateModified\":\"2023-04-07T23:20:15+00:00\",\"description\":\"Markt-XXL Grafelstein H\u00e4ngelampenschirm Marrakech wei\u00df Lampenschirm aus Metall mit Kristallen, \u00d8 33,5 cm, inkl. Anschlu\u00dfkabel\",\"breadcrumb\":{\"@id\":\"https:\\\/\\\/marktxxl.de\\\/markt\\\/produkt\\\/grafelstein-haengelampenschirm-marrakech-weiss-lampenschirm-aus-metall-mit-kristallen\\\/#breadcrumb\"},\"inLanguage\":\"de\",\"potentialAction\":[{\"@type\":\"ReadAction\",\"target\":[\"https:\\\/\\\/marktxxl.de\\\/markt\\\/produkt\\\/grafelstein-haengelampenschirm-marrakech-weiss-lampenschirm-aus-metall-mit-kristallen\\\/\"]}]},{\"@type\":\"ImageObject\",\"inLanguage\":\"de\",\"@id\":\"https:\\\/\\\/marktxxl.de\\\/markt\\\/produkt\\\/grafelstein-haengelampenschirm-marrakech-weiss-lampenschirm-aus-metall-mit-kristallen\\\/#primaryimage\",\"url\":\"https:\\\/\\\/m.media-amazon.com\\\/images\\\/I\\\/411YnskwGML._SL500_.jpg\",\"contentUrl\":\"https:\\\/\\\/m.media-amazon.com\\\/images\\\/I\\\/411YnskwGML._SL500_.jpg\",\"width\":500,\"height\":500},{\"@type\":\"BreadcrumbList\",\"@id\":\"https:\\\/\\\/marktxxl.de\\\/markt\\\/produkt\\\/grafelstein-haengelampenschirm-marrakech-weiss-lampenschirm-aus-metall-mit-kristallen\\\/#breadcrumb\",\"itemListElement\":[{\"@type\":\"ListItem\",\"position\":1,\"name\":\"Startseite\",\"item\":\"https:\\\/\\\/marktxxl.de\\\/markt\\\/\"},{\"@type\":\"ListItem\",\"position\":2,\"name\":\"Markt\",\"item\":\"https:\\\/\\\/marktxxl.de\\\/markt\\\/\"},{\"@type\":\"ListItem\",\"position\":3,\"name\":\"Grafelstein H\u00e4ngelampenschirm Marrakech wei\u00df Lampenschirm aus Metall mit Kristallen, \u00d8 33,5 cm, inkl. Anschlu\u00dfkabel\"}]},{\"@type\":\"WebSite\",\"@id\":\"https:\\\/\\\/marktxxl.de\\\/markt\\\/#website\",\"url\":\"https:\\\/\\\/marktxxl.de\\\/markt\\\/\",\"name\":\"Markt-XXL\",\"description\":\"Ihr Markt Online\",\"publisher\":{\"@id\":\"https:\\\/\\\/marktxxl.de\\\/markt\\\/#organization\"},\"potentialAction\":[{\"@type\":\"SearchAction\",\"target\":{\"@type\":\"EntryPoint\",\"urlTemplate\":\"https:\\\/\\\/marktxxl.de\\\/markt\\\/?s={search_term_string}\"},\"query-input\":{\"@type\":\"PropertyValueSpecification\",\"valueRequired\":true,\"valueName\":\"search_term_string\"}}],\"inLanguage\":\"de\"},{\"@type\":\"Organization\",\"@id\":\"https:\\\/\\\/marktxxl.de\\\/markt\\\/#organization\",\"name\":\"Markt-XXL\",\"url\":\"https:\\\/\\\/marktxxl.de\\\/markt\\\/\",\"logo\":{\"@type\":\"ImageObject\",\"inLanguage\":\"de\",\"@id\":\"https:\\\/\\\/marktxxl.de\\\/markt\\\/#\\\/schema\\\/logo\\\/image\\\/\",\"url\":\"https:\\\/\\\/marktxxl.de\\\/markt\\\/wp-content\\\/uploads\\\/sites\\\/3\\\/2020\\\/12\\\/logo.png\",\"contentUrl\":\"https:\\\/\\\/marktxxl.de\\\/markt\\\/wp-content\\\/uploads\\\/sites\\\/3\\\/2020\\\/12\\\/logo.png\",\"width\":200,\"height\":70,\"caption\":\"Markt-XXL\"},\"image\":{\"@id\":\"https:\\\/\\\/marktxxl.de\\\/markt\\\/#\\\/schema\\\/logo\\\/image\\\/\"}}]}<\/script>\n<!-- \/ Yoast SEO plugin. -->","yoast_head_json":{"title":"Grafelstein H\u00e4ngelampenschirm Marrakech wei\u00df Lampenschirm aus Metall mit Kristallen, \u00d8 33,5 cm, inkl. Anschlu\u00dfkabel - Markt-XXL","description":"Markt-XXL Grafelstein H\u00e4ngelampenschirm Marrakech wei\u00df Lampenschirm aus Metall mit Kristallen, \u00d8 33,5 cm, inkl. Anschlu\u00dfkabel","robots":{"index":"index","follow":"follow","max-snippet":"max-snippet:-1","max-image-preview":"max-image-preview:large","max-video-preview":"max-video-preview:-1"},"canonical":"https:\/\/marktxxl.de\/markt\/produkt\/grafelstein-haengelampenschirm-marrakech-weiss-lampenschirm-aus-metall-mit-kristallen\/","og_locale":"de_DE","og_type":"article","og_title":"Grafelstein H\u00e4ngelampenschirm Marrakech wei\u00df Lampenschirm aus Metall mit Kristallen, \u00d8 33,5 cm, inkl. Anschlu\u00dfkabel - Markt-XXL","og_description":"Markt-XXL Grafelstein H\u00e4ngelampenschirm Marrakech wei\u00df Lampenschirm aus Metall mit Kristallen, \u00d8 33,5 cm, inkl. Anschlu\u00dfkabel","og_url":"https:\/\/marktxxl.de\/markt\/produkt\/grafelstein-haengelampenschirm-marrakech-weiss-lampenschirm-aus-metall-mit-kristallen\/","og_site_name":"Markt-XXL","article_modified_time":"2023-04-07T23:20:15+00:00","og_image":[{"width":500,"height":500,"url":"https:\/\/m.media-amazon.com\/images\/I\/411YnskwGML._SL500_.jpg","type":"image\/jpeg"}],"twitter_card":"summary_large_image","schema":{"@context":"https:\/\/schema.org","@graph":[{"@type":"WebPage","@id":"https:\/\/marktxxl.de\/markt\/produkt\/grafelstein-haengelampenschirm-marrakech-weiss-lampenschirm-aus-metall-mit-kristallen\/","url":"https:\/\/marktxxl.de\/markt\/produkt\/grafelstein-haengelampenschirm-marrakech-weiss-lampenschirm-aus-metall-mit-kristallen\/","name":"Grafelstein H\u00e4ngelampenschirm Marrakech wei\u00df Lampenschirm aus Metall mit Kristallen, \u00d8 33,5 cm, inkl. Anschlu\u00dfkabel - Markt-XXL","isPartOf":{"@id":"https:\/\/marktxxl.de\/markt\/#website"},"primaryImageOfPage":{"@id":"https:\/\/marktxxl.de\/markt\/produkt\/grafelstein-haengelampenschirm-marrakech-weiss-lampenschirm-aus-metall-mit-kristallen\/#primaryimage"},"image":{"@id":"https:\/\/marktxxl.de\/markt\/produkt\/grafelstein-haengelampenschirm-marrakech-weiss-lampenschirm-aus-metall-mit-kristallen\/#primaryimage"},"thumbnailUrl":"https:\/\/m.media-amazon.com\/images\/I\/411YnskwGML._SL500_.jpg","datePublished":"2021-09-13T19:19:19+00:00","dateModified":"2023-04-07T23:20:15+00:00","description":"Markt-XXL Grafelstein H\u00e4ngelampenschirm Marrakech wei\u00df Lampenschirm aus Metall mit Kristallen, \u00d8 33,5 cm, inkl. Anschlu\u00dfkabel","breadcrumb":{"@id":"https:\/\/marktxxl.de\/markt\/produkt\/grafelstein-haengelampenschirm-marrakech-weiss-lampenschirm-aus-metall-mit-kristallen\/#breadcrumb"},"inLanguage":"de","potentialAction":[{"@type":"ReadAction","target":["https:\/\/marktxxl.de\/markt\/produkt\/grafelstein-haengelampenschirm-marrakech-weiss-lampenschirm-aus-metall-mit-kristallen\/"]}]},{"@type":"ImageObject","inLanguage":"de","@id":"https:\/\/marktxxl.de\/markt\/produkt\/grafelstein-haengelampenschirm-marrakech-weiss-lampenschirm-aus-metall-mit-kristallen\/#primaryimage","url":"https:\/\/m.media-amazon.com\/images\/I\/411YnskwGML._SL500_.jpg","contentUrl":"https:\/\/m.media-amazon.com\/images\/I\/411YnskwGML._SL500_.jpg","width":500,"height":500},{"@type":"BreadcrumbList","@id":"https:\/\/marktxxl.de\/markt\/produkt\/grafelstein-haengelampenschirm-marrakech-weiss-lampenschirm-aus-metall-mit-kristallen\/#breadcrumb","itemListElement":[{"@type":"ListItem","position":1,"name":"Startseite","item":"https:\/\/marktxxl.de\/markt\/"},{"@type":"ListItem","position":2,"name":"Markt","item":"https:\/\/marktxxl.de\/markt\/"},{"@type":"ListItem","position":3,"name":"Grafelstein H\u00e4ngelampenschirm Marrakech wei\u00df Lampenschirm aus Metall mit Kristallen, \u00d8 33,5 cm, inkl. Anschlu\u00dfkabel"}]},{"@type":"WebSite","@id":"https:\/\/marktxxl.de\/markt\/#website","url":"https:\/\/marktxxl.de\/markt\/","name":"Markt-XXL","description":"Ihr Markt Online","publisher":{"@id":"https:\/\/marktxxl.de\/markt\/#organization"},"potentialAction":[{"@type":"SearchAction","target":{"@type":"EntryPoint","urlTemplate":"https:\/\/marktxxl.de\/markt\/?s={search_term_string}"},"query-input":{"@type":"PropertyValueSpecification","valueRequired":true,"valueName":"search_term_string"}}],"inLanguage":"de"},{"@type":"Organization","@id":"https:\/\/marktxxl.de\/markt\/#organization","name":"Markt-XXL","url":"https:\/\/marktxxl.de\/markt\/","logo":{"@type":"ImageObject","inLanguage":"de","@id":"https:\/\/marktxxl.de\/markt\/#\/schema\/logo\/image\/","url":"https:\/\/marktxxl.de\/markt\/wp-content\/uploads\/sites\/3\/2020\/12\/logo.png","contentUrl":"https:\/\/marktxxl.de\/markt\/wp-content\/uploads\/sites\/3\/2020\/12\/logo.png","width":200,"height":70,"caption":"Markt-XXL"},"image":{"@id":"https:\/\/marktxxl.de\/markt\/#\/schema\/logo\/image\/"}}]}},"_links":{"self":[{"href":"https:\/\/marktxxl.de\/markt\/wp-json\/wp\/v2\/product\/36493","targetHints":{"allow":["GET"]}}],"collection":[{"href":"https:\/\/marktxxl.de\/markt\/wp-json\/wp\/v2\/product"}],"about":[{"href":"https:\/\/marktxxl.de\/markt\/wp-json\/wp\/v2\/types\/product"}],"replies":[{"embeddable":true,"href":"https:\/\/marktxxl.de\/markt\/wp-json\/wp\/v2\/comments?post=36493"}],"wp:featuredmedia":[{"embeddable":true,"href":"https:\/\/marktxxl.de\/markt\/wp-json\/wp\/v2\/media\/36494"}],"wp:attachment":[{"href":"https:\/\/marktxxl.de\/markt\/wp-json\/wp\/v2\/media?parent=36493"}],"wp:term":[{"taxonomy":"product_brand","embeddable":true,"href":"https:\/\/marktxxl.de\/markt\/wp-json\/wp\/v2\/product_brand?post=36493"},{"taxonomy":"product_cat","embeddable":true,"href":"https:\/\/marktxxl.de\/markt\/wp-json\/wp\/v2\/product_cat?post=36493"},{"taxonomy":"product_tag","embeddable":true,"href":"https:\/\/marktxxl.de\/markt\/wp-json\/wp\/v2\/product_tag?post=36493"}],"curies":[{"name":"wp","href":"https:\/\/api.w.org\/{rel}","templated":true}]}}