{"id":35960,"date":"2021-09-13T21:03:47","date_gmt":"2021-09-13T19:03:47","guid":{"rendered":"https:\/\/marktxxl.de\/markt\/produkt\/solar-laterne-lichter-fuer-haengende-outdoor-ornamente-geschenk-outdoor-dekoration-tischlaterne-solar-silber-licht-wasserdichte-solar-lampe-dekorative-solarbetriebene-laternen-fuer-gartenterrassehof\/"},"modified":"2023-04-10T01:35:23","modified_gmt":"2023-04-09T23:35:23","slug":"solar-laterne-lichter-fuer-haengende-outdoor-ornamente-geschenk-outdoor-dekoration-tischlaterne-solar-silber-licht-wasserdichte-solar-lampe-dekorative-solarbetriebene-laternen-fuer-gartenterrassehof","status":"publish","type":"product","link":"https:\/\/marktxxl.de\/markt\/produkt\/solar-laterne-lichter-fuer-haengende-outdoor-ornamente-geschenk-outdoor-dekoration-tischlaterne-solar-silber-licht-wasserdichte-solar-lampe-dekorative-solarbetriebene-laternen-fuer-gartenterrassehof\/","title":{"rendered":"Solar Laterne Lichter f\u00fcr h\u00e4ngende Outdoor-Ornamente Geschenk Outdoor-Dekoration Tischlaterne Solar Silber Licht\u2026"},"content":{"rendered":"<p>\u2318 \u3010MULTIFUNKTIONAL\u3011 Diese Solarlaterne kann auf jeder Oberfl\u00e4che sitzen oder mit dem Griff aufgeh\u00e4ngt werden. Das wundersch\u00f6ne und einzigartige Muster ist ideal f\u00fcr Garten, Terrasse, Rasen, Garten usw.<br \/>\n\u2318 \u3010EINFACHE BEDIENUNG\u3011 Keine zus\u00e4tzlichen Kabel f\u00fcr die Stromversorgung. Die Solar-Gartenornamente verf\u00fcgen \u00fcber eine automatische EIN \/ AUS-Funktion, 6 Stunden Ladezeit und bis zu 8 Stunden Beleuchtung.<br \/>\n\u2318 \u3010HOHE HELLIGKEIT\u3011 Diese Solarleuchte im Freien hat eine Leistung von 7 Lumen f\u00fcr 1 x warmwei\u00dfe SMD-LED, die f\u00fcr das gesamte Produkt ausreichend Helligkeit bietet.<br \/>\n\u2318 \u3010WETTERBEST\u00c4NDIG\u3011 Diese dekorative Solarlaterne f\u00fcr den Au\u00dfenbereich ist IPX4-wasserdicht, korrosionsbest\u00e4ndig und f\u00fcr jede Au\u00dfenumgebung und jedes Wetter geeignet.<br \/>\n\u2318 \u3010HINWEISE\u3011 Stellen Sie sicher, dass Sie den Schalter vor dem Aufladen einschalten. Das Licht wird nachts automatisch eingeschaltet und im Morgengrauen ausgeschaltet. Um die Beleuchtung zu testen, halten Sie das Solarpanel in der Dunkelheit. Wenn es aufleuchtet, funktioniert die Laterne einwandfrei.<br \/>\n<div class=\"main-cross-sell\" data-asin=\"B082TSPJ77\">\n\n\t<div class=\"WooZone-cross-sell-loader\">\n\t\t<div>\n\t\t\t<div id=\"floatingBarsG\">\n\t\t\t\t<div class=\"blockG\" id=\"rotateG_01\"><\/div>\n\t\t\t\t<div class=\"blockG\" id=\"rotateG_02\"><\/div>\n\t\t\t\t<div class=\"blockG\" id=\"rotateG_03\"><\/div>\n\t\t\t\t<div class=\"blockG\" id=\"rotateG_04\"><\/div>\n\t\t\t\t<div class=\"blockG\" id=\"rotateG_05\"><\/div>\n\t\t\t\t<div class=\"blockG\" id=\"rotateG_06\"><\/div>\n\t\t\t\t<div class=\"blockG\" id=\"rotateG_07\"><\/div>\n\t\t\t\t<div class=\"blockG\" id=\"rotateG_08\"><\/div>\n\t\t\t<\/div>\n\t\t\t<div class=\"WooZone-cross-sell-loader-text\"><\/div>\n\t\t<\/div>\n\t<\/div>\n\n\t\t\n<\/div>\n<div style=\"clear:both;\"><\/div><\/p>\n","protected":false},"excerpt":{"rendered":"<p>\u2318 \u3010MULTIFUNKTIONAL\u3011 Diese Solarlaterne kann auf jeder Oberfl\u00e4che sitzen oder mit dem Griff aufgeh\u00e4ngt werden. Das wundersch\u00f6ne und einzigartige Muster ist ideal f\u00fcr Garten, Terrasse, Rasen, Garten usw.<br \/>\n\u2318 \u3010EINFACHE BEDIENUNG\u3011 Keine zus\u00e4tzlichen Kabel f\u00fcr die Stromversorgung. Die Solar-Gartenornamente verf\u00fcgen \u00fcber eine automatische EIN \/ AUS-Funktion, 6 Stunden Ladezeit und bis zu 8 Stunden Beleuchtung.<br \/>\n\u2318 \u3010HOHE HELLIGKEIT\u3011 Diese Solarleuchte im Freien hat eine Leistung von 7 Lumen f\u00fcr 1 x warmwei\u00dfe SMD-LED, die f\u00fcr das gesamte Produkt ausreichend Helligkeit bietet.<\/p>\n","protected":false},"featured_media":35961,"comment_status":"open","ping_status":"closed","template":"","meta":[],"product_brand":[],"product_cat":[11446,2108],"product_tag":[],"class_list":{"0":"post-35960","1":"product","2":"type-product","3":"status-publish","4":"has-post-thumbnail","6":"product_cat-aussenbeleuchtung","7":"product_cat-beleuchtung","8":"pa_binding-ausruestung","9":"pa_brand-kaixoxin","10":"pa_color-silver","11":"pa_height-8-8582677075-zoll","12":"pa_length-5-118110231-zoll","13":"pa_manufacturer-kaixoxin","14":"pa_model-silver-lantern","15":"pa_weight-0-771617917-pfund","16":"pa_width-5-118110231-zoll","18":"first","19":"instock","20":"shipping-taxable","21":"purchasable","22":"product-type-simple","23":"customify-col","24":"product-has-gallery"},"yoast_head":"<!-- This site is optimized with the Yoast SEO plugin v27.4 - https:\/\/yoast.com\/product\/yoast-seo-wordpress\/ -->\n<title>Solar Laterne Lichter f\u00fcr h\u00e4ngende Outdoor-Ornamente Geschenk Outdoor-Dekoration Tischlaterne Solar Silber Licht\u2026 - Markt-XXL<\/title>\n<meta name=\"description\" content=\"Markt-XXL Solar Laterne Lichter f\u00fcr h\u00e4ngende Outdoor-Ornamente Geschenk Outdoor-Dekoration Tischlaterne Solar Silber Licht\u2026\" \/>\n<meta name=\"robots\" content=\"index, follow, max-snippet:-1, max-image-preview:large, max-video-preview:-1\" \/>\n<link rel=\"canonical\" href=\"https:\/\/marktxxl.de\/markt\/produkt\/solar-laterne-lichter-fuer-haengende-outdoor-ornamente-geschenk-outdoor-dekoration-tischlaterne-solar-silber-licht-wasserdichte-solar-lampe-dekorative-solarbetriebene-laternen-fuer-gartenterrassehof\/\" \/>\n<meta property=\"og:locale\" content=\"de_DE\" \/>\n<meta property=\"og:type\" content=\"article\" \/>\n<meta property=\"og:title\" content=\"Solar Laterne Lichter f\u00fcr h\u00e4ngende Outdoor-Ornamente Geschenk Outdoor-Dekoration Tischlaterne Solar Silber Licht\u2026 - Markt-XXL\" \/>\n<meta property=\"og:description\" content=\"Markt-XXL Solar Laterne Lichter f\u00fcr h\u00e4ngende Outdoor-Ornamente Geschenk Outdoor-Dekoration Tischlaterne Solar Silber Licht\u2026\" \/>\n<meta property=\"og:url\" content=\"https:\/\/marktxxl.de\/markt\/produkt\/solar-laterne-lichter-fuer-haengende-outdoor-ornamente-geschenk-outdoor-dekoration-tischlaterne-solar-silber-licht-wasserdichte-solar-lampe-dekorative-solarbetriebene-laternen-fuer-gartenterrassehof\/\" \/>\n<meta property=\"og:site_name\" content=\"Markt-XXL\" \/>\n<meta property=\"article:modified_time\" content=\"2023-04-09T23:35:23+00:00\" \/>\n<meta property=\"og:image\" content=\"https:\/\/m.media-amazon.com\/images\/I\/618fQHd7ILL._SL500_.jpg\" \/>\n\t<meta property=\"og:image:width\" content=\"500\" \/>\n\t<meta property=\"og:image:height\" content=\"500\" \/>\n\t<meta property=\"og:image:type\" content=\"image\/jpeg\" \/>\n<meta name=\"twitter:card\" content=\"summary_large_image\" \/>\n<meta name=\"twitter:label1\" content=\"Gesch\u00e4tzte Lesezeit\" \/>\n\t<meta name=\"twitter:data1\" content=\"1\u00a0Minute\" \/>\n<script type=\"application\/ld+json\" class=\"yoast-schema-graph\">{\"@context\":\"https:\\\/\\\/schema.org\",\"@graph\":[{\"@type\":\"WebPage\",\"@id\":\"https:\\\/\\\/marktxxl.de\\\/markt\\\/produkt\\\/solar-laterne-lichter-fuer-haengende-outdoor-ornamente-geschenk-outdoor-dekoration-tischlaterne-solar-silber-licht-wasserdichte-solar-lampe-dekorative-solarbetriebene-laternen-fuer-gartenterrassehof\\\/\",\"url\":\"https:\\\/\\\/marktxxl.de\\\/markt\\\/produkt\\\/solar-laterne-lichter-fuer-haengende-outdoor-ornamente-geschenk-outdoor-dekoration-tischlaterne-solar-silber-licht-wasserdichte-solar-lampe-dekorative-solarbetriebene-laternen-fuer-gartenterrassehof\\\/\",\"name\":\"Solar Laterne Lichter f\u00fcr h\u00e4ngende Outdoor-Ornamente Geschenk Outdoor-Dekoration Tischlaterne Solar Silber Licht\u2026 - Markt-XXL\",\"isPartOf\":{\"@id\":\"https:\\\/\\\/marktxxl.de\\\/markt\\\/#website\"},\"primaryImageOfPage\":{\"@id\":\"https:\\\/\\\/marktxxl.de\\\/markt\\\/produkt\\\/solar-laterne-lichter-fuer-haengende-outdoor-ornamente-geschenk-outdoor-dekoration-tischlaterne-solar-silber-licht-wasserdichte-solar-lampe-dekorative-solarbetriebene-laternen-fuer-gartenterrassehof\\\/#primaryimage\"},\"image\":{\"@id\":\"https:\\\/\\\/marktxxl.de\\\/markt\\\/produkt\\\/solar-laterne-lichter-fuer-haengende-outdoor-ornamente-geschenk-outdoor-dekoration-tischlaterne-solar-silber-licht-wasserdichte-solar-lampe-dekorative-solarbetriebene-laternen-fuer-gartenterrassehof\\\/#primaryimage\"},\"thumbnailUrl\":\"https:\\\/\\\/m.media-amazon.com\\\/images\\\/I\\\/618fQHd7ILL._SL500_.jpg\",\"datePublished\":\"2021-09-13T19:03:47+00:00\",\"dateModified\":\"2023-04-09T23:35:23+00:00\",\"description\":\"Markt-XXL Solar Laterne Lichter f\u00fcr h\u00e4ngende Outdoor-Ornamente Geschenk Outdoor-Dekoration Tischlaterne Solar Silber Licht\u2026\",\"breadcrumb\":{\"@id\":\"https:\\\/\\\/marktxxl.de\\\/markt\\\/produkt\\\/solar-laterne-lichter-fuer-haengende-outdoor-ornamente-geschenk-outdoor-dekoration-tischlaterne-solar-silber-licht-wasserdichte-solar-lampe-dekorative-solarbetriebene-laternen-fuer-gartenterrassehof\\\/#breadcrumb\"},\"inLanguage\":\"de\",\"potentialAction\":[{\"@type\":\"ReadAction\",\"target\":[\"https:\\\/\\\/marktxxl.de\\\/markt\\\/produkt\\\/solar-laterne-lichter-fuer-haengende-outdoor-ornamente-geschenk-outdoor-dekoration-tischlaterne-solar-silber-licht-wasserdichte-solar-lampe-dekorative-solarbetriebene-laternen-fuer-gartenterrassehof\\\/\"]}]},{\"@type\":\"ImageObject\",\"inLanguage\":\"de\",\"@id\":\"https:\\\/\\\/marktxxl.de\\\/markt\\\/produkt\\\/solar-laterne-lichter-fuer-haengende-outdoor-ornamente-geschenk-outdoor-dekoration-tischlaterne-solar-silber-licht-wasserdichte-solar-lampe-dekorative-solarbetriebene-laternen-fuer-gartenterrassehof\\\/#primaryimage\",\"url\":\"https:\\\/\\\/m.media-amazon.com\\\/images\\\/I\\\/618fQHd7ILL._SL500_.jpg\",\"contentUrl\":\"https:\\\/\\\/m.media-amazon.com\\\/images\\\/I\\\/618fQHd7ILL._SL500_.jpg\",\"width\":500,\"height\":500},{\"@type\":\"BreadcrumbList\",\"@id\":\"https:\\\/\\\/marktxxl.de\\\/markt\\\/produkt\\\/solar-laterne-lichter-fuer-haengende-outdoor-ornamente-geschenk-outdoor-dekoration-tischlaterne-solar-silber-licht-wasserdichte-solar-lampe-dekorative-solarbetriebene-laternen-fuer-gartenterrassehof\\\/#breadcrumb\",\"itemListElement\":[{\"@type\":\"ListItem\",\"position\":1,\"name\":\"Startseite\",\"item\":\"https:\\\/\\\/marktxxl.de\\\/markt\\\/\"},{\"@type\":\"ListItem\",\"position\":2,\"name\":\"Markt\",\"item\":\"https:\\\/\\\/marktxxl.de\\\/markt\\\/\"},{\"@type\":\"ListItem\",\"position\":3,\"name\":\"Solar Laterne Lichter f\u00fcr h\u00e4ngende Outdoor-Ornamente Geschenk Outdoor-Dekoration Tischlaterne Solar Silber Licht\u2026\"}]},{\"@type\":\"WebSite\",\"@id\":\"https:\\\/\\\/marktxxl.de\\\/markt\\\/#website\",\"url\":\"https:\\\/\\\/marktxxl.de\\\/markt\\\/\",\"name\":\"Markt-XXL\",\"description\":\"Ihr Markt Online\",\"publisher\":{\"@id\":\"https:\\\/\\\/marktxxl.de\\\/markt\\\/#organization\"},\"potentialAction\":[{\"@type\":\"SearchAction\",\"target\":{\"@type\":\"EntryPoint\",\"urlTemplate\":\"https:\\\/\\\/marktxxl.de\\\/markt\\\/?s={search_term_string}\"},\"query-input\":{\"@type\":\"PropertyValueSpecification\",\"valueRequired\":true,\"valueName\":\"search_term_string\"}}],\"inLanguage\":\"de\"},{\"@type\":\"Organization\",\"@id\":\"https:\\\/\\\/marktxxl.de\\\/markt\\\/#organization\",\"name\":\"Markt-XXL\",\"url\":\"https:\\\/\\\/marktxxl.de\\\/markt\\\/\",\"logo\":{\"@type\":\"ImageObject\",\"inLanguage\":\"de\",\"@id\":\"https:\\\/\\\/marktxxl.de\\\/markt\\\/#\\\/schema\\\/logo\\\/image\\\/\",\"url\":\"https:\\\/\\\/marktxxl.de\\\/markt\\\/wp-content\\\/uploads\\\/sites\\\/3\\\/2020\\\/12\\\/logo.png\",\"contentUrl\":\"https:\\\/\\\/marktxxl.de\\\/markt\\\/wp-content\\\/uploads\\\/sites\\\/3\\\/2020\\\/12\\\/logo.png\",\"width\":200,\"height\":70,\"caption\":\"Markt-XXL\"},\"image\":{\"@id\":\"https:\\\/\\\/marktxxl.de\\\/markt\\\/#\\\/schema\\\/logo\\\/image\\\/\"}}]}<\/script>\n<!-- \/ Yoast SEO plugin. -->","yoast_head_json":{"title":"Solar Laterne Lichter f\u00fcr h\u00e4ngende Outdoor-Ornamente Geschenk Outdoor-Dekoration Tischlaterne Solar Silber Licht\u2026 - Markt-XXL","description":"Markt-XXL Solar Laterne Lichter f\u00fcr h\u00e4ngende Outdoor-Ornamente Geschenk Outdoor-Dekoration Tischlaterne Solar Silber Licht\u2026","robots":{"index":"index","follow":"follow","max-snippet":"max-snippet:-1","max-image-preview":"max-image-preview:large","max-video-preview":"max-video-preview:-1"},"canonical":"https:\/\/marktxxl.de\/markt\/produkt\/solar-laterne-lichter-fuer-haengende-outdoor-ornamente-geschenk-outdoor-dekoration-tischlaterne-solar-silber-licht-wasserdichte-solar-lampe-dekorative-solarbetriebene-laternen-fuer-gartenterrassehof\/","og_locale":"de_DE","og_type":"article","og_title":"Solar Laterne Lichter f\u00fcr h\u00e4ngende Outdoor-Ornamente Geschenk Outdoor-Dekoration Tischlaterne Solar Silber Licht\u2026 - Markt-XXL","og_description":"Markt-XXL Solar Laterne Lichter f\u00fcr h\u00e4ngende Outdoor-Ornamente Geschenk Outdoor-Dekoration Tischlaterne Solar Silber Licht\u2026","og_url":"https:\/\/marktxxl.de\/markt\/produkt\/solar-laterne-lichter-fuer-haengende-outdoor-ornamente-geschenk-outdoor-dekoration-tischlaterne-solar-silber-licht-wasserdichte-solar-lampe-dekorative-solarbetriebene-laternen-fuer-gartenterrassehof\/","og_site_name":"Markt-XXL","article_modified_time":"2023-04-09T23:35:23+00:00","og_image":[{"width":500,"height":500,"url":"https:\/\/m.media-amazon.com\/images\/I\/618fQHd7ILL._SL500_.jpg","type":"image\/jpeg"}],"twitter_card":"summary_large_image","twitter_misc":{"Gesch\u00e4tzte Lesezeit":"1\u00a0Minute"},"schema":{"@context":"https:\/\/schema.org","@graph":[{"@type":"WebPage","@id":"https:\/\/marktxxl.de\/markt\/produkt\/solar-laterne-lichter-fuer-haengende-outdoor-ornamente-geschenk-outdoor-dekoration-tischlaterne-solar-silber-licht-wasserdichte-solar-lampe-dekorative-solarbetriebene-laternen-fuer-gartenterrassehof\/","url":"https:\/\/marktxxl.de\/markt\/produkt\/solar-laterne-lichter-fuer-haengende-outdoor-ornamente-geschenk-outdoor-dekoration-tischlaterne-solar-silber-licht-wasserdichte-solar-lampe-dekorative-solarbetriebene-laternen-fuer-gartenterrassehof\/","name":"Solar Laterne Lichter f\u00fcr h\u00e4ngende Outdoor-Ornamente Geschenk Outdoor-Dekoration Tischlaterne Solar Silber Licht\u2026 - Markt-XXL","isPartOf":{"@id":"https:\/\/marktxxl.de\/markt\/#website"},"primaryImageOfPage":{"@id":"https:\/\/marktxxl.de\/markt\/produkt\/solar-laterne-lichter-fuer-haengende-outdoor-ornamente-geschenk-outdoor-dekoration-tischlaterne-solar-silber-licht-wasserdichte-solar-lampe-dekorative-solarbetriebene-laternen-fuer-gartenterrassehof\/#primaryimage"},"image":{"@id":"https:\/\/marktxxl.de\/markt\/produkt\/solar-laterne-lichter-fuer-haengende-outdoor-ornamente-geschenk-outdoor-dekoration-tischlaterne-solar-silber-licht-wasserdichte-solar-lampe-dekorative-solarbetriebene-laternen-fuer-gartenterrassehof\/#primaryimage"},"thumbnailUrl":"https:\/\/m.media-amazon.com\/images\/I\/618fQHd7ILL._SL500_.jpg","datePublished":"2021-09-13T19:03:47+00:00","dateModified":"2023-04-09T23:35:23+00:00","description":"Markt-XXL Solar Laterne Lichter f\u00fcr h\u00e4ngende Outdoor-Ornamente Geschenk Outdoor-Dekoration Tischlaterne Solar Silber Licht\u2026","breadcrumb":{"@id":"https:\/\/marktxxl.de\/markt\/produkt\/solar-laterne-lichter-fuer-haengende-outdoor-ornamente-geschenk-outdoor-dekoration-tischlaterne-solar-silber-licht-wasserdichte-solar-lampe-dekorative-solarbetriebene-laternen-fuer-gartenterrassehof\/#breadcrumb"},"inLanguage":"de","potentialAction":[{"@type":"ReadAction","target":["https:\/\/marktxxl.de\/markt\/produkt\/solar-laterne-lichter-fuer-haengende-outdoor-ornamente-geschenk-outdoor-dekoration-tischlaterne-solar-silber-licht-wasserdichte-solar-lampe-dekorative-solarbetriebene-laternen-fuer-gartenterrassehof\/"]}]},{"@type":"ImageObject","inLanguage":"de","@id":"https:\/\/marktxxl.de\/markt\/produkt\/solar-laterne-lichter-fuer-haengende-outdoor-ornamente-geschenk-outdoor-dekoration-tischlaterne-solar-silber-licht-wasserdichte-solar-lampe-dekorative-solarbetriebene-laternen-fuer-gartenterrassehof\/#primaryimage","url":"https:\/\/m.media-amazon.com\/images\/I\/618fQHd7ILL._SL500_.jpg","contentUrl":"https:\/\/m.media-amazon.com\/images\/I\/618fQHd7ILL._SL500_.jpg","width":500,"height":500},{"@type":"BreadcrumbList","@id":"https:\/\/marktxxl.de\/markt\/produkt\/solar-laterne-lichter-fuer-haengende-outdoor-ornamente-geschenk-outdoor-dekoration-tischlaterne-solar-silber-licht-wasserdichte-solar-lampe-dekorative-solarbetriebene-laternen-fuer-gartenterrassehof\/#breadcrumb","itemListElement":[{"@type":"ListItem","position":1,"name":"Startseite","item":"https:\/\/marktxxl.de\/markt\/"},{"@type":"ListItem","position":2,"name":"Markt","item":"https:\/\/marktxxl.de\/markt\/"},{"@type":"ListItem","position":3,"name":"Solar Laterne Lichter f\u00fcr h\u00e4ngende Outdoor-Ornamente Geschenk Outdoor-Dekoration Tischlaterne Solar Silber Licht\u2026"}]},{"@type":"WebSite","@id":"https:\/\/marktxxl.de\/markt\/#website","url":"https:\/\/marktxxl.de\/markt\/","name":"Markt-XXL","description":"Ihr Markt Online","publisher":{"@id":"https:\/\/marktxxl.de\/markt\/#organization"},"potentialAction":[{"@type":"SearchAction","target":{"@type":"EntryPoint","urlTemplate":"https:\/\/marktxxl.de\/markt\/?s={search_term_string}"},"query-input":{"@type":"PropertyValueSpecification","valueRequired":true,"valueName":"search_term_string"}}],"inLanguage":"de"},{"@type":"Organization","@id":"https:\/\/marktxxl.de\/markt\/#organization","name":"Markt-XXL","url":"https:\/\/marktxxl.de\/markt\/","logo":{"@type":"ImageObject","inLanguage":"de","@id":"https:\/\/marktxxl.de\/markt\/#\/schema\/logo\/image\/","url":"https:\/\/marktxxl.de\/markt\/wp-content\/uploads\/sites\/3\/2020\/12\/logo.png","contentUrl":"https:\/\/marktxxl.de\/markt\/wp-content\/uploads\/sites\/3\/2020\/12\/logo.png","width":200,"height":70,"caption":"Markt-XXL"},"image":{"@id":"https:\/\/marktxxl.de\/markt\/#\/schema\/logo\/image\/"}}]}},"_links":{"self":[{"href":"https:\/\/marktxxl.de\/markt\/wp-json\/wp\/v2\/product\/35960","targetHints":{"allow":["GET"]}}],"collection":[{"href":"https:\/\/marktxxl.de\/markt\/wp-json\/wp\/v2\/product"}],"about":[{"href":"https:\/\/marktxxl.de\/markt\/wp-json\/wp\/v2\/types\/product"}],"replies":[{"embeddable":true,"href":"https:\/\/marktxxl.de\/markt\/wp-json\/wp\/v2\/comments?post=35960"}],"wp:featuredmedia":[{"embeddable":true,"href":"https:\/\/marktxxl.de\/markt\/wp-json\/wp\/v2\/media\/35961"}],"wp:attachment":[{"href":"https:\/\/marktxxl.de\/markt\/wp-json\/wp\/v2\/media?parent=35960"}],"wp:term":[{"taxonomy":"product_brand","embeddable":true,"href":"https:\/\/marktxxl.de\/markt\/wp-json\/wp\/v2\/product_brand?post=35960"},{"taxonomy":"product_cat","embeddable":true,"href":"https:\/\/marktxxl.de\/markt\/wp-json\/wp\/v2\/product_cat?post=35960"},{"taxonomy":"product_tag","embeddable":true,"href":"https:\/\/marktxxl.de\/markt\/wp-json\/wp\/v2\/product_tag?post=35960"}],"curies":[{"name":"wp","href":"https:\/\/api.w.org\/{rel}","templated":true}]}}