{"id":35811,"date":"2021-09-13T20:57:40","date_gmt":"2021-09-13T18:57:40","guid":{"rendered":"https:\/\/marktxxl.de\/markt\/produkt\/3-stueck-solarlampen-fuer-aussen-garten-led-solarleuchten-garten-lampen-mit-farbwechselnlilien-blumen-solarlicht-fuer-garten-wegterrasse-backyard-dekoration\/"},"modified":"2023-04-10T01:35:22","modified_gmt":"2023-04-09T23:35:22","slug":"3-stueck-solarlampen-fuer-aussen-garten-led-solarleuchten-garten-lampen-mit-farbwechselnlilien-blumen-solarlicht-fuer-garten-wegterrasse-backyard-dekoration","status":"publish","type":"product","link":"https:\/\/marktxxl.de\/markt\/produkt\/3-stueck-solarlampen-fuer-aussen-garten-led-solarleuchten-garten-lampen-mit-farbwechselnlilien-blumen-solarlicht-fuer-garten-wegterrasse-backyard-dekoration\/","title":{"rendered":"3 St\u00fcck Solarlampen f\u00fcr Au\u00dfen Garten, LED Solarleuchten Garten Lampen mit Farbwechseln,Lilien Blumen Solarlicht f\u00fcr\u2026"},"content":{"rendered":"<p>\u3010Solar Gartenleuchte\u3011 3 St\u00fcck Solar Gartenleuchte (pink, lila und wei\u00df) hat 12 Bl\u00fcten und ist mit einem eingebauten Akku (1.2 V \/ 600 mAh) ausgestattet. Sie hat eine l\u00e4ngere Lebensdauer als andere Gartenlampen.<br \/>\n\u3010IP65 Wasserdicht\u3011 Diese Solarlampen f\u00fcr au\u00dfen garten bestehen aus wasserdichtem IP65-Material, sind hitzebest\u00e4ndig und wasserdicht, halten hohen Temperaturen, Regen, K\u00e4lte und Frost stand und k\u00f6nnen bei schlechtem Wetter \u00fcberleben.<br \/>\n\u3010Einfach zu installieren\u3011Keine Kabel oder externe Stromversorgung erforderlich. Schlie\u00dfen Sie led solarleuchte einfach an den Boden an und halten Sie das Solarpanel f\u00fcr maximales Sonnenlicht in der richtigen Position. Schalten Sie den Schalter vor dem Gebrauch ein, das Gartenlicht leuchtet automatisch im Dunkeln auf.<br \/>\n\u3010Einstellbare Stiele und Bl\u00e4tter\u3011 Die garten lampen Stiele und Bl\u00e4tter werden durch Draht an Ort und Stelle gehalten, was maximale Flexibilit\u00e4t und Haltbarkeit bietet. Sie k\u00f6nnen die Stiele und Bl\u00e4tter in verschiedenen Winkeln und Stilen biegen, und diese einzigartigen Solarleuchten f\u00fcr den Au\u00dfenbereich bieten Ihnen die L\u00f6sung f\u00fcr die Dekoration von Solargartenleuchten im Freien.<br \/>\n\u30107-Farbwechselndes\u3011Die Solarlichter jeder Lilienblume, die mit 4 LED-Lichtquellen ausgestattet sind, k\u00f6nnen auf sieben Farben umschalten. Und deko solarleuchte leuchtet automatisch auf und \u00e4ndert im Dunkeln die Farbe, um Ihren Garten und Weg zu beleuchten. Perfekt als Wegeleuchten und Stehlampen, geeignet f\u00fcr G\u00e4rten, B\u00e4ume, Blumen, Blumenbeete, Z\u00e4une, B\u00fcrgersteige. Diese Solarleuchten passen \u00fcberall hin.<br \/>\n<div class=\"main-cross-sell\" data-asin=\"B094N88ZVZ\">\n\n\t<div class=\"WooZone-cross-sell-loader\">\n\t\t<div>\n\t\t\t<div id=\"floatingBarsG\">\n\t\t\t\t<div class=\"blockG\" id=\"rotateG_01\"><\/div>\n\t\t\t\t<div class=\"blockG\" id=\"rotateG_02\"><\/div>\n\t\t\t\t<div class=\"blockG\" id=\"rotateG_03\"><\/div>\n\t\t\t\t<div class=\"blockG\" id=\"rotateG_04\"><\/div>\n\t\t\t\t<div class=\"blockG\" id=\"rotateG_05\"><\/div>\n\t\t\t\t<div class=\"blockG\" id=\"rotateG_06\"><\/div>\n\t\t\t\t<div class=\"blockG\" id=\"rotateG_07\"><\/div>\n\t\t\t\t<div class=\"blockG\" id=\"rotateG_08\"><\/div>\n\t\t\t<\/div>\n\t\t\t<div class=\"WooZone-cross-sell-loader-text\"><\/div>\n\t\t<\/div>\n\t<\/div>\n\n\t\t\n<\/div>\n<div style=\"clear:both;\"><\/div><\/p>\n","protected":false},"excerpt":{"rendered":"<p>\u3010Solar Gartenleuchte\u3011 3 St\u00fcck Solar Gartenleuchte (pink, lila und wei\u00df) hat 12 Bl\u00fcten und ist mit einem eingebauten Akku (1.2 V \/ 600 mAh) ausgestattet. Sie hat eine l\u00e4ngere Lebensdauer als andere Gartenlampen.<br \/>\n\u3010IP65 Wasserdicht\u3011 Diese Solarlampen f\u00fcr au\u00dfen garten bestehen aus wasserdichtem IP65-Material, sind hitzebest\u00e4ndig und wasserdicht, halten hohen Temperaturen, Regen, K\u00e4lte und Frost stand und k\u00f6nnen bei schlechtem Wetter \u00fcberleben.<br \/>\n\u3010Einfach zu installieren\u3011Keine Kabel oder externe Stromversorgung erforderlich. Schlie\u00dfen Sie led solarleuchte einfach an den Boden an und halten Sie das Solarpanel f\u00fcr maximales Sonnenlicht in der richtigen Position. Schalten Sie den Schalter vor dem Gebrauch ein, das Gartenlicht leuchtet automatisch im Dunkeln auf.<\/p>\n","protected":false},"featured_media":35812,"comment_status":"open","ping_status":"closed","template":"","meta":[],"product_brand":[],"product_cat":[11446,2108],"product_tag":[],"class_list":{"0":"post-35811","1":"product","2":"type-product","3":"status-publish","4":"has-post-thumbnail","6":"product_cat-aussenbeleuchtung","7":"product_cat-beleuchtung","8":"pa_brand-dolike","9":"pa_manufacturer-dolike","10":"pa_weight-1-10231131-pfund","12":"first","13":"instock","14":"shipping-taxable","15":"purchasable","16":"product-type-simple","17":"customify-col","18":"product-has-gallery"},"yoast_head":"<!-- This site is optimized with the Yoast SEO plugin v27.4 - https:\/\/yoast.com\/product\/yoast-seo-wordpress\/ -->\n<title>3 St\u00fcck Solarlampen f\u00fcr Au\u00dfen Garten, LED Solarleuchten Garten Lampen mit Farbwechseln,Lilien Blumen Solarlicht f\u00fcr\u2026 - Markt-XXL<\/title>\n<meta name=\"description\" content=\"Markt-XXL 3 St\u00fcck Solarlampen f\u00fcr Au\u00dfen Garten, LED Solarleuchten Garten Lampen mit Farbwechseln,Lilien Blumen Solarlicht f\u00fcr\u2026\" \/>\n<meta name=\"robots\" content=\"index, follow, max-snippet:-1, max-image-preview:large, max-video-preview:-1\" \/>\n<link rel=\"canonical\" href=\"https:\/\/marktxxl.de\/markt\/produkt\/3-stueck-solarlampen-fuer-aussen-garten-led-solarleuchten-garten-lampen-mit-farbwechselnlilien-blumen-solarlicht-fuer-garten-wegterrasse-backyard-dekoration\/\" \/>\n<meta property=\"og:locale\" content=\"de_DE\" \/>\n<meta property=\"og:type\" content=\"article\" \/>\n<meta property=\"og:title\" content=\"3 St\u00fcck Solarlampen f\u00fcr Au\u00dfen Garten, LED Solarleuchten Garten Lampen mit Farbwechseln,Lilien Blumen Solarlicht f\u00fcr\u2026 - Markt-XXL\" \/>\n<meta property=\"og:description\" content=\"Markt-XXL 3 St\u00fcck Solarlampen f\u00fcr Au\u00dfen Garten, LED Solarleuchten Garten Lampen mit Farbwechseln,Lilien Blumen Solarlicht f\u00fcr\u2026\" \/>\n<meta property=\"og:url\" content=\"https:\/\/marktxxl.de\/markt\/produkt\/3-stueck-solarlampen-fuer-aussen-garten-led-solarleuchten-garten-lampen-mit-farbwechselnlilien-blumen-solarlicht-fuer-garten-wegterrasse-backyard-dekoration\/\" \/>\n<meta property=\"og:site_name\" content=\"Markt-XXL\" \/>\n<meta property=\"article:modified_time\" content=\"2023-04-09T23:35:22+00:00\" \/>\n<meta property=\"og:image\" content=\"https:\/\/m.media-amazon.com\/images\/I\/41BF2ApL5TS._SL500_.jpg\" \/>\n\t<meta property=\"og:image:width\" content=\"500\" \/>\n\t<meta property=\"og:image:height\" content=\"500\" \/>\n\t<meta property=\"og:image:type\" content=\"image\/jpeg\" \/>\n<meta name=\"twitter:card\" content=\"summary_large_image\" \/>\n<meta name=\"twitter:label1\" content=\"Gesch\u00e4tzte Lesezeit\" \/>\n\t<meta name=\"twitter:data1\" content=\"1\u00a0Minute\" \/>\n<script type=\"application\/ld+json\" class=\"yoast-schema-graph\">{\"@context\":\"https:\\\/\\\/schema.org\",\"@graph\":[{\"@type\":\"WebPage\",\"@id\":\"https:\\\/\\\/marktxxl.de\\\/markt\\\/produkt\\\/3-stueck-solarlampen-fuer-aussen-garten-led-solarleuchten-garten-lampen-mit-farbwechselnlilien-blumen-solarlicht-fuer-garten-wegterrasse-backyard-dekoration\\\/\",\"url\":\"https:\\\/\\\/marktxxl.de\\\/markt\\\/produkt\\\/3-stueck-solarlampen-fuer-aussen-garten-led-solarleuchten-garten-lampen-mit-farbwechselnlilien-blumen-solarlicht-fuer-garten-wegterrasse-backyard-dekoration\\\/\",\"name\":\"3 St\u00fcck Solarlampen f\u00fcr Au\u00dfen Garten, LED Solarleuchten Garten Lampen mit Farbwechseln,Lilien Blumen Solarlicht f\u00fcr\u2026 - Markt-XXL\",\"isPartOf\":{\"@id\":\"https:\\\/\\\/marktxxl.de\\\/markt\\\/#website\"},\"primaryImageOfPage\":{\"@id\":\"https:\\\/\\\/marktxxl.de\\\/markt\\\/produkt\\\/3-stueck-solarlampen-fuer-aussen-garten-led-solarleuchten-garten-lampen-mit-farbwechselnlilien-blumen-solarlicht-fuer-garten-wegterrasse-backyard-dekoration\\\/#primaryimage\"},\"image\":{\"@id\":\"https:\\\/\\\/marktxxl.de\\\/markt\\\/produkt\\\/3-stueck-solarlampen-fuer-aussen-garten-led-solarleuchten-garten-lampen-mit-farbwechselnlilien-blumen-solarlicht-fuer-garten-wegterrasse-backyard-dekoration\\\/#primaryimage\"},\"thumbnailUrl\":\"https:\\\/\\\/m.media-amazon.com\\\/images\\\/I\\\/41BF2ApL5TS._SL500_.jpg\",\"datePublished\":\"2021-09-13T18:57:40+00:00\",\"dateModified\":\"2023-04-09T23:35:22+00:00\",\"description\":\"Markt-XXL 3 St\u00fcck Solarlampen f\u00fcr Au\u00dfen Garten, LED Solarleuchten Garten Lampen mit Farbwechseln,Lilien Blumen Solarlicht f\u00fcr\u2026\",\"breadcrumb\":{\"@id\":\"https:\\\/\\\/marktxxl.de\\\/markt\\\/produkt\\\/3-stueck-solarlampen-fuer-aussen-garten-led-solarleuchten-garten-lampen-mit-farbwechselnlilien-blumen-solarlicht-fuer-garten-wegterrasse-backyard-dekoration\\\/#breadcrumb\"},\"inLanguage\":\"de\",\"potentialAction\":[{\"@type\":\"ReadAction\",\"target\":[\"https:\\\/\\\/marktxxl.de\\\/markt\\\/produkt\\\/3-stueck-solarlampen-fuer-aussen-garten-led-solarleuchten-garten-lampen-mit-farbwechselnlilien-blumen-solarlicht-fuer-garten-wegterrasse-backyard-dekoration\\\/\"]}]},{\"@type\":\"ImageObject\",\"inLanguage\":\"de\",\"@id\":\"https:\\\/\\\/marktxxl.de\\\/markt\\\/produkt\\\/3-stueck-solarlampen-fuer-aussen-garten-led-solarleuchten-garten-lampen-mit-farbwechselnlilien-blumen-solarlicht-fuer-garten-wegterrasse-backyard-dekoration\\\/#primaryimage\",\"url\":\"https:\\\/\\\/m.media-amazon.com\\\/images\\\/I\\\/41BF2ApL5TS._SL500_.jpg\",\"contentUrl\":\"https:\\\/\\\/m.media-amazon.com\\\/images\\\/I\\\/41BF2ApL5TS._SL500_.jpg\",\"width\":500,\"height\":500},{\"@type\":\"BreadcrumbList\",\"@id\":\"https:\\\/\\\/marktxxl.de\\\/markt\\\/produkt\\\/3-stueck-solarlampen-fuer-aussen-garten-led-solarleuchten-garten-lampen-mit-farbwechselnlilien-blumen-solarlicht-fuer-garten-wegterrasse-backyard-dekoration\\\/#breadcrumb\",\"itemListElement\":[{\"@type\":\"ListItem\",\"position\":1,\"name\":\"Startseite\",\"item\":\"https:\\\/\\\/marktxxl.de\\\/markt\\\/\"},{\"@type\":\"ListItem\",\"position\":2,\"name\":\"Markt\",\"item\":\"https:\\\/\\\/marktxxl.de\\\/markt\\\/\"},{\"@type\":\"ListItem\",\"position\":3,\"name\":\"3 St\u00fcck Solarlampen f\u00fcr Au\u00dfen Garten, LED Solarleuchten Garten Lampen mit Farbwechseln,Lilien Blumen Solarlicht f\u00fcr\u2026\"}]},{\"@type\":\"WebSite\",\"@id\":\"https:\\\/\\\/marktxxl.de\\\/markt\\\/#website\",\"url\":\"https:\\\/\\\/marktxxl.de\\\/markt\\\/\",\"name\":\"Markt-XXL\",\"description\":\"Ihr Markt Online\",\"publisher\":{\"@id\":\"https:\\\/\\\/marktxxl.de\\\/markt\\\/#organization\"},\"potentialAction\":[{\"@type\":\"SearchAction\",\"target\":{\"@type\":\"EntryPoint\",\"urlTemplate\":\"https:\\\/\\\/marktxxl.de\\\/markt\\\/?s={search_term_string}\"},\"query-input\":{\"@type\":\"PropertyValueSpecification\",\"valueRequired\":true,\"valueName\":\"search_term_string\"}}],\"inLanguage\":\"de\"},{\"@type\":\"Organization\",\"@id\":\"https:\\\/\\\/marktxxl.de\\\/markt\\\/#organization\",\"name\":\"Markt-XXL\",\"url\":\"https:\\\/\\\/marktxxl.de\\\/markt\\\/\",\"logo\":{\"@type\":\"ImageObject\",\"inLanguage\":\"de\",\"@id\":\"https:\\\/\\\/marktxxl.de\\\/markt\\\/#\\\/schema\\\/logo\\\/image\\\/\",\"url\":\"https:\\\/\\\/marktxxl.de\\\/markt\\\/wp-content\\\/uploads\\\/sites\\\/3\\\/2020\\\/12\\\/logo.png\",\"contentUrl\":\"https:\\\/\\\/marktxxl.de\\\/markt\\\/wp-content\\\/uploads\\\/sites\\\/3\\\/2020\\\/12\\\/logo.png\",\"width\":200,\"height\":70,\"caption\":\"Markt-XXL\"},\"image\":{\"@id\":\"https:\\\/\\\/marktxxl.de\\\/markt\\\/#\\\/schema\\\/logo\\\/image\\\/\"}}]}<\/script>\n<!-- \/ Yoast SEO plugin. -->","yoast_head_json":{"title":"3 St\u00fcck Solarlampen f\u00fcr Au\u00dfen Garten, LED Solarleuchten Garten Lampen mit Farbwechseln,Lilien Blumen Solarlicht f\u00fcr\u2026 - Markt-XXL","description":"Markt-XXL 3 St\u00fcck Solarlampen f\u00fcr Au\u00dfen Garten, LED Solarleuchten Garten Lampen mit Farbwechseln,Lilien Blumen Solarlicht f\u00fcr\u2026","robots":{"index":"index","follow":"follow","max-snippet":"max-snippet:-1","max-image-preview":"max-image-preview:large","max-video-preview":"max-video-preview:-1"},"canonical":"https:\/\/marktxxl.de\/markt\/produkt\/3-stueck-solarlampen-fuer-aussen-garten-led-solarleuchten-garten-lampen-mit-farbwechselnlilien-blumen-solarlicht-fuer-garten-wegterrasse-backyard-dekoration\/","og_locale":"de_DE","og_type":"article","og_title":"3 St\u00fcck Solarlampen f\u00fcr Au\u00dfen Garten, LED Solarleuchten Garten Lampen mit Farbwechseln,Lilien Blumen Solarlicht f\u00fcr\u2026 - Markt-XXL","og_description":"Markt-XXL 3 St\u00fcck Solarlampen f\u00fcr Au\u00dfen Garten, LED Solarleuchten Garten Lampen mit Farbwechseln,Lilien Blumen Solarlicht f\u00fcr\u2026","og_url":"https:\/\/marktxxl.de\/markt\/produkt\/3-stueck-solarlampen-fuer-aussen-garten-led-solarleuchten-garten-lampen-mit-farbwechselnlilien-blumen-solarlicht-fuer-garten-wegterrasse-backyard-dekoration\/","og_site_name":"Markt-XXL","article_modified_time":"2023-04-09T23:35:22+00:00","og_image":[{"width":500,"height":500,"url":"https:\/\/m.media-amazon.com\/images\/I\/41BF2ApL5TS._SL500_.jpg","type":"image\/jpeg"}],"twitter_card":"summary_large_image","twitter_misc":{"Gesch\u00e4tzte Lesezeit":"1\u00a0Minute"},"schema":{"@context":"https:\/\/schema.org","@graph":[{"@type":"WebPage","@id":"https:\/\/marktxxl.de\/markt\/produkt\/3-stueck-solarlampen-fuer-aussen-garten-led-solarleuchten-garten-lampen-mit-farbwechselnlilien-blumen-solarlicht-fuer-garten-wegterrasse-backyard-dekoration\/","url":"https:\/\/marktxxl.de\/markt\/produkt\/3-stueck-solarlampen-fuer-aussen-garten-led-solarleuchten-garten-lampen-mit-farbwechselnlilien-blumen-solarlicht-fuer-garten-wegterrasse-backyard-dekoration\/","name":"3 St\u00fcck Solarlampen f\u00fcr Au\u00dfen Garten, LED Solarleuchten Garten Lampen mit Farbwechseln,Lilien Blumen Solarlicht f\u00fcr\u2026 - Markt-XXL","isPartOf":{"@id":"https:\/\/marktxxl.de\/markt\/#website"},"primaryImageOfPage":{"@id":"https:\/\/marktxxl.de\/markt\/produkt\/3-stueck-solarlampen-fuer-aussen-garten-led-solarleuchten-garten-lampen-mit-farbwechselnlilien-blumen-solarlicht-fuer-garten-wegterrasse-backyard-dekoration\/#primaryimage"},"image":{"@id":"https:\/\/marktxxl.de\/markt\/produkt\/3-stueck-solarlampen-fuer-aussen-garten-led-solarleuchten-garten-lampen-mit-farbwechselnlilien-blumen-solarlicht-fuer-garten-wegterrasse-backyard-dekoration\/#primaryimage"},"thumbnailUrl":"https:\/\/m.media-amazon.com\/images\/I\/41BF2ApL5TS._SL500_.jpg","datePublished":"2021-09-13T18:57:40+00:00","dateModified":"2023-04-09T23:35:22+00:00","description":"Markt-XXL 3 St\u00fcck Solarlampen f\u00fcr Au\u00dfen Garten, LED Solarleuchten Garten Lampen mit Farbwechseln,Lilien Blumen Solarlicht f\u00fcr\u2026","breadcrumb":{"@id":"https:\/\/marktxxl.de\/markt\/produkt\/3-stueck-solarlampen-fuer-aussen-garten-led-solarleuchten-garten-lampen-mit-farbwechselnlilien-blumen-solarlicht-fuer-garten-wegterrasse-backyard-dekoration\/#breadcrumb"},"inLanguage":"de","potentialAction":[{"@type":"ReadAction","target":["https:\/\/marktxxl.de\/markt\/produkt\/3-stueck-solarlampen-fuer-aussen-garten-led-solarleuchten-garten-lampen-mit-farbwechselnlilien-blumen-solarlicht-fuer-garten-wegterrasse-backyard-dekoration\/"]}]},{"@type":"ImageObject","inLanguage":"de","@id":"https:\/\/marktxxl.de\/markt\/produkt\/3-stueck-solarlampen-fuer-aussen-garten-led-solarleuchten-garten-lampen-mit-farbwechselnlilien-blumen-solarlicht-fuer-garten-wegterrasse-backyard-dekoration\/#primaryimage","url":"https:\/\/m.media-amazon.com\/images\/I\/41BF2ApL5TS._SL500_.jpg","contentUrl":"https:\/\/m.media-amazon.com\/images\/I\/41BF2ApL5TS._SL500_.jpg","width":500,"height":500},{"@type":"BreadcrumbList","@id":"https:\/\/marktxxl.de\/markt\/produkt\/3-stueck-solarlampen-fuer-aussen-garten-led-solarleuchten-garten-lampen-mit-farbwechselnlilien-blumen-solarlicht-fuer-garten-wegterrasse-backyard-dekoration\/#breadcrumb","itemListElement":[{"@type":"ListItem","position":1,"name":"Startseite","item":"https:\/\/marktxxl.de\/markt\/"},{"@type":"ListItem","position":2,"name":"Markt","item":"https:\/\/marktxxl.de\/markt\/"},{"@type":"ListItem","position":3,"name":"3 St\u00fcck Solarlampen f\u00fcr Au\u00dfen Garten, LED Solarleuchten Garten Lampen mit Farbwechseln,Lilien Blumen Solarlicht f\u00fcr\u2026"}]},{"@type":"WebSite","@id":"https:\/\/marktxxl.de\/markt\/#website","url":"https:\/\/marktxxl.de\/markt\/","name":"Markt-XXL","description":"Ihr Markt Online","publisher":{"@id":"https:\/\/marktxxl.de\/markt\/#organization"},"potentialAction":[{"@type":"SearchAction","target":{"@type":"EntryPoint","urlTemplate":"https:\/\/marktxxl.de\/markt\/?s={search_term_string}"},"query-input":{"@type":"PropertyValueSpecification","valueRequired":true,"valueName":"search_term_string"}}],"inLanguage":"de"},{"@type":"Organization","@id":"https:\/\/marktxxl.de\/markt\/#organization","name":"Markt-XXL","url":"https:\/\/marktxxl.de\/markt\/","logo":{"@type":"ImageObject","inLanguage":"de","@id":"https:\/\/marktxxl.de\/markt\/#\/schema\/logo\/image\/","url":"https:\/\/marktxxl.de\/markt\/wp-content\/uploads\/sites\/3\/2020\/12\/logo.png","contentUrl":"https:\/\/marktxxl.de\/markt\/wp-content\/uploads\/sites\/3\/2020\/12\/logo.png","width":200,"height":70,"caption":"Markt-XXL"},"image":{"@id":"https:\/\/marktxxl.de\/markt\/#\/schema\/logo\/image\/"}}]}},"_links":{"self":[{"href":"https:\/\/marktxxl.de\/markt\/wp-json\/wp\/v2\/product\/35811","targetHints":{"allow":["GET"]}}],"collection":[{"href":"https:\/\/marktxxl.de\/markt\/wp-json\/wp\/v2\/product"}],"about":[{"href":"https:\/\/marktxxl.de\/markt\/wp-json\/wp\/v2\/types\/product"}],"replies":[{"embeddable":true,"href":"https:\/\/marktxxl.de\/markt\/wp-json\/wp\/v2\/comments?post=35811"}],"wp:featuredmedia":[{"embeddable":true,"href":"https:\/\/marktxxl.de\/markt\/wp-json\/wp\/v2\/media\/35812"}],"wp:attachment":[{"href":"https:\/\/marktxxl.de\/markt\/wp-json\/wp\/v2\/media?parent=35811"}],"wp:term":[{"taxonomy":"product_brand","embeddable":true,"href":"https:\/\/marktxxl.de\/markt\/wp-json\/wp\/v2\/product_brand?post=35811"},{"taxonomy":"product_cat","embeddable":true,"href":"https:\/\/marktxxl.de\/markt\/wp-json\/wp\/v2\/product_cat?post=35811"},{"taxonomy":"product_tag","embeddable":true,"href":"https:\/\/marktxxl.de\/markt\/wp-json\/wp\/v2\/product_tag?post=35811"}],"curies":[{"name":"wp","href":"https:\/\/api.w.org\/{rel}","templated":true}]}}