{"id":34800,"date":"2021-09-13T20:34:10","date_gmt":"2021-09-13T18:34:10","guid":{"rendered":"https:\/\/marktxxl.de\/markt\/produkt\/nurkoo-10m-led-lichtschlauch-240-leds-lichterschlauch-ip65-wasserfest-lichterkette-strombetrieben-mit-7-2-w-eu-stecker-fuer-innen-aussen-party-hochzeit-deko-warmweiss-leuchtschlauch\/"},"modified":"2023-04-11T01:49:00","modified_gmt":"2023-04-10T23:49:00","slug":"nurkoo-10m-led-lichtschlauch-240-leds-lichterschlauch-ip65-wasserfest-lichterkette-strombetrieben-mit-7-2-w-eu-stecker-fuer-innen-aussen-party-hochzeit-deko-warmweiss-leuchtschlauch","status":"publish","type":"product","link":"https:\/\/marktxxl.de\/markt\/produkt\/nurkoo-10m-led-lichtschlauch-240-leds-lichterschlauch-ip65-wasserfest-lichterkette-strombetrieben-mit-7-2-w-eu-stecker-fuer-innen-aussen-party-hochzeit-deko-warmweiss-leuchtschlauch\/","title":{"rendered":"Nurkoo 10m LED Lichtschlauch, 240 LEDs Lichterschlauch IP65 Wasserfest, Lichterkette Strombetrieben mit EU-Stecker f\u00fcr\u2026"},"content":{"rendered":"<p>Funktion design: Die LED Lichtshlauch sind mit einem UL CE RoHS-zertifizierten Netzteil und einem eingebauten \u00dcberspannungsschutz ausgestattet. Ideal f\u00fcr Innen- oder Au\u00dfenverzierungen. Der 7,2-W-Stecker sorgt f\u00fcr die Helligkeit des Lichts und ist gleichzeitig energieeffizienter. Niedrige 24V Spannung garantiert sichere Verwendung und hitzebest\u00e4ndig<br \/>\nHochwertige Materialien: 12 Meter (Schlauch 10 Meter + 2 Meter Stromkabel). Die lichtschlauch besteht aus transparentem PVC, schlauch dicke ist 10 mm, das Erscheinungsbild wie eine Kristallr\u00f6hre, sehr sch\u00f6n, langlebig und flexibel. Wenn Sie es anz\u00fcnden, wird alles um Sie herum sch\u00f6ner und pr\u00e4chtiger<br \/>\nUpgrade wasserdicht: Bitte beachten Sie &#8211; Der Stecker ist nicht wasserdicht(IP44). Die lichtschlauch zeichnen sich durch eine hohe Wasserdichtigkeit der Schutzart IP65 aus. Sie k\u00f6nnen es drau\u00dfen stellen, sogar im Wasser, und m\u00fcssen sich dar\u00fcber keine Sorgen machen.<br \/>\nAnwendbare Szene: \u00dcberragende Flexibilit\u00e4t erm\u00f6glicht die einfache Anpassung an jede Form f\u00fcr jede dekorative Anforderung, sie k\u00f6nnen auch mehrere Lichtschl\u00e4uche verbinden (maximal 3 St\u00fcck), um die wollende L\u00e4nge zu reichen. Anwendbar, um dekorative Beleuchtung f\u00fcr Geb\u00e4ude, Fenster, Gehwege, Terrassen, G\u00e4rten, Z\u00e4une, Veranden, Restaurants, Clubs, Bars usw. anzubieten.<br \/>\nGarantierte Zufriedenheit: 30 Tage Geld-zur\u00fcck-Garantie aus irgendeinem Grund, 12 Monate eingeschr\u00e4nkte Garantie auf Herstellerm\u00e4ngel mit lebenslangem technischen Support. Wenn Sie Fragen haben, z\u00f6gern Sie bitte nicht, uns zu kontaktieren. Unser Kundendienstteam hilft Ihnen gerne bei der Behebung des Problems.<br \/>\n<div class=\"main-cross-sell\" data-asin=\"B08CMM5QFG\">\n\n\t<div class=\"WooZone-cross-sell-loader\">\n\t\t<div>\n\t\t\t<div id=\"floatingBarsG\">\n\t\t\t\t<div class=\"blockG\" id=\"rotateG_01\"><\/div>\n\t\t\t\t<div class=\"blockG\" id=\"rotateG_02\"><\/div>\n\t\t\t\t<div class=\"blockG\" id=\"rotateG_03\"><\/div>\n\t\t\t\t<div class=\"blockG\" id=\"rotateG_04\"><\/div>\n\t\t\t\t<div class=\"blockG\" id=\"rotateG_05\"><\/div>\n\t\t\t\t<div class=\"blockG\" id=\"rotateG_06\"><\/div>\n\t\t\t\t<div class=\"blockG\" id=\"rotateG_07\"><\/div>\n\t\t\t\t<div class=\"blockG\" id=\"rotateG_08\"><\/div>\n\t\t\t<\/div>\n\t\t\t<div class=\"WooZone-cross-sell-loader-text\"><\/div>\n\t\t<\/div>\n\t<\/div>\n\n\t\t\n<\/div>\n<div style=\"clear:both;\"><\/div><\/p>\n","protected":false},"excerpt":{"rendered":"<p>Funktion design: Die LED Lichtshlauch sind mit einem UL CE RoHS-zertifizierten Netzteil und einem eingebauten \u00dcberspannungsschutz ausgestattet. Ideal f\u00fcr Innen- oder Au\u00dfenverzierungen. Der 7,2-W-Stecker sorgt f\u00fcr die Helligkeit des Lichts und ist gleichzeitig energieeffizienter. Niedrige 24V Spannung garantiert sichere Verwendung und hitzebest\u00e4ndig<br \/>\nHochwertige Materialien: 12 Meter (Schlauch 10 Meter + 2 Meter Stromkabel). Die lichtschlauch besteht aus transparentem PVC, schlauch dicke ist 10 mm, das Erscheinungsbild wie eine Kristallr\u00f6hre, sehr sch\u00f6n, langlebig und flexibel. Wenn Sie es anz\u00fcnden, wird alles um Sie herum sch\u00f6ner und pr\u00e4chtiger<br \/>\nUpgrade wasserdicht: Bitte beachten Sie &#8211; Der Stecker ist nicht wasserdicht(IP44). Die lichtschlauch zeichnen sich durch eine hohe Wasserdichtigkeit der Schutzart IP65 aus. Sie k\u00f6nnen es drau\u00dfen stellen, sogar im Wasser, und m\u00fcssen sich dar\u00fcber keine Sorgen machen.<\/p>\n","protected":false},"featured_media":34801,"comment_status":"open","ping_status":"closed","template":"","meta":[],"product_brand":[],"product_cat":[2108,15623],"product_tag":[],"class_list":{"0":"post-34800","1":"product","2":"type-product","3":"status-publish","4":"has-post-thumbnail","6":"product_cat-beleuchtung","7":"product_cat-lichtschlaeuche","8":"pa_brand-nurkoo","9":"pa_manufacturer-nurkoo","10":"pa_model-25199","11":"pa_weight-2-3368999772-pfund","13":"first","14":"instock","15":"shipping-taxable","16":"purchasable","17":"product-type-simple","18":"customify-col","19":"product-has-gallery"},"yoast_head":"<!-- This site is optimized with the Yoast SEO plugin v27.3 - https:\/\/yoast.com\/product\/yoast-seo-wordpress\/ -->\n<title>Nurkoo 10m LED Lichtschlauch, 240 LEDs Lichterschlauch IP65 Wasserfest, Lichterkette Strombetrieben mit EU-Stecker f\u00fcr\u2026 - Markt-XXL<\/title>\n<meta name=\"description\" content=\"Markt-XXL Nurkoo 10m LED Lichtschlauch, 240 LEDs Lichterschlauch IP65 Wasserfest, Lichterkette Strombetrieben mit EU-Stecker f\u00fcr\u2026\" \/>\n<meta name=\"robots\" content=\"index, follow, max-snippet:-1, max-image-preview:large, max-video-preview:-1\" \/>\n<link rel=\"canonical\" href=\"https:\/\/marktxxl.de\/markt\/produkt\/nurkoo-10m-led-lichtschlauch-240-leds-lichterschlauch-ip65-wasserfest-lichterkette-strombetrieben-mit-7-2-w-eu-stecker-fuer-innen-aussen-party-hochzeit-deko-warmweiss-leuchtschlauch\/\" \/>\n<meta property=\"og:locale\" content=\"de_DE\" \/>\n<meta property=\"og:type\" content=\"article\" \/>\n<meta property=\"og:title\" content=\"Nurkoo 10m LED Lichtschlauch, 240 LEDs Lichterschlauch IP65 Wasserfest, Lichterkette Strombetrieben mit EU-Stecker f\u00fcr\u2026 - Markt-XXL\" \/>\n<meta property=\"og:description\" content=\"Markt-XXL Nurkoo 10m LED Lichtschlauch, 240 LEDs Lichterschlauch IP65 Wasserfest, Lichterkette Strombetrieben mit EU-Stecker f\u00fcr\u2026\" \/>\n<meta property=\"og:url\" content=\"https:\/\/marktxxl.de\/markt\/produkt\/nurkoo-10m-led-lichtschlauch-240-leds-lichterschlauch-ip65-wasserfest-lichterkette-strombetrieben-mit-7-2-w-eu-stecker-fuer-innen-aussen-party-hochzeit-deko-warmweiss-leuchtschlauch\/\" \/>\n<meta property=\"og:site_name\" content=\"Markt-XXL\" \/>\n<meta property=\"article:modified_time\" content=\"2023-04-10T23:49:00+00:00\" \/>\n<meta property=\"og:image\" content=\"https:\/\/m.media-amazon.com\/images\/I\/51HLCR0wxzL._SL500_.jpg\" \/>\n\t<meta property=\"og:image:width\" content=\"500\" \/>\n\t<meta property=\"og:image:height\" content=\"500\" \/>\n\t<meta property=\"og:image:type\" content=\"image\/jpeg\" \/>\n<meta name=\"twitter:card\" content=\"summary_large_image\" \/>\n<meta name=\"twitter:label1\" content=\"Gesch\u00e4tzte Lesezeit\" \/>\n\t<meta name=\"twitter:data1\" content=\"1\u00a0Minute\" \/>\n<script type=\"application\/ld+json\" class=\"yoast-schema-graph\">{\"@context\":\"https:\\\/\\\/schema.org\",\"@graph\":[{\"@type\":\"WebPage\",\"@id\":\"https:\\\/\\\/marktxxl.de\\\/markt\\\/produkt\\\/nurkoo-10m-led-lichtschlauch-240-leds-lichterschlauch-ip65-wasserfest-lichterkette-strombetrieben-mit-7-2-w-eu-stecker-fuer-innen-aussen-party-hochzeit-deko-warmweiss-leuchtschlauch\\\/\",\"url\":\"https:\\\/\\\/marktxxl.de\\\/markt\\\/produkt\\\/nurkoo-10m-led-lichtschlauch-240-leds-lichterschlauch-ip65-wasserfest-lichterkette-strombetrieben-mit-7-2-w-eu-stecker-fuer-innen-aussen-party-hochzeit-deko-warmweiss-leuchtschlauch\\\/\",\"name\":\"Nurkoo 10m LED Lichtschlauch, 240 LEDs Lichterschlauch IP65 Wasserfest, Lichterkette Strombetrieben mit EU-Stecker f\u00fcr\u2026 - Markt-XXL\",\"isPartOf\":{\"@id\":\"https:\\\/\\\/marktxxl.de\\\/markt\\\/#website\"},\"primaryImageOfPage\":{\"@id\":\"https:\\\/\\\/marktxxl.de\\\/markt\\\/produkt\\\/nurkoo-10m-led-lichtschlauch-240-leds-lichterschlauch-ip65-wasserfest-lichterkette-strombetrieben-mit-7-2-w-eu-stecker-fuer-innen-aussen-party-hochzeit-deko-warmweiss-leuchtschlauch\\\/#primaryimage\"},\"image\":{\"@id\":\"https:\\\/\\\/marktxxl.de\\\/markt\\\/produkt\\\/nurkoo-10m-led-lichtschlauch-240-leds-lichterschlauch-ip65-wasserfest-lichterkette-strombetrieben-mit-7-2-w-eu-stecker-fuer-innen-aussen-party-hochzeit-deko-warmweiss-leuchtschlauch\\\/#primaryimage\"},\"thumbnailUrl\":\"https:\\\/\\\/m.media-amazon.com\\\/images\\\/I\\\/51HLCR0wxzL._SL500_.jpg\",\"datePublished\":\"2021-09-13T18:34:10+00:00\",\"dateModified\":\"2023-04-10T23:49:00+00:00\",\"description\":\"Markt-XXL Nurkoo 10m LED Lichtschlauch, 240 LEDs Lichterschlauch IP65 Wasserfest, Lichterkette Strombetrieben mit EU-Stecker f\u00fcr\u2026\",\"breadcrumb\":{\"@id\":\"https:\\\/\\\/marktxxl.de\\\/markt\\\/produkt\\\/nurkoo-10m-led-lichtschlauch-240-leds-lichterschlauch-ip65-wasserfest-lichterkette-strombetrieben-mit-7-2-w-eu-stecker-fuer-innen-aussen-party-hochzeit-deko-warmweiss-leuchtschlauch\\\/#breadcrumb\"},\"inLanguage\":\"de\",\"potentialAction\":[{\"@type\":\"ReadAction\",\"target\":[\"https:\\\/\\\/marktxxl.de\\\/markt\\\/produkt\\\/nurkoo-10m-led-lichtschlauch-240-leds-lichterschlauch-ip65-wasserfest-lichterkette-strombetrieben-mit-7-2-w-eu-stecker-fuer-innen-aussen-party-hochzeit-deko-warmweiss-leuchtschlauch\\\/\"]}]},{\"@type\":\"ImageObject\",\"inLanguage\":\"de\",\"@id\":\"https:\\\/\\\/marktxxl.de\\\/markt\\\/produkt\\\/nurkoo-10m-led-lichtschlauch-240-leds-lichterschlauch-ip65-wasserfest-lichterkette-strombetrieben-mit-7-2-w-eu-stecker-fuer-innen-aussen-party-hochzeit-deko-warmweiss-leuchtschlauch\\\/#primaryimage\",\"url\":\"https:\\\/\\\/m.media-amazon.com\\\/images\\\/I\\\/51HLCR0wxzL._SL500_.jpg\",\"contentUrl\":\"https:\\\/\\\/m.media-amazon.com\\\/images\\\/I\\\/51HLCR0wxzL._SL500_.jpg\",\"width\":500,\"height\":500},{\"@type\":\"BreadcrumbList\",\"@id\":\"https:\\\/\\\/marktxxl.de\\\/markt\\\/produkt\\\/nurkoo-10m-led-lichtschlauch-240-leds-lichterschlauch-ip65-wasserfest-lichterkette-strombetrieben-mit-7-2-w-eu-stecker-fuer-innen-aussen-party-hochzeit-deko-warmweiss-leuchtschlauch\\\/#breadcrumb\",\"itemListElement\":[{\"@type\":\"ListItem\",\"position\":1,\"name\":\"Startseite\",\"item\":\"https:\\\/\\\/marktxxl.de\\\/markt\\\/\"},{\"@type\":\"ListItem\",\"position\":2,\"name\":\"Markt\",\"item\":\"https:\\\/\\\/marktxxl.de\\\/markt\\\/\"},{\"@type\":\"ListItem\",\"position\":3,\"name\":\"Nurkoo 10m LED Lichtschlauch, 240 LEDs Lichterschlauch IP65 Wasserfest, Lichterkette Strombetrieben mit EU-Stecker f\u00fcr\u2026\"}]},{\"@type\":\"WebSite\",\"@id\":\"https:\\\/\\\/marktxxl.de\\\/markt\\\/#website\",\"url\":\"https:\\\/\\\/marktxxl.de\\\/markt\\\/\",\"name\":\"Markt-XXL\",\"description\":\"Ihr Markt Online\",\"publisher\":{\"@id\":\"https:\\\/\\\/marktxxl.de\\\/markt\\\/#organization\"},\"potentialAction\":[{\"@type\":\"SearchAction\",\"target\":{\"@type\":\"EntryPoint\",\"urlTemplate\":\"https:\\\/\\\/marktxxl.de\\\/markt\\\/?s={search_term_string}\"},\"query-input\":{\"@type\":\"PropertyValueSpecification\",\"valueRequired\":true,\"valueName\":\"search_term_string\"}}],\"inLanguage\":\"de\"},{\"@type\":\"Organization\",\"@id\":\"https:\\\/\\\/marktxxl.de\\\/markt\\\/#organization\",\"name\":\"Markt-XXL\",\"url\":\"https:\\\/\\\/marktxxl.de\\\/markt\\\/\",\"logo\":{\"@type\":\"ImageObject\",\"inLanguage\":\"de\",\"@id\":\"https:\\\/\\\/marktxxl.de\\\/markt\\\/#\\\/schema\\\/logo\\\/image\\\/\",\"url\":\"https:\\\/\\\/marktxxl.de\\\/markt\\\/wp-content\\\/uploads\\\/sites\\\/3\\\/2020\\\/12\\\/logo.png\",\"contentUrl\":\"https:\\\/\\\/marktxxl.de\\\/markt\\\/wp-content\\\/uploads\\\/sites\\\/3\\\/2020\\\/12\\\/logo.png\",\"width\":200,\"height\":70,\"caption\":\"Markt-XXL\"},\"image\":{\"@id\":\"https:\\\/\\\/marktxxl.de\\\/markt\\\/#\\\/schema\\\/logo\\\/image\\\/\"}}]}<\/script>\n<!-- \/ Yoast SEO plugin. -->","yoast_head_json":{"title":"Nurkoo 10m LED Lichtschlauch, 240 LEDs Lichterschlauch IP65 Wasserfest, Lichterkette Strombetrieben mit EU-Stecker f\u00fcr\u2026 - Markt-XXL","description":"Markt-XXL Nurkoo 10m LED Lichtschlauch, 240 LEDs Lichterschlauch IP65 Wasserfest, Lichterkette Strombetrieben mit EU-Stecker f\u00fcr\u2026","robots":{"index":"index","follow":"follow","max-snippet":"max-snippet:-1","max-image-preview":"max-image-preview:large","max-video-preview":"max-video-preview:-1"},"canonical":"https:\/\/marktxxl.de\/markt\/produkt\/nurkoo-10m-led-lichtschlauch-240-leds-lichterschlauch-ip65-wasserfest-lichterkette-strombetrieben-mit-7-2-w-eu-stecker-fuer-innen-aussen-party-hochzeit-deko-warmweiss-leuchtschlauch\/","og_locale":"de_DE","og_type":"article","og_title":"Nurkoo 10m LED Lichtschlauch, 240 LEDs Lichterschlauch IP65 Wasserfest, Lichterkette Strombetrieben mit EU-Stecker f\u00fcr\u2026 - Markt-XXL","og_description":"Markt-XXL Nurkoo 10m LED Lichtschlauch, 240 LEDs Lichterschlauch IP65 Wasserfest, Lichterkette Strombetrieben mit EU-Stecker f\u00fcr\u2026","og_url":"https:\/\/marktxxl.de\/markt\/produkt\/nurkoo-10m-led-lichtschlauch-240-leds-lichterschlauch-ip65-wasserfest-lichterkette-strombetrieben-mit-7-2-w-eu-stecker-fuer-innen-aussen-party-hochzeit-deko-warmweiss-leuchtschlauch\/","og_site_name":"Markt-XXL","article_modified_time":"2023-04-10T23:49:00+00:00","og_image":[{"width":500,"height":500,"url":"https:\/\/m.media-amazon.com\/images\/I\/51HLCR0wxzL._SL500_.jpg","type":"image\/jpeg"}],"twitter_card":"summary_large_image","twitter_misc":{"Gesch\u00e4tzte Lesezeit":"1\u00a0Minute"},"schema":{"@context":"https:\/\/schema.org","@graph":[{"@type":"WebPage","@id":"https:\/\/marktxxl.de\/markt\/produkt\/nurkoo-10m-led-lichtschlauch-240-leds-lichterschlauch-ip65-wasserfest-lichterkette-strombetrieben-mit-7-2-w-eu-stecker-fuer-innen-aussen-party-hochzeit-deko-warmweiss-leuchtschlauch\/","url":"https:\/\/marktxxl.de\/markt\/produkt\/nurkoo-10m-led-lichtschlauch-240-leds-lichterschlauch-ip65-wasserfest-lichterkette-strombetrieben-mit-7-2-w-eu-stecker-fuer-innen-aussen-party-hochzeit-deko-warmweiss-leuchtschlauch\/","name":"Nurkoo 10m LED Lichtschlauch, 240 LEDs Lichterschlauch IP65 Wasserfest, Lichterkette Strombetrieben mit EU-Stecker f\u00fcr\u2026 - Markt-XXL","isPartOf":{"@id":"https:\/\/marktxxl.de\/markt\/#website"},"primaryImageOfPage":{"@id":"https:\/\/marktxxl.de\/markt\/produkt\/nurkoo-10m-led-lichtschlauch-240-leds-lichterschlauch-ip65-wasserfest-lichterkette-strombetrieben-mit-7-2-w-eu-stecker-fuer-innen-aussen-party-hochzeit-deko-warmweiss-leuchtschlauch\/#primaryimage"},"image":{"@id":"https:\/\/marktxxl.de\/markt\/produkt\/nurkoo-10m-led-lichtschlauch-240-leds-lichterschlauch-ip65-wasserfest-lichterkette-strombetrieben-mit-7-2-w-eu-stecker-fuer-innen-aussen-party-hochzeit-deko-warmweiss-leuchtschlauch\/#primaryimage"},"thumbnailUrl":"https:\/\/m.media-amazon.com\/images\/I\/51HLCR0wxzL._SL500_.jpg","datePublished":"2021-09-13T18:34:10+00:00","dateModified":"2023-04-10T23:49:00+00:00","description":"Markt-XXL Nurkoo 10m LED Lichtschlauch, 240 LEDs Lichterschlauch IP65 Wasserfest, Lichterkette Strombetrieben mit EU-Stecker f\u00fcr\u2026","breadcrumb":{"@id":"https:\/\/marktxxl.de\/markt\/produkt\/nurkoo-10m-led-lichtschlauch-240-leds-lichterschlauch-ip65-wasserfest-lichterkette-strombetrieben-mit-7-2-w-eu-stecker-fuer-innen-aussen-party-hochzeit-deko-warmweiss-leuchtschlauch\/#breadcrumb"},"inLanguage":"de","potentialAction":[{"@type":"ReadAction","target":["https:\/\/marktxxl.de\/markt\/produkt\/nurkoo-10m-led-lichtschlauch-240-leds-lichterschlauch-ip65-wasserfest-lichterkette-strombetrieben-mit-7-2-w-eu-stecker-fuer-innen-aussen-party-hochzeit-deko-warmweiss-leuchtschlauch\/"]}]},{"@type":"ImageObject","inLanguage":"de","@id":"https:\/\/marktxxl.de\/markt\/produkt\/nurkoo-10m-led-lichtschlauch-240-leds-lichterschlauch-ip65-wasserfest-lichterkette-strombetrieben-mit-7-2-w-eu-stecker-fuer-innen-aussen-party-hochzeit-deko-warmweiss-leuchtschlauch\/#primaryimage","url":"https:\/\/m.media-amazon.com\/images\/I\/51HLCR0wxzL._SL500_.jpg","contentUrl":"https:\/\/m.media-amazon.com\/images\/I\/51HLCR0wxzL._SL500_.jpg","width":500,"height":500},{"@type":"BreadcrumbList","@id":"https:\/\/marktxxl.de\/markt\/produkt\/nurkoo-10m-led-lichtschlauch-240-leds-lichterschlauch-ip65-wasserfest-lichterkette-strombetrieben-mit-7-2-w-eu-stecker-fuer-innen-aussen-party-hochzeit-deko-warmweiss-leuchtschlauch\/#breadcrumb","itemListElement":[{"@type":"ListItem","position":1,"name":"Startseite","item":"https:\/\/marktxxl.de\/markt\/"},{"@type":"ListItem","position":2,"name":"Markt","item":"https:\/\/marktxxl.de\/markt\/"},{"@type":"ListItem","position":3,"name":"Nurkoo 10m LED Lichtschlauch, 240 LEDs Lichterschlauch IP65 Wasserfest, Lichterkette Strombetrieben mit EU-Stecker f\u00fcr\u2026"}]},{"@type":"WebSite","@id":"https:\/\/marktxxl.de\/markt\/#website","url":"https:\/\/marktxxl.de\/markt\/","name":"Markt-XXL","description":"Ihr Markt Online","publisher":{"@id":"https:\/\/marktxxl.de\/markt\/#organization"},"potentialAction":[{"@type":"SearchAction","target":{"@type":"EntryPoint","urlTemplate":"https:\/\/marktxxl.de\/markt\/?s={search_term_string}"},"query-input":{"@type":"PropertyValueSpecification","valueRequired":true,"valueName":"search_term_string"}}],"inLanguage":"de"},{"@type":"Organization","@id":"https:\/\/marktxxl.de\/markt\/#organization","name":"Markt-XXL","url":"https:\/\/marktxxl.de\/markt\/","logo":{"@type":"ImageObject","inLanguage":"de","@id":"https:\/\/marktxxl.de\/markt\/#\/schema\/logo\/image\/","url":"https:\/\/marktxxl.de\/markt\/wp-content\/uploads\/sites\/3\/2020\/12\/logo.png","contentUrl":"https:\/\/marktxxl.de\/markt\/wp-content\/uploads\/sites\/3\/2020\/12\/logo.png","width":200,"height":70,"caption":"Markt-XXL"},"image":{"@id":"https:\/\/marktxxl.de\/markt\/#\/schema\/logo\/image\/"}}]}},"_links":{"self":[{"href":"https:\/\/marktxxl.de\/markt\/wp-json\/wp\/v2\/product\/34800","targetHints":{"allow":["GET"]}}],"collection":[{"href":"https:\/\/marktxxl.de\/markt\/wp-json\/wp\/v2\/product"}],"about":[{"href":"https:\/\/marktxxl.de\/markt\/wp-json\/wp\/v2\/types\/product"}],"replies":[{"embeddable":true,"href":"https:\/\/marktxxl.de\/markt\/wp-json\/wp\/v2\/comments?post=34800"}],"wp:featuredmedia":[{"embeddable":true,"href":"https:\/\/marktxxl.de\/markt\/wp-json\/wp\/v2\/media\/34801"}],"wp:attachment":[{"href":"https:\/\/marktxxl.de\/markt\/wp-json\/wp\/v2\/media?parent=34800"}],"wp:term":[{"taxonomy":"product_brand","embeddable":true,"href":"https:\/\/marktxxl.de\/markt\/wp-json\/wp\/v2\/product_brand?post=34800"},{"taxonomy":"product_cat","embeddable":true,"href":"https:\/\/marktxxl.de\/markt\/wp-json\/wp\/v2\/product_cat?post=34800"},{"taxonomy":"product_tag","embeddable":true,"href":"https:\/\/marktxxl.de\/markt\/wp-json\/wp\/v2\/product_tag?post=34800"}],"curies":[{"name":"wp","href":"https:\/\/api.w.org\/{rel}","templated":true}]}}