{"id":34512,"date":"2021-09-13T20:28:49","date_gmt":"2021-09-13T18:28:49","guid":{"rendered":"https:\/\/marktxxl.de\/markt\/produkt\/10er-pack-naturweiss-lohas-6w-gu10-led-lampen-ersatz-fuer-50w-halogenlampen-500lm-naturweiss-4000k-120abstrahlwinkel-nicht-dimmbar-led-lampe-led-birnen-led-leuchtmittel\/"},"modified":"2023-04-11T01:48:56","modified_gmt":"2023-04-10T23:48:56","slug":"10er-pack-naturweiss-lohas-6w-gu10-led-lampen-ersatz-fuer-50w-halogenlampen-500lm-naturweiss-4000k-120abstrahlwinkel-nicht-dimmbar-led-lampe-led-birnen-led-leuchtmittel","status":"publish","type":"product","link":"https:\/\/marktxxl.de\/markt\/produkt\/10er-pack-naturweiss-lohas-6w-gu10-led-lampen-ersatz-fuer-50w-halogenlampen-500lm-naturweiss-4000k-120abstrahlwinkel-nicht-dimmbar-led-lampe-led-birnen-led-leuchtmittel\/","title":{"rendered":"LOHAS GU10 LED 4000K Neutralweiss lampe, 5.5W Ersetzt 50W, 500LM, Leuchtmittel GU10 Naturwei\u00df, 120\u00b0Abstrahlwinkel, Nicht\u2026"},"content":{"rendered":"<p>Perfekte LED-lampe \u2013 sch\u00f6ne naturwei\u00dfe Farbe, 4000K, 500lm, 120 Strahlwinkel, 50 Watt Halogen wird ersetzt durch 6 Watt GU10 Lampen. 10er Pack.<br \/>\nHome Energieeffiziienz \u2013 niedrige Energieerzeugung, hohe Helligkeit, gute Farbewiedergabe von beleuchteten Gegenst\u00e4nden. Kein Flackern, homogenes Licht ohne unnat\u00fcrliches Strahlenb\u00fcndel sch\u00fctzt die Augen.<br \/>\nErstunliche Lichtfarbe \u2013 LOHAS 4000K LED-Lampe hellt jedes Zimmer auf mit naturwei\u00dfem Licht. Licht von der Lampe ist so wei\u00df wie das typische Gl\u00fchlicht und macht es gewohnt.<br \/>\nInstant-On \u2013 den Schalter umdrehen und Ihr Zimmer wird unverz\u00fcglich gef\u00fcllt mit heller Beleuchtung. Viel besser als die andere altmodische LED-Lampen, die 5, 10 oder sogar 30 Sekunden ben\u00f6tigt, um volle Beleuchtung zu erreichen.<br \/>\nWenn Sie Fragen zu den Produkten haben, wenden Sie sich bitte an unseren Kundendienst. Wir werden das Problem bald l\u00f6sen.<br \/>\n<div class=\"main-cross-sell\" data-asin=\"B07SPZWRPH\">\n\n\t<div class=\"WooZone-cross-sell-loader\">\n\t\t<div>\n\t\t\t<div id=\"floatingBarsG\">\n\t\t\t\t<div class=\"blockG\" id=\"rotateG_01\"><\/div>\n\t\t\t\t<div class=\"blockG\" id=\"rotateG_02\"><\/div>\n\t\t\t\t<div class=\"blockG\" id=\"rotateG_03\"><\/div>\n\t\t\t\t<div class=\"blockG\" id=\"rotateG_04\"><\/div>\n\t\t\t\t<div class=\"blockG\" id=\"rotateG_05\"><\/div>\n\t\t\t\t<div class=\"blockG\" id=\"rotateG_06\"><\/div>\n\t\t\t\t<div class=\"blockG\" id=\"rotateG_07\"><\/div>\n\t\t\t\t<div class=\"blockG\" id=\"rotateG_08\"><\/div>\n\t\t\t<\/div>\n\t\t\t<div class=\"WooZone-cross-sell-loader-text\"><\/div>\n\t\t<\/div>\n\t<\/div>\n\n\t\t\n<\/div>\n<div style=\"clear:both;\"><\/div><\/p>\n","protected":false},"excerpt":{"rendered":"<p>Perfekte LED-lampe \u2013 sch\u00f6ne naturwei\u00dfe Farbe, 4000K, 500lm, 120 Strahlwinkel, 50 Watt Halogen wird ersetzt durch 6 Watt GU10 Lampen. 10er Pack.<br \/>\nHome Energieeffiziienz \u2013 niedrige Energieerzeugung, hohe Helligkeit, gute Farbewiedergabe von beleuchteten Gegenst\u00e4nden. Kein Flackern, homogenes Licht ohne unnat\u00fcrliches Strahlenb\u00fcndel sch\u00fctzt die Augen.<br \/>\nErstunliche Lichtfarbe \u2013 LOHAS 4000K LED-Lampe hellt jedes Zimmer auf mit naturwei\u00dfem Licht. Licht von der Lampe ist so wei\u00df wie das typische Gl\u00fchlicht und macht es gewohnt.<\/p>\n","protected":false},"featured_media":34513,"comment_status":"open","ping_status":"closed","template":"","meta":[],"product_brand":[],"product_cat":[2108,11521],"product_tag":[],"class_list":{"0":"post-34512","1":"product","2":"type-product","3":"status-publish","4":"has-post-thumbnail","6":"product_cat-beleuchtung","7":"product_cat-leuchtmittel","8":"pa_brand-lohas-led","9":"pa_color-naturweiss","10":"pa_height-2-16535-zoll","11":"pa_length-1-9685-zoll","12":"pa_manufacturer-gk-lighting","13":"pa_size-10-stueck-1er-pack","14":"pa_width-1-9685-zoll","16":"first","17":"instock","18":"shipping-taxable","19":"purchasable","20":"product-type-simple","21":"customify-col","22":"product-has-gallery"},"yoast_head":"<!-- This site is optimized with the Yoast SEO plugin v27.4 - https:\/\/yoast.com\/product\/yoast-seo-wordpress\/ -->\n<title>LOHAS GU10 LED 4000K Neutralweiss lampe, 5.5W Ersetzt 50W, 500LM, Leuchtmittel GU10 Naturwei\u00df, 120\u00b0Abstrahlwinkel, Nicht\u2026 - Markt-XXL<\/title>\n<meta name=\"description\" content=\"Markt-XXL LOHAS GU10 LED 4000K Neutralweiss lampe, 5.5W Ersetzt 50W, 500LM, Leuchtmittel GU10 Naturwei\u00df, 120\u00b0Abstrahlwinkel, Nicht\u2026\" \/>\n<meta name=\"robots\" content=\"index, follow, max-snippet:-1, max-image-preview:large, max-video-preview:-1\" \/>\n<link rel=\"canonical\" href=\"https:\/\/marktxxl.de\/markt\/produkt\/10er-pack-naturweiss-lohas-6w-gu10-led-lampen-ersatz-fuer-50w-halogenlampen-500lm-naturweiss-4000k-120abstrahlwinkel-nicht-dimmbar-led-lampe-led-birnen-led-leuchtmittel\/\" \/>\n<meta property=\"og:locale\" content=\"de_DE\" \/>\n<meta property=\"og:type\" content=\"article\" \/>\n<meta property=\"og:title\" content=\"LOHAS GU10 LED 4000K Neutralweiss lampe, 5.5W Ersetzt 50W, 500LM, Leuchtmittel GU10 Naturwei\u00df, 120\u00b0Abstrahlwinkel, Nicht\u2026 - Markt-XXL\" \/>\n<meta property=\"og:description\" content=\"Markt-XXL LOHAS GU10 LED 4000K Neutralweiss lampe, 5.5W Ersetzt 50W, 500LM, Leuchtmittel GU10 Naturwei\u00df, 120\u00b0Abstrahlwinkel, Nicht\u2026\" \/>\n<meta property=\"og:url\" content=\"https:\/\/marktxxl.de\/markt\/produkt\/10er-pack-naturweiss-lohas-6w-gu10-led-lampen-ersatz-fuer-50w-halogenlampen-500lm-naturweiss-4000k-120abstrahlwinkel-nicht-dimmbar-led-lampe-led-birnen-led-leuchtmittel\/\" \/>\n<meta property=\"og:site_name\" content=\"Markt-XXL\" \/>\n<meta property=\"article:modified_time\" content=\"2023-04-10T23:48:56+00:00\" \/>\n<meta property=\"og:image\" content=\"https:\/\/m.media-amazon.com\/images\/I\/41JzqUxIMcL._SL500_.jpg\" \/>\n\t<meta property=\"og:image:width\" content=\"500\" \/>\n\t<meta property=\"og:image:height\" content=\"500\" \/>\n\t<meta property=\"og:image:type\" content=\"image\/jpeg\" \/>\n<meta name=\"twitter:card\" content=\"summary_large_image\" \/>\n<meta name=\"twitter:label1\" content=\"Gesch\u00e4tzte Lesezeit\" \/>\n\t<meta name=\"twitter:data1\" content=\"1\u00a0Minute\" \/>\n<script type=\"application\/ld+json\" class=\"yoast-schema-graph\">{\"@context\":\"https:\\\/\\\/schema.org\",\"@graph\":[{\"@type\":\"WebPage\",\"@id\":\"https:\\\/\\\/marktxxl.de\\\/markt\\\/produkt\\\/10er-pack-naturweiss-lohas-6w-gu10-led-lampen-ersatz-fuer-50w-halogenlampen-500lm-naturweiss-4000k-120abstrahlwinkel-nicht-dimmbar-led-lampe-led-birnen-led-leuchtmittel\\\/\",\"url\":\"https:\\\/\\\/marktxxl.de\\\/markt\\\/produkt\\\/10er-pack-naturweiss-lohas-6w-gu10-led-lampen-ersatz-fuer-50w-halogenlampen-500lm-naturweiss-4000k-120abstrahlwinkel-nicht-dimmbar-led-lampe-led-birnen-led-leuchtmittel\\\/\",\"name\":\"LOHAS GU10 LED 4000K Neutralweiss lampe, 5.5W Ersetzt 50W, 500LM, Leuchtmittel GU10 Naturwei\u00df, 120\u00b0Abstrahlwinkel, Nicht\u2026 - Markt-XXL\",\"isPartOf\":{\"@id\":\"https:\\\/\\\/marktxxl.de\\\/markt\\\/#website\"},\"primaryImageOfPage\":{\"@id\":\"https:\\\/\\\/marktxxl.de\\\/markt\\\/produkt\\\/10er-pack-naturweiss-lohas-6w-gu10-led-lampen-ersatz-fuer-50w-halogenlampen-500lm-naturweiss-4000k-120abstrahlwinkel-nicht-dimmbar-led-lampe-led-birnen-led-leuchtmittel\\\/#primaryimage\"},\"image\":{\"@id\":\"https:\\\/\\\/marktxxl.de\\\/markt\\\/produkt\\\/10er-pack-naturweiss-lohas-6w-gu10-led-lampen-ersatz-fuer-50w-halogenlampen-500lm-naturweiss-4000k-120abstrahlwinkel-nicht-dimmbar-led-lampe-led-birnen-led-leuchtmittel\\\/#primaryimage\"},\"thumbnailUrl\":\"https:\\\/\\\/m.media-amazon.com\\\/images\\\/I\\\/41JzqUxIMcL._SL500_.jpg\",\"datePublished\":\"2021-09-13T18:28:49+00:00\",\"dateModified\":\"2023-04-10T23:48:56+00:00\",\"description\":\"Markt-XXL LOHAS GU10 LED 4000K Neutralweiss lampe, 5.5W Ersetzt 50W, 500LM, Leuchtmittel GU10 Naturwei\u00df, 120\u00b0Abstrahlwinkel, Nicht\u2026\",\"breadcrumb\":{\"@id\":\"https:\\\/\\\/marktxxl.de\\\/markt\\\/produkt\\\/10er-pack-naturweiss-lohas-6w-gu10-led-lampen-ersatz-fuer-50w-halogenlampen-500lm-naturweiss-4000k-120abstrahlwinkel-nicht-dimmbar-led-lampe-led-birnen-led-leuchtmittel\\\/#breadcrumb\"},\"inLanguage\":\"de\",\"potentialAction\":[{\"@type\":\"ReadAction\",\"target\":[\"https:\\\/\\\/marktxxl.de\\\/markt\\\/produkt\\\/10er-pack-naturweiss-lohas-6w-gu10-led-lampen-ersatz-fuer-50w-halogenlampen-500lm-naturweiss-4000k-120abstrahlwinkel-nicht-dimmbar-led-lampe-led-birnen-led-leuchtmittel\\\/\"]}]},{\"@type\":\"ImageObject\",\"inLanguage\":\"de\",\"@id\":\"https:\\\/\\\/marktxxl.de\\\/markt\\\/produkt\\\/10er-pack-naturweiss-lohas-6w-gu10-led-lampen-ersatz-fuer-50w-halogenlampen-500lm-naturweiss-4000k-120abstrahlwinkel-nicht-dimmbar-led-lampe-led-birnen-led-leuchtmittel\\\/#primaryimage\",\"url\":\"https:\\\/\\\/m.media-amazon.com\\\/images\\\/I\\\/41JzqUxIMcL._SL500_.jpg\",\"contentUrl\":\"https:\\\/\\\/m.media-amazon.com\\\/images\\\/I\\\/41JzqUxIMcL._SL500_.jpg\",\"width\":500,\"height\":500},{\"@type\":\"BreadcrumbList\",\"@id\":\"https:\\\/\\\/marktxxl.de\\\/markt\\\/produkt\\\/10er-pack-naturweiss-lohas-6w-gu10-led-lampen-ersatz-fuer-50w-halogenlampen-500lm-naturweiss-4000k-120abstrahlwinkel-nicht-dimmbar-led-lampe-led-birnen-led-leuchtmittel\\\/#breadcrumb\",\"itemListElement\":[{\"@type\":\"ListItem\",\"position\":1,\"name\":\"Startseite\",\"item\":\"https:\\\/\\\/marktxxl.de\\\/markt\\\/\"},{\"@type\":\"ListItem\",\"position\":2,\"name\":\"Markt\",\"item\":\"https:\\\/\\\/marktxxl.de\\\/markt\\\/\"},{\"@type\":\"ListItem\",\"position\":3,\"name\":\"LOHAS GU10 LED 4000K Neutralweiss lampe, 5.5W Ersetzt 50W, 500LM, Leuchtmittel GU10 Naturwei\u00df, 120\u00b0Abstrahlwinkel, Nicht\u2026\"}]},{\"@type\":\"WebSite\",\"@id\":\"https:\\\/\\\/marktxxl.de\\\/markt\\\/#website\",\"url\":\"https:\\\/\\\/marktxxl.de\\\/markt\\\/\",\"name\":\"Markt-XXL\",\"description\":\"Ihr Markt Online\",\"publisher\":{\"@id\":\"https:\\\/\\\/marktxxl.de\\\/markt\\\/#organization\"},\"potentialAction\":[{\"@type\":\"SearchAction\",\"target\":{\"@type\":\"EntryPoint\",\"urlTemplate\":\"https:\\\/\\\/marktxxl.de\\\/markt\\\/?s={search_term_string}\"},\"query-input\":{\"@type\":\"PropertyValueSpecification\",\"valueRequired\":true,\"valueName\":\"search_term_string\"}}],\"inLanguage\":\"de\"},{\"@type\":\"Organization\",\"@id\":\"https:\\\/\\\/marktxxl.de\\\/markt\\\/#organization\",\"name\":\"Markt-XXL\",\"url\":\"https:\\\/\\\/marktxxl.de\\\/markt\\\/\",\"logo\":{\"@type\":\"ImageObject\",\"inLanguage\":\"de\",\"@id\":\"https:\\\/\\\/marktxxl.de\\\/markt\\\/#\\\/schema\\\/logo\\\/image\\\/\",\"url\":\"https:\\\/\\\/marktxxl.de\\\/markt\\\/wp-content\\\/uploads\\\/sites\\\/3\\\/2020\\\/12\\\/logo.png\",\"contentUrl\":\"https:\\\/\\\/marktxxl.de\\\/markt\\\/wp-content\\\/uploads\\\/sites\\\/3\\\/2020\\\/12\\\/logo.png\",\"width\":200,\"height\":70,\"caption\":\"Markt-XXL\"},\"image\":{\"@id\":\"https:\\\/\\\/marktxxl.de\\\/markt\\\/#\\\/schema\\\/logo\\\/image\\\/\"}}]}<\/script>\n<!-- \/ Yoast SEO plugin. -->","yoast_head_json":{"title":"LOHAS GU10 LED 4000K Neutralweiss lampe, 5.5W Ersetzt 50W, 500LM, Leuchtmittel GU10 Naturwei\u00df, 120\u00b0Abstrahlwinkel, Nicht\u2026 - Markt-XXL","description":"Markt-XXL LOHAS GU10 LED 4000K Neutralweiss lampe, 5.5W Ersetzt 50W, 500LM, Leuchtmittel GU10 Naturwei\u00df, 120\u00b0Abstrahlwinkel, Nicht\u2026","robots":{"index":"index","follow":"follow","max-snippet":"max-snippet:-1","max-image-preview":"max-image-preview:large","max-video-preview":"max-video-preview:-1"},"canonical":"https:\/\/marktxxl.de\/markt\/produkt\/10er-pack-naturweiss-lohas-6w-gu10-led-lampen-ersatz-fuer-50w-halogenlampen-500lm-naturweiss-4000k-120abstrahlwinkel-nicht-dimmbar-led-lampe-led-birnen-led-leuchtmittel\/","og_locale":"de_DE","og_type":"article","og_title":"LOHAS GU10 LED 4000K Neutralweiss lampe, 5.5W Ersetzt 50W, 500LM, Leuchtmittel GU10 Naturwei\u00df, 120\u00b0Abstrahlwinkel, Nicht\u2026 - Markt-XXL","og_description":"Markt-XXL LOHAS GU10 LED 4000K Neutralweiss lampe, 5.5W Ersetzt 50W, 500LM, Leuchtmittel GU10 Naturwei\u00df, 120\u00b0Abstrahlwinkel, Nicht\u2026","og_url":"https:\/\/marktxxl.de\/markt\/produkt\/10er-pack-naturweiss-lohas-6w-gu10-led-lampen-ersatz-fuer-50w-halogenlampen-500lm-naturweiss-4000k-120abstrahlwinkel-nicht-dimmbar-led-lampe-led-birnen-led-leuchtmittel\/","og_site_name":"Markt-XXL","article_modified_time":"2023-04-10T23:48:56+00:00","og_image":[{"width":500,"height":500,"url":"https:\/\/m.media-amazon.com\/images\/I\/41JzqUxIMcL._SL500_.jpg","type":"image\/jpeg"}],"twitter_card":"summary_large_image","twitter_misc":{"Gesch\u00e4tzte Lesezeit":"1\u00a0Minute"},"schema":{"@context":"https:\/\/schema.org","@graph":[{"@type":"WebPage","@id":"https:\/\/marktxxl.de\/markt\/produkt\/10er-pack-naturweiss-lohas-6w-gu10-led-lampen-ersatz-fuer-50w-halogenlampen-500lm-naturweiss-4000k-120abstrahlwinkel-nicht-dimmbar-led-lampe-led-birnen-led-leuchtmittel\/","url":"https:\/\/marktxxl.de\/markt\/produkt\/10er-pack-naturweiss-lohas-6w-gu10-led-lampen-ersatz-fuer-50w-halogenlampen-500lm-naturweiss-4000k-120abstrahlwinkel-nicht-dimmbar-led-lampe-led-birnen-led-leuchtmittel\/","name":"LOHAS GU10 LED 4000K Neutralweiss lampe, 5.5W Ersetzt 50W, 500LM, Leuchtmittel GU10 Naturwei\u00df, 120\u00b0Abstrahlwinkel, Nicht\u2026 - Markt-XXL","isPartOf":{"@id":"https:\/\/marktxxl.de\/markt\/#website"},"primaryImageOfPage":{"@id":"https:\/\/marktxxl.de\/markt\/produkt\/10er-pack-naturweiss-lohas-6w-gu10-led-lampen-ersatz-fuer-50w-halogenlampen-500lm-naturweiss-4000k-120abstrahlwinkel-nicht-dimmbar-led-lampe-led-birnen-led-leuchtmittel\/#primaryimage"},"image":{"@id":"https:\/\/marktxxl.de\/markt\/produkt\/10er-pack-naturweiss-lohas-6w-gu10-led-lampen-ersatz-fuer-50w-halogenlampen-500lm-naturweiss-4000k-120abstrahlwinkel-nicht-dimmbar-led-lampe-led-birnen-led-leuchtmittel\/#primaryimage"},"thumbnailUrl":"https:\/\/m.media-amazon.com\/images\/I\/41JzqUxIMcL._SL500_.jpg","datePublished":"2021-09-13T18:28:49+00:00","dateModified":"2023-04-10T23:48:56+00:00","description":"Markt-XXL LOHAS GU10 LED 4000K Neutralweiss lampe, 5.5W Ersetzt 50W, 500LM, Leuchtmittel GU10 Naturwei\u00df, 120\u00b0Abstrahlwinkel, Nicht\u2026","breadcrumb":{"@id":"https:\/\/marktxxl.de\/markt\/produkt\/10er-pack-naturweiss-lohas-6w-gu10-led-lampen-ersatz-fuer-50w-halogenlampen-500lm-naturweiss-4000k-120abstrahlwinkel-nicht-dimmbar-led-lampe-led-birnen-led-leuchtmittel\/#breadcrumb"},"inLanguage":"de","potentialAction":[{"@type":"ReadAction","target":["https:\/\/marktxxl.de\/markt\/produkt\/10er-pack-naturweiss-lohas-6w-gu10-led-lampen-ersatz-fuer-50w-halogenlampen-500lm-naturweiss-4000k-120abstrahlwinkel-nicht-dimmbar-led-lampe-led-birnen-led-leuchtmittel\/"]}]},{"@type":"ImageObject","inLanguage":"de","@id":"https:\/\/marktxxl.de\/markt\/produkt\/10er-pack-naturweiss-lohas-6w-gu10-led-lampen-ersatz-fuer-50w-halogenlampen-500lm-naturweiss-4000k-120abstrahlwinkel-nicht-dimmbar-led-lampe-led-birnen-led-leuchtmittel\/#primaryimage","url":"https:\/\/m.media-amazon.com\/images\/I\/41JzqUxIMcL._SL500_.jpg","contentUrl":"https:\/\/m.media-amazon.com\/images\/I\/41JzqUxIMcL._SL500_.jpg","width":500,"height":500},{"@type":"BreadcrumbList","@id":"https:\/\/marktxxl.de\/markt\/produkt\/10er-pack-naturweiss-lohas-6w-gu10-led-lampen-ersatz-fuer-50w-halogenlampen-500lm-naturweiss-4000k-120abstrahlwinkel-nicht-dimmbar-led-lampe-led-birnen-led-leuchtmittel\/#breadcrumb","itemListElement":[{"@type":"ListItem","position":1,"name":"Startseite","item":"https:\/\/marktxxl.de\/markt\/"},{"@type":"ListItem","position":2,"name":"Markt","item":"https:\/\/marktxxl.de\/markt\/"},{"@type":"ListItem","position":3,"name":"LOHAS GU10 LED 4000K Neutralweiss lampe, 5.5W Ersetzt 50W, 500LM, Leuchtmittel GU10 Naturwei\u00df, 120\u00b0Abstrahlwinkel, Nicht\u2026"}]},{"@type":"WebSite","@id":"https:\/\/marktxxl.de\/markt\/#website","url":"https:\/\/marktxxl.de\/markt\/","name":"Markt-XXL","description":"Ihr Markt Online","publisher":{"@id":"https:\/\/marktxxl.de\/markt\/#organization"},"potentialAction":[{"@type":"SearchAction","target":{"@type":"EntryPoint","urlTemplate":"https:\/\/marktxxl.de\/markt\/?s={search_term_string}"},"query-input":{"@type":"PropertyValueSpecification","valueRequired":true,"valueName":"search_term_string"}}],"inLanguage":"de"},{"@type":"Organization","@id":"https:\/\/marktxxl.de\/markt\/#organization","name":"Markt-XXL","url":"https:\/\/marktxxl.de\/markt\/","logo":{"@type":"ImageObject","inLanguage":"de","@id":"https:\/\/marktxxl.de\/markt\/#\/schema\/logo\/image\/","url":"https:\/\/marktxxl.de\/markt\/wp-content\/uploads\/sites\/3\/2020\/12\/logo.png","contentUrl":"https:\/\/marktxxl.de\/markt\/wp-content\/uploads\/sites\/3\/2020\/12\/logo.png","width":200,"height":70,"caption":"Markt-XXL"},"image":{"@id":"https:\/\/marktxxl.de\/markt\/#\/schema\/logo\/image\/"}}]}},"_links":{"self":[{"href":"https:\/\/marktxxl.de\/markt\/wp-json\/wp\/v2\/product\/34512","targetHints":{"allow":["GET"]}}],"collection":[{"href":"https:\/\/marktxxl.de\/markt\/wp-json\/wp\/v2\/product"}],"about":[{"href":"https:\/\/marktxxl.de\/markt\/wp-json\/wp\/v2\/types\/product"}],"replies":[{"embeddable":true,"href":"https:\/\/marktxxl.de\/markt\/wp-json\/wp\/v2\/comments?post=34512"}],"wp:featuredmedia":[{"embeddable":true,"href":"https:\/\/marktxxl.de\/markt\/wp-json\/wp\/v2\/media\/34513"}],"wp:attachment":[{"href":"https:\/\/marktxxl.de\/markt\/wp-json\/wp\/v2\/media?parent=34512"}],"wp:term":[{"taxonomy":"product_brand","embeddable":true,"href":"https:\/\/marktxxl.de\/markt\/wp-json\/wp\/v2\/product_brand?post=34512"},{"taxonomy":"product_cat","embeddable":true,"href":"https:\/\/marktxxl.de\/markt\/wp-json\/wp\/v2\/product_cat?post=34512"},{"taxonomy":"product_tag","embeddable":true,"href":"https:\/\/marktxxl.de\/markt\/wp-json\/wp\/v2\/product_tag?post=34512"}],"curies":[{"name":"wp","href":"https:\/\/api.w.org\/{rel}","templated":true}]}}