{"id":34022,"date":"2021-09-13T20:21:09","date_gmt":"2021-09-13T18:21:09","guid":{"rendered":"https:\/\/marktxxl.de\/markt\/produkt\/aimeili-liquid-latex-peel-off-liquid-tape-nagellack-korrektor-hautschutz-fingerschutz-fuer-nail-art-liquid-palisade-geruchlos-weiss-15ml\/"},"modified":"2023-04-11T01:47:22","modified_gmt":"2023-04-10T23:47:22","slug":"aimeili-liquid-latex-peel-off-liquid-tape-nagellack-korrektor-hautschutz-fingerschutz-fuer-nail-art-liquid-palisade-geruchlos-weiss-15ml","status":"publish","type":"product","link":"https:\/\/marktxxl.de\/markt\/produkt\/aimeili-liquid-latex-peel-off-liquid-tape-nagellack-korrektor-hautschutz-fingerschutz-fuer-nail-art-liquid-palisade-geruchlos-weiss-15ml\/","title":{"rendered":"AIMEILI Liquid Latex Peel off Liquid Tape Nagellack Korrektor Hautschutz Fingerschutz f\u00fcr Nail Art Liquid Palisade\u2026"},"content":{"rendered":"<p>Keine schmutzigen Finger mehr! Sch\u00fctzen Sie Ihre Haut vor Nagellack und Farbe. Ein Muss beim Stempeln, f\u00fcr Water Marbling, Airbrush, wenn Sie Farbverl\u00e4ufe mit Schw\u00e4mmchen auftupfen oder einfach Nagellack auftragen.<br \/>\nEinfach aufzutragen und abzul\u00f6sen und Zeit sparend. Sie m\u00fcssen keine Zeit mehr f\u00fcr das Entfernen von \u00fcbersch\u00fcssigem Nagellack oder Gellack verschwenden und Ihre N\u00e4gel weniger Aceton und anderen L\u00f6sungsmitteln aussetzen, wenn Sie sich Ihre N\u00e4gel versch\u00f6nern.<br \/>\nSchnelltrocknend und in einem St\u00fcck abziehbar. Es ben\u00f6tigt nur ein paar Protokoll, bis es trocken ist, dicker etwas l\u00e4nger.<br \/>\nEinzigartige Formel, kein f\u00fcrchterlicher Geruch.<br \/>\nTrocknet in wei\u00df, leicht zu sehen und abzusch\u00e4len, kann als abziehbare Grundierung benutzt werden.<br \/>\n<div class=\"main-cross-sell\" data-asin=\"B01L3M7DLW\">\n\n\t<div class=\"WooZone-cross-sell-loader\">\n\t\t<div>\n\t\t\t<div id=\"floatingBarsG\">\n\t\t\t\t<div class=\"blockG\" id=\"rotateG_01\"><\/div>\n\t\t\t\t<div class=\"blockG\" id=\"rotateG_02\"><\/div>\n\t\t\t\t<div class=\"blockG\" id=\"rotateG_03\"><\/div>\n\t\t\t\t<div class=\"blockG\" id=\"rotateG_04\"><\/div>\n\t\t\t\t<div class=\"blockG\" id=\"rotateG_05\"><\/div>\n\t\t\t\t<div class=\"blockG\" id=\"rotateG_06\"><\/div>\n\t\t\t\t<div class=\"blockG\" id=\"rotateG_07\"><\/div>\n\t\t\t\t<div class=\"blockG\" id=\"rotateG_08\"><\/div>\n\t\t\t<\/div>\n\t\t\t<div class=\"WooZone-cross-sell-loader-text\"><\/div>\n\t\t<\/div>\n\t<\/div>\n\n\t\t\n<\/div>\n<div style=\"clear:both;\"><\/div><\/p>\n","protected":false},"excerpt":{"rendered":"<p>Keine schmutzigen Finger mehr! Sch\u00fctzen Sie Ihre Haut vor Nagellack und Farbe. Ein Muss beim Stempeln, f\u00fcr Water Marbling, Airbrush, wenn Sie Farbverl\u00e4ufe mit Schw\u00e4mmchen auftupfen oder einfach Nagellack auftragen.<br \/>\nEinfach aufzutragen und abzul\u00f6sen und Zeit sparend. Sie m\u00fcssen keine Zeit mehr f\u00fcr das Entfernen von \u00fcbersch\u00fcssigem Nagellack oder Gellack verschwenden und Ihre N\u00e4gel weniger Aceton und anderen L\u00f6sungsmitteln aussetzen, wenn Sie sich Ihre N\u00e4gel versch\u00f6nern.<br \/>\nSchnelltrocknend und in einem St\u00fcck abziehbar. Es ben\u00f6tigt nur ein paar Protokoll, bis es trocken ist, dicker etwas l\u00e4nger.<\/p>\n","protected":false},"featured_media":34023,"comment_status":"open","ping_status":"closed","template":"","meta":[],"product_brand":[],"product_cat":[2858,7659],"product_tag":[],"class_list":{"0":"post-34022","1":"product","2":"type-product","3":"status-publish","4":"has-post-thumbnail","6":"product_cat-beauty","7":"product_cat-manikuere-pedikuere","8":"pa_binding-misc","9":"pa_brand-aimeili","10":"pa_height-2-9133858238-zoll","11":"pa_languages-unbekannt-spanisch-unbekannt-englisch","12":"pa_length-1-2204724397-zoll","13":"pa_manufacturer-aimeili","14":"pa_size-15-ml-1er-pack","15":"pa_weight-0-11-pfund","16":"pa_width-1-2204724397-zoll","18":"first","19":"instock","20":"shipping-taxable","21":"purchasable","22":"product-type-simple","23":"customify-col","24":"product-has-gallery"},"yoast_head":"<!-- This site is optimized with the Yoast SEO plugin v27.4 - https:\/\/yoast.com\/product\/yoast-seo-wordpress\/ -->\n<title>AIMEILI Liquid Latex Peel off Liquid Tape Nagellack Korrektor Hautschutz Fingerschutz f\u00fcr Nail Art Liquid Palisade\u2026 - Markt-XXL<\/title>\n<meta name=\"description\" content=\"Markt-XXL AIMEILI Liquid Latex Peel off Liquid Tape Nagellack Korrektor Hautschutz Fingerschutz f\u00fcr Nail Art Liquid Palisade\u2026\" \/>\n<meta name=\"robots\" content=\"index, follow, max-snippet:-1, max-image-preview:large, max-video-preview:-1\" \/>\n<link rel=\"canonical\" href=\"https:\/\/marktxxl.de\/markt\/produkt\/aimeili-liquid-latex-peel-off-liquid-tape-nagellack-korrektor-hautschutz-fingerschutz-fuer-nail-art-liquid-palisade-geruchlos-weiss-15ml\/\" \/>\n<meta property=\"og:locale\" content=\"de_DE\" \/>\n<meta property=\"og:type\" content=\"article\" \/>\n<meta property=\"og:title\" content=\"AIMEILI Liquid Latex Peel off Liquid Tape Nagellack Korrektor Hautschutz Fingerschutz f\u00fcr Nail Art Liquid Palisade\u2026 - Markt-XXL\" \/>\n<meta property=\"og:description\" content=\"Markt-XXL AIMEILI Liquid Latex Peel off Liquid Tape Nagellack Korrektor Hautschutz Fingerschutz f\u00fcr Nail Art Liquid Palisade\u2026\" \/>\n<meta property=\"og:url\" content=\"https:\/\/marktxxl.de\/markt\/produkt\/aimeili-liquid-latex-peel-off-liquid-tape-nagellack-korrektor-hautschutz-fingerschutz-fuer-nail-art-liquid-palisade-geruchlos-weiss-15ml\/\" \/>\n<meta property=\"og:site_name\" content=\"Markt-XXL\" \/>\n<meta property=\"article:modified_time\" content=\"2023-04-10T23:47:22+00:00\" \/>\n<meta property=\"og:image\" content=\"https:\/\/m.media-amazon.com\/images\/I\/31bj1J4MupL._SL500_.jpg\" \/>\n\t<meta property=\"og:image:width\" content=\"500\" \/>\n\t<meta property=\"og:image:height\" content=\"500\" \/>\n\t<meta property=\"og:image:type\" content=\"image\/jpeg\" \/>\n<meta name=\"twitter:card\" content=\"summary_large_image\" \/>\n<meta name=\"twitter:label1\" content=\"Gesch\u00e4tzte Lesezeit\" \/>\n\t<meta name=\"twitter:data1\" content=\"1\u00a0Minute\" \/>\n<script type=\"application\/ld+json\" class=\"yoast-schema-graph\">{\"@context\":\"https:\\\/\\\/schema.org\",\"@graph\":[{\"@type\":\"WebPage\",\"@id\":\"https:\\\/\\\/marktxxl.de\\\/markt\\\/produkt\\\/aimeili-liquid-latex-peel-off-liquid-tape-nagellack-korrektor-hautschutz-fingerschutz-fuer-nail-art-liquid-palisade-geruchlos-weiss-15ml\\\/\",\"url\":\"https:\\\/\\\/marktxxl.de\\\/markt\\\/produkt\\\/aimeili-liquid-latex-peel-off-liquid-tape-nagellack-korrektor-hautschutz-fingerschutz-fuer-nail-art-liquid-palisade-geruchlos-weiss-15ml\\\/\",\"name\":\"AIMEILI Liquid Latex Peel off Liquid Tape Nagellack Korrektor Hautschutz Fingerschutz f\u00fcr Nail Art Liquid Palisade\u2026 - Markt-XXL\",\"isPartOf\":{\"@id\":\"https:\\\/\\\/marktxxl.de\\\/markt\\\/#website\"},\"primaryImageOfPage\":{\"@id\":\"https:\\\/\\\/marktxxl.de\\\/markt\\\/produkt\\\/aimeili-liquid-latex-peel-off-liquid-tape-nagellack-korrektor-hautschutz-fingerschutz-fuer-nail-art-liquid-palisade-geruchlos-weiss-15ml\\\/#primaryimage\"},\"image\":{\"@id\":\"https:\\\/\\\/marktxxl.de\\\/markt\\\/produkt\\\/aimeili-liquid-latex-peel-off-liquid-tape-nagellack-korrektor-hautschutz-fingerschutz-fuer-nail-art-liquid-palisade-geruchlos-weiss-15ml\\\/#primaryimage\"},\"thumbnailUrl\":\"https:\\\/\\\/m.media-amazon.com\\\/images\\\/I\\\/31bj1J4MupL._SL500_.jpg\",\"datePublished\":\"2021-09-13T18:21:09+00:00\",\"dateModified\":\"2023-04-10T23:47:22+00:00\",\"description\":\"Markt-XXL AIMEILI Liquid Latex Peel off Liquid Tape Nagellack Korrektor Hautschutz Fingerschutz f\u00fcr Nail Art Liquid Palisade\u2026\",\"breadcrumb\":{\"@id\":\"https:\\\/\\\/marktxxl.de\\\/markt\\\/produkt\\\/aimeili-liquid-latex-peel-off-liquid-tape-nagellack-korrektor-hautschutz-fingerschutz-fuer-nail-art-liquid-palisade-geruchlos-weiss-15ml\\\/#breadcrumb\"},\"inLanguage\":\"de\",\"potentialAction\":[{\"@type\":\"ReadAction\",\"target\":[\"https:\\\/\\\/marktxxl.de\\\/markt\\\/produkt\\\/aimeili-liquid-latex-peel-off-liquid-tape-nagellack-korrektor-hautschutz-fingerschutz-fuer-nail-art-liquid-palisade-geruchlos-weiss-15ml\\\/\"]}]},{\"@type\":\"ImageObject\",\"inLanguage\":\"de\",\"@id\":\"https:\\\/\\\/marktxxl.de\\\/markt\\\/produkt\\\/aimeili-liquid-latex-peel-off-liquid-tape-nagellack-korrektor-hautschutz-fingerschutz-fuer-nail-art-liquid-palisade-geruchlos-weiss-15ml\\\/#primaryimage\",\"url\":\"https:\\\/\\\/m.media-amazon.com\\\/images\\\/I\\\/31bj1J4MupL._SL500_.jpg\",\"contentUrl\":\"https:\\\/\\\/m.media-amazon.com\\\/images\\\/I\\\/31bj1J4MupL._SL500_.jpg\",\"width\":500,\"height\":500},{\"@type\":\"BreadcrumbList\",\"@id\":\"https:\\\/\\\/marktxxl.de\\\/markt\\\/produkt\\\/aimeili-liquid-latex-peel-off-liquid-tape-nagellack-korrektor-hautschutz-fingerschutz-fuer-nail-art-liquid-palisade-geruchlos-weiss-15ml\\\/#breadcrumb\",\"itemListElement\":[{\"@type\":\"ListItem\",\"position\":1,\"name\":\"Startseite\",\"item\":\"https:\\\/\\\/marktxxl.de\\\/markt\\\/\"},{\"@type\":\"ListItem\",\"position\":2,\"name\":\"Markt\",\"item\":\"https:\\\/\\\/marktxxl.de\\\/markt\\\/\"},{\"@type\":\"ListItem\",\"position\":3,\"name\":\"AIMEILI Liquid Latex Peel off Liquid Tape Nagellack Korrektor Hautschutz Fingerschutz f\u00fcr Nail Art Liquid Palisade\u2026\"}]},{\"@type\":\"WebSite\",\"@id\":\"https:\\\/\\\/marktxxl.de\\\/markt\\\/#website\",\"url\":\"https:\\\/\\\/marktxxl.de\\\/markt\\\/\",\"name\":\"Markt-XXL\",\"description\":\"Ihr Markt Online\",\"publisher\":{\"@id\":\"https:\\\/\\\/marktxxl.de\\\/markt\\\/#organization\"},\"potentialAction\":[{\"@type\":\"SearchAction\",\"target\":{\"@type\":\"EntryPoint\",\"urlTemplate\":\"https:\\\/\\\/marktxxl.de\\\/markt\\\/?s={search_term_string}\"},\"query-input\":{\"@type\":\"PropertyValueSpecification\",\"valueRequired\":true,\"valueName\":\"search_term_string\"}}],\"inLanguage\":\"de\"},{\"@type\":\"Organization\",\"@id\":\"https:\\\/\\\/marktxxl.de\\\/markt\\\/#organization\",\"name\":\"Markt-XXL\",\"url\":\"https:\\\/\\\/marktxxl.de\\\/markt\\\/\",\"logo\":{\"@type\":\"ImageObject\",\"inLanguage\":\"de\",\"@id\":\"https:\\\/\\\/marktxxl.de\\\/markt\\\/#\\\/schema\\\/logo\\\/image\\\/\",\"url\":\"https:\\\/\\\/marktxxl.de\\\/markt\\\/wp-content\\\/uploads\\\/sites\\\/3\\\/2020\\\/12\\\/logo.png\",\"contentUrl\":\"https:\\\/\\\/marktxxl.de\\\/markt\\\/wp-content\\\/uploads\\\/sites\\\/3\\\/2020\\\/12\\\/logo.png\",\"width\":200,\"height\":70,\"caption\":\"Markt-XXL\"},\"image\":{\"@id\":\"https:\\\/\\\/marktxxl.de\\\/markt\\\/#\\\/schema\\\/logo\\\/image\\\/\"}}]}<\/script>\n<!-- \/ Yoast SEO plugin. -->","yoast_head_json":{"title":"AIMEILI Liquid Latex Peel off Liquid Tape Nagellack Korrektor Hautschutz Fingerschutz f\u00fcr Nail Art Liquid Palisade\u2026 - Markt-XXL","description":"Markt-XXL AIMEILI Liquid Latex Peel off Liquid Tape Nagellack Korrektor Hautschutz Fingerschutz f\u00fcr Nail Art Liquid Palisade\u2026","robots":{"index":"index","follow":"follow","max-snippet":"max-snippet:-1","max-image-preview":"max-image-preview:large","max-video-preview":"max-video-preview:-1"},"canonical":"https:\/\/marktxxl.de\/markt\/produkt\/aimeili-liquid-latex-peel-off-liquid-tape-nagellack-korrektor-hautschutz-fingerschutz-fuer-nail-art-liquid-palisade-geruchlos-weiss-15ml\/","og_locale":"de_DE","og_type":"article","og_title":"AIMEILI Liquid Latex Peel off Liquid Tape Nagellack Korrektor Hautschutz Fingerschutz f\u00fcr Nail Art Liquid Palisade\u2026 - Markt-XXL","og_description":"Markt-XXL AIMEILI Liquid Latex Peel off Liquid Tape Nagellack Korrektor Hautschutz Fingerschutz f\u00fcr Nail Art Liquid Palisade\u2026","og_url":"https:\/\/marktxxl.de\/markt\/produkt\/aimeili-liquid-latex-peel-off-liquid-tape-nagellack-korrektor-hautschutz-fingerschutz-fuer-nail-art-liquid-palisade-geruchlos-weiss-15ml\/","og_site_name":"Markt-XXL","article_modified_time":"2023-04-10T23:47:22+00:00","og_image":[{"width":500,"height":500,"url":"https:\/\/m.media-amazon.com\/images\/I\/31bj1J4MupL._SL500_.jpg","type":"image\/jpeg"}],"twitter_card":"summary_large_image","twitter_misc":{"Gesch\u00e4tzte Lesezeit":"1\u00a0Minute"},"schema":{"@context":"https:\/\/schema.org","@graph":[{"@type":"WebPage","@id":"https:\/\/marktxxl.de\/markt\/produkt\/aimeili-liquid-latex-peel-off-liquid-tape-nagellack-korrektor-hautschutz-fingerschutz-fuer-nail-art-liquid-palisade-geruchlos-weiss-15ml\/","url":"https:\/\/marktxxl.de\/markt\/produkt\/aimeili-liquid-latex-peel-off-liquid-tape-nagellack-korrektor-hautschutz-fingerschutz-fuer-nail-art-liquid-palisade-geruchlos-weiss-15ml\/","name":"AIMEILI Liquid Latex Peel off Liquid Tape Nagellack Korrektor Hautschutz Fingerschutz f\u00fcr Nail Art Liquid Palisade\u2026 - Markt-XXL","isPartOf":{"@id":"https:\/\/marktxxl.de\/markt\/#website"},"primaryImageOfPage":{"@id":"https:\/\/marktxxl.de\/markt\/produkt\/aimeili-liquid-latex-peel-off-liquid-tape-nagellack-korrektor-hautschutz-fingerschutz-fuer-nail-art-liquid-palisade-geruchlos-weiss-15ml\/#primaryimage"},"image":{"@id":"https:\/\/marktxxl.de\/markt\/produkt\/aimeili-liquid-latex-peel-off-liquid-tape-nagellack-korrektor-hautschutz-fingerschutz-fuer-nail-art-liquid-palisade-geruchlos-weiss-15ml\/#primaryimage"},"thumbnailUrl":"https:\/\/m.media-amazon.com\/images\/I\/31bj1J4MupL._SL500_.jpg","datePublished":"2021-09-13T18:21:09+00:00","dateModified":"2023-04-10T23:47:22+00:00","description":"Markt-XXL AIMEILI Liquid Latex Peel off Liquid Tape Nagellack Korrektor Hautschutz Fingerschutz f\u00fcr Nail Art Liquid Palisade\u2026","breadcrumb":{"@id":"https:\/\/marktxxl.de\/markt\/produkt\/aimeili-liquid-latex-peel-off-liquid-tape-nagellack-korrektor-hautschutz-fingerschutz-fuer-nail-art-liquid-palisade-geruchlos-weiss-15ml\/#breadcrumb"},"inLanguage":"de","potentialAction":[{"@type":"ReadAction","target":["https:\/\/marktxxl.de\/markt\/produkt\/aimeili-liquid-latex-peel-off-liquid-tape-nagellack-korrektor-hautschutz-fingerschutz-fuer-nail-art-liquid-palisade-geruchlos-weiss-15ml\/"]}]},{"@type":"ImageObject","inLanguage":"de","@id":"https:\/\/marktxxl.de\/markt\/produkt\/aimeili-liquid-latex-peel-off-liquid-tape-nagellack-korrektor-hautschutz-fingerschutz-fuer-nail-art-liquid-palisade-geruchlos-weiss-15ml\/#primaryimage","url":"https:\/\/m.media-amazon.com\/images\/I\/31bj1J4MupL._SL500_.jpg","contentUrl":"https:\/\/m.media-amazon.com\/images\/I\/31bj1J4MupL._SL500_.jpg","width":500,"height":500},{"@type":"BreadcrumbList","@id":"https:\/\/marktxxl.de\/markt\/produkt\/aimeili-liquid-latex-peel-off-liquid-tape-nagellack-korrektor-hautschutz-fingerschutz-fuer-nail-art-liquid-palisade-geruchlos-weiss-15ml\/#breadcrumb","itemListElement":[{"@type":"ListItem","position":1,"name":"Startseite","item":"https:\/\/marktxxl.de\/markt\/"},{"@type":"ListItem","position":2,"name":"Markt","item":"https:\/\/marktxxl.de\/markt\/"},{"@type":"ListItem","position":3,"name":"AIMEILI Liquid Latex Peel off Liquid Tape Nagellack Korrektor Hautschutz Fingerschutz f\u00fcr Nail Art Liquid Palisade\u2026"}]},{"@type":"WebSite","@id":"https:\/\/marktxxl.de\/markt\/#website","url":"https:\/\/marktxxl.de\/markt\/","name":"Markt-XXL","description":"Ihr Markt Online","publisher":{"@id":"https:\/\/marktxxl.de\/markt\/#organization"},"potentialAction":[{"@type":"SearchAction","target":{"@type":"EntryPoint","urlTemplate":"https:\/\/marktxxl.de\/markt\/?s={search_term_string}"},"query-input":{"@type":"PropertyValueSpecification","valueRequired":true,"valueName":"search_term_string"}}],"inLanguage":"de"},{"@type":"Organization","@id":"https:\/\/marktxxl.de\/markt\/#organization","name":"Markt-XXL","url":"https:\/\/marktxxl.de\/markt\/","logo":{"@type":"ImageObject","inLanguage":"de","@id":"https:\/\/marktxxl.de\/markt\/#\/schema\/logo\/image\/","url":"https:\/\/marktxxl.de\/markt\/wp-content\/uploads\/sites\/3\/2020\/12\/logo.png","contentUrl":"https:\/\/marktxxl.de\/markt\/wp-content\/uploads\/sites\/3\/2020\/12\/logo.png","width":200,"height":70,"caption":"Markt-XXL"},"image":{"@id":"https:\/\/marktxxl.de\/markt\/#\/schema\/logo\/image\/"}}]}},"_links":{"self":[{"href":"https:\/\/marktxxl.de\/markt\/wp-json\/wp\/v2\/product\/34022","targetHints":{"allow":["GET"]}}],"collection":[{"href":"https:\/\/marktxxl.de\/markt\/wp-json\/wp\/v2\/product"}],"about":[{"href":"https:\/\/marktxxl.de\/markt\/wp-json\/wp\/v2\/types\/product"}],"replies":[{"embeddable":true,"href":"https:\/\/marktxxl.de\/markt\/wp-json\/wp\/v2\/comments?post=34022"}],"wp:featuredmedia":[{"embeddable":true,"href":"https:\/\/marktxxl.de\/markt\/wp-json\/wp\/v2\/media\/34023"}],"wp:attachment":[{"href":"https:\/\/marktxxl.de\/markt\/wp-json\/wp\/v2\/media?parent=34022"}],"wp:term":[{"taxonomy":"product_brand","embeddable":true,"href":"https:\/\/marktxxl.de\/markt\/wp-json\/wp\/v2\/product_brand?post=34022"},{"taxonomy":"product_cat","embeddable":true,"href":"https:\/\/marktxxl.de\/markt\/wp-json\/wp\/v2\/product_cat?post=34022"},{"taxonomy":"product_tag","embeddable":true,"href":"https:\/\/marktxxl.de\/markt\/wp-json\/wp\/v2\/product_tag?post=34022"}],"curies":[{"name":"wp","href":"https:\/\/api.w.org\/{rel}","templated":true}]}}