{"id":33601,"date":"2021-09-13T20:12:13","date_gmt":"2021-09-13T18:12:13","guid":{"rendered":"https:\/\/marktxxl.de\/markt\/produkt\/nagelfraeser-aufsaetze-15-stuecke-bits-fuer-nagelfraeser-bausatz-12-stuecke-nagelfraeser-bit-mit-2-stuecke-schwamme-nagelfeilen-und-eine-nagelbuerste\/"},"modified":"2023-04-11T01:47:18","modified_gmt":"2023-04-10T23:47:18","slug":"nagelfraeser-aufsaetze-15-stuecke-bits-fuer-nagelfraeser-bausatz-12-stuecke-nagelfraeser-bit-mit-2-stuecke-schwamme-nagelfeilen-und-eine-nagelbuerste","status":"publish","type":"product","link":"https:\/\/marktxxl.de\/markt\/produkt\/nagelfraeser-aufsaetze-15-stuecke-bits-fuer-nagelfraeser-bausatz-12-stuecke-nagelfraeser-bit-mit-2-stuecke-schwamme-nagelfeilen-und-eine-nagelbuerste\/","title":{"rendered":"Nagelfr\u00e4ser Aufs\u00e4tze, 15 St\u00fccke Bits f\u00fcr Nagelfr\u00e4ser Bausatz 12 St\u00fccke Nagelfr\u00e4ser Bit mit 2 St\u00fccke Schwamme Nagelfeilen\u2026"},"content":{"rendered":"<p>Pakete enthalten &#8211; Unser fr\u00e4ser bit f\u00fcr geln\u00e4gel Set enth\u00e4lt 12 Arten von nagelfr\u00e4ser aufsatz mit unterschiedlichen Einsatzm\u00f6glichkeiten (konisch \/ Maiskopf \/ zylindrisch \/ runder Kopf \/ Feuerpfeil \/ Reinigungsb\u00fcrste \/ Nadelbohrer \/ Streichholzkopf \/ Mikro-Kugelbit \/ Silikonbohrer \/ Schreibspitze) Von der gro\u00dffl\u00e4chigen Nagellackentfernung bis zur kleinfl\u00e4chigen Reinigung und anschlie\u00dfenden Nagelnahtreinigung und Nagellackierung k\u00f6nnen mit dem keramik bits f\u00fcr nagelfr\u00e4ser durchgef\u00fchrt werden<br \/>\nHohe Qualit\u00e4t &#8211; Aus Keramik und Diamantwerkstoffen, die fr\u00e4ser bits sind h\u00e4rter und langlebiger. Gleichzeitig verhindern Sie, dass der aufs\u00e4tze f\u00fcr nagelfr\u00e4ser bei der Verwendung zu hei\u00df wird. Eine rechtzeitige Reinigung nach dem Gebrauch kann die Lebensdauer des nagelfr\u00e4ser bits verl\u00e4ngern<br \/>\nEinfach zu bedienen &#8211; Dieses nagel bits Set enth\u00e4lt eine Vielzahl von nagelfr\u00e4ser f\u00fcr geln\u00e4gel aufs\u00e4tze mit unterschiedlichen Rillenmustern und Formen, um Ihre verschiedenen Bed\u00fcrfnisse von der Nagellackentfernung bis zum Polieren zu erf\u00fcllen. Geeignet f\u00fcr die meisten Nagelbohrer mit 3\/32 Zoll Bohrern und f\u00e4llt nach der Installation nicht ab, ist der elektrische nagelfeile aufsatz sicher und praktisch<br \/>\nHoher Wirkungsgrad &#8211; Verwenden Sie die fr\u00e4ser aufs\u00e4tze 1-4, um Gel-Nagellack usw. zu entfernen. Verwenden Sie den keramik fr\u00e4ser bit 5, um dickeren Nagellack zu entfernen. Verwenden Sie die fr\u00e4ser bit 6-9, um Diamanten, Nagellackreste der Nagelnaht und abgestorbene Haut zu entfernen. Verwenden Sie die keramik bit 10-11, um die N\u00e4gel zu polieren. Verwenden Sie zum Schluss den bit nagelfr\u00e4ser 12, die Nagelfeile und die Nagelb\u00fcrste, um die N\u00e4gel zu reinigen<br \/>\nBreite Anwendung &#8211; Unsere nagelhaut fr\u00e4ser bits sind in verschiedenen Ausf\u00fchrungen erh\u00e4ltlich, von fr\u00e4ser bits n\u00e4gel f\u00fcr Anf\u00e4nger bis zu nail bits f\u00fcr Profis. Die keramikbit fuer nagelfraeser sind sowohl f\u00fcr den Heimgebrauch als auch f\u00fcr den Nagelstudio erh\u00e4ltlich und eignen sich zum Entfernen aller Arten von N\u00e4geln<br \/>\n<div class=\"main-cross-sell\" data-asin=\"B093BJTHM4\">\n\n\t<div class=\"WooZone-cross-sell-loader\">\n\t\t<div>\n\t\t\t<div id=\"floatingBarsG\">\n\t\t\t\t<div class=\"blockG\" id=\"rotateG_01\"><\/div>\n\t\t\t\t<div class=\"blockG\" id=\"rotateG_02\"><\/div>\n\t\t\t\t<div class=\"blockG\" id=\"rotateG_03\"><\/div>\n\t\t\t\t<div class=\"blockG\" id=\"rotateG_04\"><\/div>\n\t\t\t\t<div class=\"blockG\" id=\"rotateG_05\"><\/div>\n\t\t\t\t<div class=\"blockG\" id=\"rotateG_06\"><\/div>\n\t\t\t\t<div class=\"blockG\" id=\"rotateG_07\"><\/div>\n\t\t\t\t<div class=\"blockG\" id=\"rotateG_08\"><\/div>\n\t\t\t<\/div>\n\t\t\t<div class=\"WooZone-cross-sell-loader-text\"><\/div>\n\t\t<\/div>\n\t<\/div>\n\n\t\t\n<\/div>\n<div style=\"clear:both;\"><\/div><\/p>\n","protected":false},"excerpt":{"rendered":"<p>Pakete enthalten &#8211; Unser fr\u00e4ser bit f\u00fcr geln\u00e4gel Set enth\u00e4lt 12 Arten von nagelfr\u00e4ser aufsatz mit unterschiedlichen Einsatzm\u00f6glichkeiten (konisch \/ Maiskopf \/ zylindrisch \/ runder Kopf \/ Feuerpfeil \/ Reinigungsb\u00fcrste \/ Nadelbohrer \/ Streichholzkopf \/ Mikro-Kugelbit \/ Silikonbohrer \/ Schreibspitze) Von der gro\u00dffl\u00e4chigen Nagellackentfernung bis zur kleinfl\u00e4chigen Reinigung und anschlie\u00dfenden Nagelnahtreinigung und Nagellackierung k\u00f6nnen mit dem keramik bits f\u00fcr nagelfr\u00e4ser durchgef\u00fchrt werden<br \/>\nHohe Qualit\u00e4t &#8211; Aus Keramik und Diamantwerkstoffen, die fr\u00e4ser bits sind h\u00e4rter und langlebiger. Gleichzeitig verhindern Sie, dass der aufs\u00e4tze f\u00fcr nagelfr\u00e4ser bei der Verwendung zu hei\u00df wird. Eine rechtzeitige Reinigung nach dem Gebrauch kann die Lebensdauer des nagelfr\u00e4ser bits verl\u00e4ngern<br \/>\nEinfach zu bedienen &#8211; Dieses nagel bits Set enth\u00e4lt eine Vielzahl von nagelfr\u00e4ser f\u00fcr geln\u00e4gel aufs\u00e4tze mit unterschiedlichen Rillenmustern und Formen, um Ihre verschiedenen Bed\u00fcrfnisse von der Nagellackentfernung bis zum Polieren zu erf\u00fcllen. Geeignet f\u00fcr die meisten Nagelbohrer mit 3\/32 Zoll Bohrern und f\u00e4llt nach der Installation nicht ab, ist der elektrische nagelfeile aufsatz sicher und praktisch<\/p>\n","protected":false},"featured_media":33602,"comment_status":"open","ping_status":"closed","template":"","meta":[],"product_brand":[],"product_cat":[2858,7659],"product_tag":[],"class_list":{"0":"post-33601","1":"product","2":"type-product","3":"status-publish","4":"has-post-thumbnail","6":"product_cat-beauty","7":"product_cat-manikuere-pedikuere","8":"pa_binding-misc","9":"pa_brand-semroot","10":"pa_manufacturer-semroot","11":"pa_size-15-stueck-1er-pack","13":"first","14":"instock","15":"shipping-taxable","16":"purchasable","17":"product-type-simple","18":"customify-col","19":"product-has-gallery"},"yoast_head":"<!-- This site is optimized with the Yoast SEO plugin v27.4 - https:\/\/yoast.com\/product\/yoast-seo-wordpress\/ -->\n<title>Nagelfr\u00e4ser Aufs\u00e4tze, 15 St\u00fccke Bits f\u00fcr Nagelfr\u00e4ser Bausatz 12 St\u00fccke Nagelfr\u00e4ser Bit mit 2 St\u00fccke Schwamme Nagelfeilen\u2026 - Markt-XXL<\/title>\n<meta name=\"description\" content=\"Markt-XXL Nagelfr\u00e4ser Aufs\u00e4tze, 15 St\u00fccke Bits f\u00fcr Nagelfr\u00e4ser Bausatz 12 St\u00fccke Nagelfr\u00e4ser Bit mit 2 St\u00fccke Schwamme Nagelfeilen\u2026\" \/>\n<meta name=\"robots\" content=\"index, follow, max-snippet:-1, max-image-preview:large, max-video-preview:-1\" \/>\n<link rel=\"canonical\" href=\"https:\/\/marktxxl.de\/markt\/produkt\/nagelfraeser-aufsaetze-15-stuecke-bits-fuer-nagelfraeser-bausatz-12-stuecke-nagelfraeser-bit-mit-2-stuecke-schwamme-nagelfeilen-und-eine-nagelbuerste\/\" \/>\n<meta property=\"og:locale\" content=\"de_DE\" \/>\n<meta property=\"og:type\" content=\"article\" \/>\n<meta property=\"og:title\" content=\"Nagelfr\u00e4ser Aufs\u00e4tze, 15 St\u00fccke Bits f\u00fcr Nagelfr\u00e4ser Bausatz 12 St\u00fccke Nagelfr\u00e4ser Bit mit 2 St\u00fccke Schwamme Nagelfeilen\u2026 - Markt-XXL\" \/>\n<meta property=\"og:description\" content=\"Markt-XXL Nagelfr\u00e4ser Aufs\u00e4tze, 15 St\u00fccke Bits f\u00fcr Nagelfr\u00e4ser Bausatz 12 St\u00fccke Nagelfr\u00e4ser Bit mit 2 St\u00fccke Schwamme Nagelfeilen\u2026\" \/>\n<meta property=\"og:url\" content=\"https:\/\/marktxxl.de\/markt\/produkt\/nagelfraeser-aufsaetze-15-stuecke-bits-fuer-nagelfraeser-bausatz-12-stuecke-nagelfraeser-bit-mit-2-stuecke-schwamme-nagelfeilen-und-eine-nagelbuerste\/\" \/>\n<meta property=\"og:site_name\" content=\"Markt-XXL\" \/>\n<meta property=\"article:modified_time\" content=\"2023-04-10T23:47:18+00:00\" \/>\n<meta property=\"og:image\" content=\"https:\/\/m.media-amazon.com\/images\/I\/41IACNRtm6S._SL500_.jpg\" \/>\n\t<meta property=\"og:image:width\" content=\"500\" \/>\n\t<meta property=\"og:image:height\" content=\"500\" \/>\n\t<meta property=\"og:image:type\" content=\"image\/jpeg\" \/>\n<meta name=\"twitter:card\" content=\"summary_large_image\" \/>\n<meta name=\"twitter:label1\" content=\"Gesch\u00e4tzte Lesezeit\" \/>\n\t<meta name=\"twitter:data1\" content=\"2\u00a0Minuten\" \/>\n<script type=\"application\/ld+json\" class=\"yoast-schema-graph\">{\"@context\":\"https:\\\/\\\/schema.org\",\"@graph\":[{\"@type\":\"WebPage\",\"@id\":\"https:\\\/\\\/marktxxl.de\\\/markt\\\/produkt\\\/nagelfraeser-aufsaetze-15-stuecke-bits-fuer-nagelfraeser-bausatz-12-stuecke-nagelfraeser-bit-mit-2-stuecke-schwamme-nagelfeilen-und-eine-nagelbuerste\\\/\",\"url\":\"https:\\\/\\\/marktxxl.de\\\/markt\\\/produkt\\\/nagelfraeser-aufsaetze-15-stuecke-bits-fuer-nagelfraeser-bausatz-12-stuecke-nagelfraeser-bit-mit-2-stuecke-schwamme-nagelfeilen-und-eine-nagelbuerste\\\/\",\"name\":\"Nagelfr\u00e4ser Aufs\u00e4tze, 15 St\u00fccke Bits f\u00fcr Nagelfr\u00e4ser Bausatz 12 St\u00fccke Nagelfr\u00e4ser Bit mit 2 St\u00fccke Schwamme Nagelfeilen\u2026 - Markt-XXL\",\"isPartOf\":{\"@id\":\"https:\\\/\\\/marktxxl.de\\\/markt\\\/#website\"},\"primaryImageOfPage\":{\"@id\":\"https:\\\/\\\/marktxxl.de\\\/markt\\\/produkt\\\/nagelfraeser-aufsaetze-15-stuecke-bits-fuer-nagelfraeser-bausatz-12-stuecke-nagelfraeser-bit-mit-2-stuecke-schwamme-nagelfeilen-und-eine-nagelbuerste\\\/#primaryimage\"},\"image\":{\"@id\":\"https:\\\/\\\/marktxxl.de\\\/markt\\\/produkt\\\/nagelfraeser-aufsaetze-15-stuecke-bits-fuer-nagelfraeser-bausatz-12-stuecke-nagelfraeser-bit-mit-2-stuecke-schwamme-nagelfeilen-und-eine-nagelbuerste\\\/#primaryimage\"},\"thumbnailUrl\":\"https:\\\/\\\/m.media-amazon.com\\\/images\\\/I\\\/41IACNRtm6S._SL500_.jpg\",\"datePublished\":\"2021-09-13T18:12:13+00:00\",\"dateModified\":\"2023-04-10T23:47:18+00:00\",\"description\":\"Markt-XXL Nagelfr\u00e4ser Aufs\u00e4tze, 15 St\u00fccke Bits f\u00fcr Nagelfr\u00e4ser Bausatz 12 St\u00fccke Nagelfr\u00e4ser Bit mit 2 St\u00fccke Schwamme Nagelfeilen\u2026\",\"breadcrumb\":{\"@id\":\"https:\\\/\\\/marktxxl.de\\\/markt\\\/produkt\\\/nagelfraeser-aufsaetze-15-stuecke-bits-fuer-nagelfraeser-bausatz-12-stuecke-nagelfraeser-bit-mit-2-stuecke-schwamme-nagelfeilen-und-eine-nagelbuerste\\\/#breadcrumb\"},\"inLanguage\":\"de\",\"potentialAction\":[{\"@type\":\"ReadAction\",\"target\":[\"https:\\\/\\\/marktxxl.de\\\/markt\\\/produkt\\\/nagelfraeser-aufsaetze-15-stuecke-bits-fuer-nagelfraeser-bausatz-12-stuecke-nagelfraeser-bit-mit-2-stuecke-schwamme-nagelfeilen-und-eine-nagelbuerste\\\/\"]}]},{\"@type\":\"ImageObject\",\"inLanguage\":\"de\",\"@id\":\"https:\\\/\\\/marktxxl.de\\\/markt\\\/produkt\\\/nagelfraeser-aufsaetze-15-stuecke-bits-fuer-nagelfraeser-bausatz-12-stuecke-nagelfraeser-bit-mit-2-stuecke-schwamme-nagelfeilen-und-eine-nagelbuerste\\\/#primaryimage\",\"url\":\"https:\\\/\\\/m.media-amazon.com\\\/images\\\/I\\\/41IACNRtm6S._SL500_.jpg\",\"contentUrl\":\"https:\\\/\\\/m.media-amazon.com\\\/images\\\/I\\\/41IACNRtm6S._SL500_.jpg\",\"width\":500,\"height\":500},{\"@type\":\"BreadcrumbList\",\"@id\":\"https:\\\/\\\/marktxxl.de\\\/markt\\\/produkt\\\/nagelfraeser-aufsaetze-15-stuecke-bits-fuer-nagelfraeser-bausatz-12-stuecke-nagelfraeser-bit-mit-2-stuecke-schwamme-nagelfeilen-und-eine-nagelbuerste\\\/#breadcrumb\",\"itemListElement\":[{\"@type\":\"ListItem\",\"position\":1,\"name\":\"Startseite\",\"item\":\"https:\\\/\\\/marktxxl.de\\\/markt\\\/\"},{\"@type\":\"ListItem\",\"position\":2,\"name\":\"Markt\",\"item\":\"https:\\\/\\\/marktxxl.de\\\/markt\\\/\"},{\"@type\":\"ListItem\",\"position\":3,\"name\":\"Nagelfr\u00e4ser Aufs\u00e4tze, 15 St\u00fccke Bits f\u00fcr Nagelfr\u00e4ser Bausatz 12 St\u00fccke Nagelfr\u00e4ser Bit mit 2 St\u00fccke Schwamme Nagelfeilen\u2026\"}]},{\"@type\":\"WebSite\",\"@id\":\"https:\\\/\\\/marktxxl.de\\\/markt\\\/#website\",\"url\":\"https:\\\/\\\/marktxxl.de\\\/markt\\\/\",\"name\":\"Markt-XXL\",\"description\":\"Ihr Markt Online\",\"publisher\":{\"@id\":\"https:\\\/\\\/marktxxl.de\\\/markt\\\/#organization\"},\"potentialAction\":[{\"@type\":\"SearchAction\",\"target\":{\"@type\":\"EntryPoint\",\"urlTemplate\":\"https:\\\/\\\/marktxxl.de\\\/markt\\\/?s={search_term_string}\"},\"query-input\":{\"@type\":\"PropertyValueSpecification\",\"valueRequired\":true,\"valueName\":\"search_term_string\"}}],\"inLanguage\":\"de\"},{\"@type\":\"Organization\",\"@id\":\"https:\\\/\\\/marktxxl.de\\\/markt\\\/#organization\",\"name\":\"Markt-XXL\",\"url\":\"https:\\\/\\\/marktxxl.de\\\/markt\\\/\",\"logo\":{\"@type\":\"ImageObject\",\"inLanguage\":\"de\",\"@id\":\"https:\\\/\\\/marktxxl.de\\\/markt\\\/#\\\/schema\\\/logo\\\/image\\\/\",\"url\":\"https:\\\/\\\/marktxxl.de\\\/markt\\\/wp-content\\\/uploads\\\/sites\\\/3\\\/2020\\\/12\\\/logo.png\",\"contentUrl\":\"https:\\\/\\\/marktxxl.de\\\/markt\\\/wp-content\\\/uploads\\\/sites\\\/3\\\/2020\\\/12\\\/logo.png\",\"width\":200,\"height\":70,\"caption\":\"Markt-XXL\"},\"image\":{\"@id\":\"https:\\\/\\\/marktxxl.de\\\/markt\\\/#\\\/schema\\\/logo\\\/image\\\/\"}}]}<\/script>\n<!-- \/ Yoast SEO plugin. -->","yoast_head_json":{"title":"Nagelfr\u00e4ser Aufs\u00e4tze, 15 St\u00fccke Bits f\u00fcr Nagelfr\u00e4ser Bausatz 12 St\u00fccke Nagelfr\u00e4ser Bit mit 2 St\u00fccke Schwamme Nagelfeilen\u2026 - Markt-XXL","description":"Markt-XXL Nagelfr\u00e4ser Aufs\u00e4tze, 15 St\u00fccke Bits f\u00fcr Nagelfr\u00e4ser Bausatz 12 St\u00fccke Nagelfr\u00e4ser Bit mit 2 St\u00fccke Schwamme Nagelfeilen\u2026","robots":{"index":"index","follow":"follow","max-snippet":"max-snippet:-1","max-image-preview":"max-image-preview:large","max-video-preview":"max-video-preview:-1"},"canonical":"https:\/\/marktxxl.de\/markt\/produkt\/nagelfraeser-aufsaetze-15-stuecke-bits-fuer-nagelfraeser-bausatz-12-stuecke-nagelfraeser-bit-mit-2-stuecke-schwamme-nagelfeilen-und-eine-nagelbuerste\/","og_locale":"de_DE","og_type":"article","og_title":"Nagelfr\u00e4ser Aufs\u00e4tze, 15 St\u00fccke Bits f\u00fcr Nagelfr\u00e4ser Bausatz 12 St\u00fccke Nagelfr\u00e4ser Bit mit 2 St\u00fccke Schwamme Nagelfeilen\u2026 - Markt-XXL","og_description":"Markt-XXL Nagelfr\u00e4ser Aufs\u00e4tze, 15 St\u00fccke Bits f\u00fcr Nagelfr\u00e4ser Bausatz 12 St\u00fccke Nagelfr\u00e4ser Bit mit 2 St\u00fccke Schwamme Nagelfeilen\u2026","og_url":"https:\/\/marktxxl.de\/markt\/produkt\/nagelfraeser-aufsaetze-15-stuecke-bits-fuer-nagelfraeser-bausatz-12-stuecke-nagelfraeser-bit-mit-2-stuecke-schwamme-nagelfeilen-und-eine-nagelbuerste\/","og_site_name":"Markt-XXL","article_modified_time":"2023-04-10T23:47:18+00:00","og_image":[{"width":500,"height":500,"url":"https:\/\/m.media-amazon.com\/images\/I\/41IACNRtm6S._SL500_.jpg","type":"image\/jpeg"}],"twitter_card":"summary_large_image","twitter_misc":{"Gesch\u00e4tzte Lesezeit":"2\u00a0Minuten"},"schema":{"@context":"https:\/\/schema.org","@graph":[{"@type":"WebPage","@id":"https:\/\/marktxxl.de\/markt\/produkt\/nagelfraeser-aufsaetze-15-stuecke-bits-fuer-nagelfraeser-bausatz-12-stuecke-nagelfraeser-bit-mit-2-stuecke-schwamme-nagelfeilen-und-eine-nagelbuerste\/","url":"https:\/\/marktxxl.de\/markt\/produkt\/nagelfraeser-aufsaetze-15-stuecke-bits-fuer-nagelfraeser-bausatz-12-stuecke-nagelfraeser-bit-mit-2-stuecke-schwamme-nagelfeilen-und-eine-nagelbuerste\/","name":"Nagelfr\u00e4ser Aufs\u00e4tze, 15 St\u00fccke Bits f\u00fcr Nagelfr\u00e4ser Bausatz 12 St\u00fccke Nagelfr\u00e4ser Bit mit 2 St\u00fccke Schwamme Nagelfeilen\u2026 - Markt-XXL","isPartOf":{"@id":"https:\/\/marktxxl.de\/markt\/#website"},"primaryImageOfPage":{"@id":"https:\/\/marktxxl.de\/markt\/produkt\/nagelfraeser-aufsaetze-15-stuecke-bits-fuer-nagelfraeser-bausatz-12-stuecke-nagelfraeser-bit-mit-2-stuecke-schwamme-nagelfeilen-und-eine-nagelbuerste\/#primaryimage"},"image":{"@id":"https:\/\/marktxxl.de\/markt\/produkt\/nagelfraeser-aufsaetze-15-stuecke-bits-fuer-nagelfraeser-bausatz-12-stuecke-nagelfraeser-bit-mit-2-stuecke-schwamme-nagelfeilen-und-eine-nagelbuerste\/#primaryimage"},"thumbnailUrl":"https:\/\/m.media-amazon.com\/images\/I\/41IACNRtm6S._SL500_.jpg","datePublished":"2021-09-13T18:12:13+00:00","dateModified":"2023-04-10T23:47:18+00:00","description":"Markt-XXL Nagelfr\u00e4ser Aufs\u00e4tze, 15 St\u00fccke Bits f\u00fcr Nagelfr\u00e4ser Bausatz 12 St\u00fccke Nagelfr\u00e4ser Bit mit 2 St\u00fccke Schwamme Nagelfeilen\u2026","breadcrumb":{"@id":"https:\/\/marktxxl.de\/markt\/produkt\/nagelfraeser-aufsaetze-15-stuecke-bits-fuer-nagelfraeser-bausatz-12-stuecke-nagelfraeser-bit-mit-2-stuecke-schwamme-nagelfeilen-und-eine-nagelbuerste\/#breadcrumb"},"inLanguage":"de","potentialAction":[{"@type":"ReadAction","target":["https:\/\/marktxxl.de\/markt\/produkt\/nagelfraeser-aufsaetze-15-stuecke-bits-fuer-nagelfraeser-bausatz-12-stuecke-nagelfraeser-bit-mit-2-stuecke-schwamme-nagelfeilen-und-eine-nagelbuerste\/"]}]},{"@type":"ImageObject","inLanguage":"de","@id":"https:\/\/marktxxl.de\/markt\/produkt\/nagelfraeser-aufsaetze-15-stuecke-bits-fuer-nagelfraeser-bausatz-12-stuecke-nagelfraeser-bit-mit-2-stuecke-schwamme-nagelfeilen-und-eine-nagelbuerste\/#primaryimage","url":"https:\/\/m.media-amazon.com\/images\/I\/41IACNRtm6S._SL500_.jpg","contentUrl":"https:\/\/m.media-amazon.com\/images\/I\/41IACNRtm6S._SL500_.jpg","width":500,"height":500},{"@type":"BreadcrumbList","@id":"https:\/\/marktxxl.de\/markt\/produkt\/nagelfraeser-aufsaetze-15-stuecke-bits-fuer-nagelfraeser-bausatz-12-stuecke-nagelfraeser-bit-mit-2-stuecke-schwamme-nagelfeilen-und-eine-nagelbuerste\/#breadcrumb","itemListElement":[{"@type":"ListItem","position":1,"name":"Startseite","item":"https:\/\/marktxxl.de\/markt\/"},{"@type":"ListItem","position":2,"name":"Markt","item":"https:\/\/marktxxl.de\/markt\/"},{"@type":"ListItem","position":3,"name":"Nagelfr\u00e4ser Aufs\u00e4tze, 15 St\u00fccke Bits f\u00fcr Nagelfr\u00e4ser Bausatz 12 St\u00fccke Nagelfr\u00e4ser Bit mit 2 St\u00fccke Schwamme Nagelfeilen\u2026"}]},{"@type":"WebSite","@id":"https:\/\/marktxxl.de\/markt\/#website","url":"https:\/\/marktxxl.de\/markt\/","name":"Markt-XXL","description":"Ihr Markt Online","publisher":{"@id":"https:\/\/marktxxl.de\/markt\/#organization"},"potentialAction":[{"@type":"SearchAction","target":{"@type":"EntryPoint","urlTemplate":"https:\/\/marktxxl.de\/markt\/?s={search_term_string}"},"query-input":{"@type":"PropertyValueSpecification","valueRequired":true,"valueName":"search_term_string"}}],"inLanguage":"de"},{"@type":"Organization","@id":"https:\/\/marktxxl.de\/markt\/#organization","name":"Markt-XXL","url":"https:\/\/marktxxl.de\/markt\/","logo":{"@type":"ImageObject","inLanguage":"de","@id":"https:\/\/marktxxl.de\/markt\/#\/schema\/logo\/image\/","url":"https:\/\/marktxxl.de\/markt\/wp-content\/uploads\/sites\/3\/2020\/12\/logo.png","contentUrl":"https:\/\/marktxxl.de\/markt\/wp-content\/uploads\/sites\/3\/2020\/12\/logo.png","width":200,"height":70,"caption":"Markt-XXL"},"image":{"@id":"https:\/\/marktxxl.de\/markt\/#\/schema\/logo\/image\/"}}]}},"_links":{"self":[{"href":"https:\/\/marktxxl.de\/markt\/wp-json\/wp\/v2\/product\/33601","targetHints":{"allow":["GET"]}}],"collection":[{"href":"https:\/\/marktxxl.de\/markt\/wp-json\/wp\/v2\/product"}],"about":[{"href":"https:\/\/marktxxl.de\/markt\/wp-json\/wp\/v2\/types\/product"}],"replies":[{"embeddable":true,"href":"https:\/\/marktxxl.de\/markt\/wp-json\/wp\/v2\/comments?post=33601"}],"wp:featuredmedia":[{"embeddable":true,"href":"https:\/\/marktxxl.de\/markt\/wp-json\/wp\/v2\/media\/33602"}],"wp:attachment":[{"href":"https:\/\/marktxxl.de\/markt\/wp-json\/wp\/v2\/media?parent=33601"}],"wp:term":[{"taxonomy":"product_brand","embeddable":true,"href":"https:\/\/marktxxl.de\/markt\/wp-json\/wp\/v2\/product_brand?post=33601"},{"taxonomy":"product_cat","embeddable":true,"href":"https:\/\/marktxxl.de\/markt\/wp-json\/wp\/v2\/product_cat?post=33601"},{"taxonomy":"product_tag","embeddable":true,"href":"https:\/\/marktxxl.de\/markt\/wp-json\/wp\/v2\/product_tag?post=33601"}],"curies":[{"name":"wp","href":"https:\/\/api.w.org\/{rel}","templated":true}]}}