{"id":33381,"date":"2021-09-13T20:09:10","date_gmt":"2021-09-13T18:09:10","guid":{"rendered":"https:\/\/marktxxl.de\/markt\/produkt\/die-beste-antialterung-augencreme-behandlung-fuer-dunkle-augenringe-schwellungen-und-faeltchen-eine-biologische-augengel-mit-matrixyl-3000-peptide-and-vitamin-c-stimuliert-das-kollagen-15ml\/"},"modified":"2023-04-11T01:47:16","modified_gmt":"2023-04-10T23:47:16","slug":"die-beste-antialterung-augencreme-behandlung-fuer-dunkle-augenringe-schwellungen-und-faeltchen-eine-biologische-augengel-mit-matrixyl-3000-peptide-and-vitamin-c-stimuliert-das-kollagen-15ml","status":"publish","type":"product","link":"https:\/\/marktxxl.de\/markt\/produkt\/die-beste-antialterung-augencreme-behandlung-fuer-dunkle-augenringe-schwellungen-und-faeltchen-eine-biologische-augengel-mit-matrixyl-3000-peptide-and-vitamin-c-stimuliert-das-kollagen-15ml\/","title":{"rendered":"BIO Augenpflege, Anti-Aging Augencreme Gel gegen Falten, Schwellungen, und Augenringe. Eine Biologische Augengel mit\u2026"},"content":{"rendered":"<p>NEUE VERBESSERTE FORMEL: Unsere neue \u00fcberarbeitete Formel bietet eine gezieltere Abgabe von Peptiden sowie eine Erh\u00f6hung der Hyalurons\u00e4urekonzentration, um die Haut zu n\u00e4hren. Eine verbesserte Viskosit\u00e4t und Textur tragen dazu bei, die Absorption zu erh\u00f6hen sowie die Oxidation zu verringern, was die Anti-Aging-Vorteile unserer vorherigen Formulierung weiter verbessert.<br \/>\nREDUZIEREN SIE AUGENRINGE &amp; GESCHWOLLENHEIT: Diese leichte Gel-Formel ist voll von leistungsstarken Inhaltsstoffen, um s\u00e4mtlichen Sorgen im Bereich um den Augen entgegenzutreten. K\u00fchlende Gurke beruhigt sofort und macht geschwollene Augen munter. Botanische Hyalurons\u00e4ure l\u00e4sst die Haut praller werden und hydratisiert, w\u00e4hrend Peptide und pflanzliche Stammzellen die Haut auf zellul\u00e4rer Ebene verj\u00fcngen.<br \/>\nSIE SP\u00dcREN SOFORT ERGEBNISSE: Dieses beruhigende, leichte Gel gleitet in sanfter Weise auf empfindliche Haut und zieht schnell ein, ohne fettige R\u00fcckst\u00e4nde zu hinterlassen. Macht m\u00fcde und geschwollene Augen sofort munter und strafft. Hinterl\u00e4sst ein seidiges, glattes, hydratisiertes Gef\u00fchl auf der Haut. K\u00fchlende Gurke beruhigt sofort und macht geschwollene Augen munter. Diese leistungsstarke Anti-Aging-Formel ist ebenfalls ideal zur Behandlung des gesamten Gesichts und Halses geeignet.<br \/>\nNAT\u00dcRLICH &amp; TIERVERSUCHSFREI: Wir verwenden ausschlie\u00dflich die besten, nat\u00fcrlichen Inhaltsstoffe, die es gibt, ohne aggressive Chemikalien, Sulfate, Parabene, Alkohol oder k\u00fcnstliche Duftstoffe, Farben oder Farbstoffe. Unsere Produkte werden nie an Tieren getestet.<br \/>\nFUNKTIONIERT ES NICHT, ERHALTEN SIE IHR GELD ZUR\u00dcCK 3 Monate 100% Geldzur\u00fcckGarantie, wenn Sie in irgendeiner Weise nicht zufrieden sind. Schicken Sie uns eine EMail und wir erstatten den Kaufpreis in VOLLER H\u00d6HE zur\u00fcck, Sie m\u00fcssen die Flasche nicht zur\u00fccksenden. ?UNSER BESTAND IST SCHNELL AUSVERKAUFT?Die Produktverpackung kann aufgrund von Engp\u00e4ssen in der aktuellen Lieferkette variieren.<br \/>\n<div class=\"main-cross-sell\" data-asin=\"B01GGAN13A\">\n\n\t<div class=\"WooZone-cross-sell-loader\">\n\t\t<div>\n\t\t\t<div id=\"floatingBarsG\">\n\t\t\t\t<div class=\"blockG\" id=\"rotateG_01\"><\/div>\n\t\t\t\t<div class=\"blockG\" id=\"rotateG_02\"><\/div>\n\t\t\t\t<div class=\"blockG\" id=\"rotateG_03\"><\/div>\n\t\t\t\t<div class=\"blockG\" id=\"rotateG_04\"><\/div>\n\t\t\t\t<div class=\"blockG\" id=\"rotateG_05\"><\/div>\n\t\t\t\t<div class=\"blockG\" id=\"rotateG_06\"><\/div>\n\t\t\t\t<div class=\"blockG\" id=\"rotateG_07\"><\/div>\n\t\t\t\t<div class=\"blockG\" id=\"rotateG_08\"><\/div>\n\t\t\t<\/div>\n\t\t\t<div class=\"WooZone-cross-sell-loader-text\"><\/div>\n\t\t<\/div>\n\t<\/div>\n\n\t\t\n<\/div>\n<div style=\"clear:both;\"><\/div><\/p>\n","protected":false},"excerpt":{"rendered":"<p>NEUE VERBESSERTE FORMEL: Unsere neue \u00fcberarbeitete Formel bietet eine gezieltere Abgabe von Peptiden sowie eine Erh\u00f6hung der Hyalurons\u00e4urekonzentration, um die Haut zu n\u00e4hren. Eine verbesserte Viskosit\u00e4t und Textur tragen dazu bei, die Absorption zu erh\u00f6hen sowie die Oxidation zu verringern, was die Anti-Aging-Vorteile unserer vorherigen Formulierung weiter verbessert.<br \/>\nREDUZIEREN SIE AUGENRINGE &amp; GESCHWOLLENHEIT: Diese leichte Gel-Formel ist voll von leistungsstarken Inhaltsstoffen, um s\u00e4mtlichen Sorgen im Bereich um den Augen entgegenzutreten. K\u00fchlende Gurke beruhigt sofort und macht geschwollene Augen munter. Botanische Hyalurons\u00e4ure l\u00e4sst die Haut praller werden und hydratisiert, w\u00e4hrend Peptide und pflanzliche Stammzellen die Haut auf zellul\u00e4rer Ebene verj\u00fcngen.<br \/>\nSIE SP\u00dcREN SOFORT ERGEBNISSE: Dieses beruhigende, leichte Gel gleitet in sanfter Weise auf empfindliche Haut und zieht schnell ein, ohne fettige R\u00fcckst\u00e4nde zu hinterlassen. Macht m\u00fcde und geschwollene Augen sofort munter und strafft. Hinterl\u00e4sst ein seidiges, glattes, hydratisiertes Gef\u00fchl auf der Haut. K\u00fchlende Gurke beruhigt sofort und macht geschwollene Augen munter. Diese leistungsstarke Anti-Aging-Formel ist ebenfalls ideal zur Behandlung des gesamten Gesichts und Halses geeignet.<\/p>\n","protected":false},"featured_media":33382,"comment_status":"open","ping_status":"closed","template":"","meta":[],"product_brand":[],"product_cat":[2858,7067],"product_tag":[],"class_list":{"0":"post-33381","1":"product","2":"type-product","3":"status-publish","4":"has-post-thumbnail","6":"product_cat-beauty","7":"product_cat-hautpflege","8":"pa_binding-misc","9":"pa_brand-bioniva","10":"pa_height-3-1102362173-zoll","11":"pa_length-1-1417322823-zoll","12":"pa_manufacturer-bioniva","13":"pa_size-15-ml-1er-pack","14":"pa_width-1-1417322823-zoll","16":"first","17":"instock","18":"shipping-taxable","19":"purchasable","20":"product-type-simple","21":"customify-col","22":"product-has-gallery"},"yoast_head":"<!-- This site is optimized with the Yoast SEO plugin v27.4 - https:\/\/yoast.com\/product\/yoast-seo-wordpress\/ -->\n<title>BIO Augenpflege, Anti-Aging Augencreme Gel gegen Falten, Schwellungen, und Augenringe. Eine Biologische Augengel mit\u2026 - Markt-XXL<\/title>\n<meta name=\"description\" content=\"Markt-XXL BIO Augenpflege, Anti-Aging Augencreme Gel gegen Falten, Schwellungen, und Augenringe. Eine Biologische Augengel mit\u2026\" \/>\n<meta name=\"robots\" content=\"index, follow, max-snippet:-1, max-image-preview:large, max-video-preview:-1\" \/>\n<link rel=\"canonical\" href=\"https:\/\/marktxxl.de\/markt\/produkt\/die-beste-antialterung-augencreme-behandlung-fuer-dunkle-augenringe-schwellungen-und-faeltchen-eine-biologische-augengel-mit-matrixyl-3000-peptide-and-vitamin-c-stimuliert-das-kollagen-15ml\/\" \/>\n<meta property=\"og:locale\" content=\"de_DE\" \/>\n<meta property=\"og:type\" content=\"article\" \/>\n<meta property=\"og:title\" content=\"BIO Augenpflege, Anti-Aging Augencreme Gel gegen Falten, Schwellungen, und Augenringe. Eine Biologische Augengel mit\u2026 - Markt-XXL\" \/>\n<meta property=\"og:description\" content=\"Markt-XXL BIO Augenpflege, Anti-Aging Augencreme Gel gegen Falten, Schwellungen, und Augenringe. Eine Biologische Augengel mit\u2026\" \/>\n<meta property=\"og:url\" content=\"https:\/\/marktxxl.de\/markt\/produkt\/die-beste-antialterung-augencreme-behandlung-fuer-dunkle-augenringe-schwellungen-und-faeltchen-eine-biologische-augengel-mit-matrixyl-3000-peptide-and-vitamin-c-stimuliert-das-kollagen-15ml\/\" \/>\n<meta property=\"og:site_name\" content=\"Markt-XXL\" \/>\n<meta property=\"article:modified_time\" content=\"2023-04-10T23:47:16+00:00\" \/>\n<meta property=\"og:image\" content=\"https:\/\/m.media-amazon.com\/images\/I\/31tokxbJSiL._SL500_.jpg\" \/>\n\t<meta property=\"og:image:width\" content=\"430\" \/>\n\t<meta property=\"og:image:height\" content=\"500\" \/>\n\t<meta property=\"og:image:type\" content=\"image\/jpeg\" \/>\n<meta name=\"twitter:card\" content=\"summary_large_image\" \/>\n<meta name=\"twitter:label1\" content=\"Gesch\u00e4tzte Lesezeit\" \/>\n\t<meta name=\"twitter:data1\" content=\"1\u00a0Minute\" \/>\n<script type=\"application\/ld+json\" class=\"yoast-schema-graph\">{\"@context\":\"https:\\\/\\\/schema.org\",\"@graph\":[{\"@type\":\"WebPage\",\"@id\":\"https:\\\/\\\/marktxxl.de\\\/markt\\\/produkt\\\/die-beste-antialterung-augencreme-behandlung-fuer-dunkle-augenringe-schwellungen-und-faeltchen-eine-biologische-augengel-mit-matrixyl-3000-peptide-and-vitamin-c-stimuliert-das-kollagen-15ml\\\/\",\"url\":\"https:\\\/\\\/marktxxl.de\\\/markt\\\/produkt\\\/die-beste-antialterung-augencreme-behandlung-fuer-dunkle-augenringe-schwellungen-und-faeltchen-eine-biologische-augengel-mit-matrixyl-3000-peptide-and-vitamin-c-stimuliert-das-kollagen-15ml\\\/\",\"name\":\"BIO Augenpflege, Anti-Aging Augencreme Gel gegen Falten, Schwellungen, und Augenringe. Eine Biologische Augengel mit\u2026 - Markt-XXL\",\"isPartOf\":{\"@id\":\"https:\\\/\\\/marktxxl.de\\\/markt\\\/#website\"},\"primaryImageOfPage\":{\"@id\":\"https:\\\/\\\/marktxxl.de\\\/markt\\\/produkt\\\/die-beste-antialterung-augencreme-behandlung-fuer-dunkle-augenringe-schwellungen-und-faeltchen-eine-biologische-augengel-mit-matrixyl-3000-peptide-and-vitamin-c-stimuliert-das-kollagen-15ml\\\/#primaryimage\"},\"image\":{\"@id\":\"https:\\\/\\\/marktxxl.de\\\/markt\\\/produkt\\\/die-beste-antialterung-augencreme-behandlung-fuer-dunkle-augenringe-schwellungen-und-faeltchen-eine-biologische-augengel-mit-matrixyl-3000-peptide-and-vitamin-c-stimuliert-das-kollagen-15ml\\\/#primaryimage\"},\"thumbnailUrl\":\"https:\\\/\\\/m.media-amazon.com\\\/images\\\/I\\\/31tokxbJSiL._SL500_.jpg\",\"datePublished\":\"2021-09-13T18:09:10+00:00\",\"dateModified\":\"2023-04-10T23:47:16+00:00\",\"description\":\"Markt-XXL BIO Augenpflege, Anti-Aging Augencreme Gel gegen Falten, Schwellungen, und Augenringe. Eine Biologische Augengel mit\u2026\",\"breadcrumb\":{\"@id\":\"https:\\\/\\\/marktxxl.de\\\/markt\\\/produkt\\\/die-beste-antialterung-augencreme-behandlung-fuer-dunkle-augenringe-schwellungen-und-faeltchen-eine-biologische-augengel-mit-matrixyl-3000-peptide-and-vitamin-c-stimuliert-das-kollagen-15ml\\\/#breadcrumb\"},\"inLanguage\":\"de\",\"potentialAction\":[{\"@type\":\"ReadAction\",\"target\":[\"https:\\\/\\\/marktxxl.de\\\/markt\\\/produkt\\\/die-beste-antialterung-augencreme-behandlung-fuer-dunkle-augenringe-schwellungen-und-faeltchen-eine-biologische-augengel-mit-matrixyl-3000-peptide-and-vitamin-c-stimuliert-das-kollagen-15ml\\\/\"]}]},{\"@type\":\"ImageObject\",\"inLanguage\":\"de\",\"@id\":\"https:\\\/\\\/marktxxl.de\\\/markt\\\/produkt\\\/die-beste-antialterung-augencreme-behandlung-fuer-dunkle-augenringe-schwellungen-und-faeltchen-eine-biologische-augengel-mit-matrixyl-3000-peptide-and-vitamin-c-stimuliert-das-kollagen-15ml\\\/#primaryimage\",\"url\":\"https:\\\/\\\/m.media-amazon.com\\\/images\\\/I\\\/31tokxbJSiL._SL500_.jpg\",\"contentUrl\":\"https:\\\/\\\/m.media-amazon.com\\\/images\\\/I\\\/31tokxbJSiL._SL500_.jpg\",\"width\":430,\"height\":500},{\"@type\":\"BreadcrumbList\",\"@id\":\"https:\\\/\\\/marktxxl.de\\\/markt\\\/produkt\\\/die-beste-antialterung-augencreme-behandlung-fuer-dunkle-augenringe-schwellungen-und-faeltchen-eine-biologische-augengel-mit-matrixyl-3000-peptide-and-vitamin-c-stimuliert-das-kollagen-15ml\\\/#breadcrumb\",\"itemListElement\":[{\"@type\":\"ListItem\",\"position\":1,\"name\":\"Startseite\",\"item\":\"https:\\\/\\\/marktxxl.de\\\/markt\\\/\"},{\"@type\":\"ListItem\",\"position\":2,\"name\":\"Markt\",\"item\":\"https:\\\/\\\/marktxxl.de\\\/markt\\\/\"},{\"@type\":\"ListItem\",\"position\":3,\"name\":\"BIO Augenpflege, Anti-Aging Augencreme Gel gegen Falten, Schwellungen, und Augenringe. Eine Biologische Augengel mit\u2026\"}]},{\"@type\":\"WebSite\",\"@id\":\"https:\\\/\\\/marktxxl.de\\\/markt\\\/#website\",\"url\":\"https:\\\/\\\/marktxxl.de\\\/markt\\\/\",\"name\":\"Markt-XXL\",\"description\":\"Ihr Markt Online\",\"publisher\":{\"@id\":\"https:\\\/\\\/marktxxl.de\\\/markt\\\/#organization\"},\"potentialAction\":[{\"@type\":\"SearchAction\",\"target\":{\"@type\":\"EntryPoint\",\"urlTemplate\":\"https:\\\/\\\/marktxxl.de\\\/markt\\\/?s={search_term_string}\"},\"query-input\":{\"@type\":\"PropertyValueSpecification\",\"valueRequired\":true,\"valueName\":\"search_term_string\"}}],\"inLanguage\":\"de\"},{\"@type\":\"Organization\",\"@id\":\"https:\\\/\\\/marktxxl.de\\\/markt\\\/#organization\",\"name\":\"Markt-XXL\",\"url\":\"https:\\\/\\\/marktxxl.de\\\/markt\\\/\",\"logo\":{\"@type\":\"ImageObject\",\"inLanguage\":\"de\",\"@id\":\"https:\\\/\\\/marktxxl.de\\\/markt\\\/#\\\/schema\\\/logo\\\/image\\\/\",\"url\":\"https:\\\/\\\/marktxxl.de\\\/markt\\\/wp-content\\\/uploads\\\/sites\\\/3\\\/2020\\\/12\\\/logo.png\",\"contentUrl\":\"https:\\\/\\\/marktxxl.de\\\/markt\\\/wp-content\\\/uploads\\\/sites\\\/3\\\/2020\\\/12\\\/logo.png\",\"width\":200,\"height\":70,\"caption\":\"Markt-XXL\"},\"image\":{\"@id\":\"https:\\\/\\\/marktxxl.de\\\/markt\\\/#\\\/schema\\\/logo\\\/image\\\/\"}}]}<\/script>\n<!-- \/ Yoast SEO plugin. -->","yoast_head_json":{"title":"BIO Augenpflege, Anti-Aging Augencreme Gel gegen Falten, Schwellungen, und Augenringe. Eine Biologische Augengel mit\u2026 - Markt-XXL","description":"Markt-XXL BIO Augenpflege, Anti-Aging Augencreme Gel gegen Falten, Schwellungen, und Augenringe. Eine Biologische Augengel mit\u2026","robots":{"index":"index","follow":"follow","max-snippet":"max-snippet:-1","max-image-preview":"max-image-preview:large","max-video-preview":"max-video-preview:-1"},"canonical":"https:\/\/marktxxl.de\/markt\/produkt\/die-beste-antialterung-augencreme-behandlung-fuer-dunkle-augenringe-schwellungen-und-faeltchen-eine-biologische-augengel-mit-matrixyl-3000-peptide-and-vitamin-c-stimuliert-das-kollagen-15ml\/","og_locale":"de_DE","og_type":"article","og_title":"BIO Augenpflege, Anti-Aging Augencreme Gel gegen Falten, Schwellungen, und Augenringe. Eine Biologische Augengel mit\u2026 - Markt-XXL","og_description":"Markt-XXL BIO Augenpflege, Anti-Aging Augencreme Gel gegen Falten, Schwellungen, und Augenringe. Eine Biologische Augengel mit\u2026","og_url":"https:\/\/marktxxl.de\/markt\/produkt\/die-beste-antialterung-augencreme-behandlung-fuer-dunkle-augenringe-schwellungen-und-faeltchen-eine-biologische-augengel-mit-matrixyl-3000-peptide-and-vitamin-c-stimuliert-das-kollagen-15ml\/","og_site_name":"Markt-XXL","article_modified_time":"2023-04-10T23:47:16+00:00","og_image":[{"width":430,"height":500,"url":"https:\/\/m.media-amazon.com\/images\/I\/31tokxbJSiL._SL500_.jpg","type":"image\/jpeg"}],"twitter_card":"summary_large_image","twitter_misc":{"Gesch\u00e4tzte Lesezeit":"1\u00a0Minute"},"schema":{"@context":"https:\/\/schema.org","@graph":[{"@type":"WebPage","@id":"https:\/\/marktxxl.de\/markt\/produkt\/die-beste-antialterung-augencreme-behandlung-fuer-dunkle-augenringe-schwellungen-und-faeltchen-eine-biologische-augengel-mit-matrixyl-3000-peptide-and-vitamin-c-stimuliert-das-kollagen-15ml\/","url":"https:\/\/marktxxl.de\/markt\/produkt\/die-beste-antialterung-augencreme-behandlung-fuer-dunkle-augenringe-schwellungen-und-faeltchen-eine-biologische-augengel-mit-matrixyl-3000-peptide-and-vitamin-c-stimuliert-das-kollagen-15ml\/","name":"BIO Augenpflege, Anti-Aging Augencreme Gel gegen Falten, Schwellungen, und Augenringe. Eine Biologische Augengel mit\u2026 - Markt-XXL","isPartOf":{"@id":"https:\/\/marktxxl.de\/markt\/#website"},"primaryImageOfPage":{"@id":"https:\/\/marktxxl.de\/markt\/produkt\/die-beste-antialterung-augencreme-behandlung-fuer-dunkle-augenringe-schwellungen-und-faeltchen-eine-biologische-augengel-mit-matrixyl-3000-peptide-and-vitamin-c-stimuliert-das-kollagen-15ml\/#primaryimage"},"image":{"@id":"https:\/\/marktxxl.de\/markt\/produkt\/die-beste-antialterung-augencreme-behandlung-fuer-dunkle-augenringe-schwellungen-und-faeltchen-eine-biologische-augengel-mit-matrixyl-3000-peptide-and-vitamin-c-stimuliert-das-kollagen-15ml\/#primaryimage"},"thumbnailUrl":"https:\/\/m.media-amazon.com\/images\/I\/31tokxbJSiL._SL500_.jpg","datePublished":"2021-09-13T18:09:10+00:00","dateModified":"2023-04-10T23:47:16+00:00","description":"Markt-XXL BIO Augenpflege, Anti-Aging Augencreme Gel gegen Falten, Schwellungen, und Augenringe. Eine Biologische Augengel mit\u2026","breadcrumb":{"@id":"https:\/\/marktxxl.de\/markt\/produkt\/die-beste-antialterung-augencreme-behandlung-fuer-dunkle-augenringe-schwellungen-und-faeltchen-eine-biologische-augengel-mit-matrixyl-3000-peptide-and-vitamin-c-stimuliert-das-kollagen-15ml\/#breadcrumb"},"inLanguage":"de","potentialAction":[{"@type":"ReadAction","target":["https:\/\/marktxxl.de\/markt\/produkt\/die-beste-antialterung-augencreme-behandlung-fuer-dunkle-augenringe-schwellungen-und-faeltchen-eine-biologische-augengel-mit-matrixyl-3000-peptide-and-vitamin-c-stimuliert-das-kollagen-15ml\/"]}]},{"@type":"ImageObject","inLanguage":"de","@id":"https:\/\/marktxxl.de\/markt\/produkt\/die-beste-antialterung-augencreme-behandlung-fuer-dunkle-augenringe-schwellungen-und-faeltchen-eine-biologische-augengel-mit-matrixyl-3000-peptide-and-vitamin-c-stimuliert-das-kollagen-15ml\/#primaryimage","url":"https:\/\/m.media-amazon.com\/images\/I\/31tokxbJSiL._SL500_.jpg","contentUrl":"https:\/\/m.media-amazon.com\/images\/I\/31tokxbJSiL._SL500_.jpg","width":430,"height":500},{"@type":"BreadcrumbList","@id":"https:\/\/marktxxl.de\/markt\/produkt\/die-beste-antialterung-augencreme-behandlung-fuer-dunkle-augenringe-schwellungen-und-faeltchen-eine-biologische-augengel-mit-matrixyl-3000-peptide-and-vitamin-c-stimuliert-das-kollagen-15ml\/#breadcrumb","itemListElement":[{"@type":"ListItem","position":1,"name":"Startseite","item":"https:\/\/marktxxl.de\/markt\/"},{"@type":"ListItem","position":2,"name":"Markt","item":"https:\/\/marktxxl.de\/markt\/"},{"@type":"ListItem","position":3,"name":"BIO Augenpflege, Anti-Aging Augencreme Gel gegen Falten, Schwellungen, und Augenringe. Eine Biologische Augengel mit\u2026"}]},{"@type":"WebSite","@id":"https:\/\/marktxxl.de\/markt\/#website","url":"https:\/\/marktxxl.de\/markt\/","name":"Markt-XXL","description":"Ihr Markt Online","publisher":{"@id":"https:\/\/marktxxl.de\/markt\/#organization"},"potentialAction":[{"@type":"SearchAction","target":{"@type":"EntryPoint","urlTemplate":"https:\/\/marktxxl.de\/markt\/?s={search_term_string}"},"query-input":{"@type":"PropertyValueSpecification","valueRequired":true,"valueName":"search_term_string"}}],"inLanguage":"de"},{"@type":"Organization","@id":"https:\/\/marktxxl.de\/markt\/#organization","name":"Markt-XXL","url":"https:\/\/marktxxl.de\/markt\/","logo":{"@type":"ImageObject","inLanguage":"de","@id":"https:\/\/marktxxl.de\/markt\/#\/schema\/logo\/image\/","url":"https:\/\/marktxxl.de\/markt\/wp-content\/uploads\/sites\/3\/2020\/12\/logo.png","contentUrl":"https:\/\/marktxxl.de\/markt\/wp-content\/uploads\/sites\/3\/2020\/12\/logo.png","width":200,"height":70,"caption":"Markt-XXL"},"image":{"@id":"https:\/\/marktxxl.de\/markt\/#\/schema\/logo\/image\/"}}]}},"_links":{"self":[{"href":"https:\/\/marktxxl.de\/markt\/wp-json\/wp\/v2\/product\/33381","targetHints":{"allow":["GET"]}}],"collection":[{"href":"https:\/\/marktxxl.de\/markt\/wp-json\/wp\/v2\/product"}],"about":[{"href":"https:\/\/marktxxl.de\/markt\/wp-json\/wp\/v2\/types\/product"}],"replies":[{"embeddable":true,"href":"https:\/\/marktxxl.de\/markt\/wp-json\/wp\/v2\/comments?post=33381"}],"wp:featuredmedia":[{"embeddable":true,"href":"https:\/\/marktxxl.de\/markt\/wp-json\/wp\/v2\/media\/33382"}],"wp:attachment":[{"href":"https:\/\/marktxxl.de\/markt\/wp-json\/wp\/v2\/media?parent=33381"}],"wp:term":[{"taxonomy":"product_brand","embeddable":true,"href":"https:\/\/marktxxl.de\/markt\/wp-json\/wp\/v2\/product_brand?post=33381"},{"taxonomy":"product_cat","embeddable":true,"href":"https:\/\/marktxxl.de\/markt\/wp-json\/wp\/v2\/product_cat?post=33381"},{"taxonomy":"product_tag","embeddable":true,"href":"https:\/\/marktxxl.de\/markt\/wp-json\/wp\/v2\/product_tag?post=33381"}],"curies":[{"name":"wp","href":"https:\/\/api.w.org\/{rel}","templated":true}]}}