{"id":33223,"date":"2021-09-13T20:06:31","date_gmt":"2021-09-13T18:06:31","guid":{"rendered":"https:\/\/marktxxl.de\/markt\/produkt\/hoj-co-herren-geldboerse-totenkopf-design-doppeltes-ausweis-genarbtes-leder-mehrere-kartenfaecher\/"},"modified":"2023-04-11T01:46:17","modified_gmt":"2023-04-10T23:46:17","slug":"hoj-co-herren-geldboerse-totenkopf-design-doppeltes-ausweis-genarbtes-leder-mehrere-kartenfaecher","status":"publish","type":"product","link":"https:\/\/marktxxl.de\/markt\/produkt\/hoj-co-herren-geldboerse-totenkopf-design-doppeltes-ausweis-genarbtes-leder-mehrere-kartenfaecher\/","title":{"rendered":"HOJ Co. Herren-Geldb\u00f6rse, Totenkopf-Design, doppeltes Ausweis, genarbtes Leder, mehrere Kartenf\u00e4cher"},"content":{"rendered":"<p>Jack&#8217;s Skull Double ID Bifold ist die ultimative Einstellung in der Einstellung. Handgefertigt aus genarbtem Leder in einem rustikalen maskulinen Design, das handbr\u00fcnierte Finish enth\u00fcllt die Details der gepr\u00e4gten Totenkopf-Grafik. Ob Biker, Rocker oder Hardcore-Persona, diese Brieftasche in voller Gr\u00f6\u00dfe wurde mit Effizienz und Funktionalit\u00e4t im Hinblick auf die doppelte ID ausklappbare Konstruktion entworfen. Basierend auf Kundenfeedback, sobald ein Kerl diese Silhouette tr\u00e4gt, wird er immer diese Silhouette tragen.<br \/>\nMerkmale: 8 Kartenf\u00e4cher, 2 Kreditkartenf\u00e4cher und 2 Ausweisfenster. Die Doppelausfahrkonstruktion ist perfekt f\u00fcr den Kerl, der 2 Identifikationsformen tr\u00e4gt (F\u00fchrerschein, Arbeit, Milit\u00e4r, Schulausweis). Beide ID-Fenster verf\u00fcgen \u00fcber eine Daumenaussparung zur einfachen Entfernung der IDs. Auf dem hellbraunen Leinen-Futter finden Sie unsere Signatur mit Siebdruck &#8220;regret nothing&#8221;.<br \/>\nGesamtma\u00dfe (L x H): 4,25 x 8,9 cm.<br \/>\nLeder: Die Portemonnaie von House of Jack Co. ist von Kunsthandwerkern handgefertigt, f\u00fcr ein Vintage-Aussehen. Mit dem t\u00e4glichen Gebrauch und Tragen wird Ihre Brieftasche eine reiche Patina und Charakter entwickeln. Einfach, je mehr Sie tragen &#8230; desto besser sieht die Brieftasche aus.<br \/>\nVerpackung: House of Jack Co. Geschenk-Box und Kordelzugbeutel mit Markenlogo zum Verschenken.<br \/>\n<div class=\"main-cross-sell\" data-asin=\"B00UDPNBBM\">\n\n\t<div class=\"WooZone-cross-sell-loader\">\n\t\t<div>\n\t\t\t<div id=\"floatingBarsG\">\n\t\t\t\t<div class=\"blockG\" id=\"rotateG_01\"><\/div>\n\t\t\t\t<div class=\"blockG\" id=\"rotateG_02\"><\/div>\n\t\t\t\t<div class=\"blockG\" id=\"rotateG_03\"><\/div>\n\t\t\t\t<div class=\"blockG\" id=\"rotateG_04\"><\/div>\n\t\t\t\t<div class=\"blockG\" id=\"rotateG_05\"><\/div>\n\t\t\t\t<div class=\"blockG\" id=\"rotateG_06\"><\/div>\n\t\t\t\t<div class=\"blockG\" id=\"rotateG_07\"><\/div>\n\t\t\t\t<div class=\"blockG\" id=\"rotateG_08\"><\/div>\n\t\t\t<\/div>\n\t\t\t<div class=\"WooZone-cross-sell-loader-text\"><\/div>\n\t\t<\/div>\n\t<\/div>\n\n\t\t\n<\/div>\n<div style=\"clear:both;\"><\/div><\/p>\n","protected":false},"excerpt":{"rendered":"<p>Jack&#8217;s Skull Double ID Bifold ist die ultimative Einstellung in der Einstellung. Handgefertigt aus genarbtem Leder in einem rustikalen maskulinen Design, das handbr\u00fcnierte Finish enth\u00fcllt die Details der gepr\u00e4gten Totenkopf-Grafik. Ob Biker, Rocker oder Hardcore-Persona, diese Brieftasche in voller Gr\u00f6\u00dfe wurde mit Effizienz und Funktionalit\u00e4t im Hinblick auf die doppelte ID ausklappbare Konstruktion entworfen. Basierend auf Kundenfeedback, sobald ein Kerl diese Silhouette tr\u00e4gt, wird er immer diese Silhouette tragen.<br \/>\nMerkmale: 8 Kartenf\u00e4cher, 2 Kreditkartenf\u00e4cher und 2 Ausweisfenster. Die Doppelausfahrkonstruktion ist perfekt f\u00fcr den Kerl, der 2 Identifikationsformen tr\u00e4gt (F\u00fchrerschein, Arbeit, Milit\u00e4r, Schulausweis). Beide ID-Fenster verf\u00fcgen \u00fcber eine Daumenaussparung zur einfachen Entfernung der IDs. Auf dem hellbraunen Leinen-Futter finden Sie unsere Signatur mit Siebdruck &#8220;regret nothing&#8221;.<br \/>\nGesamtma\u00dfe (L x H): 4,25 x 8,9 cm.<\/p>\n","protected":false},"featured_media":33224,"comment_status":"open","ping_status":"closed","template":"","meta":[],"product_brand":[],"product_cat":[1186,3960],"product_tag":[],"class_list":{"0":"post-33223","1":"product","2":"type-product","3":"status-publish","4":"has-post-thumbnail","6":"product_cat-bekleidung","7":"product_cat-herren","8":"pa_binding-textilien","9":"pa_brand-house-of-jack-co","10":"pa_color-schwarz","11":"pa_height-0-3-zoll","12":"pa_length-4-5-zoll","13":"pa_model-15192","14":"pa_size-11-cm-x-9-cm","15":"pa_weight-0-3125-pfund","16":"pa_width-3-5-zoll","18":"first","19":"instock","20":"shipping-taxable","21":"purchasable","22":"product-type-simple","23":"customify-col","24":"product-has-gallery"},"yoast_head":"<!-- This site is optimized with the Yoast SEO plugin v27.4 - https:\/\/yoast.com\/product\/yoast-seo-wordpress\/ -->\n<title>HOJ Co. Herren-Geldb\u00f6rse, Totenkopf-Design, doppeltes Ausweis, genarbtes Leder, mehrere Kartenf\u00e4cher - Markt-XXL<\/title>\n<meta name=\"description\" content=\"Markt-XXL HOJ Co. Herren-Geldb\u00f6rse, Totenkopf-Design, doppeltes Ausweis, genarbtes Leder, mehrere Kartenf\u00e4cher\" \/>\n<meta name=\"robots\" content=\"index, follow, max-snippet:-1, max-image-preview:large, max-video-preview:-1\" \/>\n<link rel=\"canonical\" href=\"https:\/\/marktxxl.de\/markt\/produkt\/hoj-co-herren-geldboerse-totenkopf-design-doppeltes-ausweis-genarbtes-leder-mehrere-kartenfaecher\/\" \/>\n<meta property=\"og:locale\" content=\"de_DE\" \/>\n<meta property=\"og:type\" content=\"article\" \/>\n<meta property=\"og:title\" content=\"HOJ Co. Herren-Geldb\u00f6rse, Totenkopf-Design, doppeltes Ausweis, genarbtes Leder, mehrere Kartenf\u00e4cher - Markt-XXL\" \/>\n<meta property=\"og:description\" content=\"Markt-XXL HOJ Co. Herren-Geldb\u00f6rse, Totenkopf-Design, doppeltes Ausweis, genarbtes Leder, mehrere Kartenf\u00e4cher\" \/>\n<meta property=\"og:url\" content=\"https:\/\/marktxxl.de\/markt\/produkt\/hoj-co-herren-geldboerse-totenkopf-design-doppeltes-ausweis-genarbtes-leder-mehrere-kartenfaecher\/\" \/>\n<meta property=\"og:site_name\" content=\"Markt-XXL\" \/>\n<meta property=\"article:modified_time\" content=\"2023-04-10T23:46:17+00:00\" \/>\n<meta property=\"og:image\" content=\"https:\/\/m.media-amazon.com\/images\/I\/51FWRqI2WIL._SL500_.jpg\" \/>\n\t<meta property=\"og:image:width\" content=\"500\" \/>\n\t<meta property=\"og:image:height\" content=\"500\" \/>\n\t<meta property=\"og:image:type\" content=\"image\/jpeg\" \/>\n<meta name=\"twitter:card\" content=\"summary_large_image\" \/>\n<meta name=\"twitter:label1\" content=\"Gesch\u00e4tzte Lesezeit\" \/>\n\t<meta name=\"twitter:data1\" content=\"1\u00a0Minute\" \/>\n<script type=\"application\/ld+json\" class=\"yoast-schema-graph\">{\"@context\":\"https:\\\/\\\/schema.org\",\"@graph\":[{\"@type\":\"WebPage\",\"@id\":\"https:\\\/\\\/marktxxl.de\\\/markt\\\/produkt\\\/hoj-co-herren-geldboerse-totenkopf-design-doppeltes-ausweis-genarbtes-leder-mehrere-kartenfaecher\\\/\",\"url\":\"https:\\\/\\\/marktxxl.de\\\/markt\\\/produkt\\\/hoj-co-herren-geldboerse-totenkopf-design-doppeltes-ausweis-genarbtes-leder-mehrere-kartenfaecher\\\/\",\"name\":\"HOJ Co. Herren-Geldb\u00f6rse, Totenkopf-Design, doppeltes Ausweis, genarbtes Leder, mehrere Kartenf\u00e4cher - Markt-XXL\",\"isPartOf\":{\"@id\":\"https:\\\/\\\/marktxxl.de\\\/markt\\\/#website\"},\"primaryImageOfPage\":{\"@id\":\"https:\\\/\\\/marktxxl.de\\\/markt\\\/produkt\\\/hoj-co-herren-geldboerse-totenkopf-design-doppeltes-ausweis-genarbtes-leder-mehrere-kartenfaecher\\\/#primaryimage\"},\"image\":{\"@id\":\"https:\\\/\\\/marktxxl.de\\\/markt\\\/produkt\\\/hoj-co-herren-geldboerse-totenkopf-design-doppeltes-ausweis-genarbtes-leder-mehrere-kartenfaecher\\\/#primaryimage\"},\"thumbnailUrl\":\"https:\\\/\\\/m.media-amazon.com\\\/images\\\/I\\\/51FWRqI2WIL._SL500_.jpg\",\"datePublished\":\"2021-09-13T18:06:31+00:00\",\"dateModified\":\"2023-04-10T23:46:17+00:00\",\"description\":\"Markt-XXL HOJ Co. Herren-Geldb\u00f6rse, Totenkopf-Design, doppeltes Ausweis, genarbtes Leder, mehrere Kartenf\u00e4cher\",\"breadcrumb\":{\"@id\":\"https:\\\/\\\/marktxxl.de\\\/markt\\\/produkt\\\/hoj-co-herren-geldboerse-totenkopf-design-doppeltes-ausweis-genarbtes-leder-mehrere-kartenfaecher\\\/#breadcrumb\"},\"inLanguage\":\"de\",\"potentialAction\":[{\"@type\":\"ReadAction\",\"target\":[\"https:\\\/\\\/marktxxl.de\\\/markt\\\/produkt\\\/hoj-co-herren-geldboerse-totenkopf-design-doppeltes-ausweis-genarbtes-leder-mehrere-kartenfaecher\\\/\"]}]},{\"@type\":\"ImageObject\",\"inLanguage\":\"de\",\"@id\":\"https:\\\/\\\/marktxxl.de\\\/markt\\\/produkt\\\/hoj-co-herren-geldboerse-totenkopf-design-doppeltes-ausweis-genarbtes-leder-mehrere-kartenfaecher\\\/#primaryimage\",\"url\":\"https:\\\/\\\/m.media-amazon.com\\\/images\\\/I\\\/51FWRqI2WIL._SL500_.jpg\",\"contentUrl\":\"https:\\\/\\\/m.media-amazon.com\\\/images\\\/I\\\/51FWRqI2WIL._SL500_.jpg\",\"width\":500,\"height\":500},{\"@type\":\"BreadcrumbList\",\"@id\":\"https:\\\/\\\/marktxxl.de\\\/markt\\\/produkt\\\/hoj-co-herren-geldboerse-totenkopf-design-doppeltes-ausweis-genarbtes-leder-mehrere-kartenfaecher\\\/#breadcrumb\",\"itemListElement\":[{\"@type\":\"ListItem\",\"position\":1,\"name\":\"Startseite\",\"item\":\"https:\\\/\\\/marktxxl.de\\\/markt\\\/\"},{\"@type\":\"ListItem\",\"position\":2,\"name\":\"Markt\",\"item\":\"https:\\\/\\\/marktxxl.de\\\/markt\\\/\"},{\"@type\":\"ListItem\",\"position\":3,\"name\":\"HOJ Co. Herren-Geldb\u00f6rse, Totenkopf-Design, doppeltes Ausweis, genarbtes Leder, mehrere Kartenf\u00e4cher\"}]},{\"@type\":\"WebSite\",\"@id\":\"https:\\\/\\\/marktxxl.de\\\/markt\\\/#website\",\"url\":\"https:\\\/\\\/marktxxl.de\\\/markt\\\/\",\"name\":\"Markt-XXL\",\"description\":\"Ihr Markt Online\",\"publisher\":{\"@id\":\"https:\\\/\\\/marktxxl.de\\\/markt\\\/#organization\"},\"potentialAction\":[{\"@type\":\"SearchAction\",\"target\":{\"@type\":\"EntryPoint\",\"urlTemplate\":\"https:\\\/\\\/marktxxl.de\\\/markt\\\/?s={search_term_string}\"},\"query-input\":{\"@type\":\"PropertyValueSpecification\",\"valueRequired\":true,\"valueName\":\"search_term_string\"}}],\"inLanguage\":\"de\"},{\"@type\":\"Organization\",\"@id\":\"https:\\\/\\\/marktxxl.de\\\/markt\\\/#organization\",\"name\":\"Markt-XXL\",\"url\":\"https:\\\/\\\/marktxxl.de\\\/markt\\\/\",\"logo\":{\"@type\":\"ImageObject\",\"inLanguage\":\"de\",\"@id\":\"https:\\\/\\\/marktxxl.de\\\/markt\\\/#\\\/schema\\\/logo\\\/image\\\/\",\"url\":\"https:\\\/\\\/marktxxl.de\\\/markt\\\/wp-content\\\/uploads\\\/sites\\\/3\\\/2020\\\/12\\\/logo.png\",\"contentUrl\":\"https:\\\/\\\/marktxxl.de\\\/markt\\\/wp-content\\\/uploads\\\/sites\\\/3\\\/2020\\\/12\\\/logo.png\",\"width\":200,\"height\":70,\"caption\":\"Markt-XXL\"},\"image\":{\"@id\":\"https:\\\/\\\/marktxxl.de\\\/markt\\\/#\\\/schema\\\/logo\\\/image\\\/\"}}]}<\/script>\n<!-- \/ Yoast SEO plugin. -->","yoast_head_json":{"title":"HOJ Co. Herren-Geldb\u00f6rse, Totenkopf-Design, doppeltes Ausweis, genarbtes Leder, mehrere Kartenf\u00e4cher - Markt-XXL","description":"Markt-XXL HOJ Co. Herren-Geldb\u00f6rse, Totenkopf-Design, doppeltes Ausweis, genarbtes Leder, mehrere Kartenf\u00e4cher","robots":{"index":"index","follow":"follow","max-snippet":"max-snippet:-1","max-image-preview":"max-image-preview:large","max-video-preview":"max-video-preview:-1"},"canonical":"https:\/\/marktxxl.de\/markt\/produkt\/hoj-co-herren-geldboerse-totenkopf-design-doppeltes-ausweis-genarbtes-leder-mehrere-kartenfaecher\/","og_locale":"de_DE","og_type":"article","og_title":"HOJ Co. Herren-Geldb\u00f6rse, Totenkopf-Design, doppeltes Ausweis, genarbtes Leder, mehrere Kartenf\u00e4cher - Markt-XXL","og_description":"Markt-XXL HOJ Co. Herren-Geldb\u00f6rse, Totenkopf-Design, doppeltes Ausweis, genarbtes Leder, mehrere Kartenf\u00e4cher","og_url":"https:\/\/marktxxl.de\/markt\/produkt\/hoj-co-herren-geldboerse-totenkopf-design-doppeltes-ausweis-genarbtes-leder-mehrere-kartenfaecher\/","og_site_name":"Markt-XXL","article_modified_time":"2023-04-10T23:46:17+00:00","og_image":[{"width":500,"height":500,"url":"https:\/\/m.media-amazon.com\/images\/I\/51FWRqI2WIL._SL500_.jpg","type":"image\/jpeg"}],"twitter_card":"summary_large_image","twitter_misc":{"Gesch\u00e4tzte Lesezeit":"1\u00a0Minute"},"schema":{"@context":"https:\/\/schema.org","@graph":[{"@type":"WebPage","@id":"https:\/\/marktxxl.de\/markt\/produkt\/hoj-co-herren-geldboerse-totenkopf-design-doppeltes-ausweis-genarbtes-leder-mehrere-kartenfaecher\/","url":"https:\/\/marktxxl.de\/markt\/produkt\/hoj-co-herren-geldboerse-totenkopf-design-doppeltes-ausweis-genarbtes-leder-mehrere-kartenfaecher\/","name":"HOJ Co. Herren-Geldb\u00f6rse, Totenkopf-Design, doppeltes Ausweis, genarbtes Leder, mehrere Kartenf\u00e4cher - Markt-XXL","isPartOf":{"@id":"https:\/\/marktxxl.de\/markt\/#website"},"primaryImageOfPage":{"@id":"https:\/\/marktxxl.de\/markt\/produkt\/hoj-co-herren-geldboerse-totenkopf-design-doppeltes-ausweis-genarbtes-leder-mehrere-kartenfaecher\/#primaryimage"},"image":{"@id":"https:\/\/marktxxl.de\/markt\/produkt\/hoj-co-herren-geldboerse-totenkopf-design-doppeltes-ausweis-genarbtes-leder-mehrere-kartenfaecher\/#primaryimage"},"thumbnailUrl":"https:\/\/m.media-amazon.com\/images\/I\/51FWRqI2WIL._SL500_.jpg","datePublished":"2021-09-13T18:06:31+00:00","dateModified":"2023-04-10T23:46:17+00:00","description":"Markt-XXL HOJ Co. Herren-Geldb\u00f6rse, Totenkopf-Design, doppeltes Ausweis, genarbtes Leder, mehrere Kartenf\u00e4cher","breadcrumb":{"@id":"https:\/\/marktxxl.de\/markt\/produkt\/hoj-co-herren-geldboerse-totenkopf-design-doppeltes-ausweis-genarbtes-leder-mehrere-kartenfaecher\/#breadcrumb"},"inLanguage":"de","potentialAction":[{"@type":"ReadAction","target":["https:\/\/marktxxl.de\/markt\/produkt\/hoj-co-herren-geldboerse-totenkopf-design-doppeltes-ausweis-genarbtes-leder-mehrere-kartenfaecher\/"]}]},{"@type":"ImageObject","inLanguage":"de","@id":"https:\/\/marktxxl.de\/markt\/produkt\/hoj-co-herren-geldboerse-totenkopf-design-doppeltes-ausweis-genarbtes-leder-mehrere-kartenfaecher\/#primaryimage","url":"https:\/\/m.media-amazon.com\/images\/I\/51FWRqI2WIL._SL500_.jpg","contentUrl":"https:\/\/m.media-amazon.com\/images\/I\/51FWRqI2WIL._SL500_.jpg","width":500,"height":500},{"@type":"BreadcrumbList","@id":"https:\/\/marktxxl.de\/markt\/produkt\/hoj-co-herren-geldboerse-totenkopf-design-doppeltes-ausweis-genarbtes-leder-mehrere-kartenfaecher\/#breadcrumb","itemListElement":[{"@type":"ListItem","position":1,"name":"Startseite","item":"https:\/\/marktxxl.de\/markt\/"},{"@type":"ListItem","position":2,"name":"Markt","item":"https:\/\/marktxxl.de\/markt\/"},{"@type":"ListItem","position":3,"name":"HOJ Co. Herren-Geldb\u00f6rse, Totenkopf-Design, doppeltes Ausweis, genarbtes Leder, mehrere Kartenf\u00e4cher"}]},{"@type":"WebSite","@id":"https:\/\/marktxxl.de\/markt\/#website","url":"https:\/\/marktxxl.de\/markt\/","name":"Markt-XXL","description":"Ihr Markt Online","publisher":{"@id":"https:\/\/marktxxl.de\/markt\/#organization"},"potentialAction":[{"@type":"SearchAction","target":{"@type":"EntryPoint","urlTemplate":"https:\/\/marktxxl.de\/markt\/?s={search_term_string}"},"query-input":{"@type":"PropertyValueSpecification","valueRequired":true,"valueName":"search_term_string"}}],"inLanguage":"de"},{"@type":"Organization","@id":"https:\/\/marktxxl.de\/markt\/#organization","name":"Markt-XXL","url":"https:\/\/marktxxl.de\/markt\/","logo":{"@type":"ImageObject","inLanguage":"de","@id":"https:\/\/marktxxl.de\/markt\/#\/schema\/logo\/image\/","url":"https:\/\/marktxxl.de\/markt\/wp-content\/uploads\/sites\/3\/2020\/12\/logo.png","contentUrl":"https:\/\/marktxxl.de\/markt\/wp-content\/uploads\/sites\/3\/2020\/12\/logo.png","width":200,"height":70,"caption":"Markt-XXL"},"image":{"@id":"https:\/\/marktxxl.de\/markt\/#\/schema\/logo\/image\/"}}]}},"_links":{"self":[{"href":"https:\/\/marktxxl.de\/markt\/wp-json\/wp\/v2\/product\/33223","targetHints":{"allow":["GET"]}}],"collection":[{"href":"https:\/\/marktxxl.de\/markt\/wp-json\/wp\/v2\/product"}],"about":[{"href":"https:\/\/marktxxl.de\/markt\/wp-json\/wp\/v2\/types\/product"}],"replies":[{"embeddable":true,"href":"https:\/\/marktxxl.de\/markt\/wp-json\/wp\/v2\/comments?post=33223"}],"wp:featuredmedia":[{"embeddable":true,"href":"https:\/\/marktxxl.de\/markt\/wp-json\/wp\/v2\/media\/33224"}],"wp:attachment":[{"href":"https:\/\/marktxxl.de\/markt\/wp-json\/wp\/v2\/media?parent=33223"}],"wp:term":[{"taxonomy":"product_brand","embeddable":true,"href":"https:\/\/marktxxl.de\/markt\/wp-json\/wp\/v2\/product_brand?post=33223"},{"taxonomy":"product_cat","embeddable":true,"href":"https:\/\/marktxxl.de\/markt\/wp-json\/wp\/v2\/product_cat?post=33223"},{"taxonomy":"product_tag","embeddable":true,"href":"https:\/\/marktxxl.de\/markt\/wp-json\/wp\/v2\/product_tag?post=33223"}],"curies":[{"name":"wp","href":"https:\/\/api.w.org\/{rel}","templated":true}]}}