{"id":33063,"date":"2021-09-13T20:04:22","date_gmt":"2021-09-13T18:04:22","guid":{"rendered":"https:\/\/marktxxl.de\/markt\/produkt\/wxhnzyq-herbst-und-winter-strickjacke-strickpullover-damen-mittellanger-mantel-top-casual\/"},"modified":"2023-04-11T01:46:14","modified_gmt":"2023-04-10T23:46:14","slug":"wxhnzyq-herbst-und-winter-strickjacke-strickpullover-damen-mittellanger-mantel-top-casual","status":"publish","type":"product","link":"https:\/\/marktxxl.de\/markt\/produkt\/wxhnzyq-herbst-und-winter-strickjacke-strickpullover-damen-mittellanger-mantel-top-casual\/","title":{"rendered":"WXHNZYQ Herbst Und Winter Strickjacke Strickpullover Damen Mittellanger Mantel, Top, Casual"},"content":{"rendered":"<p>Willkommen in meinem Shop, unser Shop hat immer das Prinzip von hoher Qualit\u00e4t und niedrigem Preis befolgt, und der Kunde ist Gott. Bitte seien Sie versichert zu kaufen. Jugendmode liegt bei Ihnen.<br \/>\nWenn Sie mit unseren Produkten unzufrieden sind, k\u00f6nnen Sie sich an den Kundendienst wenden, um das Problem rechtzeitig zu l\u00f6sen und einen qualitativ hochwertigen Service zu gew\u00e4hrleisten. Die Kleidung in unserem Shop ist l\u00e4ssig, einfach und atmosph\u00e4risch und eignet sich f\u00fcr Abendpartys und formelle Anl\u00e4sse.<br \/>\nsweatshirt damen glow hoodie green arrow hoodie strick hoodie hoodie beast mode hype hoodie purize hoodie hoodie damen neon kurzer hoodie herren fight hoodie herren hoodie damen gestreift hoodie mit patches sister hoodies f\u00fcr 2 m dchen streifen hoodie herren all faces down hoodie fair trade hoodie cologne hoodie colorful hoodie gods plan hoodie herren zip hoodie meliert pubg hoodie hoodie mit perlen hoodie damen kapuze skull hoodie herren slim fit<br \/>\ndamen mantel englisch damen mantel fr ling kurz mantel aus baumwolle mufflon damen mantel flecce mantel akatsuki mantel damen mantel 40-635 mantel 24 x 2,1 satar mantel schwerer mantel mantel xs mantel rot mantelschoner fahrrad 28 mtb reifen mantel laufrad mantel 12 zoll der blaue mantel tom tailor mantel herren mtb 29&#215;2,25 mantel mantel 40-622 mantelharken strick mantel damen lang regenbogen mantel mantel 12&#215;1.75 m chen mantel 104 cowgirl<br \/>\nstreet one sweatshirt damen zip sweatshirt damen pubg sweatshirt sweatshirt biker herren find herren sweatshirt kurze sweatshirts f\u00fcr m dchen kurze hose sweatshirtstoff kurze sweatshirtjacke damen gap sweatshirtjacke sweatshirt gro e gr en damen karo sweatshirt street one sweatshirt grau sweatshirt kapuze damen surplus sweatshirt blauer sweatshirt damen sweatshirts herren v-neck samt sweatshirt baumwoll sweatshirt damen sweatshirt shorts jungen<br \/>\n<div class=\"main-cross-sell\" data-asin=\"B08N4ZB113\">\n\n\t<div class=\"WooZone-cross-sell-loader\">\n\t\t<div>\n\t\t\t<div id=\"floatingBarsG\">\n\t\t\t\t<div class=\"blockG\" id=\"rotateG_01\"><\/div>\n\t\t\t\t<div class=\"blockG\" id=\"rotateG_02\"><\/div>\n\t\t\t\t<div class=\"blockG\" id=\"rotateG_03\"><\/div>\n\t\t\t\t<div class=\"blockG\" id=\"rotateG_04\"><\/div>\n\t\t\t\t<div class=\"blockG\" id=\"rotateG_05\"><\/div>\n\t\t\t\t<div class=\"blockG\" id=\"rotateG_06\"><\/div>\n\t\t\t\t<div class=\"blockG\" id=\"rotateG_07\"><\/div>\n\t\t\t\t<div class=\"blockG\" id=\"rotateG_08\"><\/div>\n\t\t\t<\/div>\n\t\t\t<div class=\"WooZone-cross-sell-loader-text\"><\/div>\n\t\t<\/div>\n\t<\/div>\n\n\t\t\n<\/div>\n<div style=\"clear:both;\"><\/div><\/p>\n","protected":false},"excerpt":{"rendered":"<p>Willkommen in meinem Shop, unser Shop hat immer das Prinzip von hoher Qualit\u00e4t und niedrigem Preis befolgt, und der Kunde ist Gott. Bitte seien Sie versichert zu kaufen. Jugendmode liegt bei Ihnen.<br \/>\nWenn Sie mit unseren Produkten unzufrieden sind, k\u00f6nnen Sie sich an den Kundendienst wenden, um das Problem rechtzeitig zu l\u00f6sen und einen qualitativ hochwertigen Service zu gew\u00e4hrleisten. Die Kleidung in unserem Shop ist l\u00e4ssig, einfach und atmosph\u00e4risch und eignet sich f\u00fcr Abendpartys und formelle Anl\u00e4sse.<br \/>\nsweatshirt damen glow hoodie green arrow hoodie strick hoodie hoodie beast mode hype hoodie purize hoodie hoodie damen neon kurzer hoodie herren fight hoodie herren hoodie damen gestreift hoodie mit patches sister hoodies f\u00fcr 2 m dchen streifen hoodie herren all faces down hoodie fair trade hoodie cologne hoodie colorful hoodie gods plan hoodie herren zip hoodie meliert pubg hoodie hoodie mit perlen hoodie damen kapuze skull hoodie herren slim fit<\/p>\n","protected":false},"featured_media":33064,"comment_status":"open","ping_status":"closed","template":"","meta":[],"product_brand":[],"product_cat":[1186,3920],"product_tag":[],"class_list":{"0":"post-33063","1":"product","2":"type-product","3":"status-publish","4":"has-post-thumbnail","6":"product_cat-bekleidung","7":"product_cat-damen","8":"pa_binding-textilien","9":"pa_brand-wxhnzyq","10":"pa_color-schwarz","11":"pa_size-xl","13":"first","14":"instock","15":"shipping-taxable","16":"purchasable","17":"product-type-simple","18":"customify-col","19":"product-has-gallery"},"yoast_head":"<!-- This site is optimized with the Yoast SEO plugin v27.4 - https:\/\/yoast.com\/product\/yoast-seo-wordpress\/ -->\n<title>WXHNZYQ Herbst Und Winter Strickjacke Strickpullover Damen Mittellanger Mantel, Top, Casual - Markt-XXL<\/title>\n<meta name=\"description\" content=\"Markt-XXL WXHNZYQ Herbst Und Winter Strickjacke Strickpullover Damen Mittellanger Mantel, Top, Casual\" \/>\n<meta name=\"robots\" content=\"index, follow, max-snippet:-1, max-image-preview:large, max-video-preview:-1\" \/>\n<link rel=\"canonical\" href=\"https:\/\/marktxxl.de\/markt\/produkt\/wxhnzyq-herbst-und-winter-strickjacke-strickpullover-damen-mittellanger-mantel-top-casual\/\" \/>\n<meta property=\"og:locale\" content=\"de_DE\" \/>\n<meta property=\"og:type\" content=\"article\" \/>\n<meta property=\"og:title\" content=\"WXHNZYQ Herbst Und Winter Strickjacke Strickpullover Damen Mittellanger Mantel, Top, Casual - Markt-XXL\" \/>\n<meta property=\"og:description\" content=\"Markt-XXL WXHNZYQ Herbst Und Winter Strickjacke Strickpullover Damen Mittellanger Mantel, Top, Casual\" \/>\n<meta property=\"og:url\" content=\"https:\/\/marktxxl.de\/markt\/produkt\/wxhnzyq-herbst-und-winter-strickjacke-strickpullover-damen-mittellanger-mantel-top-casual\/\" \/>\n<meta property=\"og:site_name\" content=\"Markt-XXL\" \/>\n<meta property=\"article:modified_time\" content=\"2023-04-10T23:46:14+00:00\" \/>\n<meta property=\"og:image\" content=\"https:\/\/m.media-amazon.com\/images\/I\/41AjzB0Wd2L._SL500_.jpg\" \/>\n\t<meta property=\"og:image:width\" content=\"500\" \/>\n\t<meta property=\"og:image:height\" content=\"500\" \/>\n\t<meta property=\"og:image:type\" content=\"image\/jpeg\" \/>\n<meta name=\"twitter:card\" content=\"summary_large_image\" \/>\n<meta name=\"twitter:label1\" content=\"Gesch\u00e4tzte Lesezeit\" \/>\n\t<meta name=\"twitter:data1\" content=\"1\u00a0Minute\" \/>\n<script type=\"application\/ld+json\" class=\"yoast-schema-graph\">{\"@context\":\"https:\\\/\\\/schema.org\",\"@graph\":[{\"@type\":\"WebPage\",\"@id\":\"https:\\\/\\\/marktxxl.de\\\/markt\\\/produkt\\\/wxhnzyq-herbst-und-winter-strickjacke-strickpullover-damen-mittellanger-mantel-top-casual\\\/\",\"url\":\"https:\\\/\\\/marktxxl.de\\\/markt\\\/produkt\\\/wxhnzyq-herbst-und-winter-strickjacke-strickpullover-damen-mittellanger-mantel-top-casual\\\/\",\"name\":\"WXHNZYQ Herbst Und Winter Strickjacke Strickpullover Damen Mittellanger Mantel, Top, Casual - Markt-XXL\",\"isPartOf\":{\"@id\":\"https:\\\/\\\/marktxxl.de\\\/markt\\\/#website\"},\"primaryImageOfPage\":{\"@id\":\"https:\\\/\\\/marktxxl.de\\\/markt\\\/produkt\\\/wxhnzyq-herbst-und-winter-strickjacke-strickpullover-damen-mittellanger-mantel-top-casual\\\/#primaryimage\"},\"image\":{\"@id\":\"https:\\\/\\\/marktxxl.de\\\/markt\\\/produkt\\\/wxhnzyq-herbst-und-winter-strickjacke-strickpullover-damen-mittellanger-mantel-top-casual\\\/#primaryimage\"},\"thumbnailUrl\":\"https:\\\/\\\/m.media-amazon.com\\\/images\\\/I\\\/41AjzB0Wd2L._SL500_.jpg\",\"datePublished\":\"2021-09-13T18:04:22+00:00\",\"dateModified\":\"2023-04-10T23:46:14+00:00\",\"description\":\"Markt-XXL WXHNZYQ Herbst Und Winter Strickjacke Strickpullover Damen Mittellanger Mantel, Top, Casual\",\"breadcrumb\":{\"@id\":\"https:\\\/\\\/marktxxl.de\\\/markt\\\/produkt\\\/wxhnzyq-herbst-und-winter-strickjacke-strickpullover-damen-mittellanger-mantel-top-casual\\\/#breadcrumb\"},\"inLanguage\":\"de\",\"potentialAction\":[{\"@type\":\"ReadAction\",\"target\":[\"https:\\\/\\\/marktxxl.de\\\/markt\\\/produkt\\\/wxhnzyq-herbst-und-winter-strickjacke-strickpullover-damen-mittellanger-mantel-top-casual\\\/\"]}]},{\"@type\":\"ImageObject\",\"inLanguage\":\"de\",\"@id\":\"https:\\\/\\\/marktxxl.de\\\/markt\\\/produkt\\\/wxhnzyq-herbst-und-winter-strickjacke-strickpullover-damen-mittellanger-mantel-top-casual\\\/#primaryimage\",\"url\":\"https:\\\/\\\/m.media-amazon.com\\\/images\\\/I\\\/41AjzB0Wd2L._SL500_.jpg\",\"contentUrl\":\"https:\\\/\\\/m.media-amazon.com\\\/images\\\/I\\\/41AjzB0Wd2L._SL500_.jpg\",\"width\":500,\"height\":500},{\"@type\":\"BreadcrumbList\",\"@id\":\"https:\\\/\\\/marktxxl.de\\\/markt\\\/produkt\\\/wxhnzyq-herbst-und-winter-strickjacke-strickpullover-damen-mittellanger-mantel-top-casual\\\/#breadcrumb\",\"itemListElement\":[{\"@type\":\"ListItem\",\"position\":1,\"name\":\"Startseite\",\"item\":\"https:\\\/\\\/marktxxl.de\\\/markt\\\/\"},{\"@type\":\"ListItem\",\"position\":2,\"name\":\"Markt\",\"item\":\"https:\\\/\\\/marktxxl.de\\\/markt\\\/\"},{\"@type\":\"ListItem\",\"position\":3,\"name\":\"WXHNZYQ Herbst Und Winter Strickjacke Strickpullover Damen Mittellanger Mantel, Top, Casual\"}]},{\"@type\":\"WebSite\",\"@id\":\"https:\\\/\\\/marktxxl.de\\\/markt\\\/#website\",\"url\":\"https:\\\/\\\/marktxxl.de\\\/markt\\\/\",\"name\":\"Markt-XXL\",\"description\":\"Ihr Markt Online\",\"publisher\":{\"@id\":\"https:\\\/\\\/marktxxl.de\\\/markt\\\/#organization\"},\"potentialAction\":[{\"@type\":\"SearchAction\",\"target\":{\"@type\":\"EntryPoint\",\"urlTemplate\":\"https:\\\/\\\/marktxxl.de\\\/markt\\\/?s={search_term_string}\"},\"query-input\":{\"@type\":\"PropertyValueSpecification\",\"valueRequired\":true,\"valueName\":\"search_term_string\"}}],\"inLanguage\":\"de\"},{\"@type\":\"Organization\",\"@id\":\"https:\\\/\\\/marktxxl.de\\\/markt\\\/#organization\",\"name\":\"Markt-XXL\",\"url\":\"https:\\\/\\\/marktxxl.de\\\/markt\\\/\",\"logo\":{\"@type\":\"ImageObject\",\"inLanguage\":\"de\",\"@id\":\"https:\\\/\\\/marktxxl.de\\\/markt\\\/#\\\/schema\\\/logo\\\/image\\\/\",\"url\":\"https:\\\/\\\/marktxxl.de\\\/markt\\\/wp-content\\\/uploads\\\/sites\\\/3\\\/2020\\\/12\\\/logo.png\",\"contentUrl\":\"https:\\\/\\\/marktxxl.de\\\/markt\\\/wp-content\\\/uploads\\\/sites\\\/3\\\/2020\\\/12\\\/logo.png\",\"width\":200,\"height\":70,\"caption\":\"Markt-XXL\"},\"image\":{\"@id\":\"https:\\\/\\\/marktxxl.de\\\/markt\\\/#\\\/schema\\\/logo\\\/image\\\/\"}}]}<\/script>\n<!-- \/ Yoast SEO plugin. -->","yoast_head_json":{"title":"WXHNZYQ Herbst Und Winter Strickjacke Strickpullover Damen Mittellanger Mantel, Top, Casual - Markt-XXL","description":"Markt-XXL WXHNZYQ Herbst Und Winter Strickjacke Strickpullover Damen Mittellanger Mantel, Top, Casual","robots":{"index":"index","follow":"follow","max-snippet":"max-snippet:-1","max-image-preview":"max-image-preview:large","max-video-preview":"max-video-preview:-1"},"canonical":"https:\/\/marktxxl.de\/markt\/produkt\/wxhnzyq-herbst-und-winter-strickjacke-strickpullover-damen-mittellanger-mantel-top-casual\/","og_locale":"de_DE","og_type":"article","og_title":"WXHNZYQ Herbst Und Winter Strickjacke Strickpullover Damen Mittellanger Mantel, Top, Casual - Markt-XXL","og_description":"Markt-XXL WXHNZYQ Herbst Und Winter Strickjacke Strickpullover Damen Mittellanger Mantel, Top, Casual","og_url":"https:\/\/marktxxl.de\/markt\/produkt\/wxhnzyq-herbst-und-winter-strickjacke-strickpullover-damen-mittellanger-mantel-top-casual\/","og_site_name":"Markt-XXL","article_modified_time":"2023-04-10T23:46:14+00:00","og_image":[{"width":500,"height":500,"url":"https:\/\/m.media-amazon.com\/images\/I\/41AjzB0Wd2L._SL500_.jpg","type":"image\/jpeg"}],"twitter_card":"summary_large_image","twitter_misc":{"Gesch\u00e4tzte Lesezeit":"1\u00a0Minute"},"schema":{"@context":"https:\/\/schema.org","@graph":[{"@type":"WebPage","@id":"https:\/\/marktxxl.de\/markt\/produkt\/wxhnzyq-herbst-und-winter-strickjacke-strickpullover-damen-mittellanger-mantel-top-casual\/","url":"https:\/\/marktxxl.de\/markt\/produkt\/wxhnzyq-herbst-und-winter-strickjacke-strickpullover-damen-mittellanger-mantel-top-casual\/","name":"WXHNZYQ Herbst Und Winter Strickjacke Strickpullover Damen Mittellanger Mantel, Top, Casual - Markt-XXL","isPartOf":{"@id":"https:\/\/marktxxl.de\/markt\/#website"},"primaryImageOfPage":{"@id":"https:\/\/marktxxl.de\/markt\/produkt\/wxhnzyq-herbst-und-winter-strickjacke-strickpullover-damen-mittellanger-mantel-top-casual\/#primaryimage"},"image":{"@id":"https:\/\/marktxxl.de\/markt\/produkt\/wxhnzyq-herbst-und-winter-strickjacke-strickpullover-damen-mittellanger-mantel-top-casual\/#primaryimage"},"thumbnailUrl":"https:\/\/m.media-amazon.com\/images\/I\/41AjzB0Wd2L._SL500_.jpg","datePublished":"2021-09-13T18:04:22+00:00","dateModified":"2023-04-10T23:46:14+00:00","description":"Markt-XXL WXHNZYQ Herbst Und Winter Strickjacke Strickpullover Damen Mittellanger Mantel, Top, Casual","breadcrumb":{"@id":"https:\/\/marktxxl.de\/markt\/produkt\/wxhnzyq-herbst-und-winter-strickjacke-strickpullover-damen-mittellanger-mantel-top-casual\/#breadcrumb"},"inLanguage":"de","potentialAction":[{"@type":"ReadAction","target":["https:\/\/marktxxl.de\/markt\/produkt\/wxhnzyq-herbst-und-winter-strickjacke-strickpullover-damen-mittellanger-mantel-top-casual\/"]}]},{"@type":"ImageObject","inLanguage":"de","@id":"https:\/\/marktxxl.de\/markt\/produkt\/wxhnzyq-herbst-und-winter-strickjacke-strickpullover-damen-mittellanger-mantel-top-casual\/#primaryimage","url":"https:\/\/m.media-amazon.com\/images\/I\/41AjzB0Wd2L._SL500_.jpg","contentUrl":"https:\/\/m.media-amazon.com\/images\/I\/41AjzB0Wd2L._SL500_.jpg","width":500,"height":500},{"@type":"BreadcrumbList","@id":"https:\/\/marktxxl.de\/markt\/produkt\/wxhnzyq-herbst-und-winter-strickjacke-strickpullover-damen-mittellanger-mantel-top-casual\/#breadcrumb","itemListElement":[{"@type":"ListItem","position":1,"name":"Startseite","item":"https:\/\/marktxxl.de\/markt\/"},{"@type":"ListItem","position":2,"name":"Markt","item":"https:\/\/marktxxl.de\/markt\/"},{"@type":"ListItem","position":3,"name":"WXHNZYQ Herbst Und Winter Strickjacke Strickpullover Damen Mittellanger Mantel, Top, Casual"}]},{"@type":"WebSite","@id":"https:\/\/marktxxl.de\/markt\/#website","url":"https:\/\/marktxxl.de\/markt\/","name":"Markt-XXL","description":"Ihr Markt Online","publisher":{"@id":"https:\/\/marktxxl.de\/markt\/#organization"},"potentialAction":[{"@type":"SearchAction","target":{"@type":"EntryPoint","urlTemplate":"https:\/\/marktxxl.de\/markt\/?s={search_term_string}"},"query-input":{"@type":"PropertyValueSpecification","valueRequired":true,"valueName":"search_term_string"}}],"inLanguage":"de"},{"@type":"Organization","@id":"https:\/\/marktxxl.de\/markt\/#organization","name":"Markt-XXL","url":"https:\/\/marktxxl.de\/markt\/","logo":{"@type":"ImageObject","inLanguage":"de","@id":"https:\/\/marktxxl.de\/markt\/#\/schema\/logo\/image\/","url":"https:\/\/marktxxl.de\/markt\/wp-content\/uploads\/sites\/3\/2020\/12\/logo.png","contentUrl":"https:\/\/marktxxl.de\/markt\/wp-content\/uploads\/sites\/3\/2020\/12\/logo.png","width":200,"height":70,"caption":"Markt-XXL"},"image":{"@id":"https:\/\/marktxxl.de\/markt\/#\/schema\/logo\/image\/"}}]}},"_links":{"self":[{"href":"https:\/\/marktxxl.de\/markt\/wp-json\/wp\/v2\/product\/33063","targetHints":{"allow":["GET"]}}],"collection":[{"href":"https:\/\/marktxxl.de\/markt\/wp-json\/wp\/v2\/product"}],"about":[{"href":"https:\/\/marktxxl.de\/markt\/wp-json\/wp\/v2\/types\/product"}],"replies":[{"embeddable":true,"href":"https:\/\/marktxxl.de\/markt\/wp-json\/wp\/v2\/comments?post=33063"}],"wp:featuredmedia":[{"embeddable":true,"href":"https:\/\/marktxxl.de\/markt\/wp-json\/wp\/v2\/media\/33064"}],"wp:attachment":[{"href":"https:\/\/marktxxl.de\/markt\/wp-json\/wp\/v2\/media?parent=33063"}],"wp:term":[{"taxonomy":"product_brand","embeddable":true,"href":"https:\/\/marktxxl.de\/markt\/wp-json\/wp\/v2\/product_brand?post=33063"},{"taxonomy":"product_cat","embeddable":true,"href":"https:\/\/marktxxl.de\/markt\/wp-json\/wp\/v2\/product_cat?post=33063"},{"taxonomy":"product_tag","embeddable":true,"href":"https:\/\/marktxxl.de\/markt\/wp-json\/wp\/v2\/product_tag?post=33063"}],"curies":[{"name":"wp","href":"https:\/\/api.w.org\/{rel}","templated":true}]}}