{"id":32835,"date":"2021-09-13T19:58:32","date_gmt":"2021-09-13T17:58:32","guid":{"rendered":"https:\/\/marktxxl.de\/markt\/produkt\/summer-foot-premium-fussmaske-zur-entfernung-von-hornhaut-i-samtweiche-und-zarte-fuesse-nach-nur-einer-anwendung-i-dermatologisch-getestet-i-deutsche-anleitung\/"},"modified":"2023-04-11T01:46:10","modified_gmt":"2023-04-10T23:46:10","slug":"summer-foot-premium-fussmaske-zur-entfernung-von-hornhaut-i-samtweiche-und-zarte-fuesse-nach-nur-einer-anwendung-i-dermatologisch-getestet-i-deutsche-anleitung","status":"publish","type":"product","link":"https:\/\/marktxxl.de\/markt\/produkt\/summer-foot-premium-fussmaske-zur-entfernung-von-hornhaut-i-samtweiche-und-zarte-fuesse-nach-nur-einer-anwendung-i-dermatologisch-getestet-i-deutsche-anleitung\/","title":{"rendered":"Summer Foot Premium Hornhaut-Socken &#8211; Hornhaut Fu\u00dfmaske &#8211; Maske f\u00fcr weiche F\u00fc\u00dfe &#8211; effektive Fu\u00dfpflege &#8211; dermatologisch\u2026"},"content":{"rendered":"<p>QUALIT\u00c4T \u2013 Unsere Summer Foot Fu\u00dfmasken sind dermatologisch getestet. Unsere Masken enthalten wertvolle Inhaltsstoffe (u.a. Urea und Gurkenextrakt), die Ihre F\u00fc\u00dfe perfekt mit Feuchtigkeit versorgen und von hartn\u00e4ckiger Hornhaut befreien.<br \/>\nANWENDUNG \u2013 Unsere Fu\u00dfmasken k\u00f6nnen ganz einfach und bequem von zu Hause aus angewendet werden \u2013 ohne Raspel und M\u00fche. Sie finden in unserer Verpackungsbeilage zus\u00e4tzliche Tipps zur Anwendung, um ein perfektes Ergebnis und samtweiche F\u00fc\u00dfe zu erhalten.<br \/>\nWIRKUNG &#8211; Unsere Wirkstoffformel entfernt Hornhaut, Schrunden, Schwielen und rissige Haut an den F\u00fc\u00dfen. Die Premium Fu\u00dfmasken von Summer Foot erm\u00f6glichen die perfekte Fu\u00dfpflege von zu Hause mit hervorragenden Ergebnissen innerhalb von sieben Tagen nach nur einer Anwendung.<br \/>\nERGEBNISSE &#8211; Die Testberichte, Videos und Bilder unserer Kunden sprechen f\u00fcr sich. Scrollen Sie einfach nach unten zu den Bewertungen und schauen Sie sich die Ergebnisse an. Die Summer Foot Fu\u00dfmasken bieten einen gleichsam schonenden\/pflegenden wie effektiven Honrhautentferner, der Ihre F\u00fc\u00dfe f\u00fcr ca. 2-3 Monate von Hornhaut befreit. \u00dcberzeugen Sie sich selbst von dieser neuen Art der Pedik\u00fcre mit fantastischen Ergebnissen!<br \/>\nZUFRIEDENHEIT \u2013 Sie sind mit dem Ergebnis der Summer Foot Fu\u00dfmaske nicht zufrieden? Wir erstatten Ihnen den Kaufpreis! Kontaktieren Sie uns einfach.<br \/>\n<div class=\"main-cross-sell\" data-asin=\"B07BNQH6C2\">\n\n\t<div class=\"WooZone-cross-sell-loader\">\n\t\t<div>\n\t\t\t<div id=\"floatingBarsG\">\n\t\t\t\t<div class=\"blockG\" id=\"rotateG_01\"><\/div>\n\t\t\t\t<div class=\"blockG\" id=\"rotateG_02\"><\/div>\n\t\t\t\t<div class=\"blockG\" id=\"rotateG_03\"><\/div>\n\t\t\t\t<div class=\"blockG\" id=\"rotateG_04\"><\/div>\n\t\t\t\t<div class=\"blockG\" id=\"rotateG_05\"><\/div>\n\t\t\t\t<div class=\"blockG\" id=\"rotateG_06\"><\/div>\n\t\t\t\t<div class=\"blockG\" id=\"rotateG_07\"><\/div>\n\t\t\t\t<div class=\"blockG\" id=\"rotateG_08\"><\/div>\n\t\t\t<\/div>\n\t\t\t<div class=\"WooZone-cross-sell-loader-text\"><\/div>\n\t\t<\/div>\n\t<\/div>\n\n\t\t\n<\/div>\n<div style=\"clear:both;\"><\/div><\/p>\n","protected":false},"excerpt":{"rendered":"<p>QUALIT\u00c4T \u2013 Unsere Summer Foot Fu\u00dfmasken sind dermatologisch getestet. Unsere Masken enthalten wertvolle Inhaltsstoffe (u.a. Urea und Gurkenextrakt), die Ihre F\u00fc\u00dfe perfekt mit Feuchtigkeit versorgen und von hartn\u00e4ckiger Hornhaut befreien.<br \/>\nANWENDUNG \u2013 Unsere Fu\u00dfmasken k\u00f6nnen ganz einfach und bequem von zu Hause aus angewendet werden \u2013 ohne Raspel und M\u00fche. Sie finden in unserer Verpackungsbeilage zus\u00e4tzliche Tipps zur Anwendung, um ein perfektes Ergebnis und samtweiche F\u00fc\u00dfe zu erhalten.<br \/>\nWIRKUNG &#8211; Unsere Wirkstoffformel entfernt Hornhaut, Schrunden, Schwielen und rissige Haut an den F\u00fc\u00dfen. Die Premium Fu\u00dfmasken von Summer Foot erm\u00f6glichen die perfekte Fu\u00dfpflege von zu Hause mit hervorragenden Ergebnissen innerhalb von sieben Tagen nach nur einer Anwendung.<\/p>\n","protected":false},"featured_media":32836,"comment_status":"open","ping_status":"closed","template":"","meta":[],"product_brand":[],"product_cat":[2858,7659],"product_tag":[],"class_list":{"0":"post-32835","1":"product","2":"type-product","3":"status-publish","4":"has-post-thumbnail","6":"product_cat-beauty","7":"product_cat-manikuere-pedikuere","8":"pa_binding-badartikel","9":"pa_brand-summer-foot","10":"pa_height-0-787401574-zoll","11":"pa_length-7-87401574-zoll","12":"pa_manufacturer-brain-trust-ug-haftungsbeschraenkt","13":"pa_size-2-stueck-1er-pack","14":"pa_weight-0-1763698096-pfund","15":"pa_width-3-7401574765-zoll","17":"first","18":"instock","19":"shipping-taxable","20":"purchasable","21":"product-type-simple","22":"customify-col","23":"product-has-gallery"},"yoast_head":"<!-- This site is optimized with the Yoast SEO plugin v27.4 - https:\/\/yoast.com\/product\/yoast-seo-wordpress\/ -->\n<title>Summer Foot Premium Hornhaut-Socken - Hornhaut Fu\u00dfmaske - Maske f\u00fcr weiche F\u00fc\u00dfe - effektive Fu\u00dfpflege - dermatologisch\u2026 - Markt-XXL<\/title>\n<meta name=\"description\" content=\"Markt-XXL Summer Foot Premium Hornhaut-Socken - Hornhaut Fu\u00dfmaske - Maske f\u00fcr weiche F\u00fc\u00dfe - effektive Fu\u00dfpflege - dermatologisch\u2026\" \/>\n<meta name=\"robots\" content=\"index, follow, max-snippet:-1, max-image-preview:large, max-video-preview:-1\" \/>\n<link rel=\"canonical\" href=\"https:\/\/marktxxl.de\/markt\/produkt\/summer-foot-premium-fussmaske-zur-entfernung-von-hornhaut-i-samtweiche-und-zarte-fuesse-nach-nur-einer-anwendung-i-dermatologisch-getestet-i-deutsche-anleitung\/\" \/>\n<meta property=\"og:locale\" content=\"de_DE\" \/>\n<meta property=\"og:type\" content=\"article\" \/>\n<meta property=\"og:title\" content=\"Summer Foot Premium Hornhaut-Socken - Hornhaut Fu\u00dfmaske - Maske f\u00fcr weiche F\u00fc\u00dfe - effektive Fu\u00dfpflege - dermatologisch\u2026 - Markt-XXL\" \/>\n<meta property=\"og:description\" content=\"Markt-XXL Summer Foot Premium Hornhaut-Socken - Hornhaut Fu\u00dfmaske - Maske f\u00fcr weiche F\u00fc\u00dfe - effektive Fu\u00dfpflege - dermatologisch\u2026\" \/>\n<meta property=\"og:url\" content=\"https:\/\/marktxxl.de\/markt\/produkt\/summer-foot-premium-fussmaske-zur-entfernung-von-hornhaut-i-samtweiche-und-zarte-fuesse-nach-nur-einer-anwendung-i-dermatologisch-getestet-i-deutsche-anleitung\/\" \/>\n<meta property=\"og:site_name\" content=\"Markt-XXL\" \/>\n<meta property=\"article:modified_time\" content=\"2023-04-10T23:46:10+00:00\" \/>\n<meta property=\"og:image\" content=\"https:\/\/m.media-amazon.com\/images\/I\/51eKoaHNXdL._SL500_.jpg\" \/>\n\t<meta property=\"og:image:width\" content=\"464\" \/>\n\t<meta property=\"og:image:height\" content=\"500\" \/>\n\t<meta property=\"og:image:type\" content=\"image\/jpeg\" \/>\n<meta name=\"twitter:card\" content=\"summary_large_image\" \/>\n<meta name=\"twitter:label1\" content=\"Gesch\u00e4tzte Lesezeit\" \/>\n\t<meta name=\"twitter:data1\" content=\"1\u00a0Minute\" \/>\n<script type=\"application\/ld+json\" class=\"yoast-schema-graph\">{\"@context\":\"https:\\\/\\\/schema.org\",\"@graph\":[{\"@type\":\"WebPage\",\"@id\":\"https:\\\/\\\/marktxxl.de\\\/markt\\\/produkt\\\/summer-foot-premium-fussmaske-zur-entfernung-von-hornhaut-i-samtweiche-und-zarte-fuesse-nach-nur-einer-anwendung-i-dermatologisch-getestet-i-deutsche-anleitung\\\/\",\"url\":\"https:\\\/\\\/marktxxl.de\\\/markt\\\/produkt\\\/summer-foot-premium-fussmaske-zur-entfernung-von-hornhaut-i-samtweiche-und-zarte-fuesse-nach-nur-einer-anwendung-i-dermatologisch-getestet-i-deutsche-anleitung\\\/\",\"name\":\"Summer Foot Premium Hornhaut-Socken - Hornhaut Fu\u00dfmaske - Maske f\u00fcr weiche F\u00fc\u00dfe - effektive Fu\u00dfpflege - dermatologisch\u2026 - Markt-XXL\",\"isPartOf\":{\"@id\":\"https:\\\/\\\/marktxxl.de\\\/markt\\\/#website\"},\"primaryImageOfPage\":{\"@id\":\"https:\\\/\\\/marktxxl.de\\\/markt\\\/produkt\\\/summer-foot-premium-fussmaske-zur-entfernung-von-hornhaut-i-samtweiche-und-zarte-fuesse-nach-nur-einer-anwendung-i-dermatologisch-getestet-i-deutsche-anleitung\\\/#primaryimage\"},\"image\":{\"@id\":\"https:\\\/\\\/marktxxl.de\\\/markt\\\/produkt\\\/summer-foot-premium-fussmaske-zur-entfernung-von-hornhaut-i-samtweiche-und-zarte-fuesse-nach-nur-einer-anwendung-i-dermatologisch-getestet-i-deutsche-anleitung\\\/#primaryimage\"},\"thumbnailUrl\":\"https:\\\/\\\/m.media-amazon.com\\\/images\\\/I\\\/51eKoaHNXdL._SL500_.jpg\",\"datePublished\":\"2021-09-13T17:58:32+00:00\",\"dateModified\":\"2023-04-10T23:46:10+00:00\",\"description\":\"Markt-XXL Summer Foot Premium Hornhaut-Socken - Hornhaut Fu\u00dfmaske - Maske f\u00fcr weiche F\u00fc\u00dfe - effektive Fu\u00dfpflege - dermatologisch\u2026\",\"breadcrumb\":{\"@id\":\"https:\\\/\\\/marktxxl.de\\\/markt\\\/produkt\\\/summer-foot-premium-fussmaske-zur-entfernung-von-hornhaut-i-samtweiche-und-zarte-fuesse-nach-nur-einer-anwendung-i-dermatologisch-getestet-i-deutsche-anleitung\\\/#breadcrumb\"},\"inLanguage\":\"de\",\"potentialAction\":[{\"@type\":\"ReadAction\",\"target\":[\"https:\\\/\\\/marktxxl.de\\\/markt\\\/produkt\\\/summer-foot-premium-fussmaske-zur-entfernung-von-hornhaut-i-samtweiche-und-zarte-fuesse-nach-nur-einer-anwendung-i-dermatologisch-getestet-i-deutsche-anleitung\\\/\"]}]},{\"@type\":\"ImageObject\",\"inLanguage\":\"de\",\"@id\":\"https:\\\/\\\/marktxxl.de\\\/markt\\\/produkt\\\/summer-foot-premium-fussmaske-zur-entfernung-von-hornhaut-i-samtweiche-und-zarte-fuesse-nach-nur-einer-anwendung-i-dermatologisch-getestet-i-deutsche-anleitung\\\/#primaryimage\",\"url\":\"https:\\\/\\\/m.media-amazon.com\\\/images\\\/I\\\/51eKoaHNXdL._SL500_.jpg\",\"contentUrl\":\"https:\\\/\\\/m.media-amazon.com\\\/images\\\/I\\\/51eKoaHNXdL._SL500_.jpg\",\"width\":464,\"height\":500},{\"@type\":\"BreadcrumbList\",\"@id\":\"https:\\\/\\\/marktxxl.de\\\/markt\\\/produkt\\\/summer-foot-premium-fussmaske-zur-entfernung-von-hornhaut-i-samtweiche-und-zarte-fuesse-nach-nur-einer-anwendung-i-dermatologisch-getestet-i-deutsche-anleitung\\\/#breadcrumb\",\"itemListElement\":[{\"@type\":\"ListItem\",\"position\":1,\"name\":\"Startseite\",\"item\":\"https:\\\/\\\/marktxxl.de\\\/markt\\\/\"},{\"@type\":\"ListItem\",\"position\":2,\"name\":\"Markt\",\"item\":\"https:\\\/\\\/marktxxl.de\\\/markt\\\/\"},{\"@type\":\"ListItem\",\"position\":3,\"name\":\"Summer Foot Premium Hornhaut-Socken &#8211; Hornhaut Fu\u00dfmaske &#8211; Maske f\u00fcr weiche F\u00fc\u00dfe &#8211; effektive Fu\u00dfpflege &#8211; dermatologisch\u2026\"}]},{\"@type\":\"WebSite\",\"@id\":\"https:\\\/\\\/marktxxl.de\\\/markt\\\/#website\",\"url\":\"https:\\\/\\\/marktxxl.de\\\/markt\\\/\",\"name\":\"Markt-XXL\",\"description\":\"Ihr Markt Online\",\"publisher\":{\"@id\":\"https:\\\/\\\/marktxxl.de\\\/markt\\\/#organization\"},\"potentialAction\":[{\"@type\":\"SearchAction\",\"target\":{\"@type\":\"EntryPoint\",\"urlTemplate\":\"https:\\\/\\\/marktxxl.de\\\/markt\\\/?s={search_term_string}\"},\"query-input\":{\"@type\":\"PropertyValueSpecification\",\"valueRequired\":true,\"valueName\":\"search_term_string\"}}],\"inLanguage\":\"de\"},{\"@type\":\"Organization\",\"@id\":\"https:\\\/\\\/marktxxl.de\\\/markt\\\/#organization\",\"name\":\"Markt-XXL\",\"url\":\"https:\\\/\\\/marktxxl.de\\\/markt\\\/\",\"logo\":{\"@type\":\"ImageObject\",\"inLanguage\":\"de\",\"@id\":\"https:\\\/\\\/marktxxl.de\\\/markt\\\/#\\\/schema\\\/logo\\\/image\\\/\",\"url\":\"https:\\\/\\\/marktxxl.de\\\/markt\\\/wp-content\\\/uploads\\\/sites\\\/3\\\/2020\\\/12\\\/logo.png\",\"contentUrl\":\"https:\\\/\\\/marktxxl.de\\\/markt\\\/wp-content\\\/uploads\\\/sites\\\/3\\\/2020\\\/12\\\/logo.png\",\"width\":200,\"height\":70,\"caption\":\"Markt-XXL\"},\"image\":{\"@id\":\"https:\\\/\\\/marktxxl.de\\\/markt\\\/#\\\/schema\\\/logo\\\/image\\\/\"}}]}<\/script>\n<!-- \/ Yoast SEO plugin. -->","yoast_head_json":{"title":"Summer Foot Premium Hornhaut-Socken - Hornhaut Fu\u00dfmaske - Maske f\u00fcr weiche F\u00fc\u00dfe - effektive Fu\u00dfpflege - dermatologisch\u2026 - Markt-XXL","description":"Markt-XXL Summer Foot Premium Hornhaut-Socken - Hornhaut Fu\u00dfmaske - Maske f\u00fcr weiche F\u00fc\u00dfe - effektive Fu\u00dfpflege - dermatologisch\u2026","robots":{"index":"index","follow":"follow","max-snippet":"max-snippet:-1","max-image-preview":"max-image-preview:large","max-video-preview":"max-video-preview:-1"},"canonical":"https:\/\/marktxxl.de\/markt\/produkt\/summer-foot-premium-fussmaske-zur-entfernung-von-hornhaut-i-samtweiche-und-zarte-fuesse-nach-nur-einer-anwendung-i-dermatologisch-getestet-i-deutsche-anleitung\/","og_locale":"de_DE","og_type":"article","og_title":"Summer Foot Premium Hornhaut-Socken - Hornhaut Fu\u00dfmaske - Maske f\u00fcr weiche F\u00fc\u00dfe - effektive Fu\u00dfpflege - dermatologisch\u2026 - Markt-XXL","og_description":"Markt-XXL Summer Foot Premium Hornhaut-Socken - Hornhaut Fu\u00dfmaske - Maske f\u00fcr weiche F\u00fc\u00dfe - effektive Fu\u00dfpflege - dermatologisch\u2026","og_url":"https:\/\/marktxxl.de\/markt\/produkt\/summer-foot-premium-fussmaske-zur-entfernung-von-hornhaut-i-samtweiche-und-zarte-fuesse-nach-nur-einer-anwendung-i-dermatologisch-getestet-i-deutsche-anleitung\/","og_site_name":"Markt-XXL","article_modified_time":"2023-04-10T23:46:10+00:00","og_image":[{"width":464,"height":500,"url":"https:\/\/m.media-amazon.com\/images\/I\/51eKoaHNXdL._SL500_.jpg","type":"image\/jpeg"}],"twitter_card":"summary_large_image","twitter_misc":{"Gesch\u00e4tzte Lesezeit":"1\u00a0Minute"},"schema":{"@context":"https:\/\/schema.org","@graph":[{"@type":"WebPage","@id":"https:\/\/marktxxl.de\/markt\/produkt\/summer-foot-premium-fussmaske-zur-entfernung-von-hornhaut-i-samtweiche-und-zarte-fuesse-nach-nur-einer-anwendung-i-dermatologisch-getestet-i-deutsche-anleitung\/","url":"https:\/\/marktxxl.de\/markt\/produkt\/summer-foot-premium-fussmaske-zur-entfernung-von-hornhaut-i-samtweiche-und-zarte-fuesse-nach-nur-einer-anwendung-i-dermatologisch-getestet-i-deutsche-anleitung\/","name":"Summer Foot Premium Hornhaut-Socken - Hornhaut Fu\u00dfmaske - Maske f\u00fcr weiche F\u00fc\u00dfe - effektive Fu\u00dfpflege - dermatologisch\u2026 - Markt-XXL","isPartOf":{"@id":"https:\/\/marktxxl.de\/markt\/#website"},"primaryImageOfPage":{"@id":"https:\/\/marktxxl.de\/markt\/produkt\/summer-foot-premium-fussmaske-zur-entfernung-von-hornhaut-i-samtweiche-und-zarte-fuesse-nach-nur-einer-anwendung-i-dermatologisch-getestet-i-deutsche-anleitung\/#primaryimage"},"image":{"@id":"https:\/\/marktxxl.de\/markt\/produkt\/summer-foot-premium-fussmaske-zur-entfernung-von-hornhaut-i-samtweiche-und-zarte-fuesse-nach-nur-einer-anwendung-i-dermatologisch-getestet-i-deutsche-anleitung\/#primaryimage"},"thumbnailUrl":"https:\/\/m.media-amazon.com\/images\/I\/51eKoaHNXdL._SL500_.jpg","datePublished":"2021-09-13T17:58:32+00:00","dateModified":"2023-04-10T23:46:10+00:00","description":"Markt-XXL Summer Foot Premium Hornhaut-Socken - Hornhaut Fu\u00dfmaske - Maske f\u00fcr weiche F\u00fc\u00dfe - effektive Fu\u00dfpflege - dermatologisch\u2026","breadcrumb":{"@id":"https:\/\/marktxxl.de\/markt\/produkt\/summer-foot-premium-fussmaske-zur-entfernung-von-hornhaut-i-samtweiche-und-zarte-fuesse-nach-nur-einer-anwendung-i-dermatologisch-getestet-i-deutsche-anleitung\/#breadcrumb"},"inLanguage":"de","potentialAction":[{"@type":"ReadAction","target":["https:\/\/marktxxl.de\/markt\/produkt\/summer-foot-premium-fussmaske-zur-entfernung-von-hornhaut-i-samtweiche-und-zarte-fuesse-nach-nur-einer-anwendung-i-dermatologisch-getestet-i-deutsche-anleitung\/"]}]},{"@type":"ImageObject","inLanguage":"de","@id":"https:\/\/marktxxl.de\/markt\/produkt\/summer-foot-premium-fussmaske-zur-entfernung-von-hornhaut-i-samtweiche-und-zarte-fuesse-nach-nur-einer-anwendung-i-dermatologisch-getestet-i-deutsche-anleitung\/#primaryimage","url":"https:\/\/m.media-amazon.com\/images\/I\/51eKoaHNXdL._SL500_.jpg","contentUrl":"https:\/\/m.media-amazon.com\/images\/I\/51eKoaHNXdL._SL500_.jpg","width":464,"height":500},{"@type":"BreadcrumbList","@id":"https:\/\/marktxxl.de\/markt\/produkt\/summer-foot-premium-fussmaske-zur-entfernung-von-hornhaut-i-samtweiche-und-zarte-fuesse-nach-nur-einer-anwendung-i-dermatologisch-getestet-i-deutsche-anleitung\/#breadcrumb","itemListElement":[{"@type":"ListItem","position":1,"name":"Startseite","item":"https:\/\/marktxxl.de\/markt\/"},{"@type":"ListItem","position":2,"name":"Markt","item":"https:\/\/marktxxl.de\/markt\/"},{"@type":"ListItem","position":3,"name":"Summer Foot Premium Hornhaut-Socken &#8211; Hornhaut Fu\u00dfmaske &#8211; Maske f\u00fcr weiche F\u00fc\u00dfe &#8211; effektive Fu\u00dfpflege &#8211; dermatologisch\u2026"}]},{"@type":"WebSite","@id":"https:\/\/marktxxl.de\/markt\/#website","url":"https:\/\/marktxxl.de\/markt\/","name":"Markt-XXL","description":"Ihr Markt Online","publisher":{"@id":"https:\/\/marktxxl.de\/markt\/#organization"},"potentialAction":[{"@type":"SearchAction","target":{"@type":"EntryPoint","urlTemplate":"https:\/\/marktxxl.de\/markt\/?s={search_term_string}"},"query-input":{"@type":"PropertyValueSpecification","valueRequired":true,"valueName":"search_term_string"}}],"inLanguage":"de"},{"@type":"Organization","@id":"https:\/\/marktxxl.de\/markt\/#organization","name":"Markt-XXL","url":"https:\/\/marktxxl.de\/markt\/","logo":{"@type":"ImageObject","inLanguage":"de","@id":"https:\/\/marktxxl.de\/markt\/#\/schema\/logo\/image\/","url":"https:\/\/marktxxl.de\/markt\/wp-content\/uploads\/sites\/3\/2020\/12\/logo.png","contentUrl":"https:\/\/marktxxl.de\/markt\/wp-content\/uploads\/sites\/3\/2020\/12\/logo.png","width":200,"height":70,"caption":"Markt-XXL"},"image":{"@id":"https:\/\/marktxxl.de\/markt\/#\/schema\/logo\/image\/"}}]}},"_links":{"self":[{"href":"https:\/\/marktxxl.de\/markt\/wp-json\/wp\/v2\/product\/32835","targetHints":{"allow":["GET"]}}],"collection":[{"href":"https:\/\/marktxxl.de\/markt\/wp-json\/wp\/v2\/product"}],"about":[{"href":"https:\/\/marktxxl.de\/markt\/wp-json\/wp\/v2\/types\/product"}],"replies":[{"embeddable":true,"href":"https:\/\/marktxxl.de\/markt\/wp-json\/wp\/v2\/comments?post=32835"}],"wp:featuredmedia":[{"embeddable":true,"href":"https:\/\/marktxxl.de\/markt\/wp-json\/wp\/v2\/media\/32836"}],"wp:attachment":[{"href":"https:\/\/marktxxl.de\/markt\/wp-json\/wp\/v2\/media?parent=32835"}],"wp:term":[{"taxonomy":"product_brand","embeddable":true,"href":"https:\/\/marktxxl.de\/markt\/wp-json\/wp\/v2\/product_brand?post=32835"},{"taxonomy":"product_cat","embeddable":true,"href":"https:\/\/marktxxl.de\/markt\/wp-json\/wp\/v2\/product_cat?post=32835"},{"taxonomy":"product_tag","embeddable":true,"href":"https:\/\/marktxxl.de\/markt\/wp-json\/wp\/v2\/product_tag?post=32835"}],"curies":[{"name":"wp","href":"https:\/\/api.w.org\/{rel}","templated":true}]}}