{"id":32829,"date":"2021-09-13T19:58:30","date_gmt":"2021-09-13T17:58:30","guid":{"rendered":"https:\/\/marktxxl.de\/markt\/produkt\/scholl-schrundensalbe-active-repair-k-gegen-hautschaeden-an-rauen-trockenen-rissigen-fersen-mit-25-urea-keratin-1-x-60ml-fusscreme\/"},"modified":"2023-04-11T01:46:10","modified_gmt":"2023-04-10T23:46:10","slug":"scholl-schrundensalbe-active-repair-k-gegen-hautschaeden-an-rauen-trockenen-rissigen-fersen-mit-25-urea-keratin-1-x-60ml-fusscreme","status":"publish","type":"product","link":"https:\/\/marktxxl.de\/markt\/produkt\/scholl-schrundensalbe-active-repair-k-gegen-hautschaeden-an-rauen-trockenen-rissigen-fersen-mit-25-urea-keratin-1-x-60ml-fusscreme\/","title":{"rendered":"Scholl Schrundensalbe Active Repair K+ gegen Hautsch\u00e4den an rauen, trockenen &amp; rissigen Fersen &#8211; mit 25% Urea &amp; Keratin\u2026"},"content":{"rendered":"<p>RETTER IN DER NOT: \u00dcberm\u00e4\u00dfige Hornhaut, Trockenheit, Verspr\u00f6dung und mangelnde Flexibilit\u00e4t der Fersenhaut kann zu Schrunden mit unangenehmen Folgen f\u00fchren &#8211; die Intensiv-Creme verschafft Linderung<br \/>\nREICHHALTIGE INHALTSSTOFFE: Die pflegende Salbe mit 25% Urea-Anteil und Keratin wirkt m\u00f6glichen Spannungsgef\u00fchlen, tiefen Rissen und einer erh\u00f6hten Fu\u00df-Belastung, welche eine verst\u00e4rkte Hornhautbildung beg\u00fcnstigt, effektiv entgegen<br \/>\nREGENERATION: Die Fu\u00dfsalbe regt die Neubildung von Hautzellen an und unterst\u00fctzt so den nat\u00fcrlichen Regenerationsprozess der Haut \/ Ohne Duftstoffe<br \/>\nANWENDUNG: Schrundencreme zweimal t\u00e4glich auf die saubere, trockene Haut der F\u00fc\u00dfe auftragen &#8211; die schnell einziehende Pflegesalbe wirkt ab dem ersten Tag<br \/>\nLIEFERUMFANG: 1 x Schrundensalbe Active Repair K+ von Scholl \/ Entwickelt und bewertet mit Fu\u00dfpflege Spezialisten<br \/>\n<div class=\"main-cross-sell\" data-asin=\"B002OL2OY8\">\n\n\t<div class=\"WooZone-cross-sell-loader\">\n\t\t<div>\n\t\t\t<div id=\"floatingBarsG\">\n\t\t\t\t<div class=\"blockG\" id=\"rotateG_01\"><\/div>\n\t\t\t\t<div class=\"blockG\" id=\"rotateG_02\"><\/div>\n\t\t\t\t<div class=\"blockG\" id=\"rotateG_03\"><\/div>\n\t\t\t\t<div class=\"blockG\" id=\"rotateG_04\"><\/div>\n\t\t\t\t<div class=\"blockG\" id=\"rotateG_05\"><\/div>\n\t\t\t\t<div class=\"blockG\" id=\"rotateG_06\"><\/div>\n\t\t\t\t<div class=\"blockG\" id=\"rotateG_07\"><\/div>\n\t\t\t\t<div class=\"blockG\" id=\"rotateG_08\"><\/div>\n\t\t\t<\/div>\n\t\t\t<div class=\"WooZone-cross-sell-loader-text\"><\/div>\n\t\t<\/div>\n\t<\/div>\n\n\t\t\n<\/div>\n<div style=\"clear:both;\"><\/div><\/p>\n","protected":false},"excerpt":{"rendered":"<p>RETTER IN DER NOT: \u00dcberm\u00e4\u00dfige Hornhaut, Trockenheit, Verspr\u00f6dung und mangelnde Flexibilit\u00e4t der Fersenhaut kann zu Schrunden mit unangenehmen Folgen f\u00fchren &#8211; die Intensiv-Creme verschafft Linderung<br \/>\nREICHHALTIGE INHALTSSTOFFE: Die pflegende Salbe mit 25% Urea-Anteil und Keratin wirkt m\u00f6glichen Spannungsgef\u00fchlen, tiefen Rissen und einer erh\u00f6hten Fu\u00df-Belastung, welche eine verst\u00e4rkte Hornhautbildung beg\u00fcnstigt, effektiv entgegen<br \/>\nREGENERATION: Die Fu\u00dfsalbe regt die Neubildung von Hautzellen an und unterst\u00fctzt so den nat\u00fcrlichen Regenerationsprozess der Haut \/ Ohne Duftstoffe<\/p>\n","protected":false},"featured_media":32830,"comment_status":"open","ping_status":"closed","template":"","meta":[],"product_brand":[],"product_cat":[2858,7659],"product_tag":[],"class_list":{"0":"post-32829","1":"product","2":"type-product","3":"status-publish","4":"has-post-thumbnail","6":"product_cat-beauty","7":"product_cat-manikuere-pedikuere","8":"pa_binding-badartikel","9":"pa_brand-scholl","10":"pa_manufacturer-reckitt-benckiser","11":"pa_model-15042","12":"pa_size-60-ml-1er-pack","14":"first","15":"instock","16":"shipping-taxable","17":"purchasable","18":"product-type-simple","19":"customify-col","20":"product-has-gallery"},"yoast_head":"<!-- This site is optimized with the Yoast SEO plugin v27.4 - https:\/\/yoast.com\/product\/yoast-seo-wordpress\/ -->\n<title>Scholl Schrundensalbe Active Repair K+ gegen Hautsch\u00e4den an rauen, trockenen &amp; rissigen Fersen - mit 25% Urea &amp; Keratin\u2026 - Markt-XXL<\/title>\n<meta name=\"description\" content=\"Markt-XXL Scholl Schrundensalbe Active Repair K+ gegen Hautsch\u00e4den an rauen, trockenen &amp; rissigen Fersen - mit 25% Urea &amp; Keratin\u2026\" \/>\n<meta name=\"robots\" content=\"index, follow, max-snippet:-1, max-image-preview:large, max-video-preview:-1\" \/>\n<link rel=\"canonical\" href=\"https:\/\/marktxxl.de\/markt\/produkt\/scholl-schrundensalbe-active-repair-k-gegen-hautschaeden-an-rauen-trockenen-rissigen-fersen-mit-25-urea-keratin-1-x-60ml-fusscreme\/\" \/>\n<meta property=\"og:locale\" content=\"de_DE\" \/>\n<meta property=\"og:type\" content=\"article\" \/>\n<meta property=\"og:title\" content=\"Scholl Schrundensalbe Active Repair K+ gegen Hautsch\u00e4den an rauen, trockenen &amp; rissigen Fersen - mit 25% Urea &amp; Keratin\u2026 - Markt-XXL\" \/>\n<meta property=\"og:description\" content=\"Markt-XXL Scholl Schrundensalbe Active Repair K+ gegen Hautsch\u00e4den an rauen, trockenen &amp; rissigen Fersen - mit 25% Urea &amp; Keratin\u2026\" \/>\n<meta property=\"og:url\" content=\"https:\/\/marktxxl.de\/markt\/produkt\/scholl-schrundensalbe-active-repair-k-gegen-hautschaeden-an-rauen-trockenen-rissigen-fersen-mit-25-urea-keratin-1-x-60ml-fusscreme\/\" \/>\n<meta property=\"og:site_name\" content=\"Markt-XXL\" \/>\n<meta property=\"article:modified_time\" content=\"2023-04-10T23:46:10+00:00\" \/>\n<meta property=\"og:image\" content=\"https:\/\/m.media-amazon.com\/images\/I\/51qhQNlonTL._SL500_.jpg\" \/>\n\t<meta property=\"og:image:width\" content=\"500\" \/>\n\t<meta property=\"og:image:height\" content=\"500\" \/>\n\t<meta property=\"og:image:type\" content=\"image\/jpeg\" \/>\n<meta name=\"twitter:card\" content=\"summary_large_image\" \/>\n<meta name=\"twitter:label1\" content=\"Gesch\u00e4tzte Lesezeit\" \/>\n\t<meta name=\"twitter:data1\" content=\"1\u00a0Minute\" \/>\n<script type=\"application\/ld+json\" class=\"yoast-schema-graph\">{\"@context\":\"https:\\\/\\\/schema.org\",\"@graph\":[{\"@type\":\"WebPage\",\"@id\":\"https:\\\/\\\/marktxxl.de\\\/markt\\\/produkt\\\/scholl-schrundensalbe-active-repair-k-gegen-hautschaeden-an-rauen-trockenen-rissigen-fersen-mit-25-urea-keratin-1-x-60ml-fusscreme\\\/\",\"url\":\"https:\\\/\\\/marktxxl.de\\\/markt\\\/produkt\\\/scholl-schrundensalbe-active-repair-k-gegen-hautschaeden-an-rauen-trockenen-rissigen-fersen-mit-25-urea-keratin-1-x-60ml-fusscreme\\\/\",\"name\":\"Scholl Schrundensalbe Active Repair K+ gegen Hautsch\u00e4den an rauen, trockenen &amp; rissigen Fersen - mit 25% Urea &amp; Keratin\u2026 - Markt-XXL\",\"isPartOf\":{\"@id\":\"https:\\\/\\\/marktxxl.de\\\/markt\\\/#website\"},\"primaryImageOfPage\":{\"@id\":\"https:\\\/\\\/marktxxl.de\\\/markt\\\/produkt\\\/scholl-schrundensalbe-active-repair-k-gegen-hautschaeden-an-rauen-trockenen-rissigen-fersen-mit-25-urea-keratin-1-x-60ml-fusscreme\\\/#primaryimage\"},\"image\":{\"@id\":\"https:\\\/\\\/marktxxl.de\\\/markt\\\/produkt\\\/scholl-schrundensalbe-active-repair-k-gegen-hautschaeden-an-rauen-trockenen-rissigen-fersen-mit-25-urea-keratin-1-x-60ml-fusscreme\\\/#primaryimage\"},\"thumbnailUrl\":\"https:\\\/\\\/m.media-amazon.com\\\/images\\\/I\\\/51qhQNlonTL._SL500_.jpg\",\"datePublished\":\"2021-09-13T17:58:30+00:00\",\"dateModified\":\"2023-04-10T23:46:10+00:00\",\"description\":\"Markt-XXL Scholl Schrundensalbe Active Repair K+ gegen Hautsch\u00e4den an rauen, trockenen &amp; rissigen Fersen - mit 25% Urea &amp; Keratin\u2026\",\"breadcrumb\":{\"@id\":\"https:\\\/\\\/marktxxl.de\\\/markt\\\/produkt\\\/scholl-schrundensalbe-active-repair-k-gegen-hautschaeden-an-rauen-trockenen-rissigen-fersen-mit-25-urea-keratin-1-x-60ml-fusscreme\\\/#breadcrumb\"},\"inLanguage\":\"de\",\"potentialAction\":[{\"@type\":\"ReadAction\",\"target\":[\"https:\\\/\\\/marktxxl.de\\\/markt\\\/produkt\\\/scholl-schrundensalbe-active-repair-k-gegen-hautschaeden-an-rauen-trockenen-rissigen-fersen-mit-25-urea-keratin-1-x-60ml-fusscreme\\\/\"]}]},{\"@type\":\"ImageObject\",\"inLanguage\":\"de\",\"@id\":\"https:\\\/\\\/marktxxl.de\\\/markt\\\/produkt\\\/scholl-schrundensalbe-active-repair-k-gegen-hautschaeden-an-rauen-trockenen-rissigen-fersen-mit-25-urea-keratin-1-x-60ml-fusscreme\\\/#primaryimage\",\"url\":\"https:\\\/\\\/m.media-amazon.com\\\/images\\\/I\\\/51qhQNlonTL._SL500_.jpg\",\"contentUrl\":\"https:\\\/\\\/m.media-amazon.com\\\/images\\\/I\\\/51qhQNlonTL._SL500_.jpg\",\"width\":500,\"height\":500},{\"@type\":\"BreadcrumbList\",\"@id\":\"https:\\\/\\\/marktxxl.de\\\/markt\\\/produkt\\\/scholl-schrundensalbe-active-repair-k-gegen-hautschaeden-an-rauen-trockenen-rissigen-fersen-mit-25-urea-keratin-1-x-60ml-fusscreme\\\/#breadcrumb\",\"itemListElement\":[{\"@type\":\"ListItem\",\"position\":1,\"name\":\"Startseite\",\"item\":\"https:\\\/\\\/marktxxl.de\\\/markt\\\/\"},{\"@type\":\"ListItem\",\"position\":2,\"name\":\"Markt\",\"item\":\"https:\\\/\\\/marktxxl.de\\\/markt\\\/\"},{\"@type\":\"ListItem\",\"position\":3,\"name\":\"Scholl Schrundensalbe Active Repair K+ gegen Hautsch\u00e4den an rauen, trockenen &amp; rissigen Fersen &#8211; mit 25% Urea &amp; Keratin\u2026\"}]},{\"@type\":\"WebSite\",\"@id\":\"https:\\\/\\\/marktxxl.de\\\/markt\\\/#website\",\"url\":\"https:\\\/\\\/marktxxl.de\\\/markt\\\/\",\"name\":\"Markt-XXL\",\"description\":\"Ihr Markt Online\",\"publisher\":{\"@id\":\"https:\\\/\\\/marktxxl.de\\\/markt\\\/#organization\"},\"potentialAction\":[{\"@type\":\"SearchAction\",\"target\":{\"@type\":\"EntryPoint\",\"urlTemplate\":\"https:\\\/\\\/marktxxl.de\\\/markt\\\/?s={search_term_string}\"},\"query-input\":{\"@type\":\"PropertyValueSpecification\",\"valueRequired\":true,\"valueName\":\"search_term_string\"}}],\"inLanguage\":\"de\"},{\"@type\":\"Organization\",\"@id\":\"https:\\\/\\\/marktxxl.de\\\/markt\\\/#organization\",\"name\":\"Markt-XXL\",\"url\":\"https:\\\/\\\/marktxxl.de\\\/markt\\\/\",\"logo\":{\"@type\":\"ImageObject\",\"inLanguage\":\"de\",\"@id\":\"https:\\\/\\\/marktxxl.de\\\/markt\\\/#\\\/schema\\\/logo\\\/image\\\/\",\"url\":\"https:\\\/\\\/marktxxl.de\\\/markt\\\/wp-content\\\/uploads\\\/sites\\\/3\\\/2020\\\/12\\\/logo.png\",\"contentUrl\":\"https:\\\/\\\/marktxxl.de\\\/markt\\\/wp-content\\\/uploads\\\/sites\\\/3\\\/2020\\\/12\\\/logo.png\",\"width\":200,\"height\":70,\"caption\":\"Markt-XXL\"},\"image\":{\"@id\":\"https:\\\/\\\/marktxxl.de\\\/markt\\\/#\\\/schema\\\/logo\\\/image\\\/\"}}]}<\/script>\n<!-- \/ Yoast SEO plugin. -->","yoast_head_json":{"title":"Scholl Schrundensalbe Active Repair K+ gegen Hautsch\u00e4den an rauen, trockenen &amp; rissigen Fersen - mit 25% Urea &amp; Keratin\u2026 - Markt-XXL","description":"Markt-XXL Scholl Schrundensalbe Active Repair K+ gegen Hautsch\u00e4den an rauen, trockenen &amp; rissigen Fersen - mit 25% Urea &amp; Keratin\u2026","robots":{"index":"index","follow":"follow","max-snippet":"max-snippet:-1","max-image-preview":"max-image-preview:large","max-video-preview":"max-video-preview:-1"},"canonical":"https:\/\/marktxxl.de\/markt\/produkt\/scholl-schrundensalbe-active-repair-k-gegen-hautschaeden-an-rauen-trockenen-rissigen-fersen-mit-25-urea-keratin-1-x-60ml-fusscreme\/","og_locale":"de_DE","og_type":"article","og_title":"Scholl Schrundensalbe Active Repair K+ gegen Hautsch\u00e4den an rauen, trockenen &amp; rissigen Fersen - mit 25% Urea &amp; Keratin\u2026 - Markt-XXL","og_description":"Markt-XXL Scholl Schrundensalbe Active Repair K+ gegen Hautsch\u00e4den an rauen, trockenen &amp; rissigen Fersen - mit 25% Urea &amp; Keratin\u2026","og_url":"https:\/\/marktxxl.de\/markt\/produkt\/scholl-schrundensalbe-active-repair-k-gegen-hautschaeden-an-rauen-trockenen-rissigen-fersen-mit-25-urea-keratin-1-x-60ml-fusscreme\/","og_site_name":"Markt-XXL","article_modified_time":"2023-04-10T23:46:10+00:00","og_image":[{"width":500,"height":500,"url":"https:\/\/m.media-amazon.com\/images\/I\/51qhQNlonTL._SL500_.jpg","type":"image\/jpeg"}],"twitter_card":"summary_large_image","twitter_misc":{"Gesch\u00e4tzte Lesezeit":"1\u00a0Minute"},"schema":{"@context":"https:\/\/schema.org","@graph":[{"@type":"WebPage","@id":"https:\/\/marktxxl.de\/markt\/produkt\/scholl-schrundensalbe-active-repair-k-gegen-hautschaeden-an-rauen-trockenen-rissigen-fersen-mit-25-urea-keratin-1-x-60ml-fusscreme\/","url":"https:\/\/marktxxl.de\/markt\/produkt\/scholl-schrundensalbe-active-repair-k-gegen-hautschaeden-an-rauen-trockenen-rissigen-fersen-mit-25-urea-keratin-1-x-60ml-fusscreme\/","name":"Scholl Schrundensalbe Active Repair K+ gegen Hautsch\u00e4den an rauen, trockenen &amp; rissigen Fersen - mit 25% Urea &amp; Keratin\u2026 - Markt-XXL","isPartOf":{"@id":"https:\/\/marktxxl.de\/markt\/#website"},"primaryImageOfPage":{"@id":"https:\/\/marktxxl.de\/markt\/produkt\/scholl-schrundensalbe-active-repair-k-gegen-hautschaeden-an-rauen-trockenen-rissigen-fersen-mit-25-urea-keratin-1-x-60ml-fusscreme\/#primaryimage"},"image":{"@id":"https:\/\/marktxxl.de\/markt\/produkt\/scholl-schrundensalbe-active-repair-k-gegen-hautschaeden-an-rauen-trockenen-rissigen-fersen-mit-25-urea-keratin-1-x-60ml-fusscreme\/#primaryimage"},"thumbnailUrl":"https:\/\/m.media-amazon.com\/images\/I\/51qhQNlonTL._SL500_.jpg","datePublished":"2021-09-13T17:58:30+00:00","dateModified":"2023-04-10T23:46:10+00:00","description":"Markt-XXL Scholl Schrundensalbe Active Repair K+ gegen Hautsch\u00e4den an rauen, trockenen &amp; rissigen Fersen - mit 25% Urea &amp; Keratin\u2026","breadcrumb":{"@id":"https:\/\/marktxxl.de\/markt\/produkt\/scholl-schrundensalbe-active-repair-k-gegen-hautschaeden-an-rauen-trockenen-rissigen-fersen-mit-25-urea-keratin-1-x-60ml-fusscreme\/#breadcrumb"},"inLanguage":"de","potentialAction":[{"@type":"ReadAction","target":["https:\/\/marktxxl.de\/markt\/produkt\/scholl-schrundensalbe-active-repair-k-gegen-hautschaeden-an-rauen-trockenen-rissigen-fersen-mit-25-urea-keratin-1-x-60ml-fusscreme\/"]}]},{"@type":"ImageObject","inLanguage":"de","@id":"https:\/\/marktxxl.de\/markt\/produkt\/scholl-schrundensalbe-active-repair-k-gegen-hautschaeden-an-rauen-trockenen-rissigen-fersen-mit-25-urea-keratin-1-x-60ml-fusscreme\/#primaryimage","url":"https:\/\/m.media-amazon.com\/images\/I\/51qhQNlonTL._SL500_.jpg","contentUrl":"https:\/\/m.media-amazon.com\/images\/I\/51qhQNlonTL._SL500_.jpg","width":500,"height":500},{"@type":"BreadcrumbList","@id":"https:\/\/marktxxl.de\/markt\/produkt\/scholl-schrundensalbe-active-repair-k-gegen-hautschaeden-an-rauen-trockenen-rissigen-fersen-mit-25-urea-keratin-1-x-60ml-fusscreme\/#breadcrumb","itemListElement":[{"@type":"ListItem","position":1,"name":"Startseite","item":"https:\/\/marktxxl.de\/markt\/"},{"@type":"ListItem","position":2,"name":"Markt","item":"https:\/\/marktxxl.de\/markt\/"},{"@type":"ListItem","position":3,"name":"Scholl Schrundensalbe Active Repair K+ gegen Hautsch\u00e4den an rauen, trockenen &amp; rissigen Fersen &#8211; mit 25% Urea &amp; Keratin\u2026"}]},{"@type":"WebSite","@id":"https:\/\/marktxxl.de\/markt\/#website","url":"https:\/\/marktxxl.de\/markt\/","name":"Markt-XXL","description":"Ihr Markt Online","publisher":{"@id":"https:\/\/marktxxl.de\/markt\/#organization"},"potentialAction":[{"@type":"SearchAction","target":{"@type":"EntryPoint","urlTemplate":"https:\/\/marktxxl.de\/markt\/?s={search_term_string}"},"query-input":{"@type":"PropertyValueSpecification","valueRequired":true,"valueName":"search_term_string"}}],"inLanguage":"de"},{"@type":"Organization","@id":"https:\/\/marktxxl.de\/markt\/#organization","name":"Markt-XXL","url":"https:\/\/marktxxl.de\/markt\/","logo":{"@type":"ImageObject","inLanguage":"de","@id":"https:\/\/marktxxl.de\/markt\/#\/schema\/logo\/image\/","url":"https:\/\/marktxxl.de\/markt\/wp-content\/uploads\/sites\/3\/2020\/12\/logo.png","contentUrl":"https:\/\/marktxxl.de\/markt\/wp-content\/uploads\/sites\/3\/2020\/12\/logo.png","width":200,"height":70,"caption":"Markt-XXL"},"image":{"@id":"https:\/\/marktxxl.de\/markt\/#\/schema\/logo\/image\/"}}]}},"_links":{"self":[{"href":"https:\/\/marktxxl.de\/markt\/wp-json\/wp\/v2\/product\/32829","targetHints":{"allow":["GET"]}}],"collection":[{"href":"https:\/\/marktxxl.de\/markt\/wp-json\/wp\/v2\/product"}],"about":[{"href":"https:\/\/marktxxl.de\/markt\/wp-json\/wp\/v2\/types\/product"}],"replies":[{"embeddable":true,"href":"https:\/\/marktxxl.de\/markt\/wp-json\/wp\/v2\/comments?post=32829"}],"wp:featuredmedia":[{"embeddable":true,"href":"https:\/\/marktxxl.de\/markt\/wp-json\/wp\/v2\/media\/32830"}],"wp:attachment":[{"href":"https:\/\/marktxxl.de\/markt\/wp-json\/wp\/v2\/media?parent=32829"}],"wp:term":[{"taxonomy":"product_brand","embeddable":true,"href":"https:\/\/marktxxl.de\/markt\/wp-json\/wp\/v2\/product_brand?post=32829"},{"taxonomy":"product_cat","embeddable":true,"href":"https:\/\/marktxxl.de\/markt\/wp-json\/wp\/v2\/product_cat?post=32829"},{"taxonomy":"product_tag","embeddable":true,"href":"https:\/\/marktxxl.de\/markt\/wp-json\/wp\/v2\/product_tag?post=32829"}],"curies":[{"name":"wp","href":"https:\/\/api.w.org\/{rel}","templated":true}]}}