{"id":32786,"date":"2021-09-13T19:58:18","date_gmt":"2021-09-13T17:58:18","guid":{"rendered":"https:\/\/marktxxl.de\/markt\/produkt\/detox-fusspflaster-vitalpflaster-fusspflaster-wormwood-foot-patch-foerdern-die-durchblutung-lindern-schmerzen-und-verbessern-den-schlaf-befreien-sie-sich-von-feuchtigkeit-und-kaelte-20pc\/"},"modified":"2023-04-10T01:30:40","modified_gmt":"2023-04-09T23:30:40","slug":"detox-fusspflaster-vitalpflaster-fusspflaster-wormwood-foot-patch-foerdern-die-durchblutung-lindern-schmerzen-und-verbessern-den-schlaf-befreien-sie-sich-von-feuchtigkeit-und-kaelte-20pc","status":"publish","type":"product","link":"https:\/\/marktxxl.de\/markt\/produkt\/detox-fusspflaster-vitalpflaster-fusspflaster-wormwood-foot-patch-foerdern-die-durchblutung-lindern-schmerzen-und-verbessern-den-schlaf-befreien-sie-sich-von-feuchtigkeit-und-kaelte-20pc\/","title":{"rendered":"Detox Fu\u00dfpflaster Vitalpflaster Fusspflaster Wormwood Foot Patch F\u00f6rdern die Durchblutung, Lindern M\u00fcdigkeit und\u2026"},"content":{"rendered":"<p>Nat\u00fcrliche Wermut Materialien:Nat\u00fcrlicher Wermut-Extrakt, keine Stimulation, sicher und sicher zu verwenden,Jedes unserer Kr\u00e4uter ist sorgf\u00e4ltig ausgew\u00e4hlt und einzigartig in der Umgebung,traditionelle sichere Behandlungen, helfen Ihnen, Ihre Gesundheit zu verbessern.<br \/>\nWirkt Auf Die Verbesserung: Befreien Sie sich von Feuchtigkeit und K\u00e4lte,Wirkt auf die Verbesserung des Stoffwechsels und der Durchblutung, dem Organismus wirksam Toxine zu entziehen und zur Besserung von Beschwerden wie Kopfschmerzen, Migr\u00e4ne, R\u00fcckenschmerzen, Schwellungen, Schlafproblemen, Erm\u00fcdung oder Stress beizutragen.<br \/>\nTraditionelle Chinesische Medizin &#8211; Diese Art von Entgiftung wird bereits seit Jahrtausenden erfolgreich in der traditionellen, chinesischen Heilkunde eingesetzt. Der Kreislauf und der Stoffwechsel werden stimuliert. Die Vitalpflaster reinigen Ihren K\u00f6rper von Schadstoffen und Stoffwechsel-Schlacken.<br \/>\nSchnelle Resultate \u2013 Die Detox Patches werden \u00fcber Nacht auf beiden Fu\u00dfsohlen angebracht und k\u00f6nnen Wohlbefinden, Kreislauf, Stoffwechsel, Konzentrationsf\u00e4higkeit und Nervensystem positiv beeinflussen. Kann man an der Verf\u00e4rbung und Durchfeuchtung des Detox Pflasters erkennen, wie stark die Giftstoffe \/ Schlacken \/ Schwermetalle im K\u00f6rper pr\u00e4sent sind.<br \/>\nFokus auf Fu\u00dfpolster f\u00fcr die Gesundheit: Wir haben herausgefunden, wie wir unsere Gesundheit verbessern k\u00f6nnen, indem wir reine nat\u00fcrliche Pflanzen extrahieren., kann es automatisch eine Fu\u00dfmassage durchf\u00fchren, um den Druck einer Langzeit\u00fcbung zu entspannen.<br \/>\n<div class=\"main-cross-sell\" data-asin=\"B085ZYNLFC\">\n\n\t<div class=\"WooZone-cross-sell-loader\">\n\t\t<div>\n\t\t\t<div id=\"floatingBarsG\">\n\t\t\t\t<div class=\"blockG\" id=\"rotateG_01\"><\/div>\n\t\t\t\t<div class=\"blockG\" id=\"rotateG_02\"><\/div>\n\t\t\t\t<div class=\"blockG\" id=\"rotateG_03\"><\/div>\n\t\t\t\t<div class=\"blockG\" id=\"rotateG_04\"><\/div>\n\t\t\t\t<div class=\"blockG\" id=\"rotateG_05\"><\/div>\n\t\t\t\t<div class=\"blockG\" id=\"rotateG_06\"><\/div>\n\t\t\t\t<div class=\"blockG\" id=\"rotateG_07\"><\/div>\n\t\t\t\t<div class=\"blockG\" id=\"rotateG_08\"><\/div>\n\t\t\t<\/div>\n\t\t\t<div class=\"WooZone-cross-sell-loader-text\"><\/div>\n\t\t<\/div>\n\t<\/div>\n\n\t\t\n<\/div>\n<div style=\"clear:both;\"><\/div><\/p>\n","protected":false},"excerpt":{"rendered":"<p>Nat\u00fcrliche Wermut Materialien:Nat\u00fcrlicher Wermut-Extrakt, keine Stimulation, sicher und sicher zu verwenden,Jedes unserer Kr\u00e4uter ist sorgf\u00e4ltig ausgew\u00e4hlt und einzigartig in der Umgebung,traditionelle sichere Behandlungen, helfen Ihnen, Ihre Gesundheit zu verbessern.<br \/>\nWirkt Auf Die Verbesserung: Befreien Sie sich von Feuchtigkeit und K\u00e4lte,Wirkt auf die Verbesserung des Stoffwechsels und der Durchblutung, dem Organismus wirksam Toxine zu entziehen und zur Besserung von Beschwerden wie Kopfschmerzen, Migr\u00e4ne, R\u00fcckenschmerzen, Schwellungen, Schlafproblemen, Erm\u00fcdung oder Stress beizutragen.<br \/>\nTraditionelle Chinesische Medizin &#8211; Diese Art von Entgiftung wird bereits seit Jahrtausenden erfolgreich in der traditionellen, chinesischen Heilkunde eingesetzt. Der Kreislauf und der Stoffwechsel werden stimuliert. Die Vitalpflaster reinigen Ihren K\u00f6rper von Schadstoffen und Stoffwechsel-Schlacken.<\/p>\n","protected":false},"featured_media":32787,"comment_status":"open","ping_status":"closed","template":"","meta":[],"product_brand":[],"product_cat":[2858,7659],"product_tag":[],"class_list":{"0":"post-32786","1":"product","2":"type-product","3":"status-publish","4":"has-post-thumbnail","6":"product_cat-beauty","7":"product_cat-manikuere-pedikuere","8":"pa_brand-nuonove","9":"pa_manufacturer-nuonove-store","10":"pa_size-20-stueck-1er-pack","12":"first","13":"instock","14":"shipping-taxable","15":"purchasable","16":"product-type-simple","17":"customify-col","18":"product-has-gallery"},"yoast_head":"<!-- This site is optimized with the Yoast SEO plugin v27.4 - https:\/\/yoast.com\/product\/yoast-seo-wordpress\/ -->\n<title>Detox Fu\u00dfpflaster Vitalpflaster Fusspflaster Wormwood Foot Patch F\u00f6rdern die Durchblutung, Lindern M\u00fcdigkeit und\u2026 - Markt-XXL<\/title>\n<meta name=\"description\" content=\"Markt-XXL Detox Fu\u00dfpflaster Vitalpflaster Fusspflaster Wormwood Foot Patch F\u00f6rdern die Durchblutung, Lindern M\u00fcdigkeit und\u2026\" \/>\n<meta name=\"robots\" content=\"index, follow, max-snippet:-1, max-image-preview:large, max-video-preview:-1\" \/>\n<link rel=\"canonical\" href=\"https:\/\/marktxxl.de\/markt\/produkt\/detox-fusspflaster-vitalpflaster-fusspflaster-wormwood-foot-patch-foerdern-die-durchblutung-lindern-schmerzen-und-verbessern-den-schlaf-befreien-sie-sich-von-feuchtigkeit-und-kaelte-20pc\/\" \/>\n<meta property=\"og:locale\" content=\"de_DE\" \/>\n<meta property=\"og:type\" content=\"article\" \/>\n<meta property=\"og:title\" content=\"Detox Fu\u00dfpflaster Vitalpflaster Fusspflaster Wormwood Foot Patch F\u00f6rdern die Durchblutung, Lindern M\u00fcdigkeit und\u2026 - Markt-XXL\" \/>\n<meta property=\"og:description\" content=\"Markt-XXL Detox Fu\u00dfpflaster Vitalpflaster Fusspflaster Wormwood Foot Patch F\u00f6rdern die Durchblutung, Lindern M\u00fcdigkeit und\u2026\" \/>\n<meta property=\"og:url\" content=\"https:\/\/marktxxl.de\/markt\/produkt\/detox-fusspflaster-vitalpflaster-fusspflaster-wormwood-foot-patch-foerdern-die-durchblutung-lindern-schmerzen-und-verbessern-den-schlaf-befreien-sie-sich-von-feuchtigkeit-und-kaelte-20pc\/\" \/>\n<meta property=\"og:site_name\" content=\"Markt-XXL\" \/>\n<meta property=\"article:modified_time\" content=\"2023-04-09T23:30:40+00:00\" \/>\n<meta property=\"og:image\" content=\"https:\/\/m.media-amazon.com\/images\/I\/51JjVh6NfEL._SL500_.jpg\" \/>\n\t<meta property=\"og:image:width\" content=\"500\" \/>\n\t<meta property=\"og:image:height\" content=\"500\" \/>\n\t<meta property=\"og:image:type\" content=\"image\/jpeg\" \/>\n<meta name=\"twitter:card\" content=\"summary_large_image\" \/>\n<meta name=\"twitter:label1\" content=\"Gesch\u00e4tzte Lesezeit\" \/>\n\t<meta name=\"twitter:data1\" content=\"1\u00a0Minute\" \/>\n<script type=\"application\/ld+json\" class=\"yoast-schema-graph\">{\"@context\":\"https:\\\/\\\/schema.org\",\"@graph\":[{\"@type\":\"WebPage\",\"@id\":\"https:\\\/\\\/marktxxl.de\\\/markt\\\/produkt\\\/detox-fusspflaster-vitalpflaster-fusspflaster-wormwood-foot-patch-foerdern-die-durchblutung-lindern-schmerzen-und-verbessern-den-schlaf-befreien-sie-sich-von-feuchtigkeit-und-kaelte-20pc\\\/\",\"url\":\"https:\\\/\\\/marktxxl.de\\\/markt\\\/produkt\\\/detox-fusspflaster-vitalpflaster-fusspflaster-wormwood-foot-patch-foerdern-die-durchblutung-lindern-schmerzen-und-verbessern-den-schlaf-befreien-sie-sich-von-feuchtigkeit-und-kaelte-20pc\\\/\",\"name\":\"Detox Fu\u00dfpflaster Vitalpflaster Fusspflaster Wormwood Foot Patch F\u00f6rdern die Durchblutung, Lindern M\u00fcdigkeit und\u2026 - Markt-XXL\",\"isPartOf\":{\"@id\":\"https:\\\/\\\/marktxxl.de\\\/markt\\\/#website\"},\"primaryImageOfPage\":{\"@id\":\"https:\\\/\\\/marktxxl.de\\\/markt\\\/produkt\\\/detox-fusspflaster-vitalpflaster-fusspflaster-wormwood-foot-patch-foerdern-die-durchblutung-lindern-schmerzen-und-verbessern-den-schlaf-befreien-sie-sich-von-feuchtigkeit-und-kaelte-20pc\\\/#primaryimage\"},\"image\":{\"@id\":\"https:\\\/\\\/marktxxl.de\\\/markt\\\/produkt\\\/detox-fusspflaster-vitalpflaster-fusspflaster-wormwood-foot-patch-foerdern-die-durchblutung-lindern-schmerzen-und-verbessern-den-schlaf-befreien-sie-sich-von-feuchtigkeit-und-kaelte-20pc\\\/#primaryimage\"},\"thumbnailUrl\":\"https:\\\/\\\/m.media-amazon.com\\\/images\\\/I\\\/51JjVh6NfEL._SL500_.jpg\",\"datePublished\":\"2021-09-13T17:58:18+00:00\",\"dateModified\":\"2023-04-09T23:30:40+00:00\",\"description\":\"Markt-XXL Detox Fu\u00dfpflaster Vitalpflaster Fusspflaster Wormwood Foot Patch F\u00f6rdern die Durchblutung, Lindern M\u00fcdigkeit und\u2026\",\"breadcrumb\":{\"@id\":\"https:\\\/\\\/marktxxl.de\\\/markt\\\/produkt\\\/detox-fusspflaster-vitalpflaster-fusspflaster-wormwood-foot-patch-foerdern-die-durchblutung-lindern-schmerzen-und-verbessern-den-schlaf-befreien-sie-sich-von-feuchtigkeit-und-kaelte-20pc\\\/#breadcrumb\"},\"inLanguage\":\"de\",\"potentialAction\":[{\"@type\":\"ReadAction\",\"target\":[\"https:\\\/\\\/marktxxl.de\\\/markt\\\/produkt\\\/detox-fusspflaster-vitalpflaster-fusspflaster-wormwood-foot-patch-foerdern-die-durchblutung-lindern-schmerzen-und-verbessern-den-schlaf-befreien-sie-sich-von-feuchtigkeit-und-kaelte-20pc\\\/\"]}]},{\"@type\":\"ImageObject\",\"inLanguage\":\"de\",\"@id\":\"https:\\\/\\\/marktxxl.de\\\/markt\\\/produkt\\\/detox-fusspflaster-vitalpflaster-fusspflaster-wormwood-foot-patch-foerdern-die-durchblutung-lindern-schmerzen-und-verbessern-den-schlaf-befreien-sie-sich-von-feuchtigkeit-und-kaelte-20pc\\\/#primaryimage\",\"url\":\"https:\\\/\\\/m.media-amazon.com\\\/images\\\/I\\\/51JjVh6NfEL._SL500_.jpg\",\"contentUrl\":\"https:\\\/\\\/m.media-amazon.com\\\/images\\\/I\\\/51JjVh6NfEL._SL500_.jpg\",\"width\":500,\"height\":500},{\"@type\":\"BreadcrumbList\",\"@id\":\"https:\\\/\\\/marktxxl.de\\\/markt\\\/produkt\\\/detox-fusspflaster-vitalpflaster-fusspflaster-wormwood-foot-patch-foerdern-die-durchblutung-lindern-schmerzen-und-verbessern-den-schlaf-befreien-sie-sich-von-feuchtigkeit-und-kaelte-20pc\\\/#breadcrumb\",\"itemListElement\":[{\"@type\":\"ListItem\",\"position\":1,\"name\":\"Startseite\",\"item\":\"https:\\\/\\\/marktxxl.de\\\/markt\\\/\"},{\"@type\":\"ListItem\",\"position\":2,\"name\":\"Markt\",\"item\":\"https:\\\/\\\/marktxxl.de\\\/markt\\\/\"},{\"@type\":\"ListItem\",\"position\":3,\"name\":\"Detox Fu\u00dfpflaster Vitalpflaster Fusspflaster Wormwood Foot Patch F\u00f6rdern die Durchblutung, Lindern M\u00fcdigkeit und\u2026\"}]},{\"@type\":\"WebSite\",\"@id\":\"https:\\\/\\\/marktxxl.de\\\/markt\\\/#website\",\"url\":\"https:\\\/\\\/marktxxl.de\\\/markt\\\/\",\"name\":\"Markt-XXL\",\"description\":\"Ihr Markt Online\",\"publisher\":{\"@id\":\"https:\\\/\\\/marktxxl.de\\\/markt\\\/#organization\"},\"potentialAction\":[{\"@type\":\"SearchAction\",\"target\":{\"@type\":\"EntryPoint\",\"urlTemplate\":\"https:\\\/\\\/marktxxl.de\\\/markt\\\/?s={search_term_string}\"},\"query-input\":{\"@type\":\"PropertyValueSpecification\",\"valueRequired\":true,\"valueName\":\"search_term_string\"}}],\"inLanguage\":\"de\"},{\"@type\":\"Organization\",\"@id\":\"https:\\\/\\\/marktxxl.de\\\/markt\\\/#organization\",\"name\":\"Markt-XXL\",\"url\":\"https:\\\/\\\/marktxxl.de\\\/markt\\\/\",\"logo\":{\"@type\":\"ImageObject\",\"inLanguage\":\"de\",\"@id\":\"https:\\\/\\\/marktxxl.de\\\/markt\\\/#\\\/schema\\\/logo\\\/image\\\/\",\"url\":\"https:\\\/\\\/marktxxl.de\\\/markt\\\/wp-content\\\/uploads\\\/sites\\\/3\\\/2020\\\/12\\\/logo.png\",\"contentUrl\":\"https:\\\/\\\/marktxxl.de\\\/markt\\\/wp-content\\\/uploads\\\/sites\\\/3\\\/2020\\\/12\\\/logo.png\",\"width\":200,\"height\":70,\"caption\":\"Markt-XXL\"},\"image\":{\"@id\":\"https:\\\/\\\/marktxxl.de\\\/markt\\\/#\\\/schema\\\/logo\\\/image\\\/\"}}]}<\/script>\n<!-- \/ Yoast SEO plugin. -->","yoast_head_json":{"title":"Detox Fu\u00dfpflaster Vitalpflaster Fusspflaster Wormwood Foot Patch F\u00f6rdern die Durchblutung, Lindern M\u00fcdigkeit und\u2026 - Markt-XXL","description":"Markt-XXL Detox Fu\u00dfpflaster Vitalpflaster Fusspflaster Wormwood Foot Patch F\u00f6rdern die Durchblutung, Lindern M\u00fcdigkeit und\u2026","robots":{"index":"index","follow":"follow","max-snippet":"max-snippet:-1","max-image-preview":"max-image-preview:large","max-video-preview":"max-video-preview:-1"},"canonical":"https:\/\/marktxxl.de\/markt\/produkt\/detox-fusspflaster-vitalpflaster-fusspflaster-wormwood-foot-patch-foerdern-die-durchblutung-lindern-schmerzen-und-verbessern-den-schlaf-befreien-sie-sich-von-feuchtigkeit-und-kaelte-20pc\/","og_locale":"de_DE","og_type":"article","og_title":"Detox Fu\u00dfpflaster Vitalpflaster Fusspflaster Wormwood Foot Patch F\u00f6rdern die Durchblutung, Lindern M\u00fcdigkeit und\u2026 - Markt-XXL","og_description":"Markt-XXL Detox Fu\u00dfpflaster Vitalpflaster Fusspflaster Wormwood Foot Patch F\u00f6rdern die Durchblutung, Lindern M\u00fcdigkeit und\u2026","og_url":"https:\/\/marktxxl.de\/markt\/produkt\/detox-fusspflaster-vitalpflaster-fusspflaster-wormwood-foot-patch-foerdern-die-durchblutung-lindern-schmerzen-und-verbessern-den-schlaf-befreien-sie-sich-von-feuchtigkeit-und-kaelte-20pc\/","og_site_name":"Markt-XXL","article_modified_time":"2023-04-09T23:30:40+00:00","og_image":[{"width":500,"height":500,"url":"https:\/\/m.media-amazon.com\/images\/I\/51JjVh6NfEL._SL500_.jpg","type":"image\/jpeg"}],"twitter_card":"summary_large_image","twitter_misc":{"Gesch\u00e4tzte Lesezeit":"1\u00a0Minute"},"schema":{"@context":"https:\/\/schema.org","@graph":[{"@type":"WebPage","@id":"https:\/\/marktxxl.de\/markt\/produkt\/detox-fusspflaster-vitalpflaster-fusspflaster-wormwood-foot-patch-foerdern-die-durchblutung-lindern-schmerzen-und-verbessern-den-schlaf-befreien-sie-sich-von-feuchtigkeit-und-kaelte-20pc\/","url":"https:\/\/marktxxl.de\/markt\/produkt\/detox-fusspflaster-vitalpflaster-fusspflaster-wormwood-foot-patch-foerdern-die-durchblutung-lindern-schmerzen-und-verbessern-den-schlaf-befreien-sie-sich-von-feuchtigkeit-und-kaelte-20pc\/","name":"Detox Fu\u00dfpflaster Vitalpflaster Fusspflaster Wormwood Foot Patch F\u00f6rdern die Durchblutung, Lindern M\u00fcdigkeit und\u2026 - Markt-XXL","isPartOf":{"@id":"https:\/\/marktxxl.de\/markt\/#website"},"primaryImageOfPage":{"@id":"https:\/\/marktxxl.de\/markt\/produkt\/detox-fusspflaster-vitalpflaster-fusspflaster-wormwood-foot-patch-foerdern-die-durchblutung-lindern-schmerzen-und-verbessern-den-schlaf-befreien-sie-sich-von-feuchtigkeit-und-kaelte-20pc\/#primaryimage"},"image":{"@id":"https:\/\/marktxxl.de\/markt\/produkt\/detox-fusspflaster-vitalpflaster-fusspflaster-wormwood-foot-patch-foerdern-die-durchblutung-lindern-schmerzen-und-verbessern-den-schlaf-befreien-sie-sich-von-feuchtigkeit-und-kaelte-20pc\/#primaryimage"},"thumbnailUrl":"https:\/\/m.media-amazon.com\/images\/I\/51JjVh6NfEL._SL500_.jpg","datePublished":"2021-09-13T17:58:18+00:00","dateModified":"2023-04-09T23:30:40+00:00","description":"Markt-XXL Detox Fu\u00dfpflaster Vitalpflaster Fusspflaster Wormwood Foot Patch F\u00f6rdern die Durchblutung, Lindern M\u00fcdigkeit und\u2026","breadcrumb":{"@id":"https:\/\/marktxxl.de\/markt\/produkt\/detox-fusspflaster-vitalpflaster-fusspflaster-wormwood-foot-patch-foerdern-die-durchblutung-lindern-schmerzen-und-verbessern-den-schlaf-befreien-sie-sich-von-feuchtigkeit-und-kaelte-20pc\/#breadcrumb"},"inLanguage":"de","potentialAction":[{"@type":"ReadAction","target":["https:\/\/marktxxl.de\/markt\/produkt\/detox-fusspflaster-vitalpflaster-fusspflaster-wormwood-foot-patch-foerdern-die-durchblutung-lindern-schmerzen-und-verbessern-den-schlaf-befreien-sie-sich-von-feuchtigkeit-und-kaelte-20pc\/"]}]},{"@type":"ImageObject","inLanguage":"de","@id":"https:\/\/marktxxl.de\/markt\/produkt\/detox-fusspflaster-vitalpflaster-fusspflaster-wormwood-foot-patch-foerdern-die-durchblutung-lindern-schmerzen-und-verbessern-den-schlaf-befreien-sie-sich-von-feuchtigkeit-und-kaelte-20pc\/#primaryimage","url":"https:\/\/m.media-amazon.com\/images\/I\/51JjVh6NfEL._SL500_.jpg","contentUrl":"https:\/\/m.media-amazon.com\/images\/I\/51JjVh6NfEL._SL500_.jpg","width":500,"height":500},{"@type":"BreadcrumbList","@id":"https:\/\/marktxxl.de\/markt\/produkt\/detox-fusspflaster-vitalpflaster-fusspflaster-wormwood-foot-patch-foerdern-die-durchblutung-lindern-schmerzen-und-verbessern-den-schlaf-befreien-sie-sich-von-feuchtigkeit-und-kaelte-20pc\/#breadcrumb","itemListElement":[{"@type":"ListItem","position":1,"name":"Startseite","item":"https:\/\/marktxxl.de\/markt\/"},{"@type":"ListItem","position":2,"name":"Markt","item":"https:\/\/marktxxl.de\/markt\/"},{"@type":"ListItem","position":3,"name":"Detox Fu\u00dfpflaster Vitalpflaster Fusspflaster Wormwood Foot Patch F\u00f6rdern die Durchblutung, Lindern M\u00fcdigkeit und\u2026"}]},{"@type":"WebSite","@id":"https:\/\/marktxxl.de\/markt\/#website","url":"https:\/\/marktxxl.de\/markt\/","name":"Markt-XXL","description":"Ihr Markt Online","publisher":{"@id":"https:\/\/marktxxl.de\/markt\/#organization"},"potentialAction":[{"@type":"SearchAction","target":{"@type":"EntryPoint","urlTemplate":"https:\/\/marktxxl.de\/markt\/?s={search_term_string}"},"query-input":{"@type":"PropertyValueSpecification","valueRequired":true,"valueName":"search_term_string"}}],"inLanguage":"de"},{"@type":"Organization","@id":"https:\/\/marktxxl.de\/markt\/#organization","name":"Markt-XXL","url":"https:\/\/marktxxl.de\/markt\/","logo":{"@type":"ImageObject","inLanguage":"de","@id":"https:\/\/marktxxl.de\/markt\/#\/schema\/logo\/image\/","url":"https:\/\/marktxxl.de\/markt\/wp-content\/uploads\/sites\/3\/2020\/12\/logo.png","contentUrl":"https:\/\/marktxxl.de\/markt\/wp-content\/uploads\/sites\/3\/2020\/12\/logo.png","width":200,"height":70,"caption":"Markt-XXL"},"image":{"@id":"https:\/\/marktxxl.de\/markt\/#\/schema\/logo\/image\/"}}]}},"_links":{"self":[{"href":"https:\/\/marktxxl.de\/markt\/wp-json\/wp\/v2\/product\/32786","targetHints":{"allow":["GET"]}}],"collection":[{"href":"https:\/\/marktxxl.de\/markt\/wp-json\/wp\/v2\/product"}],"about":[{"href":"https:\/\/marktxxl.de\/markt\/wp-json\/wp\/v2\/types\/product"}],"replies":[{"embeddable":true,"href":"https:\/\/marktxxl.de\/markt\/wp-json\/wp\/v2\/comments?post=32786"}],"wp:featuredmedia":[{"embeddable":true,"href":"https:\/\/marktxxl.de\/markt\/wp-json\/wp\/v2\/media\/32787"}],"wp:attachment":[{"href":"https:\/\/marktxxl.de\/markt\/wp-json\/wp\/v2\/media?parent=32786"}],"wp:term":[{"taxonomy":"product_brand","embeddable":true,"href":"https:\/\/marktxxl.de\/markt\/wp-json\/wp\/v2\/product_brand?post=32786"},{"taxonomy":"product_cat","embeddable":true,"href":"https:\/\/marktxxl.de\/markt\/wp-json\/wp\/v2\/product_cat?post=32786"},{"taxonomy":"product_tag","embeddable":true,"href":"https:\/\/marktxxl.de\/markt\/wp-json\/wp\/v2\/product_tag?post=32786"}],"curies":[{"name":"wp","href":"https:\/\/api.w.org\/{rel}","templated":true}]}}