{"id":32449,"date":"2021-09-13T19:54:51","date_gmt":"2021-09-13T17:54:51","guid":{"rendered":"https:\/\/marktxxl.de\/markt\/produkt\/aktivkohle-gesichtsmaske-mit-2-bha-salicylsaeure-reinigt-das-gesicht-und-verkleinert-die-poren-der-haut-tiefenreinigung-maske-mit-totes-meer-salz-150-ml-von-colibri-cosmetics-made-in-germany\/"},"modified":"2023-04-10T01:30:32","modified_gmt":"2023-04-09T23:30:32","slug":"aktivkohle-gesichtsmaske-mit-2-bha-salicylsaeure-reinigt-das-gesicht-und-verkleinert-die-poren-der-haut-tiefenreinigung-maske-mit-totes-meer-salz-150-ml-von-colibri-cosmetics-made-in-germany","status":"publish","type":"product","link":"https:\/\/marktxxl.de\/markt\/produkt\/aktivkohle-gesichtsmaske-mit-2-bha-salicylsaeure-reinigt-das-gesicht-und-verkleinert-die-poren-der-haut-tiefenreinigung-maske-mit-totes-meer-salz-150-ml-von-colibri-cosmetics-made-in-germany\/","title":{"rendered":"colibri skincare Aktivkohle Gesichtsmaske mit 2% BHA Salicyls\u00e4ure &#8211; 150 ml &#8211; reinigt das Gesicht und verkleinert Poren\u2026"},"content":{"rendered":"<p>\u2705 REGENERIERT DIE HAUT: die Aktivkohle Maske von colibri cosmetics reinigt die Haut und gibt ihr das zur\u00fcck, was Alltagsstress und Umwelteinfl\u00fcsse geraubt haben. Das Ergebnis ist ein zartes, von Nat\u00fcrlichkeit strahlendes Gesicht. Nach der Anwendung wird die Maske einfach mit warmem Wasser abgewaschen &#8211; kein peel off.<br \/>\n\u2705 DETOX KUR MIT AKTIVKOHLE: die nat\u00fcrliche Aktivkohle zieht andere Substanzen an und bindet sie wie ein Schwamm. Dadurch wird die Haut von Fremdk\u00f6rpern und Schmutzpartikeln befreit. Diese Gesichtsreinigung \u00f6ffnet die Poren und befreit sie von Talg und Schadstoffen. Dies hilft gegen Pickel und Mitesser.<br \/>\n\u2705 WOHLTAT F\u00dcR DIE HAUT: Salz aus dem Toten Meer ist reich an Mineralien und wirkt gegen Pickel und Akne. Es f\u00f6rdert die Durchblutung und unterst\u00fctzt nat\u00fcrliche Heilungsprozesse. Argan\u00f6l pflegt die Haut mit Vitamin E und macht sie geschmeidig. Hyalurons\u00e4ure spendet ihr Feuchtigkeit und hat Anti-Aging Wirkung.<br \/>\n\u2705 OHNE TIERVERSUCHE &#8211; VEGAN &#8211; MADE IN GERMANY: alle unsere Produkte sind frei von tierischen Inhaltsstoffen und werden nicht an Tieren getestet. Zudem verwenden wir keine umstrittenen Zusatzstoffe: OHNE Silikone, OHNE Mikroplastik, OHNE Parabene, OHNE Parf\u00fcme, OHNE Mineral\u00f6le, OHNE PEGs.<br \/>\n\u2705 100% ZUFRIEDENHEIT GARANTIERT: es ist unser Anspruch, dass Sie mit unseren Produkten in vollem Umfang zufrieden sind. Sollten Sie nicht zufrieden sein, erstatten wir Ihnen ihr Geld innerhalb von 30 Tagen nach Kauf zur\u00fcck. Tun Sie Ihrer Haut etwas gutes und bestellen Sie jetzt die Aktivkohle Maske von colibri cosmetics!<br \/>\n<div class=\"main-cross-sell\" data-asin=\"B06XQTTWL9\">\n\n\t<div class=\"WooZone-cross-sell-loader\">\n\t\t<div>\n\t\t\t<div id=\"floatingBarsG\">\n\t\t\t\t<div class=\"blockG\" id=\"rotateG_01\"><\/div>\n\t\t\t\t<div class=\"blockG\" id=\"rotateG_02\"><\/div>\n\t\t\t\t<div class=\"blockG\" id=\"rotateG_03\"><\/div>\n\t\t\t\t<div class=\"blockG\" id=\"rotateG_04\"><\/div>\n\t\t\t\t<div class=\"blockG\" id=\"rotateG_05\"><\/div>\n\t\t\t\t<div class=\"blockG\" id=\"rotateG_06\"><\/div>\n\t\t\t\t<div class=\"blockG\" id=\"rotateG_07\"><\/div>\n\t\t\t\t<div class=\"blockG\" id=\"rotateG_08\"><\/div>\n\t\t\t<\/div>\n\t\t\t<div class=\"WooZone-cross-sell-loader-text\"><\/div>\n\t\t<\/div>\n\t<\/div>\n\n\t\t\n<\/div>\n<div style=\"clear:both;\"><\/div><\/p>\n","protected":false},"excerpt":{"rendered":"<p>\u2705 REGENERIERT DIE HAUT: die Aktivkohle Maske von colibri cosmetics reinigt die Haut und gibt ihr das zur\u00fcck, was Alltagsstress und Umwelteinfl\u00fcsse geraubt haben. Das Ergebnis ist ein zartes, von Nat\u00fcrlichkeit strahlendes Gesicht. Nach der Anwendung wird die Maske einfach mit warmem Wasser abgewaschen &#8211; kein peel off.<br \/>\n\u2705 DETOX KUR MIT AKTIVKOHLE: die nat\u00fcrliche Aktivkohle zieht andere Substanzen an und bindet sie wie ein Schwamm. Dadurch wird die Haut von Fremdk\u00f6rpern und Schmutzpartikeln befreit. Diese Gesichtsreinigung \u00f6ffnet die Poren und befreit sie von Talg und Schadstoffen. Dies hilft gegen Pickel und Mitesser.<br \/>\n\u2705 WOHLTAT F\u00dcR DIE HAUT: Salz aus dem Toten Meer ist reich an Mineralien und wirkt gegen Pickel und Akne. Es f\u00f6rdert die Durchblutung und unterst\u00fctzt nat\u00fcrliche Heilungsprozesse. Argan\u00f6l pflegt die Haut mit Vitamin E und macht sie geschmeidig. Hyalurons\u00e4ure spendet ihr Feuchtigkeit und hat Anti-Aging Wirkung.<\/p>\n","protected":false},"featured_media":32450,"comment_status":"open","ping_status":"closed","template":"","meta":[],"product_brand":[],"product_cat":[2858,7067],"product_tag":[],"class_list":{"0":"post-32449","1":"product","2":"type-product","3":"status-publish","4":"has-post-thumbnail","6":"product_cat-beauty","7":"product_cat-hautpflege","8":"pa_binding-misc","9":"pa_brand-colibri-cosmetics","10":"pa_height-7-086614166-zoll","11":"pa_length-2-0472440924-zoll","12":"pa_manufacturer-colibri-cosmetics","13":"pa_size-150-ml-1er-pack","14":"pa_width-2-0866141711-zoll","16":"first","17":"instock","18":"shipping-taxable","19":"purchasable","20":"product-type-simple","21":"customify-col","22":"product-has-gallery"},"yoast_head":"<!-- This site is optimized with the Yoast SEO plugin v27.4 - https:\/\/yoast.com\/product\/yoast-seo-wordpress\/ -->\n<title>colibri skincare Aktivkohle Gesichtsmaske mit 2% BHA Salicyls\u00e4ure - 150 ml - reinigt das Gesicht und verkleinert Poren\u2026 - Markt-XXL<\/title>\n<meta name=\"description\" content=\"Markt-XXL colibri skincare Aktivkohle Gesichtsmaske mit 2% BHA Salicyls\u00e4ure - 150 ml - reinigt das Gesicht und verkleinert Poren\u2026\" \/>\n<meta name=\"robots\" content=\"index, follow, max-snippet:-1, max-image-preview:large, max-video-preview:-1\" \/>\n<link rel=\"canonical\" href=\"https:\/\/marktxxl.de\/markt\/produkt\/aktivkohle-gesichtsmaske-mit-2-bha-salicylsaeure-reinigt-das-gesicht-und-verkleinert-die-poren-der-haut-tiefenreinigung-maske-mit-totes-meer-salz-150-ml-von-colibri-cosmetics-made-in-germany\/\" \/>\n<meta property=\"og:locale\" content=\"de_DE\" \/>\n<meta property=\"og:type\" content=\"article\" \/>\n<meta property=\"og:title\" content=\"colibri skincare Aktivkohle Gesichtsmaske mit 2% BHA Salicyls\u00e4ure - 150 ml - reinigt das Gesicht und verkleinert Poren\u2026 - Markt-XXL\" \/>\n<meta property=\"og:description\" content=\"Markt-XXL colibri skincare Aktivkohle Gesichtsmaske mit 2% BHA Salicyls\u00e4ure - 150 ml - reinigt das Gesicht und verkleinert Poren\u2026\" \/>\n<meta property=\"og:url\" content=\"https:\/\/marktxxl.de\/markt\/produkt\/aktivkohle-gesichtsmaske-mit-2-bha-salicylsaeure-reinigt-das-gesicht-und-verkleinert-die-poren-der-haut-tiefenreinigung-maske-mit-totes-meer-salz-150-ml-von-colibri-cosmetics-made-in-germany\/\" \/>\n<meta property=\"og:site_name\" content=\"Markt-XXL\" \/>\n<meta property=\"article:modified_time\" content=\"2023-04-09T23:30:32+00:00\" \/>\n<meta property=\"og:image\" content=\"https:\/\/m.media-amazon.com\/images\/I\/41l+nWnPmGL._SL500_.jpg\" \/>\n\t<meta property=\"og:image:width\" content=\"435\" \/>\n\t<meta property=\"og:image:height\" content=\"500\" \/>\n\t<meta property=\"og:image:type\" content=\"image\/jpeg\" \/>\n<meta name=\"twitter:card\" content=\"summary_large_image\" \/>\n<meta name=\"twitter:label1\" content=\"Gesch\u00e4tzte Lesezeit\" \/>\n\t<meta name=\"twitter:data1\" content=\"1\u00a0Minute\" \/>\n<script type=\"application\/ld+json\" class=\"yoast-schema-graph\">{\"@context\":\"https:\\\/\\\/schema.org\",\"@graph\":[{\"@type\":\"WebPage\",\"@id\":\"https:\\\/\\\/marktxxl.de\\\/markt\\\/produkt\\\/aktivkohle-gesichtsmaske-mit-2-bha-salicylsaeure-reinigt-das-gesicht-und-verkleinert-die-poren-der-haut-tiefenreinigung-maske-mit-totes-meer-salz-150-ml-von-colibri-cosmetics-made-in-germany\\\/\",\"url\":\"https:\\\/\\\/marktxxl.de\\\/markt\\\/produkt\\\/aktivkohle-gesichtsmaske-mit-2-bha-salicylsaeure-reinigt-das-gesicht-und-verkleinert-die-poren-der-haut-tiefenreinigung-maske-mit-totes-meer-salz-150-ml-von-colibri-cosmetics-made-in-germany\\\/\",\"name\":\"colibri skincare Aktivkohle Gesichtsmaske mit 2% BHA Salicyls\u00e4ure - 150 ml - reinigt das Gesicht und verkleinert Poren\u2026 - Markt-XXL\",\"isPartOf\":{\"@id\":\"https:\\\/\\\/marktxxl.de\\\/markt\\\/#website\"},\"primaryImageOfPage\":{\"@id\":\"https:\\\/\\\/marktxxl.de\\\/markt\\\/produkt\\\/aktivkohle-gesichtsmaske-mit-2-bha-salicylsaeure-reinigt-das-gesicht-und-verkleinert-die-poren-der-haut-tiefenreinigung-maske-mit-totes-meer-salz-150-ml-von-colibri-cosmetics-made-in-germany\\\/#primaryimage\"},\"image\":{\"@id\":\"https:\\\/\\\/marktxxl.de\\\/markt\\\/produkt\\\/aktivkohle-gesichtsmaske-mit-2-bha-salicylsaeure-reinigt-das-gesicht-und-verkleinert-die-poren-der-haut-tiefenreinigung-maske-mit-totes-meer-salz-150-ml-von-colibri-cosmetics-made-in-germany\\\/#primaryimage\"},\"thumbnailUrl\":\"https:\\\/\\\/m.media-amazon.com\\\/images\\\/I\\\/41l+nWnPmGL._SL500_.jpg\",\"datePublished\":\"2021-09-13T17:54:51+00:00\",\"dateModified\":\"2023-04-09T23:30:32+00:00\",\"description\":\"Markt-XXL colibri skincare Aktivkohle Gesichtsmaske mit 2% BHA Salicyls\u00e4ure - 150 ml - reinigt das Gesicht und verkleinert Poren\u2026\",\"breadcrumb\":{\"@id\":\"https:\\\/\\\/marktxxl.de\\\/markt\\\/produkt\\\/aktivkohle-gesichtsmaske-mit-2-bha-salicylsaeure-reinigt-das-gesicht-und-verkleinert-die-poren-der-haut-tiefenreinigung-maske-mit-totes-meer-salz-150-ml-von-colibri-cosmetics-made-in-germany\\\/#breadcrumb\"},\"inLanguage\":\"de\",\"potentialAction\":[{\"@type\":\"ReadAction\",\"target\":[\"https:\\\/\\\/marktxxl.de\\\/markt\\\/produkt\\\/aktivkohle-gesichtsmaske-mit-2-bha-salicylsaeure-reinigt-das-gesicht-und-verkleinert-die-poren-der-haut-tiefenreinigung-maske-mit-totes-meer-salz-150-ml-von-colibri-cosmetics-made-in-germany\\\/\"]}]},{\"@type\":\"ImageObject\",\"inLanguage\":\"de\",\"@id\":\"https:\\\/\\\/marktxxl.de\\\/markt\\\/produkt\\\/aktivkohle-gesichtsmaske-mit-2-bha-salicylsaeure-reinigt-das-gesicht-und-verkleinert-die-poren-der-haut-tiefenreinigung-maske-mit-totes-meer-salz-150-ml-von-colibri-cosmetics-made-in-germany\\\/#primaryimage\",\"url\":\"https:\\\/\\\/m.media-amazon.com\\\/images\\\/I\\\/41l+nWnPmGL._SL500_.jpg\",\"contentUrl\":\"https:\\\/\\\/m.media-amazon.com\\\/images\\\/I\\\/41l+nWnPmGL._SL500_.jpg\",\"width\":435,\"height\":500},{\"@type\":\"BreadcrumbList\",\"@id\":\"https:\\\/\\\/marktxxl.de\\\/markt\\\/produkt\\\/aktivkohle-gesichtsmaske-mit-2-bha-salicylsaeure-reinigt-das-gesicht-und-verkleinert-die-poren-der-haut-tiefenreinigung-maske-mit-totes-meer-salz-150-ml-von-colibri-cosmetics-made-in-germany\\\/#breadcrumb\",\"itemListElement\":[{\"@type\":\"ListItem\",\"position\":1,\"name\":\"Startseite\",\"item\":\"https:\\\/\\\/marktxxl.de\\\/markt\\\/\"},{\"@type\":\"ListItem\",\"position\":2,\"name\":\"Markt\",\"item\":\"https:\\\/\\\/marktxxl.de\\\/markt\\\/\"},{\"@type\":\"ListItem\",\"position\":3,\"name\":\"colibri skincare Aktivkohle Gesichtsmaske mit 2% BHA Salicyls\u00e4ure &#8211; 150 ml &#8211; reinigt das Gesicht und verkleinert Poren\u2026\"}]},{\"@type\":\"WebSite\",\"@id\":\"https:\\\/\\\/marktxxl.de\\\/markt\\\/#website\",\"url\":\"https:\\\/\\\/marktxxl.de\\\/markt\\\/\",\"name\":\"Markt-XXL\",\"description\":\"Ihr Markt Online\",\"publisher\":{\"@id\":\"https:\\\/\\\/marktxxl.de\\\/markt\\\/#organization\"},\"potentialAction\":[{\"@type\":\"SearchAction\",\"target\":{\"@type\":\"EntryPoint\",\"urlTemplate\":\"https:\\\/\\\/marktxxl.de\\\/markt\\\/?s={search_term_string}\"},\"query-input\":{\"@type\":\"PropertyValueSpecification\",\"valueRequired\":true,\"valueName\":\"search_term_string\"}}],\"inLanguage\":\"de\"},{\"@type\":\"Organization\",\"@id\":\"https:\\\/\\\/marktxxl.de\\\/markt\\\/#organization\",\"name\":\"Markt-XXL\",\"url\":\"https:\\\/\\\/marktxxl.de\\\/markt\\\/\",\"logo\":{\"@type\":\"ImageObject\",\"inLanguage\":\"de\",\"@id\":\"https:\\\/\\\/marktxxl.de\\\/markt\\\/#\\\/schema\\\/logo\\\/image\\\/\",\"url\":\"https:\\\/\\\/marktxxl.de\\\/markt\\\/wp-content\\\/uploads\\\/sites\\\/3\\\/2020\\\/12\\\/logo.png\",\"contentUrl\":\"https:\\\/\\\/marktxxl.de\\\/markt\\\/wp-content\\\/uploads\\\/sites\\\/3\\\/2020\\\/12\\\/logo.png\",\"width\":200,\"height\":70,\"caption\":\"Markt-XXL\"},\"image\":{\"@id\":\"https:\\\/\\\/marktxxl.de\\\/markt\\\/#\\\/schema\\\/logo\\\/image\\\/\"}}]}<\/script>\n<!-- \/ Yoast SEO plugin. -->","yoast_head_json":{"title":"colibri skincare Aktivkohle Gesichtsmaske mit 2% BHA Salicyls\u00e4ure - 150 ml - reinigt das Gesicht und verkleinert Poren\u2026 - Markt-XXL","description":"Markt-XXL colibri skincare Aktivkohle Gesichtsmaske mit 2% BHA Salicyls\u00e4ure - 150 ml - reinigt das Gesicht und verkleinert Poren\u2026","robots":{"index":"index","follow":"follow","max-snippet":"max-snippet:-1","max-image-preview":"max-image-preview:large","max-video-preview":"max-video-preview:-1"},"canonical":"https:\/\/marktxxl.de\/markt\/produkt\/aktivkohle-gesichtsmaske-mit-2-bha-salicylsaeure-reinigt-das-gesicht-und-verkleinert-die-poren-der-haut-tiefenreinigung-maske-mit-totes-meer-salz-150-ml-von-colibri-cosmetics-made-in-germany\/","og_locale":"de_DE","og_type":"article","og_title":"colibri skincare Aktivkohle Gesichtsmaske mit 2% BHA Salicyls\u00e4ure - 150 ml - reinigt das Gesicht und verkleinert Poren\u2026 - Markt-XXL","og_description":"Markt-XXL colibri skincare Aktivkohle Gesichtsmaske mit 2% BHA Salicyls\u00e4ure - 150 ml - reinigt das Gesicht und verkleinert Poren\u2026","og_url":"https:\/\/marktxxl.de\/markt\/produkt\/aktivkohle-gesichtsmaske-mit-2-bha-salicylsaeure-reinigt-das-gesicht-und-verkleinert-die-poren-der-haut-tiefenreinigung-maske-mit-totes-meer-salz-150-ml-von-colibri-cosmetics-made-in-germany\/","og_site_name":"Markt-XXL","article_modified_time":"2023-04-09T23:30:32+00:00","og_image":[{"width":435,"height":500,"url":"https:\/\/m.media-amazon.com\/images\/I\/41l+nWnPmGL._SL500_.jpg","type":"image\/jpeg"}],"twitter_card":"summary_large_image","twitter_misc":{"Gesch\u00e4tzte Lesezeit":"1\u00a0Minute"},"schema":{"@context":"https:\/\/schema.org","@graph":[{"@type":"WebPage","@id":"https:\/\/marktxxl.de\/markt\/produkt\/aktivkohle-gesichtsmaske-mit-2-bha-salicylsaeure-reinigt-das-gesicht-und-verkleinert-die-poren-der-haut-tiefenreinigung-maske-mit-totes-meer-salz-150-ml-von-colibri-cosmetics-made-in-germany\/","url":"https:\/\/marktxxl.de\/markt\/produkt\/aktivkohle-gesichtsmaske-mit-2-bha-salicylsaeure-reinigt-das-gesicht-und-verkleinert-die-poren-der-haut-tiefenreinigung-maske-mit-totes-meer-salz-150-ml-von-colibri-cosmetics-made-in-germany\/","name":"colibri skincare Aktivkohle Gesichtsmaske mit 2% BHA Salicyls\u00e4ure - 150 ml - reinigt das Gesicht und verkleinert Poren\u2026 - Markt-XXL","isPartOf":{"@id":"https:\/\/marktxxl.de\/markt\/#website"},"primaryImageOfPage":{"@id":"https:\/\/marktxxl.de\/markt\/produkt\/aktivkohle-gesichtsmaske-mit-2-bha-salicylsaeure-reinigt-das-gesicht-und-verkleinert-die-poren-der-haut-tiefenreinigung-maske-mit-totes-meer-salz-150-ml-von-colibri-cosmetics-made-in-germany\/#primaryimage"},"image":{"@id":"https:\/\/marktxxl.de\/markt\/produkt\/aktivkohle-gesichtsmaske-mit-2-bha-salicylsaeure-reinigt-das-gesicht-und-verkleinert-die-poren-der-haut-tiefenreinigung-maske-mit-totes-meer-salz-150-ml-von-colibri-cosmetics-made-in-germany\/#primaryimage"},"thumbnailUrl":"https:\/\/m.media-amazon.com\/images\/I\/41l+nWnPmGL._SL500_.jpg","datePublished":"2021-09-13T17:54:51+00:00","dateModified":"2023-04-09T23:30:32+00:00","description":"Markt-XXL colibri skincare Aktivkohle Gesichtsmaske mit 2% BHA Salicyls\u00e4ure - 150 ml - reinigt das Gesicht und verkleinert Poren\u2026","breadcrumb":{"@id":"https:\/\/marktxxl.de\/markt\/produkt\/aktivkohle-gesichtsmaske-mit-2-bha-salicylsaeure-reinigt-das-gesicht-und-verkleinert-die-poren-der-haut-tiefenreinigung-maske-mit-totes-meer-salz-150-ml-von-colibri-cosmetics-made-in-germany\/#breadcrumb"},"inLanguage":"de","potentialAction":[{"@type":"ReadAction","target":["https:\/\/marktxxl.de\/markt\/produkt\/aktivkohle-gesichtsmaske-mit-2-bha-salicylsaeure-reinigt-das-gesicht-und-verkleinert-die-poren-der-haut-tiefenreinigung-maske-mit-totes-meer-salz-150-ml-von-colibri-cosmetics-made-in-germany\/"]}]},{"@type":"ImageObject","inLanguage":"de","@id":"https:\/\/marktxxl.de\/markt\/produkt\/aktivkohle-gesichtsmaske-mit-2-bha-salicylsaeure-reinigt-das-gesicht-und-verkleinert-die-poren-der-haut-tiefenreinigung-maske-mit-totes-meer-salz-150-ml-von-colibri-cosmetics-made-in-germany\/#primaryimage","url":"https:\/\/m.media-amazon.com\/images\/I\/41l+nWnPmGL._SL500_.jpg","contentUrl":"https:\/\/m.media-amazon.com\/images\/I\/41l+nWnPmGL._SL500_.jpg","width":435,"height":500},{"@type":"BreadcrumbList","@id":"https:\/\/marktxxl.de\/markt\/produkt\/aktivkohle-gesichtsmaske-mit-2-bha-salicylsaeure-reinigt-das-gesicht-und-verkleinert-die-poren-der-haut-tiefenreinigung-maske-mit-totes-meer-salz-150-ml-von-colibri-cosmetics-made-in-germany\/#breadcrumb","itemListElement":[{"@type":"ListItem","position":1,"name":"Startseite","item":"https:\/\/marktxxl.de\/markt\/"},{"@type":"ListItem","position":2,"name":"Markt","item":"https:\/\/marktxxl.de\/markt\/"},{"@type":"ListItem","position":3,"name":"colibri skincare Aktivkohle Gesichtsmaske mit 2% BHA Salicyls\u00e4ure &#8211; 150 ml &#8211; reinigt das Gesicht und verkleinert Poren\u2026"}]},{"@type":"WebSite","@id":"https:\/\/marktxxl.de\/markt\/#website","url":"https:\/\/marktxxl.de\/markt\/","name":"Markt-XXL","description":"Ihr Markt Online","publisher":{"@id":"https:\/\/marktxxl.de\/markt\/#organization"},"potentialAction":[{"@type":"SearchAction","target":{"@type":"EntryPoint","urlTemplate":"https:\/\/marktxxl.de\/markt\/?s={search_term_string}"},"query-input":{"@type":"PropertyValueSpecification","valueRequired":true,"valueName":"search_term_string"}}],"inLanguage":"de"},{"@type":"Organization","@id":"https:\/\/marktxxl.de\/markt\/#organization","name":"Markt-XXL","url":"https:\/\/marktxxl.de\/markt\/","logo":{"@type":"ImageObject","inLanguage":"de","@id":"https:\/\/marktxxl.de\/markt\/#\/schema\/logo\/image\/","url":"https:\/\/marktxxl.de\/markt\/wp-content\/uploads\/sites\/3\/2020\/12\/logo.png","contentUrl":"https:\/\/marktxxl.de\/markt\/wp-content\/uploads\/sites\/3\/2020\/12\/logo.png","width":200,"height":70,"caption":"Markt-XXL"},"image":{"@id":"https:\/\/marktxxl.de\/markt\/#\/schema\/logo\/image\/"}}]}},"_links":{"self":[{"href":"https:\/\/marktxxl.de\/markt\/wp-json\/wp\/v2\/product\/32449","targetHints":{"allow":["GET"]}}],"collection":[{"href":"https:\/\/marktxxl.de\/markt\/wp-json\/wp\/v2\/product"}],"about":[{"href":"https:\/\/marktxxl.de\/markt\/wp-json\/wp\/v2\/types\/product"}],"replies":[{"embeddable":true,"href":"https:\/\/marktxxl.de\/markt\/wp-json\/wp\/v2\/comments?post=32449"}],"wp:featuredmedia":[{"embeddable":true,"href":"https:\/\/marktxxl.de\/markt\/wp-json\/wp\/v2\/media\/32450"}],"wp:attachment":[{"href":"https:\/\/marktxxl.de\/markt\/wp-json\/wp\/v2\/media?parent=32449"}],"wp:term":[{"taxonomy":"product_brand","embeddable":true,"href":"https:\/\/marktxxl.de\/markt\/wp-json\/wp\/v2\/product_brand?post=32449"},{"taxonomy":"product_cat","embeddable":true,"href":"https:\/\/marktxxl.de\/markt\/wp-json\/wp\/v2\/product_cat?post=32449"},{"taxonomy":"product_tag","embeddable":true,"href":"https:\/\/marktxxl.de\/markt\/wp-json\/wp\/v2\/product_tag?post=32449"}],"curies":[{"name":"wp","href":"https:\/\/api.w.org\/{rel}","templated":true}]}}