{"id":32261,"date":"2021-09-13T19:49:24","date_gmt":"2021-09-13T17:49:24","guid":{"rendered":"https:\/\/marktxxl.de\/markt\/produkt\/wella-2-er-pack-koleston-perfect-me-kp-special-blonds-12-89-special-blonde-perl-cendre\/"},"modified":"2023-04-10T01:30:29","modified_gmt":"2023-04-09T23:30:29","slug":"wella-2-er-pack-koleston-perfect-me-kp-special-blonds-12-89-special-blonde-perl-cendre","status":"publish","type":"product","link":"https:\/\/marktxxl.de\/markt\/produkt\/wella-2-er-pack-koleston-perfect-me-kp-special-blonds-12-89-special-blonde-perl-cendre\/","title":{"rendered":"2er Wella Koleston Perfect ME+ 12\/89 Special Blond Perl Cendre 60 ml"},"content":{"rendered":"<p>Ist die Farbe mit der ME+ Technologie. Perfekte, gleichm\u00e4\u00dfige und moderne Farbergebnisse<br \/>\nMe+, reduziert das Risiko eine neue Allergie gegen Haarfarbe zu entwickeln** (**F\u00fcr Personen, die nicht allergisch gegen Haarf\u00e4rbemittel sind. Obwohl das Risiko verringert ist, neue Allergien zu entwickeln, bleibt ein Risiko f\u00fcr allergische Reaktione<br \/>\nn bestehen, die mitunter schwer ausfallen k\u00f6nnen. F\u00fchren Sie 48 Stunden vor jeder Coloration einen Allergietest durch. Befolgen Sie genau die Sicherheitsanweisungen. Wenn sich bei Ihnen bereits in der Vergangenheit allergische Reaktionen auf Haarf\u00e4rb<br \/>\nemitteln gezeigt haben, sollten Sie nicht Colorieren. ME+ ist in bestimmten Nuancen von Pure Naturals, Rich Naturals, Vibrant Reds, Special Blondes und Deep Browns der Marke Koleston Perfect enthalten)<br \/>\nWeniger Haarsch\u00e4digung bei jeder Anwendung* (*Gegen\u00fcber dem vorherigen Koleston Perfect. G\u00fcltig f\u00fcr Koleston Perfect mit Pure-Balance-Technologie.)<br \/>\n<div class=\"main-cross-sell\" data-asin=\"B07W6ZK44F\">\n\n\t<div class=\"WooZone-cross-sell-loader\">\n\t\t<div>\n\t\t\t<div id=\"floatingBarsG\">\n\t\t\t\t<div class=\"blockG\" id=\"rotateG_01\"><\/div>\n\t\t\t\t<div class=\"blockG\" id=\"rotateG_02\"><\/div>\n\t\t\t\t<div class=\"blockG\" id=\"rotateG_03\"><\/div>\n\t\t\t\t<div class=\"blockG\" id=\"rotateG_04\"><\/div>\n\t\t\t\t<div class=\"blockG\" id=\"rotateG_05\"><\/div>\n\t\t\t\t<div class=\"blockG\" id=\"rotateG_06\"><\/div>\n\t\t\t\t<div class=\"blockG\" id=\"rotateG_07\"><\/div>\n\t\t\t\t<div class=\"blockG\" id=\"rotateG_08\"><\/div>\n\t\t\t<\/div>\n\t\t\t<div class=\"WooZone-cross-sell-loader-text\"><\/div>\n\t\t<\/div>\n\t<\/div>\n\n\t\t\n<\/div>\n<div style=\"clear:both;\"><\/div><\/p>\n","protected":false},"excerpt":{"rendered":"<p>Ist die Farbe mit der ME+ Technologie. Perfekte, gleichm\u00e4\u00dfige und moderne Farbergebnisse<br \/>\nMe+, reduziert das Risiko eine neue Allergie gegen Haarfarbe zu entwickeln** (**F\u00fcr Personen, die nicht allergisch gegen Haarf\u00e4rbemittel sind. Obwohl das Risiko verringert ist, neue Allergien zu entwickeln, bleibt ein Risiko f\u00fcr allergische Reaktione<br \/>\nn bestehen, die mitunter schwer ausfallen k\u00f6nnen. F\u00fchren Sie 48 Stunden vor jeder Coloration einen Allergietest durch. Befolgen Sie genau die Sicherheitsanweisungen. Wenn sich bei Ihnen bereits in der Vergangenheit allergische Reaktionen auf Haarf\u00e4rb<\/p>\n","protected":false},"featured_media":32262,"comment_status":"open","ping_status":"closed","template":"","meta":[],"product_brand":[],"product_cat":[2858,6994],"product_tag":[],"class_list":{"0":"post-32261","1":"product","2":"type-product","3":"status-publish","4":"has-post-thumbnail","6":"product_cat-beauty","7":"product_cat-haarpflege-styling","8":"pa_brand-wella","9":"pa_height-6-299212592-zoll","10":"pa_length-1-181102361-zoll","11":"pa_manufacturer-wella-hfc-prestige","12":"pa_size-60-ml-2er-pack","13":"pa_weight-0-3527396192-pfund","14":"pa_width-1-4173228332-zoll","16":"first","17":"instock","18":"shipping-taxable","19":"purchasable","20":"product-type-simple","21":"customify-col","22":"product-has-gallery"},"yoast_head":"<!-- This site is optimized with the Yoast SEO plugin v27.3 - https:\/\/yoast.com\/product\/yoast-seo-wordpress\/ -->\n<title>2er Wella Koleston Perfect ME+ 12\/89 Special Blond Perl Cendre 60 ml - Markt-XXL<\/title>\n<meta name=\"description\" content=\"Markt-XXL 2er Wella Koleston Perfect ME+ 12\/89 Special Blond Perl Cendre 60 ml\" \/>\n<meta name=\"robots\" content=\"index, follow, max-snippet:-1, max-image-preview:large, max-video-preview:-1\" \/>\n<link rel=\"canonical\" href=\"https:\/\/marktxxl.de\/markt\/produkt\/wella-2-er-pack-koleston-perfect-me-kp-special-blonds-12-89-special-blonde-perl-cendre\/\" \/>\n<meta property=\"og:locale\" content=\"de_DE\" \/>\n<meta property=\"og:type\" content=\"article\" \/>\n<meta property=\"og:title\" content=\"2er Wella Koleston Perfect ME+ 12\/89 Special Blond Perl Cendre 60 ml - Markt-XXL\" \/>\n<meta property=\"og:description\" content=\"Markt-XXL 2er Wella Koleston Perfect ME+ 12\/89 Special Blond Perl Cendre 60 ml\" \/>\n<meta property=\"og:url\" content=\"https:\/\/marktxxl.de\/markt\/produkt\/wella-2-er-pack-koleston-perfect-me-kp-special-blonds-12-89-special-blonde-perl-cendre\/\" \/>\n<meta property=\"og:site_name\" content=\"Markt-XXL\" \/>\n<meta property=\"article:modified_time\" content=\"2023-04-09T23:30:29+00:00\" \/>\n<meta property=\"og:image\" content=\"https:\/\/m.media-amazon.com\/images\/I\/41fIK-DKwYL._SL500_.jpg\" \/>\n\t<meta property=\"og:image:width\" content=\"336\" \/>\n\t<meta property=\"og:image:height\" content=\"500\" \/>\n\t<meta property=\"og:image:type\" content=\"image\/jpeg\" \/>\n<meta name=\"twitter:card\" content=\"summary_large_image\" \/>\n<meta name=\"twitter:label1\" content=\"Gesch\u00e4tzte Lesezeit\" \/>\n\t<meta name=\"twitter:data1\" content=\"1\u00a0Minute\" \/>\n<script type=\"application\/ld+json\" class=\"yoast-schema-graph\">{\"@context\":\"https:\\\/\\\/schema.org\",\"@graph\":[{\"@type\":\"WebPage\",\"@id\":\"https:\\\/\\\/marktxxl.de\\\/markt\\\/produkt\\\/wella-2-er-pack-koleston-perfect-me-kp-special-blonds-12-89-special-blonde-perl-cendre\\\/\",\"url\":\"https:\\\/\\\/marktxxl.de\\\/markt\\\/produkt\\\/wella-2-er-pack-koleston-perfect-me-kp-special-blonds-12-89-special-blonde-perl-cendre\\\/\",\"name\":\"2er Wella Koleston Perfect ME+ 12\\\/89 Special Blond Perl Cendre 60 ml - Markt-XXL\",\"isPartOf\":{\"@id\":\"https:\\\/\\\/marktxxl.de\\\/markt\\\/#website\"},\"primaryImageOfPage\":{\"@id\":\"https:\\\/\\\/marktxxl.de\\\/markt\\\/produkt\\\/wella-2-er-pack-koleston-perfect-me-kp-special-blonds-12-89-special-blonde-perl-cendre\\\/#primaryimage\"},\"image\":{\"@id\":\"https:\\\/\\\/marktxxl.de\\\/markt\\\/produkt\\\/wella-2-er-pack-koleston-perfect-me-kp-special-blonds-12-89-special-blonde-perl-cendre\\\/#primaryimage\"},\"thumbnailUrl\":\"https:\\\/\\\/m.media-amazon.com\\\/images\\\/I\\\/41fIK-DKwYL._SL500_.jpg\",\"datePublished\":\"2021-09-13T17:49:24+00:00\",\"dateModified\":\"2023-04-09T23:30:29+00:00\",\"description\":\"Markt-XXL 2er Wella Koleston Perfect ME+ 12\\\/89 Special Blond Perl Cendre 60 ml\",\"breadcrumb\":{\"@id\":\"https:\\\/\\\/marktxxl.de\\\/markt\\\/produkt\\\/wella-2-er-pack-koleston-perfect-me-kp-special-blonds-12-89-special-blonde-perl-cendre\\\/#breadcrumb\"},\"inLanguage\":\"de\",\"potentialAction\":[{\"@type\":\"ReadAction\",\"target\":[\"https:\\\/\\\/marktxxl.de\\\/markt\\\/produkt\\\/wella-2-er-pack-koleston-perfect-me-kp-special-blonds-12-89-special-blonde-perl-cendre\\\/\"]}]},{\"@type\":\"ImageObject\",\"inLanguage\":\"de\",\"@id\":\"https:\\\/\\\/marktxxl.de\\\/markt\\\/produkt\\\/wella-2-er-pack-koleston-perfect-me-kp-special-blonds-12-89-special-blonde-perl-cendre\\\/#primaryimage\",\"url\":\"https:\\\/\\\/m.media-amazon.com\\\/images\\\/I\\\/41fIK-DKwYL._SL500_.jpg\",\"contentUrl\":\"https:\\\/\\\/m.media-amazon.com\\\/images\\\/I\\\/41fIK-DKwYL._SL500_.jpg\",\"width\":336,\"height\":500},{\"@type\":\"BreadcrumbList\",\"@id\":\"https:\\\/\\\/marktxxl.de\\\/markt\\\/produkt\\\/wella-2-er-pack-koleston-perfect-me-kp-special-blonds-12-89-special-blonde-perl-cendre\\\/#breadcrumb\",\"itemListElement\":[{\"@type\":\"ListItem\",\"position\":1,\"name\":\"Startseite\",\"item\":\"https:\\\/\\\/marktxxl.de\\\/markt\\\/\"},{\"@type\":\"ListItem\",\"position\":2,\"name\":\"Markt\",\"item\":\"https:\\\/\\\/marktxxl.de\\\/markt\\\/\"},{\"@type\":\"ListItem\",\"position\":3,\"name\":\"2er Wella Koleston Perfect ME+ 12\\\/89 Special Blond Perl Cendre 60 ml\"}]},{\"@type\":\"WebSite\",\"@id\":\"https:\\\/\\\/marktxxl.de\\\/markt\\\/#website\",\"url\":\"https:\\\/\\\/marktxxl.de\\\/markt\\\/\",\"name\":\"Markt-XXL\",\"description\":\"Ihr Markt Online\",\"publisher\":{\"@id\":\"https:\\\/\\\/marktxxl.de\\\/markt\\\/#organization\"},\"potentialAction\":[{\"@type\":\"SearchAction\",\"target\":{\"@type\":\"EntryPoint\",\"urlTemplate\":\"https:\\\/\\\/marktxxl.de\\\/markt\\\/?s={search_term_string}\"},\"query-input\":{\"@type\":\"PropertyValueSpecification\",\"valueRequired\":true,\"valueName\":\"search_term_string\"}}],\"inLanguage\":\"de\"},{\"@type\":\"Organization\",\"@id\":\"https:\\\/\\\/marktxxl.de\\\/markt\\\/#organization\",\"name\":\"Markt-XXL\",\"url\":\"https:\\\/\\\/marktxxl.de\\\/markt\\\/\",\"logo\":{\"@type\":\"ImageObject\",\"inLanguage\":\"de\",\"@id\":\"https:\\\/\\\/marktxxl.de\\\/markt\\\/#\\\/schema\\\/logo\\\/image\\\/\",\"url\":\"https:\\\/\\\/marktxxl.de\\\/markt\\\/wp-content\\\/uploads\\\/sites\\\/3\\\/2020\\\/12\\\/logo.png\",\"contentUrl\":\"https:\\\/\\\/marktxxl.de\\\/markt\\\/wp-content\\\/uploads\\\/sites\\\/3\\\/2020\\\/12\\\/logo.png\",\"width\":200,\"height\":70,\"caption\":\"Markt-XXL\"},\"image\":{\"@id\":\"https:\\\/\\\/marktxxl.de\\\/markt\\\/#\\\/schema\\\/logo\\\/image\\\/\"}}]}<\/script>\n<!-- \/ Yoast SEO plugin. -->","yoast_head_json":{"title":"2er Wella Koleston Perfect ME+ 12\/89 Special Blond Perl Cendre 60 ml - Markt-XXL","description":"Markt-XXL 2er Wella Koleston Perfect ME+ 12\/89 Special Blond Perl Cendre 60 ml","robots":{"index":"index","follow":"follow","max-snippet":"max-snippet:-1","max-image-preview":"max-image-preview:large","max-video-preview":"max-video-preview:-1"},"canonical":"https:\/\/marktxxl.de\/markt\/produkt\/wella-2-er-pack-koleston-perfect-me-kp-special-blonds-12-89-special-blonde-perl-cendre\/","og_locale":"de_DE","og_type":"article","og_title":"2er Wella Koleston Perfect ME+ 12\/89 Special Blond Perl Cendre 60 ml - Markt-XXL","og_description":"Markt-XXL 2er Wella Koleston Perfect ME+ 12\/89 Special Blond Perl Cendre 60 ml","og_url":"https:\/\/marktxxl.de\/markt\/produkt\/wella-2-er-pack-koleston-perfect-me-kp-special-blonds-12-89-special-blonde-perl-cendre\/","og_site_name":"Markt-XXL","article_modified_time":"2023-04-09T23:30:29+00:00","og_image":[{"width":336,"height":500,"url":"https:\/\/m.media-amazon.com\/images\/I\/41fIK-DKwYL._SL500_.jpg","type":"image\/jpeg"}],"twitter_card":"summary_large_image","twitter_misc":{"Gesch\u00e4tzte Lesezeit":"1\u00a0Minute"},"schema":{"@context":"https:\/\/schema.org","@graph":[{"@type":"WebPage","@id":"https:\/\/marktxxl.de\/markt\/produkt\/wella-2-er-pack-koleston-perfect-me-kp-special-blonds-12-89-special-blonde-perl-cendre\/","url":"https:\/\/marktxxl.de\/markt\/produkt\/wella-2-er-pack-koleston-perfect-me-kp-special-blonds-12-89-special-blonde-perl-cendre\/","name":"2er Wella Koleston Perfect ME+ 12\/89 Special Blond Perl Cendre 60 ml - Markt-XXL","isPartOf":{"@id":"https:\/\/marktxxl.de\/markt\/#website"},"primaryImageOfPage":{"@id":"https:\/\/marktxxl.de\/markt\/produkt\/wella-2-er-pack-koleston-perfect-me-kp-special-blonds-12-89-special-blonde-perl-cendre\/#primaryimage"},"image":{"@id":"https:\/\/marktxxl.de\/markt\/produkt\/wella-2-er-pack-koleston-perfect-me-kp-special-blonds-12-89-special-blonde-perl-cendre\/#primaryimage"},"thumbnailUrl":"https:\/\/m.media-amazon.com\/images\/I\/41fIK-DKwYL._SL500_.jpg","datePublished":"2021-09-13T17:49:24+00:00","dateModified":"2023-04-09T23:30:29+00:00","description":"Markt-XXL 2er Wella Koleston Perfect ME+ 12\/89 Special Blond Perl Cendre 60 ml","breadcrumb":{"@id":"https:\/\/marktxxl.de\/markt\/produkt\/wella-2-er-pack-koleston-perfect-me-kp-special-blonds-12-89-special-blonde-perl-cendre\/#breadcrumb"},"inLanguage":"de","potentialAction":[{"@type":"ReadAction","target":["https:\/\/marktxxl.de\/markt\/produkt\/wella-2-er-pack-koleston-perfect-me-kp-special-blonds-12-89-special-blonde-perl-cendre\/"]}]},{"@type":"ImageObject","inLanguage":"de","@id":"https:\/\/marktxxl.de\/markt\/produkt\/wella-2-er-pack-koleston-perfect-me-kp-special-blonds-12-89-special-blonde-perl-cendre\/#primaryimage","url":"https:\/\/m.media-amazon.com\/images\/I\/41fIK-DKwYL._SL500_.jpg","contentUrl":"https:\/\/m.media-amazon.com\/images\/I\/41fIK-DKwYL._SL500_.jpg","width":336,"height":500},{"@type":"BreadcrumbList","@id":"https:\/\/marktxxl.de\/markt\/produkt\/wella-2-er-pack-koleston-perfect-me-kp-special-blonds-12-89-special-blonde-perl-cendre\/#breadcrumb","itemListElement":[{"@type":"ListItem","position":1,"name":"Startseite","item":"https:\/\/marktxxl.de\/markt\/"},{"@type":"ListItem","position":2,"name":"Markt","item":"https:\/\/marktxxl.de\/markt\/"},{"@type":"ListItem","position":3,"name":"2er Wella Koleston Perfect ME+ 12\/89 Special Blond Perl Cendre 60 ml"}]},{"@type":"WebSite","@id":"https:\/\/marktxxl.de\/markt\/#website","url":"https:\/\/marktxxl.de\/markt\/","name":"Markt-XXL","description":"Ihr Markt Online","publisher":{"@id":"https:\/\/marktxxl.de\/markt\/#organization"},"potentialAction":[{"@type":"SearchAction","target":{"@type":"EntryPoint","urlTemplate":"https:\/\/marktxxl.de\/markt\/?s={search_term_string}"},"query-input":{"@type":"PropertyValueSpecification","valueRequired":true,"valueName":"search_term_string"}}],"inLanguage":"de"},{"@type":"Organization","@id":"https:\/\/marktxxl.de\/markt\/#organization","name":"Markt-XXL","url":"https:\/\/marktxxl.de\/markt\/","logo":{"@type":"ImageObject","inLanguage":"de","@id":"https:\/\/marktxxl.de\/markt\/#\/schema\/logo\/image\/","url":"https:\/\/marktxxl.de\/markt\/wp-content\/uploads\/sites\/3\/2020\/12\/logo.png","contentUrl":"https:\/\/marktxxl.de\/markt\/wp-content\/uploads\/sites\/3\/2020\/12\/logo.png","width":200,"height":70,"caption":"Markt-XXL"},"image":{"@id":"https:\/\/marktxxl.de\/markt\/#\/schema\/logo\/image\/"}}]}},"_links":{"self":[{"href":"https:\/\/marktxxl.de\/markt\/wp-json\/wp\/v2\/product\/32261","targetHints":{"allow":["GET"]}}],"collection":[{"href":"https:\/\/marktxxl.de\/markt\/wp-json\/wp\/v2\/product"}],"about":[{"href":"https:\/\/marktxxl.de\/markt\/wp-json\/wp\/v2\/types\/product"}],"replies":[{"embeddable":true,"href":"https:\/\/marktxxl.de\/markt\/wp-json\/wp\/v2\/comments?post=32261"}],"wp:featuredmedia":[{"embeddable":true,"href":"https:\/\/marktxxl.de\/markt\/wp-json\/wp\/v2\/media\/32262"}],"wp:attachment":[{"href":"https:\/\/marktxxl.de\/markt\/wp-json\/wp\/v2\/media?parent=32261"}],"wp:term":[{"taxonomy":"product_brand","embeddable":true,"href":"https:\/\/marktxxl.de\/markt\/wp-json\/wp\/v2\/product_brand?post=32261"},{"taxonomy":"product_cat","embeddable":true,"href":"https:\/\/marktxxl.de\/markt\/wp-json\/wp\/v2\/product_cat?post=32261"},{"taxonomy":"product_tag","embeddable":true,"href":"https:\/\/marktxxl.de\/markt\/wp-json\/wp\/v2\/product_tag?post=32261"}],"curies":[{"name":"wp","href":"https:\/\/api.w.org\/{rel}","templated":true}]}}