{"id":32063,"date":"2021-09-13T19:46:55","date_gmt":"2021-09-13T17:46:55","guid":{"rendered":"https:\/\/marktxxl.de\/markt\/produkt\/bartmanie-5-teiliges-bartpflege-geschenk-set-bestehend-aus-bartshampoo-100ml-bartwuchsspray-50ml-bartwachs-50ml-bartoel-50ml-bartbuerste\/"},"modified":"2023-04-11T01:44:14","modified_gmt":"2023-04-10T23:44:14","slug":"bartmanie-5-teiliges-bartpflege-geschenk-set-bestehend-aus-bartshampoo-100ml-bartwuchsspray-50ml-bartwachs-50ml-bartoel-50ml-bartbuerste","status":"publish","type":"product","link":"https:\/\/marktxxl.de\/markt\/produkt\/bartmanie-5-teiliges-bartpflege-geschenk-set-bestehend-aus-bartshampoo-100ml-bartwuchsspray-50ml-bartwachs-50ml-bartoel-50ml-bartbuerste\/","title":{"rendered":"Bartmanie 5 teiliges Bartpflege Geschenk-Set bestehend aus Bartshampoo (100ml), Bartwuchsspray (50ml), Bartwachs (50ml\u2026"},"content":{"rendered":"<p>? PROFESSIONELLE BARTPFLEGE F\u00dcR ZUHAUSE : Hier kommt das ultimative Rundum-Sorglos-Paket f\u00fcr alle Barttr\u00e4ger, bestehend aus: Bartb\u00fcrste, Bartshampoo (100ml), Bart\u00f6l (50ml), Styling-Gel (50ml) und Bartwuchsspray (50ml). Von der Reinigung bis zum Finish im Styling ist also alles dabei, was man f\u00fcr einen rundum gepflegten Bart ben\u00f6tigt<br \/>\n? HANDLICH &amp; HANDGEFERTIGT: Die B\u00fcrste besteht aus Bambusholz, in das weiche Rosshaar-Borsten eingelassen wurden. Die softe Struktur sorgt f\u00fcr eine optimale Pflege des Bartes bei jedem B\u00fcrstenstrich<br \/>\n? REINIGUNG F\u00dcR BART &amp; HAUT: Mit dem milden Bartshampoo entfernst du Verschmutzungen und Reste von Styling-Produkten sanft und nachhaltig und bereitest deinen Bart auf die nachfolgende Pflege bestens vor<br \/>\n? KAMPF GEGEN L\u00c4STIGEN JUCKREIZ: Unser Bart\u00f6l pflegt die Gesichtshaut und den Bart mit hochwertigen Pflanzen\u00f6len und macht das Barthaar wunderbar geschmeidig<br \/>\n? FINISH &amp; WACHSTUMSHILFE: Die richtige Form bekommt der Bart mit dem Styling-Gel auf nat\u00fcrlicher Bienenwachsbasis. So beh\u00e4lt er genau die Form, in der du ihn haben willst. Nat\u00fcrliche \u00d6le spenden dabei die Extraportion Pflege. F\u00fcr ein optimales Haarwachstum des Bartes kann das Haarwuchsspray aus unserem Set verwendet werden. Bei regelm\u00e4\u00dfiger Anwendung schafft es optimale Wachstumsbedingungen f\u00fcr das Barthaar<br \/>\n<div class=\"main-cross-sell\" data-asin=\"B0723H4GBY\">\n\n\t<div class=\"WooZone-cross-sell-loader\">\n\t\t<div>\n\t\t\t<div id=\"floatingBarsG\">\n\t\t\t\t<div class=\"blockG\" id=\"rotateG_01\"><\/div>\n\t\t\t\t<div class=\"blockG\" id=\"rotateG_02\"><\/div>\n\t\t\t\t<div class=\"blockG\" id=\"rotateG_03\"><\/div>\n\t\t\t\t<div class=\"blockG\" id=\"rotateG_04\"><\/div>\n\t\t\t\t<div class=\"blockG\" id=\"rotateG_05\"><\/div>\n\t\t\t\t<div class=\"blockG\" id=\"rotateG_06\"><\/div>\n\t\t\t\t<div class=\"blockG\" id=\"rotateG_07\"><\/div>\n\t\t\t\t<div class=\"blockG\" id=\"rotateG_08\"><\/div>\n\t\t\t<\/div>\n\t\t\t<div class=\"WooZone-cross-sell-loader-text\"><\/div>\n\t\t<\/div>\n\t<\/div>\n\n\t\t\n<\/div>\n<div style=\"clear:both;\"><\/div><\/p>\n","protected":false},"excerpt":{"rendered":"<p>? PROFESSIONELLE BARTPFLEGE F\u00dcR ZUHAUSE : Hier kommt das ultimative Rundum-Sorglos-Paket f\u00fcr alle Barttr\u00e4ger, bestehend aus: Bartb\u00fcrste, Bartshampoo (100ml), Bart\u00f6l (50ml), Styling-Gel (50ml) und Bartwuchsspray (50ml). Von der Reinigung bis zum Finish im Styling ist also alles dabei, was man f\u00fcr einen rundum gepflegten Bart ben\u00f6tigt<br \/>\n? HANDLICH &amp; HANDGEFERTIGT: Die B\u00fcrste besteht aus Bambusholz, in das weiche Rosshaar-Borsten eingelassen wurden. Die softe Struktur sorgt f\u00fcr eine optimale Pflege des Bartes bei jedem B\u00fcrstenstrich<br \/>\n? REINIGUNG F\u00dcR BART &amp; HAUT: Mit dem milden Bartshampoo entfernst du Verschmutzungen und Reste von Styling-Produkten sanft und nachhaltig und bereitest deinen Bart auf die nachfolgende Pflege bestens vor<\/p>\n","protected":false},"featured_media":32064,"comment_status":"open","ping_status":"closed","template":"","meta":[],"product_brand":[],"product_cat":[2858,6632],"product_tag":[],"class_list":{"0":"post-32063","1":"product","2":"type-product","3":"status-publish","4":"has-post-thumbnail","6":"product_cat-beauty","7":"product_cat-beauty-pflegesets","8":"pa_binding-badartikel","9":"pa_brand-bartmanie","10":"pa_manufacturer-bartmanie","11":"pa_size-5-stueck-1er-pack","13":"first","14":"instock","15":"shipping-taxable","16":"purchasable","17":"product-type-simple","18":"customify-col","19":"product-has-gallery"},"yoast_head":"<!-- This site is optimized with the Yoast SEO plugin v27.4 - https:\/\/yoast.com\/product\/yoast-seo-wordpress\/ -->\n<title>Bartmanie 5 teiliges Bartpflege Geschenk-Set bestehend aus Bartshampoo (100ml), Bartwuchsspray (50ml), Bartwachs (50ml\u2026 - Markt-XXL<\/title>\n<meta name=\"description\" content=\"Markt-XXL Bartmanie 5 teiliges Bartpflege Geschenk-Set bestehend aus Bartshampoo (100ml), Bartwuchsspray (50ml), Bartwachs (50ml\u2026\" \/>\n<meta name=\"robots\" content=\"index, follow, max-snippet:-1, max-image-preview:large, max-video-preview:-1\" \/>\n<link rel=\"canonical\" href=\"https:\/\/marktxxl.de\/markt\/produkt\/bartmanie-5-teiliges-bartpflege-geschenk-set-bestehend-aus-bartshampoo-100ml-bartwuchsspray-50ml-bartwachs-50ml-bartoel-50ml-bartbuerste\/\" \/>\n<meta property=\"og:locale\" content=\"de_DE\" \/>\n<meta property=\"og:type\" content=\"article\" \/>\n<meta property=\"og:title\" content=\"Bartmanie 5 teiliges Bartpflege Geschenk-Set bestehend aus Bartshampoo (100ml), Bartwuchsspray (50ml), Bartwachs (50ml\u2026 - Markt-XXL\" \/>\n<meta property=\"og:description\" content=\"Markt-XXL Bartmanie 5 teiliges Bartpflege Geschenk-Set bestehend aus Bartshampoo (100ml), Bartwuchsspray (50ml), Bartwachs (50ml\u2026\" \/>\n<meta property=\"og:url\" content=\"https:\/\/marktxxl.de\/markt\/produkt\/bartmanie-5-teiliges-bartpflege-geschenk-set-bestehend-aus-bartshampoo-100ml-bartwuchsspray-50ml-bartwachs-50ml-bartoel-50ml-bartbuerste\/\" \/>\n<meta property=\"og:site_name\" content=\"Markt-XXL\" \/>\n<meta property=\"article:modified_time\" content=\"2023-04-10T23:44:14+00:00\" \/>\n<meta property=\"og:image\" content=\"https:\/\/m.media-amazon.com\/images\/I\/410VM6KH08L._SL500_.jpg\" \/>\n\t<meta property=\"og:image:width\" content=\"500\" \/>\n\t<meta property=\"og:image:height\" content=\"327\" \/>\n\t<meta property=\"og:image:type\" content=\"image\/jpeg\" \/>\n<meta name=\"twitter:card\" content=\"summary_large_image\" \/>\n<meta name=\"twitter:label1\" content=\"Gesch\u00e4tzte Lesezeit\" \/>\n\t<meta name=\"twitter:data1\" content=\"1\u00a0Minute\" \/>\n<script type=\"application\/ld+json\" class=\"yoast-schema-graph\">{\"@context\":\"https:\\\/\\\/schema.org\",\"@graph\":[{\"@type\":\"WebPage\",\"@id\":\"https:\\\/\\\/marktxxl.de\\\/markt\\\/produkt\\\/bartmanie-5-teiliges-bartpflege-geschenk-set-bestehend-aus-bartshampoo-100ml-bartwuchsspray-50ml-bartwachs-50ml-bartoel-50ml-bartbuerste\\\/\",\"url\":\"https:\\\/\\\/marktxxl.de\\\/markt\\\/produkt\\\/bartmanie-5-teiliges-bartpflege-geschenk-set-bestehend-aus-bartshampoo-100ml-bartwuchsspray-50ml-bartwachs-50ml-bartoel-50ml-bartbuerste\\\/\",\"name\":\"Bartmanie 5 teiliges Bartpflege Geschenk-Set bestehend aus Bartshampoo (100ml), Bartwuchsspray (50ml), Bartwachs (50ml\u2026 - Markt-XXL\",\"isPartOf\":{\"@id\":\"https:\\\/\\\/marktxxl.de\\\/markt\\\/#website\"},\"primaryImageOfPage\":{\"@id\":\"https:\\\/\\\/marktxxl.de\\\/markt\\\/produkt\\\/bartmanie-5-teiliges-bartpflege-geschenk-set-bestehend-aus-bartshampoo-100ml-bartwuchsspray-50ml-bartwachs-50ml-bartoel-50ml-bartbuerste\\\/#primaryimage\"},\"image\":{\"@id\":\"https:\\\/\\\/marktxxl.de\\\/markt\\\/produkt\\\/bartmanie-5-teiliges-bartpflege-geschenk-set-bestehend-aus-bartshampoo-100ml-bartwuchsspray-50ml-bartwachs-50ml-bartoel-50ml-bartbuerste\\\/#primaryimage\"},\"thumbnailUrl\":\"https:\\\/\\\/m.media-amazon.com\\\/images\\\/I\\\/410VM6KH08L._SL500_.jpg\",\"datePublished\":\"2021-09-13T17:46:55+00:00\",\"dateModified\":\"2023-04-10T23:44:14+00:00\",\"description\":\"Markt-XXL Bartmanie 5 teiliges Bartpflege Geschenk-Set bestehend aus Bartshampoo (100ml), Bartwuchsspray (50ml), Bartwachs (50ml\u2026\",\"breadcrumb\":{\"@id\":\"https:\\\/\\\/marktxxl.de\\\/markt\\\/produkt\\\/bartmanie-5-teiliges-bartpflege-geschenk-set-bestehend-aus-bartshampoo-100ml-bartwuchsspray-50ml-bartwachs-50ml-bartoel-50ml-bartbuerste\\\/#breadcrumb\"},\"inLanguage\":\"de\",\"potentialAction\":[{\"@type\":\"ReadAction\",\"target\":[\"https:\\\/\\\/marktxxl.de\\\/markt\\\/produkt\\\/bartmanie-5-teiliges-bartpflege-geschenk-set-bestehend-aus-bartshampoo-100ml-bartwuchsspray-50ml-bartwachs-50ml-bartoel-50ml-bartbuerste\\\/\"]}]},{\"@type\":\"ImageObject\",\"inLanguage\":\"de\",\"@id\":\"https:\\\/\\\/marktxxl.de\\\/markt\\\/produkt\\\/bartmanie-5-teiliges-bartpflege-geschenk-set-bestehend-aus-bartshampoo-100ml-bartwuchsspray-50ml-bartwachs-50ml-bartoel-50ml-bartbuerste\\\/#primaryimage\",\"url\":\"https:\\\/\\\/m.media-amazon.com\\\/images\\\/I\\\/410VM6KH08L._SL500_.jpg\",\"contentUrl\":\"https:\\\/\\\/m.media-amazon.com\\\/images\\\/I\\\/410VM6KH08L._SL500_.jpg\",\"width\":500,\"height\":327},{\"@type\":\"BreadcrumbList\",\"@id\":\"https:\\\/\\\/marktxxl.de\\\/markt\\\/produkt\\\/bartmanie-5-teiliges-bartpflege-geschenk-set-bestehend-aus-bartshampoo-100ml-bartwuchsspray-50ml-bartwachs-50ml-bartoel-50ml-bartbuerste\\\/#breadcrumb\",\"itemListElement\":[{\"@type\":\"ListItem\",\"position\":1,\"name\":\"Startseite\",\"item\":\"https:\\\/\\\/marktxxl.de\\\/markt\\\/\"},{\"@type\":\"ListItem\",\"position\":2,\"name\":\"Markt\",\"item\":\"https:\\\/\\\/marktxxl.de\\\/markt\\\/\"},{\"@type\":\"ListItem\",\"position\":3,\"name\":\"Bartmanie 5 teiliges Bartpflege Geschenk-Set bestehend aus Bartshampoo (100ml), Bartwuchsspray (50ml), Bartwachs (50ml\u2026\"}]},{\"@type\":\"WebSite\",\"@id\":\"https:\\\/\\\/marktxxl.de\\\/markt\\\/#website\",\"url\":\"https:\\\/\\\/marktxxl.de\\\/markt\\\/\",\"name\":\"Markt-XXL\",\"description\":\"Ihr Markt Online\",\"publisher\":{\"@id\":\"https:\\\/\\\/marktxxl.de\\\/markt\\\/#organization\"},\"potentialAction\":[{\"@type\":\"SearchAction\",\"target\":{\"@type\":\"EntryPoint\",\"urlTemplate\":\"https:\\\/\\\/marktxxl.de\\\/markt\\\/?s={search_term_string}\"},\"query-input\":{\"@type\":\"PropertyValueSpecification\",\"valueRequired\":true,\"valueName\":\"search_term_string\"}}],\"inLanguage\":\"de\"},{\"@type\":\"Organization\",\"@id\":\"https:\\\/\\\/marktxxl.de\\\/markt\\\/#organization\",\"name\":\"Markt-XXL\",\"url\":\"https:\\\/\\\/marktxxl.de\\\/markt\\\/\",\"logo\":{\"@type\":\"ImageObject\",\"inLanguage\":\"de\",\"@id\":\"https:\\\/\\\/marktxxl.de\\\/markt\\\/#\\\/schema\\\/logo\\\/image\\\/\",\"url\":\"https:\\\/\\\/marktxxl.de\\\/markt\\\/wp-content\\\/uploads\\\/sites\\\/3\\\/2020\\\/12\\\/logo.png\",\"contentUrl\":\"https:\\\/\\\/marktxxl.de\\\/markt\\\/wp-content\\\/uploads\\\/sites\\\/3\\\/2020\\\/12\\\/logo.png\",\"width\":200,\"height\":70,\"caption\":\"Markt-XXL\"},\"image\":{\"@id\":\"https:\\\/\\\/marktxxl.de\\\/markt\\\/#\\\/schema\\\/logo\\\/image\\\/\"}}]}<\/script>\n<!-- \/ Yoast SEO plugin. -->","yoast_head_json":{"title":"Bartmanie 5 teiliges Bartpflege Geschenk-Set bestehend aus Bartshampoo (100ml), Bartwuchsspray (50ml), Bartwachs (50ml\u2026 - Markt-XXL","description":"Markt-XXL Bartmanie 5 teiliges Bartpflege Geschenk-Set bestehend aus Bartshampoo (100ml), Bartwuchsspray (50ml), Bartwachs (50ml\u2026","robots":{"index":"index","follow":"follow","max-snippet":"max-snippet:-1","max-image-preview":"max-image-preview:large","max-video-preview":"max-video-preview:-1"},"canonical":"https:\/\/marktxxl.de\/markt\/produkt\/bartmanie-5-teiliges-bartpflege-geschenk-set-bestehend-aus-bartshampoo-100ml-bartwuchsspray-50ml-bartwachs-50ml-bartoel-50ml-bartbuerste\/","og_locale":"de_DE","og_type":"article","og_title":"Bartmanie 5 teiliges Bartpflege Geschenk-Set bestehend aus Bartshampoo (100ml), Bartwuchsspray (50ml), Bartwachs (50ml\u2026 - Markt-XXL","og_description":"Markt-XXL Bartmanie 5 teiliges Bartpflege Geschenk-Set bestehend aus Bartshampoo (100ml), Bartwuchsspray (50ml), Bartwachs (50ml\u2026","og_url":"https:\/\/marktxxl.de\/markt\/produkt\/bartmanie-5-teiliges-bartpflege-geschenk-set-bestehend-aus-bartshampoo-100ml-bartwuchsspray-50ml-bartwachs-50ml-bartoel-50ml-bartbuerste\/","og_site_name":"Markt-XXL","article_modified_time":"2023-04-10T23:44:14+00:00","og_image":[{"width":500,"height":327,"url":"https:\/\/m.media-amazon.com\/images\/I\/410VM6KH08L._SL500_.jpg","type":"image\/jpeg"}],"twitter_card":"summary_large_image","twitter_misc":{"Gesch\u00e4tzte Lesezeit":"1\u00a0Minute"},"schema":{"@context":"https:\/\/schema.org","@graph":[{"@type":"WebPage","@id":"https:\/\/marktxxl.de\/markt\/produkt\/bartmanie-5-teiliges-bartpflege-geschenk-set-bestehend-aus-bartshampoo-100ml-bartwuchsspray-50ml-bartwachs-50ml-bartoel-50ml-bartbuerste\/","url":"https:\/\/marktxxl.de\/markt\/produkt\/bartmanie-5-teiliges-bartpflege-geschenk-set-bestehend-aus-bartshampoo-100ml-bartwuchsspray-50ml-bartwachs-50ml-bartoel-50ml-bartbuerste\/","name":"Bartmanie 5 teiliges Bartpflege Geschenk-Set bestehend aus Bartshampoo (100ml), Bartwuchsspray (50ml), Bartwachs (50ml\u2026 - Markt-XXL","isPartOf":{"@id":"https:\/\/marktxxl.de\/markt\/#website"},"primaryImageOfPage":{"@id":"https:\/\/marktxxl.de\/markt\/produkt\/bartmanie-5-teiliges-bartpflege-geschenk-set-bestehend-aus-bartshampoo-100ml-bartwuchsspray-50ml-bartwachs-50ml-bartoel-50ml-bartbuerste\/#primaryimage"},"image":{"@id":"https:\/\/marktxxl.de\/markt\/produkt\/bartmanie-5-teiliges-bartpflege-geschenk-set-bestehend-aus-bartshampoo-100ml-bartwuchsspray-50ml-bartwachs-50ml-bartoel-50ml-bartbuerste\/#primaryimage"},"thumbnailUrl":"https:\/\/m.media-amazon.com\/images\/I\/410VM6KH08L._SL500_.jpg","datePublished":"2021-09-13T17:46:55+00:00","dateModified":"2023-04-10T23:44:14+00:00","description":"Markt-XXL Bartmanie 5 teiliges Bartpflege Geschenk-Set bestehend aus Bartshampoo (100ml), Bartwuchsspray (50ml), Bartwachs (50ml\u2026","breadcrumb":{"@id":"https:\/\/marktxxl.de\/markt\/produkt\/bartmanie-5-teiliges-bartpflege-geschenk-set-bestehend-aus-bartshampoo-100ml-bartwuchsspray-50ml-bartwachs-50ml-bartoel-50ml-bartbuerste\/#breadcrumb"},"inLanguage":"de","potentialAction":[{"@type":"ReadAction","target":["https:\/\/marktxxl.de\/markt\/produkt\/bartmanie-5-teiliges-bartpflege-geschenk-set-bestehend-aus-bartshampoo-100ml-bartwuchsspray-50ml-bartwachs-50ml-bartoel-50ml-bartbuerste\/"]}]},{"@type":"ImageObject","inLanguage":"de","@id":"https:\/\/marktxxl.de\/markt\/produkt\/bartmanie-5-teiliges-bartpflege-geschenk-set-bestehend-aus-bartshampoo-100ml-bartwuchsspray-50ml-bartwachs-50ml-bartoel-50ml-bartbuerste\/#primaryimage","url":"https:\/\/m.media-amazon.com\/images\/I\/410VM6KH08L._SL500_.jpg","contentUrl":"https:\/\/m.media-amazon.com\/images\/I\/410VM6KH08L._SL500_.jpg","width":500,"height":327},{"@type":"BreadcrumbList","@id":"https:\/\/marktxxl.de\/markt\/produkt\/bartmanie-5-teiliges-bartpflege-geschenk-set-bestehend-aus-bartshampoo-100ml-bartwuchsspray-50ml-bartwachs-50ml-bartoel-50ml-bartbuerste\/#breadcrumb","itemListElement":[{"@type":"ListItem","position":1,"name":"Startseite","item":"https:\/\/marktxxl.de\/markt\/"},{"@type":"ListItem","position":2,"name":"Markt","item":"https:\/\/marktxxl.de\/markt\/"},{"@type":"ListItem","position":3,"name":"Bartmanie 5 teiliges Bartpflege Geschenk-Set bestehend aus Bartshampoo (100ml), Bartwuchsspray (50ml), Bartwachs (50ml\u2026"}]},{"@type":"WebSite","@id":"https:\/\/marktxxl.de\/markt\/#website","url":"https:\/\/marktxxl.de\/markt\/","name":"Markt-XXL","description":"Ihr Markt Online","publisher":{"@id":"https:\/\/marktxxl.de\/markt\/#organization"},"potentialAction":[{"@type":"SearchAction","target":{"@type":"EntryPoint","urlTemplate":"https:\/\/marktxxl.de\/markt\/?s={search_term_string}"},"query-input":{"@type":"PropertyValueSpecification","valueRequired":true,"valueName":"search_term_string"}}],"inLanguage":"de"},{"@type":"Organization","@id":"https:\/\/marktxxl.de\/markt\/#organization","name":"Markt-XXL","url":"https:\/\/marktxxl.de\/markt\/","logo":{"@type":"ImageObject","inLanguage":"de","@id":"https:\/\/marktxxl.de\/markt\/#\/schema\/logo\/image\/","url":"https:\/\/marktxxl.de\/markt\/wp-content\/uploads\/sites\/3\/2020\/12\/logo.png","contentUrl":"https:\/\/marktxxl.de\/markt\/wp-content\/uploads\/sites\/3\/2020\/12\/logo.png","width":200,"height":70,"caption":"Markt-XXL"},"image":{"@id":"https:\/\/marktxxl.de\/markt\/#\/schema\/logo\/image\/"}}]}},"_links":{"self":[{"href":"https:\/\/marktxxl.de\/markt\/wp-json\/wp\/v2\/product\/32063","targetHints":{"allow":["GET"]}}],"collection":[{"href":"https:\/\/marktxxl.de\/markt\/wp-json\/wp\/v2\/product"}],"about":[{"href":"https:\/\/marktxxl.de\/markt\/wp-json\/wp\/v2\/types\/product"}],"replies":[{"embeddable":true,"href":"https:\/\/marktxxl.de\/markt\/wp-json\/wp\/v2\/comments?post=32063"}],"wp:featuredmedia":[{"embeddable":true,"href":"https:\/\/marktxxl.de\/markt\/wp-json\/wp\/v2\/media\/32064"}],"wp:attachment":[{"href":"https:\/\/marktxxl.de\/markt\/wp-json\/wp\/v2\/media?parent=32063"}],"wp:term":[{"taxonomy":"product_brand","embeddable":true,"href":"https:\/\/marktxxl.de\/markt\/wp-json\/wp\/v2\/product_brand?post=32063"},{"taxonomy":"product_cat","embeddable":true,"href":"https:\/\/marktxxl.de\/markt\/wp-json\/wp\/v2\/product_cat?post=32063"},{"taxonomy":"product_tag","embeddable":true,"href":"https:\/\/marktxxl.de\/markt\/wp-json\/wp\/v2\/product_tag?post=32063"}],"curies":[{"name":"wp","href":"https:\/\/api.w.org\/{rel}","templated":true}]}}