{"id":31726,"date":"2021-09-13T19:42:52","date_gmt":"2021-09-13T17:42:52","guid":{"rendered":"https:\/\/marktxxl.de\/markt\/produkt\/kneipp-hautzartes-creme-oel-peeling-12er-pack12-x-40-ml\/"},"modified":"2023-04-11T01:44:09","modified_gmt":"2023-04-10T23:44:09","slug":"kneipp-hautzartes-creme-oel-peeling-12er-pack12-x-40-ml","status":"publish","type":"product","link":"https:\/\/marktxxl.de\/markt\/produkt\/kneipp-hautzartes-creme-oel-peeling-12er-pack12-x-40-ml\/","title":{"rendered":"Kneipp Hautzartes Creme-\u00d6l-Peeling 12er Pack(12 x 40 ml)"},"content":{"rendered":"<p>Neu entwickelte, einzigartige Textur: Sanftes Zuckerpeeling &amp; n\u00e4hrende \u00d6l-Creme<br \/>\nF\u00fcr eine au\u00dfergew\u00f6hnlich zarte Haut<br \/>\nMit nat\u00fcrlichem, pflegenden Mandel\u00f6l und hochwertiger Mandelmilch<br \/>\nF\u00fcr eine glatte, strahlend sch\u00f6ne Haut<br \/>\nAngenehmer Wohlf\u00fchlduft<br \/>\n<div class=\"main-cross-sell\" data-asin=\"B06XQG2Y4G\">\n\n\t<div class=\"WooZone-cross-sell-loader\">\n\t\t<div>\n\t\t\t<div id=\"floatingBarsG\">\n\t\t\t\t<div class=\"blockG\" id=\"rotateG_01\"><\/div>\n\t\t\t\t<div class=\"blockG\" id=\"rotateG_02\"><\/div>\n\t\t\t\t<div class=\"blockG\" id=\"rotateG_03\"><\/div>\n\t\t\t\t<div class=\"blockG\" id=\"rotateG_04\"><\/div>\n\t\t\t\t<div class=\"blockG\" id=\"rotateG_05\"><\/div>\n\t\t\t\t<div class=\"blockG\" id=\"rotateG_06\"><\/div>\n\t\t\t\t<div class=\"blockG\" id=\"rotateG_07\"><\/div>\n\t\t\t\t<div class=\"blockG\" id=\"rotateG_08\"><\/div>\n\t\t\t<\/div>\n\t\t\t<div class=\"WooZone-cross-sell-loader-text\"><\/div>\n\t\t<\/div>\n\t<\/div>\n\n\t\t\n<\/div>\n<div style=\"clear:both;\"><\/div><\/p>\n","protected":false},"excerpt":{"rendered":"<p>Neu entwickelte, einzigartige Textur: Sanftes Zuckerpeeling &amp; n\u00e4hrende \u00d6l-Creme<br \/>\nF\u00fcr eine au\u00dfergew\u00f6hnlich zarte Haut<br \/>\nMit nat\u00fcrlichem, pflegenden Mandel\u00f6l und hochwertiger Mandelmilch<\/p>\n","protected":false},"featured_media":31727,"comment_status":"open","ping_status":"closed","template":"","meta":[],"product_brand":[],"product_cat":[2858],"product_tag":[],"class_list":{"0":"post-31726","1":"product","2":"type-product","3":"status-publish","4":"has-post-thumbnail","6":"product_cat-beauty","7":"pa_binding-badartikel","8":"pa_brand-kneipp","9":"pa_manufacturer-kneipp-gmbh","10":"pa_model-14533","11":"pa_size-40-ml-12er-pack","13":"first","14":"instock","15":"shipping-taxable","16":"purchasable","17":"product-type-simple","18":"customify-col","19":"product-has-gallery"},"yoast_head":"<!-- This site is optimized with the Yoast SEO plugin v27.3 - https:\/\/yoast.com\/product\/yoast-seo-wordpress\/ -->\n<title>Kneipp Hautzartes Creme-\u00d6l-Peeling 12er Pack(12 x 40 ml) - Markt-XXL<\/title>\n<meta name=\"description\" content=\"Markt-XXL Kneipp Hautzartes Creme-\u00d6l-Peeling 12er Pack(12 x 40 ml)\" \/>\n<meta name=\"robots\" content=\"index, follow, max-snippet:-1, max-image-preview:large, max-video-preview:-1\" \/>\n<link rel=\"canonical\" href=\"https:\/\/marktxxl.de\/markt\/produkt\/kneipp-hautzartes-creme-oel-peeling-12er-pack12-x-40-ml\/\" \/>\n<meta property=\"og:locale\" content=\"de_DE\" \/>\n<meta property=\"og:type\" content=\"article\" \/>\n<meta property=\"og:title\" content=\"Kneipp Hautzartes Creme-\u00d6l-Peeling 12er Pack(12 x 40 ml) - Markt-XXL\" \/>\n<meta property=\"og:description\" content=\"Markt-XXL Kneipp Hautzartes Creme-\u00d6l-Peeling 12er Pack(12 x 40 ml)\" \/>\n<meta property=\"og:url\" content=\"https:\/\/marktxxl.de\/markt\/produkt\/kneipp-hautzartes-creme-oel-peeling-12er-pack12-x-40-ml\/\" \/>\n<meta property=\"og:site_name\" content=\"Markt-XXL\" \/>\n<meta property=\"article:modified_time\" content=\"2023-04-10T23:44:09+00:00\" \/>\n<meta property=\"og:image\" content=\"https:\/\/m.media-amazon.com\/images\/I\/413dWqIC0oL._SL500_.jpg\" \/>\n\t<meta property=\"og:image:width\" content=\"375\" \/>\n\t<meta property=\"og:image:height\" content=\"500\" \/>\n\t<meta property=\"og:image:type\" content=\"image\/jpeg\" \/>\n<meta name=\"twitter:card\" content=\"summary_large_image\" \/>\n<script type=\"application\/ld+json\" class=\"yoast-schema-graph\">{\"@context\":\"https:\\\/\\\/schema.org\",\"@graph\":[{\"@type\":\"WebPage\",\"@id\":\"https:\\\/\\\/marktxxl.de\\\/markt\\\/produkt\\\/kneipp-hautzartes-creme-oel-peeling-12er-pack12-x-40-ml\\\/\",\"url\":\"https:\\\/\\\/marktxxl.de\\\/markt\\\/produkt\\\/kneipp-hautzartes-creme-oel-peeling-12er-pack12-x-40-ml\\\/\",\"name\":\"Kneipp Hautzartes Creme-\u00d6l-Peeling 12er Pack(12 x 40 ml) - Markt-XXL\",\"isPartOf\":{\"@id\":\"https:\\\/\\\/marktxxl.de\\\/markt\\\/#website\"},\"primaryImageOfPage\":{\"@id\":\"https:\\\/\\\/marktxxl.de\\\/markt\\\/produkt\\\/kneipp-hautzartes-creme-oel-peeling-12er-pack12-x-40-ml\\\/#primaryimage\"},\"image\":{\"@id\":\"https:\\\/\\\/marktxxl.de\\\/markt\\\/produkt\\\/kneipp-hautzartes-creme-oel-peeling-12er-pack12-x-40-ml\\\/#primaryimage\"},\"thumbnailUrl\":\"https:\\\/\\\/m.media-amazon.com\\\/images\\\/I\\\/413dWqIC0oL._SL500_.jpg\",\"datePublished\":\"2021-09-13T17:42:52+00:00\",\"dateModified\":\"2023-04-10T23:44:09+00:00\",\"description\":\"Markt-XXL Kneipp Hautzartes Creme-\u00d6l-Peeling 12er Pack(12 x 40 ml)\",\"breadcrumb\":{\"@id\":\"https:\\\/\\\/marktxxl.de\\\/markt\\\/produkt\\\/kneipp-hautzartes-creme-oel-peeling-12er-pack12-x-40-ml\\\/#breadcrumb\"},\"inLanguage\":\"de\",\"potentialAction\":[{\"@type\":\"ReadAction\",\"target\":[\"https:\\\/\\\/marktxxl.de\\\/markt\\\/produkt\\\/kneipp-hautzartes-creme-oel-peeling-12er-pack12-x-40-ml\\\/\"]}]},{\"@type\":\"ImageObject\",\"inLanguage\":\"de\",\"@id\":\"https:\\\/\\\/marktxxl.de\\\/markt\\\/produkt\\\/kneipp-hautzartes-creme-oel-peeling-12er-pack12-x-40-ml\\\/#primaryimage\",\"url\":\"https:\\\/\\\/m.media-amazon.com\\\/images\\\/I\\\/413dWqIC0oL._SL500_.jpg\",\"contentUrl\":\"https:\\\/\\\/m.media-amazon.com\\\/images\\\/I\\\/413dWqIC0oL._SL500_.jpg\",\"width\":375,\"height\":500},{\"@type\":\"BreadcrumbList\",\"@id\":\"https:\\\/\\\/marktxxl.de\\\/markt\\\/produkt\\\/kneipp-hautzartes-creme-oel-peeling-12er-pack12-x-40-ml\\\/#breadcrumb\",\"itemListElement\":[{\"@type\":\"ListItem\",\"position\":1,\"name\":\"Startseite\",\"item\":\"https:\\\/\\\/marktxxl.de\\\/markt\\\/\"},{\"@type\":\"ListItem\",\"position\":2,\"name\":\"Markt\",\"item\":\"https:\\\/\\\/marktxxl.de\\\/markt\\\/\"},{\"@type\":\"ListItem\",\"position\":3,\"name\":\"Kneipp Hautzartes Creme-\u00d6l-Peeling 12er Pack(12 x 40 ml)\"}]},{\"@type\":\"WebSite\",\"@id\":\"https:\\\/\\\/marktxxl.de\\\/markt\\\/#website\",\"url\":\"https:\\\/\\\/marktxxl.de\\\/markt\\\/\",\"name\":\"Markt-XXL\",\"description\":\"Ihr Markt Online\",\"publisher\":{\"@id\":\"https:\\\/\\\/marktxxl.de\\\/markt\\\/#organization\"},\"potentialAction\":[{\"@type\":\"SearchAction\",\"target\":{\"@type\":\"EntryPoint\",\"urlTemplate\":\"https:\\\/\\\/marktxxl.de\\\/markt\\\/?s={search_term_string}\"},\"query-input\":{\"@type\":\"PropertyValueSpecification\",\"valueRequired\":true,\"valueName\":\"search_term_string\"}}],\"inLanguage\":\"de\"},{\"@type\":\"Organization\",\"@id\":\"https:\\\/\\\/marktxxl.de\\\/markt\\\/#organization\",\"name\":\"Markt-XXL\",\"url\":\"https:\\\/\\\/marktxxl.de\\\/markt\\\/\",\"logo\":{\"@type\":\"ImageObject\",\"inLanguage\":\"de\",\"@id\":\"https:\\\/\\\/marktxxl.de\\\/markt\\\/#\\\/schema\\\/logo\\\/image\\\/\",\"url\":\"https:\\\/\\\/marktxxl.de\\\/markt\\\/wp-content\\\/uploads\\\/sites\\\/3\\\/2020\\\/12\\\/logo.png\",\"contentUrl\":\"https:\\\/\\\/marktxxl.de\\\/markt\\\/wp-content\\\/uploads\\\/sites\\\/3\\\/2020\\\/12\\\/logo.png\",\"width\":200,\"height\":70,\"caption\":\"Markt-XXL\"},\"image\":{\"@id\":\"https:\\\/\\\/marktxxl.de\\\/markt\\\/#\\\/schema\\\/logo\\\/image\\\/\"}}]}<\/script>\n<!-- \/ Yoast SEO plugin. -->","yoast_head_json":{"title":"Kneipp Hautzartes Creme-\u00d6l-Peeling 12er Pack(12 x 40 ml) - Markt-XXL","description":"Markt-XXL Kneipp Hautzartes Creme-\u00d6l-Peeling 12er Pack(12 x 40 ml)","robots":{"index":"index","follow":"follow","max-snippet":"max-snippet:-1","max-image-preview":"max-image-preview:large","max-video-preview":"max-video-preview:-1"},"canonical":"https:\/\/marktxxl.de\/markt\/produkt\/kneipp-hautzartes-creme-oel-peeling-12er-pack12-x-40-ml\/","og_locale":"de_DE","og_type":"article","og_title":"Kneipp Hautzartes Creme-\u00d6l-Peeling 12er Pack(12 x 40 ml) - Markt-XXL","og_description":"Markt-XXL Kneipp Hautzartes Creme-\u00d6l-Peeling 12er Pack(12 x 40 ml)","og_url":"https:\/\/marktxxl.de\/markt\/produkt\/kneipp-hautzartes-creme-oel-peeling-12er-pack12-x-40-ml\/","og_site_name":"Markt-XXL","article_modified_time":"2023-04-10T23:44:09+00:00","og_image":[{"width":375,"height":500,"url":"https:\/\/m.media-amazon.com\/images\/I\/413dWqIC0oL._SL500_.jpg","type":"image\/jpeg"}],"twitter_card":"summary_large_image","schema":{"@context":"https:\/\/schema.org","@graph":[{"@type":"WebPage","@id":"https:\/\/marktxxl.de\/markt\/produkt\/kneipp-hautzartes-creme-oel-peeling-12er-pack12-x-40-ml\/","url":"https:\/\/marktxxl.de\/markt\/produkt\/kneipp-hautzartes-creme-oel-peeling-12er-pack12-x-40-ml\/","name":"Kneipp Hautzartes Creme-\u00d6l-Peeling 12er Pack(12 x 40 ml) - Markt-XXL","isPartOf":{"@id":"https:\/\/marktxxl.de\/markt\/#website"},"primaryImageOfPage":{"@id":"https:\/\/marktxxl.de\/markt\/produkt\/kneipp-hautzartes-creme-oel-peeling-12er-pack12-x-40-ml\/#primaryimage"},"image":{"@id":"https:\/\/marktxxl.de\/markt\/produkt\/kneipp-hautzartes-creme-oel-peeling-12er-pack12-x-40-ml\/#primaryimage"},"thumbnailUrl":"https:\/\/m.media-amazon.com\/images\/I\/413dWqIC0oL._SL500_.jpg","datePublished":"2021-09-13T17:42:52+00:00","dateModified":"2023-04-10T23:44:09+00:00","description":"Markt-XXL Kneipp Hautzartes Creme-\u00d6l-Peeling 12er Pack(12 x 40 ml)","breadcrumb":{"@id":"https:\/\/marktxxl.de\/markt\/produkt\/kneipp-hautzartes-creme-oel-peeling-12er-pack12-x-40-ml\/#breadcrumb"},"inLanguage":"de","potentialAction":[{"@type":"ReadAction","target":["https:\/\/marktxxl.de\/markt\/produkt\/kneipp-hautzartes-creme-oel-peeling-12er-pack12-x-40-ml\/"]}]},{"@type":"ImageObject","inLanguage":"de","@id":"https:\/\/marktxxl.de\/markt\/produkt\/kneipp-hautzartes-creme-oel-peeling-12er-pack12-x-40-ml\/#primaryimage","url":"https:\/\/m.media-amazon.com\/images\/I\/413dWqIC0oL._SL500_.jpg","contentUrl":"https:\/\/m.media-amazon.com\/images\/I\/413dWqIC0oL._SL500_.jpg","width":375,"height":500},{"@type":"BreadcrumbList","@id":"https:\/\/marktxxl.de\/markt\/produkt\/kneipp-hautzartes-creme-oel-peeling-12er-pack12-x-40-ml\/#breadcrumb","itemListElement":[{"@type":"ListItem","position":1,"name":"Startseite","item":"https:\/\/marktxxl.de\/markt\/"},{"@type":"ListItem","position":2,"name":"Markt","item":"https:\/\/marktxxl.de\/markt\/"},{"@type":"ListItem","position":3,"name":"Kneipp Hautzartes Creme-\u00d6l-Peeling 12er Pack(12 x 40 ml)"}]},{"@type":"WebSite","@id":"https:\/\/marktxxl.de\/markt\/#website","url":"https:\/\/marktxxl.de\/markt\/","name":"Markt-XXL","description":"Ihr Markt Online","publisher":{"@id":"https:\/\/marktxxl.de\/markt\/#organization"},"potentialAction":[{"@type":"SearchAction","target":{"@type":"EntryPoint","urlTemplate":"https:\/\/marktxxl.de\/markt\/?s={search_term_string}"},"query-input":{"@type":"PropertyValueSpecification","valueRequired":true,"valueName":"search_term_string"}}],"inLanguage":"de"},{"@type":"Organization","@id":"https:\/\/marktxxl.de\/markt\/#organization","name":"Markt-XXL","url":"https:\/\/marktxxl.de\/markt\/","logo":{"@type":"ImageObject","inLanguage":"de","@id":"https:\/\/marktxxl.de\/markt\/#\/schema\/logo\/image\/","url":"https:\/\/marktxxl.de\/markt\/wp-content\/uploads\/sites\/3\/2020\/12\/logo.png","contentUrl":"https:\/\/marktxxl.de\/markt\/wp-content\/uploads\/sites\/3\/2020\/12\/logo.png","width":200,"height":70,"caption":"Markt-XXL"},"image":{"@id":"https:\/\/marktxxl.de\/markt\/#\/schema\/logo\/image\/"}}]}},"_links":{"self":[{"href":"https:\/\/marktxxl.de\/markt\/wp-json\/wp\/v2\/product\/31726","targetHints":{"allow":["GET"]}}],"collection":[{"href":"https:\/\/marktxxl.de\/markt\/wp-json\/wp\/v2\/product"}],"about":[{"href":"https:\/\/marktxxl.de\/markt\/wp-json\/wp\/v2\/types\/product"}],"replies":[{"embeddable":true,"href":"https:\/\/marktxxl.de\/markt\/wp-json\/wp\/v2\/comments?post=31726"}],"wp:featuredmedia":[{"embeddable":true,"href":"https:\/\/marktxxl.de\/markt\/wp-json\/wp\/v2\/media\/31727"}],"wp:attachment":[{"href":"https:\/\/marktxxl.de\/markt\/wp-json\/wp\/v2\/media?parent=31726"}],"wp:term":[{"taxonomy":"product_brand","embeddable":true,"href":"https:\/\/marktxxl.de\/markt\/wp-json\/wp\/v2\/product_brand?post=31726"},{"taxonomy":"product_cat","embeddable":true,"href":"https:\/\/marktxxl.de\/markt\/wp-json\/wp\/v2\/product_cat?post=31726"},{"taxonomy":"product_tag","embeddable":true,"href":"https:\/\/marktxxl.de\/markt\/wp-json\/wp\/v2\/product_tag?post=31726"}],"curies":[{"name":"wp","href":"https:\/\/api.w.org\/{rel}","templated":true}]}}