{"id":31580,"date":"2021-09-13T00:24:13","date_gmt":"2021-09-12T22:24:13","guid":{"rendered":"https:\/\/marktxxl.de\/markt\/produkt\/tessan-6-fach-steckdosenleiste-3600w-16a-mit-3-usb-9-in-1-mehrfachsteckdose-steckdose-mit-schalter-mehrfachstecker-verteilersteckdose-steckerleiste-mit-2m-verlaengerungskabel-fuer-zuhause-buero\/"},"modified":"2023-04-11T01:44:06","modified_gmt":"2023-04-10T23:44:06","slug":"tessan-6-fach-steckdosenleiste-3600w-16a-mit-3-usb-9-in-1-mehrfachsteckdose-steckdose-mit-schalter-mehrfachstecker-verteilersteckdose-steckerleiste-mit-2m-verlaengerungskabel-fuer-zuhause-buero","status":"publish","type":"product","link":"https:\/\/marktxxl.de\/markt\/produkt\/tessan-6-fach-steckdosenleiste-3600w-16a-mit-3-usb-9-in-1-mehrfachsteckdose-steckdose-mit-schalter-mehrfachstecker-verteilersteckdose-steckerleiste-mit-2m-verlaengerungskabel-fuer-zuhause-buero\/","title":{"rendered":"TESSAN 6 Fach Steckdosenleiste 3600W 16A mit 3 USB, 9 in 1 Mehrfachsteckdose Steckdose mit Schalter, Mehrfachstecker\u2026"},"content":{"rendered":"<p>6 Steckdosen mit 3 USB Anschluss: Die 6 Schuko Steckdosen auf drei Seiten des TESSAN USB Steckdosenleiste verteilt sind, Wide Spaced Outlets f\u00fcr gro\u00dfen Adapter, keine Verdeckung und \u00dcberlappung. Sich nicht gegenseitig st\u00f6ren werden, auch wenn mehrere Standardstecker gleichzeitig verwendet werden. 3 USB Anschl\u00fcsse mit intelligenten Ladesystem unterst\u00fctzt gesamten Strom von 3 A. Es kann Ihre Ger\u00e4te automatisch erkennen und den Ladestrom von bis zu 2,4 A liefern.<br \/>\n9 in 1 USB Steckdosenleiste: Max. Leistung bis zu 3600 Watt (Max. 230V, 16A). Wand Montierbare Steckdosenleiste kann flach auf den Tisch oder den Boden gestellt oder an die Wand geh\u00e4ngt werden. Ob im Wohnzimmer, im Schlafzimmer, im B\u00fcro oder in der K\u00fcche, es gibt immer weniger Steckdosen als Ger\u00e4te. Dieses Produkt kann Ihre mehr Ladeanforderungen am gleichen Ort erf\u00fcllen.<br \/>\n2 Meter Verl\u00e4ngerungskabel: Stecken Sie 9 Ger\u00e4te sofort ein und haben insgesamt 2 Meter Verl\u00e4ngerungskabel. Ist mit Schutzkontakten ausgestattet und sind auch kompatibel mit der einfachen europlugs. Ber\u00fchrungsschutz sorgt f\u00fcr einen ungef\u00e4hrlichen Einsatz im Haushalt. 2 Meter lange Zuleitung f\u00fcr gr\u00f6\u00dfere Entfernungen zur Stromquelle, flexibler Anschluss Ihrer Ger\u00e4te im Innenbereich.<br \/>\nMehrfachsteckdose mit Schalter: Dieser mehrfachstecker usb hat einen Schalter f\u00fcr der Ein und Ausschaltfunktion, mit diesem Schalter Sie m\u00fcssen nur den Schalter dr\u00fccken, um die Stromversorgung auszuschalten. Dies spart Strom und erfordert kein Ein oder Ausstecken. Eingebaute Schwache Indikator Anzeige, die extrem subtile Beleuchtung kann Sie wissen lassen, ob es normal aufgeladen wird, aber das Design des Indikator Lichts wird Ihre Ruhe nicht st\u00f6ren.<br \/>\nPlatzsparend Steckdosenw\u00fcrfel: Diese Platzsparend Steckdosenleiste mit usb verf\u00fcgt \u00fcber ein exklusives w\u00fcrfel Design. Kompakte Gr\u00f6\u00dfe nur 14 x 7.6 x 7.6 cm, diese steckdosenturm nicht zu viel Platz ein. Sie k\u00f6nnen es in die Ecke oder auf den Tisch stellen. Verabschieden Sie sich von den unordentlichen Kabeln, es eignet sich ideal f\u00fcr zu Hause und das B\u00fcro. Sie haben mehr Steckdosen und Platz, um mehr elektronische Ger\u00e4te gleichzeitig aufzuladen.<br \/>\n<div class=\"main-cross-sell\" data-asin=\"B08ZH6TJPX\">\n\n\t<div class=\"WooZone-cross-sell-loader\">\n\t\t<div>\n\t\t\t<div id=\"floatingBarsG\">\n\t\t\t\t<div class=\"blockG\" id=\"rotateG_01\"><\/div>\n\t\t\t\t<div class=\"blockG\" id=\"rotateG_02\"><\/div>\n\t\t\t\t<div class=\"blockG\" id=\"rotateG_03\"><\/div>\n\t\t\t\t<div class=\"blockG\" id=\"rotateG_04\"><\/div>\n\t\t\t\t<div class=\"blockG\" id=\"rotateG_05\"><\/div>\n\t\t\t\t<div class=\"blockG\" id=\"rotateG_06\"><\/div>\n\t\t\t\t<div class=\"blockG\" id=\"rotateG_07\"><\/div>\n\t\t\t\t<div class=\"blockG\" id=\"rotateG_08\"><\/div>\n\t\t\t<\/div>\n\t\t\t<div class=\"WooZone-cross-sell-loader-text\"><\/div>\n\t\t<\/div>\n\t<\/div>\n\n\t\t\n<\/div>\n<div style=\"clear:both;\"><\/div><\/p>\n","protected":false},"excerpt":{"rendered":"<p>6 Steckdosen mit 3 USB Anschluss: Die 6 Schuko Steckdosen auf drei Seiten des TESSAN USB Steckdosenleiste verteilt sind, Wide Spaced Outlets f\u00fcr gro\u00dfen Adapter, keine Verdeckung und \u00dcberlappung. Sich nicht gegenseitig st\u00f6ren werden, auch wenn mehrere Standardstecker gleichzeitig verwendet werden. 3 USB Anschl\u00fcsse mit intelligenten Ladesystem unterst\u00fctzt gesamten Strom von 3 A. Es kann Ihre Ger\u00e4te automatisch erkennen und den Ladestrom von bis zu 2,4 A liefern.<br \/>\n9 in 1 USB Steckdosenleiste: Max. Leistung bis zu 3600 Watt (Max. 230V, 16A). Wand Montierbare Steckdosenleiste kann flach auf den Tisch oder den Boden gestellt oder an die Wand geh\u00e4ngt werden. Ob im Wohnzimmer, im Schlafzimmer, im B\u00fcro oder in der K\u00fcche, es gibt immer weniger Steckdosen als Ger\u00e4te. Dieses Produkt kann Ihre mehr Ladeanforderungen am gleichen Ort erf\u00fcllen.<br \/>\n2 Meter Verl\u00e4ngerungskabel: Stecken Sie 9 Ger\u00e4te sofort ein und haben insgesamt 2 Meter Verl\u00e4ngerungskabel. Ist mit Schutzkontakten ausgestattet und sind auch kompatibel mit der einfachen europlugs. Ber\u00fchrungsschutz sorgt f\u00fcr einen ungef\u00e4hrlichen Einsatz im Haushalt. 2 Meter lange Zuleitung f\u00fcr gr\u00f6\u00dfere Entfernungen zur Stromquelle, flexibler Anschluss Ihrer Ger\u00e4te im Innenbereich.<\/p>\n","protected":false},"featured_media":31581,"comment_status":"open","ping_status":"closed","template":"","meta":[],"product_brand":[],"product_cat":[1983,11009],"product_tag":[],"class_list":{"0":"post-31580","1":"product","2":"type-product","3":"status-publish","4":"has-post-thumbnail","6":"product_cat-baumarkt","7":"product_cat-elektroinstallation","8":"pa_brand-tessan","9":"pa_manufacturer-tessan","11":"first","12":"instock","13":"shipping-taxable","14":"purchasable","15":"product-type-simple","16":"customify-col","17":"product-has-gallery"},"yoast_head":"<!-- This site is optimized with the Yoast SEO plugin v27.4 - https:\/\/yoast.com\/product\/yoast-seo-wordpress\/ -->\n<title>TESSAN 6 Fach Steckdosenleiste 3600W 16A mit 3 USB, 9 in 1 Mehrfachsteckdose Steckdose mit Schalter, Mehrfachstecker\u2026 - Markt-XXL<\/title>\n<meta name=\"description\" content=\"Markt-XXL TESSAN 6 Fach Steckdosenleiste 3600W 16A mit 3 USB, 9 in 1 Mehrfachsteckdose Steckdose mit Schalter, Mehrfachstecker\u2026\" \/>\n<meta name=\"robots\" content=\"index, follow, max-snippet:-1, max-image-preview:large, max-video-preview:-1\" \/>\n<link rel=\"canonical\" href=\"https:\/\/marktxxl.de\/markt\/produkt\/tessan-6-fach-steckdosenleiste-3600w-16a-mit-3-usb-9-in-1-mehrfachsteckdose-steckdose-mit-schalter-mehrfachstecker-verteilersteckdose-steckerleiste-mit-2m-verlaengerungskabel-fuer-zuhause-buero\/\" \/>\n<meta property=\"og:locale\" content=\"de_DE\" \/>\n<meta property=\"og:type\" content=\"article\" \/>\n<meta property=\"og:title\" content=\"TESSAN 6 Fach Steckdosenleiste 3600W 16A mit 3 USB, 9 in 1 Mehrfachsteckdose Steckdose mit Schalter, Mehrfachstecker\u2026 - Markt-XXL\" \/>\n<meta property=\"og:description\" content=\"Markt-XXL TESSAN 6 Fach Steckdosenleiste 3600W 16A mit 3 USB, 9 in 1 Mehrfachsteckdose Steckdose mit Schalter, Mehrfachstecker\u2026\" \/>\n<meta property=\"og:url\" content=\"https:\/\/marktxxl.de\/markt\/produkt\/tessan-6-fach-steckdosenleiste-3600w-16a-mit-3-usb-9-in-1-mehrfachsteckdose-steckdose-mit-schalter-mehrfachstecker-verteilersteckdose-steckerleiste-mit-2m-verlaengerungskabel-fuer-zuhause-buero\/\" \/>\n<meta property=\"og:site_name\" content=\"Markt-XXL\" \/>\n<meta property=\"article:modified_time\" content=\"2023-04-10T23:44:06+00:00\" \/>\n<meta property=\"og:image\" content=\"https:\/\/m.media-amazon.com\/images\/I\/31myCG4O3gS._SL500_.jpg\" \/>\n\t<meta property=\"og:image:width\" content=\"500\" \/>\n\t<meta property=\"og:image:height\" content=\"500\" \/>\n\t<meta property=\"og:image:type\" content=\"image\/jpeg\" \/>\n<meta name=\"twitter:card\" content=\"summary_large_image\" \/>\n<meta name=\"twitter:label1\" content=\"Gesch\u00e4tzte Lesezeit\" \/>\n\t<meta name=\"twitter:data1\" content=\"2\u00a0Minuten\" \/>\n<script type=\"application\/ld+json\" class=\"yoast-schema-graph\">{\"@context\":\"https:\\\/\\\/schema.org\",\"@graph\":[{\"@type\":\"WebPage\",\"@id\":\"https:\\\/\\\/marktxxl.de\\\/markt\\\/produkt\\\/tessan-6-fach-steckdosenleiste-3600w-16a-mit-3-usb-9-in-1-mehrfachsteckdose-steckdose-mit-schalter-mehrfachstecker-verteilersteckdose-steckerleiste-mit-2m-verlaengerungskabel-fuer-zuhause-buero\\\/\",\"url\":\"https:\\\/\\\/marktxxl.de\\\/markt\\\/produkt\\\/tessan-6-fach-steckdosenleiste-3600w-16a-mit-3-usb-9-in-1-mehrfachsteckdose-steckdose-mit-schalter-mehrfachstecker-verteilersteckdose-steckerleiste-mit-2m-verlaengerungskabel-fuer-zuhause-buero\\\/\",\"name\":\"TESSAN 6 Fach Steckdosenleiste 3600W 16A mit 3 USB, 9 in 1 Mehrfachsteckdose Steckdose mit Schalter, Mehrfachstecker\u2026 - Markt-XXL\",\"isPartOf\":{\"@id\":\"https:\\\/\\\/marktxxl.de\\\/markt\\\/#website\"},\"primaryImageOfPage\":{\"@id\":\"https:\\\/\\\/marktxxl.de\\\/markt\\\/produkt\\\/tessan-6-fach-steckdosenleiste-3600w-16a-mit-3-usb-9-in-1-mehrfachsteckdose-steckdose-mit-schalter-mehrfachstecker-verteilersteckdose-steckerleiste-mit-2m-verlaengerungskabel-fuer-zuhause-buero\\\/#primaryimage\"},\"image\":{\"@id\":\"https:\\\/\\\/marktxxl.de\\\/markt\\\/produkt\\\/tessan-6-fach-steckdosenleiste-3600w-16a-mit-3-usb-9-in-1-mehrfachsteckdose-steckdose-mit-schalter-mehrfachstecker-verteilersteckdose-steckerleiste-mit-2m-verlaengerungskabel-fuer-zuhause-buero\\\/#primaryimage\"},\"thumbnailUrl\":\"https:\\\/\\\/m.media-amazon.com\\\/images\\\/I\\\/31myCG4O3gS._SL500_.jpg\",\"datePublished\":\"2021-09-12T22:24:13+00:00\",\"dateModified\":\"2023-04-10T23:44:06+00:00\",\"description\":\"Markt-XXL TESSAN 6 Fach Steckdosenleiste 3600W 16A mit 3 USB, 9 in 1 Mehrfachsteckdose Steckdose mit Schalter, Mehrfachstecker\u2026\",\"breadcrumb\":{\"@id\":\"https:\\\/\\\/marktxxl.de\\\/markt\\\/produkt\\\/tessan-6-fach-steckdosenleiste-3600w-16a-mit-3-usb-9-in-1-mehrfachsteckdose-steckdose-mit-schalter-mehrfachstecker-verteilersteckdose-steckerleiste-mit-2m-verlaengerungskabel-fuer-zuhause-buero\\\/#breadcrumb\"},\"inLanguage\":\"de\",\"potentialAction\":[{\"@type\":\"ReadAction\",\"target\":[\"https:\\\/\\\/marktxxl.de\\\/markt\\\/produkt\\\/tessan-6-fach-steckdosenleiste-3600w-16a-mit-3-usb-9-in-1-mehrfachsteckdose-steckdose-mit-schalter-mehrfachstecker-verteilersteckdose-steckerleiste-mit-2m-verlaengerungskabel-fuer-zuhause-buero\\\/\"]}]},{\"@type\":\"ImageObject\",\"inLanguage\":\"de\",\"@id\":\"https:\\\/\\\/marktxxl.de\\\/markt\\\/produkt\\\/tessan-6-fach-steckdosenleiste-3600w-16a-mit-3-usb-9-in-1-mehrfachsteckdose-steckdose-mit-schalter-mehrfachstecker-verteilersteckdose-steckerleiste-mit-2m-verlaengerungskabel-fuer-zuhause-buero\\\/#primaryimage\",\"url\":\"https:\\\/\\\/m.media-amazon.com\\\/images\\\/I\\\/31myCG4O3gS._SL500_.jpg\",\"contentUrl\":\"https:\\\/\\\/m.media-amazon.com\\\/images\\\/I\\\/31myCG4O3gS._SL500_.jpg\",\"width\":500,\"height\":500},{\"@type\":\"BreadcrumbList\",\"@id\":\"https:\\\/\\\/marktxxl.de\\\/markt\\\/produkt\\\/tessan-6-fach-steckdosenleiste-3600w-16a-mit-3-usb-9-in-1-mehrfachsteckdose-steckdose-mit-schalter-mehrfachstecker-verteilersteckdose-steckerleiste-mit-2m-verlaengerungskabel-fuer-zuhause-buero\\\/#breadcrumb\",\"itemListElement\":[{\"@type\":\"ListItem\",\"position\":1,\"name\":\"Startseite\",\"item\":\"https:\\\/\\\/marktxxl.de\\\/markt\\\/\"},{\"@type\":\"ListItem\",\"position\":2,\"name\":\"Markt\",\"item\":\"https:\\\/\\\/marktxxl.de\\\/markt\\\/\"},{\"@type\":\"ListItem\",\"position\":3,\"name\":\"TESSAN 6 Fach Steckdosenleiste 3600W 16A mit 3 USB, 9 in 1 Mehrfachsteckdose Steckdose mit Schalter, Mehrfachstecker\u2026\"}]},{\"@type\":\"WebSite\",\"@id\":\"https:\\\/\\\/marktxxl.de\\\/markt\\\/#website\",\"url\":\"https:\\\/\\\/marktxxl.de\\\/markt\\\/\",\"name\":\"Markt-XXL\",\"description\":\"Ihr Markt Online\",\"publisher\":{\"@id\":\"https:\\\/\\\/marktxxl.de\\\/markt\\\/#organization\"},\"potentialAction\":[{\"@type\":\"SearchAction\",\"target\":{\"@type\":\"EntryPoint\",\"urlTemplate\":\"https:\\\/\\\/marktxxl.de\\\/markt\\\/?s={search_term_string}\"},\"query-input\":{\"@type\":\"PropertyValueSpecification\",\"valueRequired\":true,\"valueName\":\"search_term_string\"}}],\"inLanguage\":\"de\"},{\"@type\":\"Organization\",\"@id\":\"https:\\\/\\\/marktxxl.de\\\/markt\\\/#organization\",\"name\":\"Markt-XXL\",\"url\":\"https:\\\/\\\/marktxxl.de\\\/markt\\\/\",\"logo\":{\"@type\":\"ImageObject\",\"inLanguage\":\"de\",\"@id\":\"https:\\\/\\\/marktxxl.de\\\/markt\\\/#\\\/schema\\\/logo\\\/image\\\/\",\"url\":\"https:\\\/\\\/marktxxl.de\\\/markt\\\/wp-content\\\/uploads\\\/sites\\\/3\\\/2020\\\/12\\\/logo.png\",\"contentUrl\":\"https:\\\/\\\/marktxxl.de\\\/markt\\\/wp-content\\\/uploads\\\/sites\\\/3\\\/2020\\\/12\\\/logo.png\",\"width\":200,\"height\":70,\"caption\":\"Markt-XXL\"},\"image\":{\"@id\":\"https:\\\/\\\/marktxxl.de\\\/markt\\\/#\\\/schema\\\/logo\\\/image\\\/\"}}]}<\/script>\n<!-- \/ Yoast SEO plugin. -->","yoast_head_json":{"title":"TESSAN 6 Fach Steckdosenleiste 3600W 16A mit 3 USB, 9 in 1 Mehrfachsteckdose Steckdose mit Schalter, Mehrfachstecker\u2026 - Markt-XXL","description":"Markt-XXL TESSAN 6 Fach Steckdosenleiste 3600W 16A mit 3 USB, 9 in 1 Mehrfachsteckdose Steckdose mit Schalter, Mehrfachstecker\u2026","robots":{"index":"index","follow":"follow","max-snippet":"max-snippet:-1","max-image-preview":"max-image-preview:large","max-video-preview":"max-video-preview:-1"},"canonical":"https:\/\/marktxxl.de\/markt\/produkt\/tessan-6-fach-steckdosenleiste-3600w-16a-mit-3-usb-9-in-1-mehrfachsteckdose-steckdose-mit-schalter-mehrfachstecker-verteilersteckdose-steckerleiste-mit-2m-verlaengerungskabel-fuer-zuhause-buero\/","og_locale":"de_DE","og_type":"article","og_title":"TESSAN 6 Fach Steckdosenleiste 3600W 16A mit 3 USB, 9 in 1 Mehrfachsteckdose Steckdose mit Schalter, Mehrfachstecker\u2026 - Markt-XXL","og_description":"Markt-XXL TESSAN 6 Fach Steckdosenleiste 3600W 16A mit 3 USB, 9 in 1 Mehrfachsteckdose Steckdose mit Schalter, Mehrfachstecker\u2026","og_url":"https:\/\/marktxxl.de\/markt\/produkt\/tessan-6-fach-steckdosenleiste-3600w-16a-mit-3-usb-9-in-1-mehrfachsteckdose-steckdose-mit-schalter-mehrfachstecker-verteilersteckdose-steckerleiste-mit-2m-verlaengerungskabel-fuer-zuhause-buero\/","og_site_name":"Markt-XXL","article_modified_time":"2023-04-10T23:44:06+00:00","og_image":[{"width":500,"height":500,"url":"https:\/\/m.media-amazon.com\/images\/I\/31myCG4O3gS._SL500_.jpg","type":"image\/jpeg"}],"twitter_card":"summary_large_image","twitter_misc":{"Gesch\u00e4tzte Lesezeit":"2\u00a0Minuten"},"schema":{"@context":"https:\/\/schema.org","@graph":[{"@type":"WebPage","@id":"https:\/\/marktxxl.de\/markt\/produkt\/tessan-6-fach-steckdosenleiste-3600w-16a-mit-3-usb-9-in-1-mehrfachsteckdose-steckdose-mit-schalter-mehrfachstecker-verteilersteckdose-steckerleiste-mit-2m-verlaengerungskabel-fuer-zuhause-buero\/","url":"https:\/\/marktxxl.de\/markt\/produkt\/tessan-6-fach-steckdosenleiste-3600w-16a-mit-3-usb-9-in-1-mehrfachsteckdose-steckdose-mit-schalter-mehrfachstecker-verteilersteckdose-steckerleiste-mit-2m-verlaengerungskabel-fuer-zuhause-buero\/","name":"TESSAN 6 Fach Steckdosenleiste 3600W 16A mit 3 USB, 9 in 1 Mehrfachsteckdose Steckdose mit Schalter, Mehrfachstecker\u2026 - Markt-XXL","isPartOf":{"@id":"https:\/\/marktxxl.de\/markt\/#website"},"primaryImageOfPage":{"@id":"https:\/\/marktxxl.de\/markt\/produkt\/tessan-6-fach-steckdosenleiste-3600w-16a-mit-3-usb-9-in-1-mehrfachsteckdose-steckdose-mit-schalter-mehrfachstecker-verteilersteckdose-steckerleiste-mit-2m-verlaengerungskabel-fuer-zuhause-buero\/#primaryimage"},"image":{"@id":"https:\/\/marktxxl.de\/markt\/produkt\/tessan-6-fach-steckdosenleiste-3600w-16a-mit-3-usb-9-in-1-mehrfachsteckdose-steckdose-mit-schalter-mehrfachstecker-verteilersteckdose-steckerleiste-mit-2m-verlaengerungskabel-fuer-zuhause-buero\/#primaryimage"},"thumbnailUrl":"https:\/\/m.media-amazon.com\/images\/I\/31myCG4O3gS._SL500_.jpg","datePublished":"2021-09-12T22:24:13+00:00","dateModified":"2023-04-10T23:44:06+00:00","description":"Markt-XXL TESSAN 6 Fach Steckdosenleiste 3600W 16A mit 3 USB, 9 in 1 Mehrfachsteckdose Steckdose mit Schalter, Mehrfachstecker\u2026","breadcrumb":{"@id":"https:\/\/marktxxl.de\/markt\/produkt\/tessan-6-fach-steckdosenleiste-3600w-16a-mit-3-usb-9-in-1-mehrfachsteckdose-steckdose-mit-schalter-mehrfachstecker-verteilersteckdose-steckerleiste-mit-2m-verlaengerungskabel-fuer-zuhause-buero\/#breadcrumb"},"inLanguage":"de","potentialAction":[{"@type":"ReadAction","target":["https:\/\/marktxxl.de\/markt\/produkt\/tessan-6-fach-steckdosenleiste-3600w-16a-mit-3-usb-9-in-1-mehrfachsteckdose-steckdose-mit-schalter-mehrfachstecker-verteilersteckdose-steckerleiste-mit-2m-verlaengerungskabel-fuer-zuhause-buero\/"]}]},{"@type":"ImageObject","inLanguage":"de","@id":"https:\/\/marktxxl.de\/markt\/produkt\/tessan-6-fach-steckdosenleiste-3600w-16a-mit-3-usb-9-in-1-mehrfachsteckdose-steckdose-mit-schalter-mehrfachstecker-verteilersteckdose-steckerleiste-mit-2m-verlaengerungskabel-fuer-zuhause-buero\/#primaryimage","url":"https:\/\/m.media-amazon.com\/images\/I\/31myCG4O3gS._SL500_.jpg","contentUrl":"https:\/\/m.media-amazon.com\/images\/I\/31myCG4O3gS._SL500_.jpg","width":500,"height":500},{"@type":"BreadcrumbList","@id":"https:\/\/marktxxl.de\/markt\/produkt\/tessan-6-fach-steckdosenleiste-3600w-16a-mit-3-usb-9-in-1-mehrfachsteckdose-steckdose-mit-schalter-mehrfachstecker-verteilersteckdose-steckerleiste-mit-2m-verlaengerungskabel-fuer-zuhause-buero\/#breadcrumb","itemListElement":[{"@type":"ListItem","position":1,"name":"Startseite","item":"https:\/\/marktxxl.de\/markt\/"},{"@type":"ListItem","position":2,"name":"Markt","item":"https:\/\/marktxxl.de\/markt\/"},{"@type":"ListItem","position":3,"name":"TESSAN 6 Fach Steckdosenleiste 3600W 16A mit 3 USB, 9 in 1 Mehrfachsteckdose Steckdose mit Schalter, Mehrfachstecker\u2026"}]},{"@type":"WebSite","@id":"https:\/\/marktxxl.de\/markt\/#website","url":"https:\/\/marktxxl.de\/markt\/","name":"Markt-XXL","description":"Ihr Markt Online","publisher":{"@id":"https:\/\/marktxxl.de\/markt\/#organization"},"potentialAction":[{"@type":"SearchAction","target":{"@type":"EntryPoint","urlTemplate":"https:\/\/marktxxl.de\/markt\/?s={search_term_string}"},"query-input":{"@type":"PropertyValueSpecification","valueRequired":true,"valueName":"search_term_string"}}],"inLanguage":"de"},{"@type":"Organization","@id":"https:\/\/marktxxl.de\/markt\/#organization","name":"Markt-XXL","url":"https:\/\/marktxxl.de\/markt\/","logo":{"@type":"ImageObject","inLanguage":"de","@id":"https:\/\/marktxxl.de\/markt\/#\/schema\/logo\/image\/","url":"https:\/\/marktxxl.de\/markt\/wp-content\/uploads\/sites\/3\/2020\/12\/logo.png","contentUrl":"https:\/\/marktxxl.de\/markt\/wp-content\/uploads\/sites\/3\/2020\/12\/logo.png","width":200,"height":70,"caption":"Markt-XXL"},"image":{"@id":"https:\/\/marktxxl.de\/markt\/#\/schema\/logo\/image\/"}}]}},"_links":{"self":[{"href":"https:\/\/marktxxl.de\/markt\/wp-json\/wp\/v2\/product\/31580","targetHints":{"allow":["GET"]}}],"collection":[{"href":"https:\/\/marktxxl.de\/markt\/wp-json\/wp\/v2\/product"}],"about":[{"href":"https:\/\/marktxxl.de\/markt\/wp-json\/wp\/v2\/types\/product"}],"replies":[{"embeddable":true,"href":"https:\/\/marktxxl.de\/markt\/wp-json\/wp\/v2\/comments?post=31580"}],"wp:featuredmedia":[{"embeddable":true,"href":"https:\/\/marktxxl.de\/markt\/wp-json\/wp\/v2\/media\/31581"}],"wp:attachment":[{"href":"https:\/\/marktxxl.de\/markt\/wp-json\/wp\/v2\/media?parent=31580"}],"wp:term":[{"taxonomy":"product_brand","embeddable":true,"href":"https:\/\/marktxxl.de\/markt\/wp-json\/wp\/v2\/product_brand?post=31580"},{"taxonomy":"product_cat","embeddable":true,"href":"https:\/\/marktxxl.de\/markt\/wp-json\/wp\/v2\/product_cat?post=31580"},{"taxonomy":"product_tag","embeddable":true,"href":"https:\/\/marktxxl.de\/markt\/wp-json\/wp\/v2\/product_tag?post=31580"}],"curies":[{"name":"wp","href":"https:\/\/api.w.org\/{rel}","templated":true}]}}