{"id":31267,"date":"2021-09-12T23:59:36","date_gmt":"2021-09-12T21:59:36","guid":{"rendered":"https:\/\/marktxxl.de\/markt\/produkt\/amagabeli-5-stueck-kaminwerkzeuge-sets-schwarzer-griff-schmiedeeisen-grosses-feuerwerkzeugset-und-halter-outdoor-fireset-feuerstelle-staender-indoor-rustikale-zange-schaufel-antikes-holz-zubehoer-kit\/"},"modified":"2023-04-11T01:43:26","modified_gmt":"2023-04-10T23:43:26","slug":"amagabeli-5-stueck-kaminwerkzeuge-sets-schwarzer-griff-schmiedeeisen-grosses-feuerwerkzeugset-und-halter-outdoor-fireset-feuerstelle-staender-indoor-rustikale-zange-schaufel-antikes-holz-zubehoer-kit","status":"publish","type":"product","link":"https:\/\/marktxxl.de\/markt\/produkt\/amagabeli-5-stueck-kaminwerkzeuge-sets-schwarzer-griff-schmiedeeisen-grosses-feuerwerkzeugset-und-halter-outdoor-fireset-feuerstelle-staender-indoor-rustikale-zange-schaufel-antikes-holz-zubehoer-kit\/","title":{"rendered":"Amagabeli 5 St\u00fcck Kaminwerkzeuge Sets Schwarzer Griff Schmiedeeisen Gro\u00dfes Feuerwerkzeugset und Halter Outdoor Fireset\u2026"},"content":{"rendered":"<p>Das 78.7cm schwarze Kaminwerkzeug-Set funktioniert hervorragend mit den meisten schwarzen Kaminfeuerschirmen, schwarzen Kaminholzhaltern und Kaminholzregalen, Kaminascheeimern, Kaminb\u00e4lgen, Kaminrosten oder Feuerstellenwerkzeugen im Freien.<br \/>\nErgonomisches Design. 5 St\u00fcck rustikale Kaminbesteck mit schwarzen Griffen. Das schwarze Kaminzubeh\u00f6r-Set, das Kamindekorations-Werkzeugset enth\u00e4lt einen stabilen St\u00e4nder mit robuster Basis, einen B\u00fcrstenbesen, eine antike Schaufel, eine Zange, einen Feuerstellen-Poker und einen Greifer, jeweils einen. Jedes Kaminwerkzeug hat einen festen Griff mit einer Kugel oben, liegt gut in der Hand und erm\u00fcdungsfrei.<br \/>\nLeicht zusammenzubauen. Feuerstellenset 5-teilig einfach zu montieren; Das Top Support of Tools Set h\u00e4lt Ihre Feuerstellenwerkzeuge ordentlich organisiert und passt zu allen Holz\u00f6fen und Gas\u00f6fen.<br \/>\nSchmiedeeiserner Kamin-Werkzeugsatz-Material. Feuerset aus schwarzem Eisen, moderne pulverbeschichtete Oberfl\u00e4che, schweres, schweres, robustes Werkzeugset. Die Kaminzange hilft dabei, Anz\u00fcndholz sicher zu platzieren und Holzscheite neu zu positionieren, w\u00e4hrend die Kaminb\u00fcrste \u00fcber starke Borsten verf\u00fcgt, um Asche und Schmutz leicht zu fegen, ein gro\u00dfartiges Pizzawerkzeug f\u00fcr Holzfeuer!<br \/>\nKundenservice: Wir sind bestrebt, Ihnen Premium-Produkte anzubieten und Ihnen eine tadellose Kundenbetreuung zu bieten. Warten Sie nicht l\u00e4nger und genie\u00dfen Sie noch heute Ihre idealen Produkte!<br \/>\n<div class=\"main-cross-sell\" data-asin=\"B015NRQ6OS\">\n\n\t<div class=\"WooZone-cross-sell-loader\">\n\t\t<div>\n\t\t\t<div id=\"floatingBarsG\">\n\t\t\t\t<div class=\"blockG\" id=\"rotateG_01\"><\/div>\n\t\t\t\t<div class=\"blockG\" id=\"rotateG_02\"><\/div>\n\t\t\t\t<div class=\"blockG\" id=\"rotateG_03\"><\/div>\n\t\t\t\t<div class=\"blockG\" id=\"rotateG_04\"><\/div>\n\t\t\t\t<div class=\"blockG\" id=\"rotateG_05\"><\/div>\n\t\t\t\t<div class=\"blockG\" id=\"rotateG_06\"><\/div>\n\t\t\t\t<div class=\"blockG\" id=\"rotateG_07\"><\/div>\n\t\t\t\t<div class=\"blockG\" id=\"rotateG_08\"><\/div>\n\t\t\t<\/div>\n\t\t\t<div class=\"WooZone-cross-sell-loader-text\"><\/div>\n\t\t<\/div>\n\t<\/div>\n\n\t\t\n<\/div>\n<div style=\"clear:both;\"><\/div><\/p>\n","protected":false},"excerpt":{"rendered":"<p>Das 78.7cm schwarze Kaminwerkzeug-Set funktioniert hervorragend mit den meisten schwarzen Kaminfeuerschirmen, schwarzen Kaminholzhaltern und Kaminholzregalen, Kaminascheeimern, Kaminb\u00e4lgen, Kaminrosten oder Feuerstellenwerkzeugen im Freien.<br \/>\nErgonomisches Design. 5 St\u00fcck rustikale Kaminbesteck mit schwarzen Griffen. Das schwarze Kaminzubeh\u00f6r-Set, das Kamindekorations-Werkzeugset enth\u00e4lt einen stabilen St\u00e4nder mit robuster Basis, einen B\u00fcrstenbesen, eine antike Schaufel, eine Zange, einen Feuerstellen-Poker und einen Greifer, jeweils einen. Jedes Kaminwerkzeug hat einen festen Griff mit einer Kugel oben, liegt gut in der Hand und erm\u00fcdungsfrei.<br \/>\nLeicht zusammenzubauen. Feuerstellenset 5-teilig einfach zu montieren; Das Top Support of Tools Set h\u00e4lt Ihre Feuerstellenwerkzeuge ordentlich organisiert und passt zu allen Holz\u00f6fen und Gas\u00f6fen.<\/p>\n","protected":false},"featured_media":31268,"comment_status":"open","ping_status":"closed","template":"","meta":[],"product_brand":[],"product_cat":[1983,11036],"product_tag":[],"class_list":{"0":"post-31267","1":"product","2":"type-product","3":"status-publish","4":"has-post-thumbnail","6":"product_cat-baumarkt","7":"product_cat-kamine","8":"pa_binding-haushaltswaren","9":"pa_brand-amagabeli-garden-home","10":"pa_color-schwarz","11":"pa_height-31-zoll","12":"pa_length-7-09-zoll","13":"pa_manufacturer-amagabeli-garden-home","14":"pa_model-t51032bk","15":"pa_size-fireplace-toolset-5-pieces","16":"pa_weight-11-86-pfund","17":"pa_width-7-09-zoll","19":"first","20":"instock","21":"shipping-taxable","22":"purchasable","23":"product-type-simple","24":"customify-col","25":"product-has-gallery"},"yoast_head":"<!-- This site is optimized with the Yoast SEO plugin v27.4 - https:\/\/yoast.com\/product\/yoast-seo-wordpress\/ -->\n<title>Amagabeli 5 St\u00fcck Kaminwerkzeuge Sets Schwarzer Griff Schmiedeeisen Gro\u00dfes Feuerwerkzeugset und Halter Outdoor Fireset\u2026 - Markt-XXL<\/title>\n<meta name=\"description\" content=\"Markt-XXL Amagabeli 5 St\u00fcck Kaminwerkzeuge Sets Schwarzer Griff Schmiedeeisen Gro\u00dfes Feuerwerkzeugset und Halter Outdoor Fireset\u2026\" \/>\n<meta name=\"robots\" content=\"index, follow, max-snippet:-1, max-image-preview:large, max-video-preview:-1\" \/>\n<link rel=\"canonical\" href=\"https:\/\/marktxxl.de\/markt\/produkt\/amagabeli-5-stueck-kaminwerkzeuge-sets-schwarzer-griff-schmiedeeisen-grosses-feuerwerkzeugset-und-halter-outdoor-fireset-feuerstelle-staender-indoor-rustikale-zange-schaufel-antikes-holz-zubehoer-kit\/\" \/>\n<meta property=\"og:locale\" content=\"de_DE\" \/>\n<meta property=\"og:type\" content=\"article\" \/>\n<meta property=\"og:title\" content=\"Amagabeli 5 St\u00fcck Kaminwerkzeuge Sets Schwarzer Griff Schmiedeeisen Gro\u00dfes Feuerwerkzeugset und Halter Outdoor Fireset\u2026 - Markt-XXL\" \/>\n<meta property=\"og:description\" content=\"Markt-XXL Amagabeli 5 St\u00fcck Kaminwerkzeuge Sets Schwarzer Griff Schmiedeeisen Gro\u00dfes Feuerwerkzeugset und Halter Outdoor Fireset\u2026\" \/>\n<meta property=\"og:url\" content=\"https:\/\/marktxxl.de\/markt\/produkt\/amagabeli-5-stueck-kaminwerkzeuge-sets-schwarzer-griff-schmiedeeisen-grosses-feuerwerkzeugset-und-halter-outdoor-fireset-feuerstelle-staender-indoor-rustikale-zange-schaufel-antikes-holz-zubehoer-kit\/\" \/>\n<meta property=\"og:site_name\" content=\"Markt-XXL\" \/>\n<meta property=\"article:modified_time\" content=\"2023-04-10T23:43:26+00:00\" \/>\n<meta property=\"og:image\" content=\"https:\/\/m.media-amazon.com\/images\/I\/41g6dUX7sxL._SL500_.jpg\" \/>\n\t<meta property=\"og:image:width\" content=\"500\" \/>\n\t<meta property=\"og:image:height\" content=\"500\" \/>\n\t<meta property=\"og:image:type\" content=\"image\/jpeg\" \/>\n<meta name=\"twitter:card\" content=\"summary_large_image\" \/>\n<meta name=\"twitter:label1\" content=\"Gesch\u00e4tzte Lesezeit\" \/>\n\t<meta name=\"twitter:data1\" content=\"1\u00a0Minute\" \/>\n<script type=\"application\/ld+json\" class=\"yoast-schema-graph\">{\"@context\":\"https:\\\/\\\/schema.org\",\"@graph\":[{\"@type\":\"WebPage\",\"@id\":\"https:\\\/\\\/marktxxl.de\\\/markt\\\/produkt\\\/amagabeli-5-stueck-kaminwerkzeuge-sets-schwarzer-griff-schmiedeeisen-grosses-feuerwerkzeugset-und-halter-outdoor-fireset-feuerstelle-staender-indoor-rustikale-zange-schaufel-antikes-holz-zubehoer-kit\\\/\",\"url\":\"https:\\\/\\\/marktxxl.de\\\/markt\\\/produkt\\\/amagabeli-5-stueck-kaminwerkzeuge-sets-schwarzer-griff-schmiedeeisen-grosses-feuerwerkzeugset-und-halter-outdoor-fireset-feuerstelle-staender-indoor-rustikale-zange-schaufel-antikes-holz-zubehoer-kit\\\/\",\"name\":\"Amagabeli 5 St\u00fcck Kaminwerkzeuge Sets Schwarzer Griff Schmiedeeisen Gro\u00dfes Feuerwerkzeugset und Halter Outdoor Fireset\u2026 - Markt-XXL\",\"isPartOf\":{\"@id\":\"https:\\\/\\\/marktxxl.de\\\/markt\\\/#website\"},\"primaryImageOfPage\":{\"@id\":\"https:\\\/\\\/marktxxl.de\\\/markt\\\/produkt\\\/amagabeli-5-stueck-kaminwerkzeuge-sets-schwarzer-griff-schmiedeeisen-grosses-feuerwerkzeugset-und-halter-outdoor-fireset-feuerstelle-staender-indoor-rustikale-zange-schaufel-antikes-holz-zubehoer-kit\\\/#primaryimage\"},\"image\":{\"@id\":\"https:\\\/\\\/marktxxl.de\\\/markt\\\/produkt\\\/amagabeli-5-stueck-kaminwerkzeuge-sets-schwarzer-griff-schmiedeeisen-grosses-feuerwerkzeugset-und-halter-outdoor-fireset-feuerstelle-staender-indoor-rustikale-zange-schaufel-antikes-holz-zubehoer-kit\\\/#primaryimage\"},\"thumbnailUrl\":\"https:\\\/\\\/m.media-amazon.com\\\/images\\\/I\\\/41g6dUX7sxL._SL500_.jpg\",\"datePublished\":\"2021-09-12T21:59:36+00:00\",\"dateModified\":\"2023-04-10T23:43:26+00:00\",\"description\":\"Markt-XXL Amagabeli 5 St\u00fcck Kaminwerkzeuge Sets Schwarzer Griff Schmiedeeisen Gro\u00dfes Feuerwerkzeugset und Halter Outdoor Fireset\u2026\",\"breadcrumb\":{\"@id\":\"https:\\\/\\\/marktxxl.de\\\/markt\\\/produkt\\\/amagabeli-5-stueck-kaminwerkzeuge-sets-schwarzer-griff-schmiedeeisen-grosses-feuerwerkzeugset-und-halter-outdoor-fireset-feuerstelle-staender-indoor-rustikale-zange-schaufel-antikes-holz-zubehoer-kit\\\/#breadcrumb\"},\"inLanguage\":\"de\",\"potentialAction\":[{\"@type\":\"ReadAction\",\"target\":[\"https:\\\/\\\/marktxxl.de\\\/markt\\\/produkt\\\/amagabeli-5-stueck-kaminwerkzeuge-sets-schwarzer-griff-schmiedeeisen-grosses-feuerwerkzeugset-und-halter-outdoor-fireset-feuerstelle-staender-indoor-rustikale-zange-schaufel-antikes-holz-zubehoer-kit\\\/\"]}]},{\"@type\":\"ImageObject\",\"inLanguage\":\"de\",\"@id\":\"https:\\\/\\\/marktxxl.de\\\/markt\\\/produkt\\\/amagabeli-5-stueck-kaminwerkzeuge-sets-schwarzer-griff-schmiedeeisen-grosses-feuerwerkzeugset-und-halter-outdoor-fireset-feuerstelle-staender-indoor-rustikale-zange-schaufel-antikes-holz-zubehoer-kit\\\/#primaryimage\",\"url\":\"https:\\\/\\\/m.media-amazon.com\\\/images\\\/I\\\/41g6dUX7sxL._SL500_.jpg\",\"contentUrl\":\"https:\\\/\\\/m.media-amazon.com\\\/images\\\/I\\\/41g6dUX7sxL._SL500_.jpg\",\"width\":500,\"height\":500},{\"@type\":\"BreadcrumbList\",\"@id\":\"https:\\\/\\\/marktxxl.de\\\/markt\\\/produkt\\\/amagabeli-5-stueck-kaminwerkzeuge-sets-schwarzer-griff-schmiedeeisen-grosses-feuerwerkzeugset-und-halter-outdoor-fireset-feuerstelle-staender-indoor-rustikale-zange-schaufel-antikes-holz-zubehoer-kit\\\/#breadcrumb\",\"itemListElement\":[{\"@type\":\"ListItem\",\"position\":1,\"name\":\"Startseite\",\"item\":\"https:\\\/\\\/marktxxl.de\\\/markt\\\/\"},{\"@type\":\"ListItem\",\"position\":2,\"name\":\"Markt\",\"item\":\"https:\\\/\\\/marktxxl.de\\\/markt\\\/\"},{\"@type\":\"ListItem\",\"position\":3,\"name\":\"Amagabeli 5 St\u00fcck Kaminwerkzeuge Sets Schwarzer Griff Schmiedeeisen Gro\u00dfes Feuerwerkzeugset und Halter Outdoor Fireset\u2026\"}]},{\"@type\":\"WebSite\",\"@id\":\"https:\\\/\\\/marktxxl.de\\\/markt\\\/#website\",\"url\":\"https:\\\/\\\/marktxxl.de\\\/markt\\\/\",\"name\":\"Markt-XXL\",\"description\":\"Ihr Markt Online\",\"publisher\":{\"@id\":\"https:\\\/\\\/marktxxl.de\\\/markt\\\/#organization\"},\"potentialAction\":[{\"@type\":\"SearchAction\",\"target\":{\"@type\":\"EntryPoint\",\"urlTemplate\":\"https:\\\/\\\/marktxxl.de\\\/markt\\\/?s={search_term_string}\"},\"query-input\":{\"@type\":\"PropertyValueSpecification\",\"valueRequired\":true,\"valueName\":\"search_term_string\"}}],\"inLanguage\":\"de\"},{\"@type\":\"Organization\",\"@id\":\"https:\\\/\\\/marktxxl.de\\\/markt\\\/#organization\",\"name\":\"Markt-XXL\",\"url\":\"https:\\\/\\\/marktxxl.de\\\/markt\\\/\",\"logo\":{\"@type\":\"ImageObject\",\"inLanguage\":\"de\",\"@id\":\"https:\\\/\\\/marktxxl.de\\\/markt\\\/#\\\/schema\\\/logo\\\/image\\\/\",\"url\":\"https:\\\/\\\/marktxxl.de\\\/markt\\\/wp-content\\\/uploads\\\/sites\\\/3\\\/2020\\\/12\\\/logo.png\",\"contentUrl\":\"https:\\\/\\\/marktxxl.de\\\/markt\\\/wp-content\\\/uploads\\\/sites\\\/3\\\/2020\\\/12\\\/logo.png\",\"width\":200,\"height\":70,\"caption\":\"Markt-XXL\"},\"image\":{\"@id\":\"https:\\\/\\\/marktxxl.de\\\/markt\\\/#\\\/schema\\\/logo\\\/image\\\/\"}}]}<\/script>\n<!-- \/ Yoast SEO plugin. -->","yoast_head_json":{"title":"Amagabeli 5 St\u00fcck Kaminwerkzeuge Sets Schwarzer Griff Schmiedeeisen Gro\u00dfes Feuerwerkzeugset und Halter Outdoor Fireset\u2026 - Markt-XXL","description":"Markt-XXL Amagabeli 5 St\u00fcck Kaminwerkzeuge Sets Schwarzer Griff Schmiedeeisen Gro\u00dfes Feuerwerkzeugset und Halter Outdoor Fireset\u2026","robots":{"index":"index","follow":"follow","max-snippet":"max-snippet:-1","max-image-preview":"max-image-preview:large","max-video-preview":"max-video-preview:-1"},"canonical":"https:\/\/marktxxl.de\/markt\/produkt\/amagabeli-5-stueck-kaminwerkzeuge-sets-schwarzer-griff-schmiedeeisen-grosses-feuerwerkzeugset-und-halter-outdoor-fireset-feuerstelle-staender-indoor-rustikale-zange-schaufel-antikes-holz-zubehoer-kit\/","og_locale":"de_DE","og_type":"article","og_title":"Amagabeli 5 St\u00fcck Kaminwerkzeuge Sets Schwarzer Griff Schmiedeeisen Gro\u00dfes Feuerwerkzeugset und Halter Outdoor Fireset\u2026 - Markt-XXL","og_description":"Markt-XXL Amagabeli 5 St\u00fcck Kaminwerkzeuge Sets Schwarzer Griff Schmiedeeisen Gro\u00dfes Feuerwerkzeugset und Halter Outdoor Fireset\u2026","og_url":"https:\/\/marktxxl.de\/markt\/produkt\/amagabeli-5-stueck-kaminwerkzeuge-sets-schwarzer-griff-schmiedeeisen-grosses-feuerwerkzeugset-und-halter-outdoor-fireset-feuerstelle-staender-indoor-rustikale-zange-schaufel-antikes-holz-zubehoer-kit\/","og_site_name":"Markt-XXL","article_modified_time":"2023-04-10T23:43:26+00:00","og_image":[{"width":500,"height":500,"url":"https:\/\/m.media-amazon.com\/images\/I\/41g6dUX7sxL._SL500_.jpg","type":"image\/jpeg"}],"twitter_card":"summary_large_image","twitter_misc":{"Gesch\u00e4tzte Lesezeit":"1\u00a0Minute"},"schema":{"@context":"https:\/\/schema.org","@graph":[{"@type":"WebPage","@id":"https:\/\/marktxxl.de\/markt\/produkt\/amagabeli-5-stueck-kaminwerkzeuge-sets-schwarzer-griff-schmiedeeisen-grosses-feuerwerkzeugset-und-halter-outdoor-fireset-feuerstelle-staender-indoor-rustikale-zange-schaufel-antikes-holz-zubehoer-kit\/","url":"https:\/\/marktxxl.de\/markt\/produkt\/amagabeli-5-stueck-kaminwerkzeuge-sets-schwarzer-griff-schmiedeeisen-grosses-feuerwerkzeugset-und-halter-outdoor-fireset-feuerstelle-staender-indoor-rustikale-zange-schaufel-antikes-holz-zubehoer-kit\/","name":"Amagabeli 5 St\u00fcck Kaminwerkzeuge Sets Schwarzer Griff Schmiedeeisen Gro\u00dfes Feuerwerkzeugset und Halter Outdoor Fireset\u2026 - Markt-XXL","isPartOf":{"@id":"https:\/\/marktxxl.de\/markt\/#website"},"primaryImageOfPage":{"@id":"https:\/\/marktxxl.de\/markt\/produkt\/amagabeli-5-stueck-kaminwerkzeuge-sets-schwarzer-griff-schmiedeeisen-grosses-feuerwerkzeugset-und-halter-outdoor-fireset-feuerstelle-staender-indoor-rustikale-zange-schaufel-antikes-holz-zubehoer-kit\/#primaryimage"},"image":{"@id":"https:\/\/marktxxl.de\/markt\/produkt\/amagabeli-5-stueck-kaminwerkzeuge-sets-schwarzer-griff-schmiedeeisen-grosses-feuerwerkzeugset-und-halter-outdoor-fireset-feuerstelle-staender-indoor-rustikale-zange-schaufel-antikes-holz-zubehoer-kit\/#primaryimage"},"thumbnailUrl":"https:\/\/m.media-amazon.com\/images\/I\/41g6dUX7sxL._SL500_.jpg","datePublished":"2021-09-12T21:59:36+00:00","dateModified":"2023-04-10T23:43:26+00:00","description":"Markt-XXL Amagabeli 5 St\u00fcck Kaminwerkzeuge Sets Schwarzer Griff Schmiedeeisen Gro\u00dfes Feuerwerkzeugset und Halter Outdoor Fireset\u2026","breadcrumb":{"@id":"https:\/\/marktxxl.de\/markt\/produkt\/amagabeli-5-stueck-kaminwerkzeuge-sets-schwarzer-griff-schmiedeeisen-grosses-feuerwerkzeugset-und-halter-outdoor-fireset-feuerstelle-staender-indoor-rustikale-zange-schaufel-antikes-holz-zubehoer-kit\/#breadcrumb"},"inLanguage":"de","potentialAction":[{"@type":"ReadAction","target":["https:\/\/marktxxl.de\/markt\/produkt\/amagabeli-5-stueck-kaminwerkzeuge-sets-schwarzer-griff-schmiedeeisen-grosses-feuerwerkzeugset-und-halter-outdoor-fireset-feuerstelle-staender-indoor-rustikale-zange-schaufel-antikes-holz-zubehoer-kit\/"]}]},{"@type":"ImageObject","inLanguage":"de","@id":"https:\/\/marktxxl.de\/markt\/produkt\/amagabeli-5-stueck-kaminwerkzeuge-sets-schwarzer-griff-schmiedeeisen-grosses-feuerwerkzeugset-und-halter-outdoor-fireset-feuerstelle-staender-indoor-rustikale-zange-schaufel-antikes-holz-zubehoer-kit\/#primaryimage","url":"https:\/\/m.media-amazon.com\/images\/I\/41g6dUX7sxL._SL500_.jpg","contentUrl":"https:\/\/m.media-amazon.com\/images\/I\/41g6dUX7sxL._SL500_.jpg","width":500,"height":500},{"@type":"BreadcrumbList","@id":"https:\/\/marktxxl.de\/markt\/produkt\/amagabeli-5-stueck-kaminwerkzeuge-sets-schwarzer-griff-schmiedeeisen-grosses-feuerwerkzeugset-und-halter-outdoor-fireset-feuerstelle-staender-indoor-rustikale-zange-schaufel-antikes-holz-zubehoer-kit\/#breadcrumb","itemListElement":[{"@type":"ListItem","position":1,"name":"Startseite","item":"https:\/\/marktxxl.de\/markt\/"},{"@type":"ListItem","position":2,"name":"Markt","item":"https:\/\/marktxxl.de\/markt\/"},{"@type":"ListItem","position":3,"name":"Amagabeli 5 St\u00fcck Kaminwerkzeuge Sets Schwarzer Griff Schmiedeeisen Gro\u00dfes Feuerwerkzeugset und Halter Outdoor Fireset\u2026"}]},{"@type":"WebSite","@id":"https:\/\/marktxxl.de\/markt\/#website","url":"https:\/\/marktxxl.de\/markt\/","name":"Markt-XXL","description":"Ihr Markt Online","publisher":{"@id":"https:\/\/marktxxl.de\/markt\/#organization"},"potentialAction":[{"@type":"SearchAction","target":{"@type":"EntryPoint","urlTemplate":"https:\/\/marktxxl.de\/markt\/?s={search_term_string}"},"query-input":{"@type":"PropertyValueSpecification","valueRequired":true,"valueName":"search_term_string"}}],"inLanguage":"de"},{"@type":"Organization","@id":"https:\/\/marktxxl.de\/markt\/#organization","name":"Markt-XXL","url":"https:\/\/marktxxl.de\/markt\/","logo":{"@type":"ImageObject","inLanguage":"de","@id":"https:\/\/marktxxl.de\/markt\/#\/schema\/logo\/image\/","url":"https:\/\/marktxxl.de\/markt\/wp-content\/uploads\/sites\/3\/2020\/12\/logo.png","contentUrl":"https:\/\/marktxxl.de\/markt\/wp-content\/uploads\/sites\/3\/2020\/12\/logo.png","width":200,"height":70,"caption":"Markt-XXL"},"image":{"@id":"https:\/\/marktxxl.de\/markt\/#\/schema\/logo\/image\/"}}]}},"_links":{"self":[{"href":"https:\/\/marktxxl.de\/markt\/wp-json\/wp\/v2\/product\/31267","targetHints":{"allow":["GET"]}}],"collection":[{"href":"https:\/\/marktxxl.de\/markt\/wp-json\/wp\/v2\/product"}],"about":[{"href":"https:\/\/marktxxl.de\/markt\/wp-json\/wp\/v2\/types\/product"}],"replies":[{"embeddable":true,"href":"https:\/\/marktxxl.de\/markt\/wp-json\/wp\/v2\/comments?post=31267"}],"wp:featuredmedia":[{"embeddable":true,"href":"https:\/\/marktxxl.de\/markt\/wp-json\/wp\/v2\/media\/31268"}],"wp:attachment":[{"href":"https:\/\/marktxxl.de\/markt\/wp-json\/wp\/v2\/media?parent=31267"}],"wp:term":[{"taxonomy":"product_brand","embeddable":true,"href":"https:\/\/marktxxl.de\/markt\/wp-json\/wp\/v2\/product_brand?post=31267"},{"taxonomy":"product_cat","embeddable":true,"href":"https:\/\/marktxxl.de\/markt\/wp-json\/wp\/v2\/product_cat?post=31267"},{"taxonomy":"product_tag","embeddable":true,"href":"https:\/\/marktxxl.de\/markt\/wp-json\/wp\/v2\/product_tag?post=31267"}],"curies":[{"name":"wp","href":"https:\/\/api.w.org\/{rel}","templated":true}]}}