{"id":30820,"date":"2021-09-12T23:33:42","date_gmt":"2021-09-12T21:33:42","guid":{"rendered":"https:\/\/marktxxl.de\/markt\/produkt\/copper-pearl-baby-spucktuch-grosser-21x10-size-premium-absorbent-triple-layer-3-pack-geschenk-setvarsity\/"},"modified":"2023-04-11T01:42:20","modified_gmt":"2023-04-10T23:42:20","slug":"copper-pearl-baby-spucktuch-grosser-21x10-size-premium-absorbent-triple-layer-3-pack-geschenk-setvarsity","status":"publish","type":"product","link":"https:\/\/marktxxl.de\/markt\/produkt\/copper-pearl-baby-spucktuch-grosser-21x10-size-premium-absorbent-triple-layer-3-pack-geschenk-setvarsity\/","title":{"rendered":"Copper Pearl Baby-Spucktuch Gro\u00dfer 21&#8221;X10 &#8221; Size Premium Absorbent Triple-Layer-3-Pack-Geschenk-Set&#8221;Varsity&#8221;"},"content":{"rendered":"<p>100% Baumwolle FRONT UND SICHERN &#8211; Unsere Burpt\u00fccher sind mit Babys Komfort im Auge behalten. Deshalb haben wir sie mit 100% ultra-weichen Baumwollschichten auf der Vorderseite erstellt (strukturiert) und zur\u00fcck (plain white). Sie k\u00f6nnen sicher sein, dass Baby gegen die Schulter gem\u00fctlich f\u00fchlen, w\u00e4hrend Aufsto\u00dfen.<br \/>\nSaugvlies SCHICHT &#8211; Eine mittlere Vliesschicht bietet \u00fcberlegene Saugf\u00e4higkeit, sabbern zu stoppen und in ihren Tracks spucken. Der gef\u00fcrchtete Leckage auf Mutter Kleidung ist ein Problem der Vergangenheit an!<br \/>\nOVERSIZED- Unsere Burpt\u00fccher kommen in einer gro\u00dfz\u00fcgigen 21&#215;10-Zoll-Gr\u00f6\u00dfe, gr\u00f6\u00dfere Schulterabdeckung bereitstellt (und weniger Outfit \u00c4nderungen) f\u00fcr Mama und Papa.<br \/>\nHOHE QUALIT\u00c4T UND trendiges Design &#8211; Im Copper Pearl sind wir stolz, qualitativ hochwertige Produkte zu machen, die immer gut aussehen auf Babys, M\u00fctter oder in Ihrem Kinderzimmer. Unsere Burpt\u00fccher sind einfach, modern und sicher, dass alle Babys Stil zu erh\u00f6hen.<br \/>\nPAIR PERFEKT MIT COPPER PEARL BANDANA-SCHELL &#8211; Unsere trendy Burpt\u00fccher sind in dem gleichen Druck und Mustern auf unseren geliebten bandana L\u00e4tzchen gesehen entworfen. Sie gehen zusammen gro\u00df!<br \/>\n<div class=\"main-cross-sell\" data-asin=\"B07GQ53BTF\">\n\n\t<div class=\"WooZone-cross-sell-loader\">\n\t\t<div>\n\t\t\t<div id=\"floatingBarsG\">\n\t\t\t\t<div class=\"blockG\" id=\"rotateG_01\"><\/div>\n\t\t\t\t<div class=\"blockG\" id=\"rotateG_02\"><\/div>\n\t\t\t\t<div class=\"blockG\" id=\"rotateG_03\"><\/div>\n\t\t\t\t<div class=\"blockG\" id=\"rotateG_04\"><\/div>\n\t\t\t\t<div class=\"blockG\" id=\"rotateG_05\"><\/div>\n\t\t\t\t<div class=\"blockG\" id=\"rotateG_06\"><\/div>\n\t\t\t\t<div class=\"blockG\" id=\"rotateG_07\"><\/div>\n\t\t\t\t<div class=\"blockG\" id=\"rotateG_08\"><\/div>\n\t\t\t<\/div>\n\t\t\t<div class=\"WooZone-cross-sell-loader-text\"><\/div>\n\t\t<\/div>\n\t<\/div>\n\n\t\t\n<\/div>\n<div style=\"clear:both;\"><\/div><\/p>\n","protected":false},"excerpt":{"rendered":"<p>100% Baumwolle FRONT UND SICHERN &#8211; Unsere Burpt\u00fccher sind mit Babys Komfort im Auge behalten. Deshalb haben wir sie mit 100% ultra-weichen Baumwollschichten auf der Vorderseite erstellt (strukturiert) und zur\u00fcck (plain white). Sie k\u00f6nnen sicher sein, dass Baby gegen die Schulter gem\u00fctlich f\u00fchlen, w\u00e4hrend Aufsto\u00dfen.<br \/>\nSaugvlies SCHICHT &#8211; Eine mittlere Vliesschicht bietet \u00fcberlegene Saugf\u00e4higkeit, sabbern zu stoppen und in ihren Tracks spucken. Der gef\u00fcrchtete Leckage auf Mutter Kleidung ist ein Problem der Vergangenheit an!<br \/>\nOVERSIZED- Unsere Burpt\u00fccher kommen in einer gro\u00dfz\u00fcgigen 21&#215;10-Zoll-Gr\u00f6\u00dfe, gr\u00f6\u00dfere Schulterabdeckung bereitstellt (und weniger Outfit \u00c4nderungen) f\u00fcr Mama und Papa.<\/p>\n","protected":false},"featured_media":30821,"comment_status":"open","ping_status":"closed","template":"","meta":[],"product_brand":[],"product_cat":[21,9216],"product_tag":[],"class_list":{"0":"post-30820","1":"product","2":"type-product","3":"status-publish","4":"has-post-thumbnail","6":"product_cat-baby","7":"product_cat-ernaehrung-stillen-baby","8":"pa_binding-babyartikel","9":"pa_brand-copper-pearl","10":"pa_color-gruen-blau-schwarz-und-weiss","11":"pa_height-10-zoll","12":"pa_length-12-zoll","13":"pa_manufacturer-copper-pearl","14":"pa_model-6690","15":"pa_size-klein","16":"pa_weight-0-25-pfund","17":"pa_width-0-2-zoll","19":"first","20":"instock","21":"shipping-taxable","22":"purchasable","23":"product-type-simple","24":"customify-col","25":"product-has-gallery"},"yoast_head":"<!-- This site is optimized with the Yoast SEO plugin v27.3 - https:\/\/yoast.com\/product\/yoast-seo-wordpress\/ -->\n<title>Copper Pearl Baby-Spucktuch Gro\u00dfer 21&#039;&#039;X10 &#039;&#039; Size Premium Absorbent Triple-Layer-3-Pack-Geschenk-Set&quot;Varsity&quot; - Markt-XXL<\/title>\n<meta name=\"description\" content=\"Markt-XXL Copper Pearl Baby-Spucktuch Gro\u00dfer 21&#039;&#039;X10 &#039;&#039; Size Premium Absorbent Triple-Layer-3-Pack-Geschenk-Set&quot;Varsity&quot;\" \/>\n<meta name=\"robots\" content=\"index, follow, max-snippet:-1, max-image-preview:large, max-video-preview:-1\" \/>\n<link rel=\"canonical\" href=\"https:\/\/marktxxl.de\/markt\/produkt\/copper-pearl-baby-spucktuch-grosser-21x10-size-premium-absorbent-triple-layer-3-pack-geschenk-setvarsity\/\" \/>\n<meta property=\"og:locale\" content=\"de_DE\" \/>\n<meta property=\"og:type\" content=\"article\" \/>\n<meta property=\"og:title\" content=\"Copper Pearl Baby-Spucktuch Gro\u00dfer 21&#039;&#039;X10 &#039;&#039; Size Premium Absorbent Triple-Layer-3-Pack-Geschenk-Set&quot;Varsity&quot; - Markt-XXL\" \/>\n<meta property=\"og:description\" content=\"Markt-XXL Copper Pearl Baby-Spucktuch Gro\u00dfer 21&#039;&#039;X10 &#039;&#039; Size Premium Absorbent Triple-Layer-3-Pack-Geschenk-Set&quot;Varsity&quot;\" \/>\n<meta property=\"og:url\" content=\"https:\/\/marktxxl.de\/markt\/produkt\/copper-pearl-baby-spucktuch-grosser-21x10-size-premium-absorbent-triple-layer-3-pack-geschenk-setvarsity\/\" \/>\n<meta property=\"og:site_name\" content=\"Markt-XXL\" \/>\n<meta property=\"article:modified_time\" content=\"2023-04-10T23:42:20+00:00\" \/>\n<meta property=\"og:image\" content=\"https:\/\/m.media-amazon.com\/images\/I\/51kf4Q6biuL._SL500_.jpg\" \/>\n\t<meta property=\"og:image:width\" content=\"500\" \/>\n\t<meta property=\"og:image:height\" content=\"500\" \/>\n\t<meta property=\"og:image:type\" content=\"image\/jpeg\" \/>\n<meta name=\"twitter:card\" content=\"summary_large_image\" \/>\n<meta name=\"twitter:label1\" content=\"Gesch\u00e4tzte Lesezeit\" \/>\n\t<meta name=\"twitter:data1\" content=\"1\u00a0Minute\" \/>\n<script type=\"application\/ld+json\" class=\"yoast-schema-graph\">{\"@context\":\"https:\\\/\\\/schema.org\",\"@graph\":[{\"@type\":\"WebPage\",\"@id\":\"https:\\\/\\\/marktxxl.de\\\/markt\\\/produkt\\\/copper-pearl-baby-spucktuch-grosser-21x10-size-premium-absorbent-triple-layer-3-pack-geschenk-setvarsity\\\/\",\"url\":\"https:\\\/\\\/marktxxl.de\\\/markt\\\/produkt\\\/copper-pearl-baby-spucktuch-grosser-21x10-size-premium-absorbent-triple-layer-3-pack-geschenk-setvarsity\\\/\",\"name\":\"Copper Pearl Baby-Spucktuch Gro\u00dfer 21''X10 '' Size Premium Absorbent Triple-Layer-3-Pack-Geschenk-Set\\\"Varsity\\\" - Markt-XXL\",\"isPartOf\":{\"@id\":\"https:\\\/\\\/marktxxl.de\\\/markt\\\/#website\"},\"primaryImageOfPage\":{\"@id\":\"https:\\\/\\\/marktxxl.de\\\/markt\\\/produkt\\\/copper-pearl-baby-spucktuch-grosser-21x10-size-premium-absorbent-triple-layer-3-pack-geschenk-setvarsity\\\/#primaryimage\"},\"image\":{\"@id\":\"https:\\\/\\\/marktxxl.de\\\/markt\\\/produkt\\\/copper-pearl-baby-spucktuch-grosser-21x10-size-premium-absorbent-triple-layer-3-pack-geschenk-setvarsity\\\/#primaryimage\"},\"thumbnailUrl\":\"https:\\\/\\\/m.media-amazon.com\\\/images\\\/I\\\/51kf4Q6biuL._SL500_.jpg\",\"datePublished\":\"2021-09-12T21:33:42+00:00\",\"dateModified\":\"2023-04-10T23:42:20+00:00\",\"description\":\"Markt-XXL Copper Pearl Baby-Spucktuch Gro\u00dfer 21''X10 '' Size Premium Absorbent Triple-Layer-3-Pack-Geschenk-Set\\\"Varsity\\\"\",\"breadcrumb\":{\"@id\":\"https:\\\/\\\/marktxxl.de\\\/markt\\\/produkt\\\/copper-pearl-baby-spucktuch-grosser-21x10-size-premium-absorbent-triple-layer-3-pack-geschenk-setvarsity\\\/#breadcrumb\"},\"inLanguage\":\"de\",\"potentialAction\":[{\"@type\":\"ReadAction\",\"target\":[\"https:\\\/\\\/marktxxl.de\\\/markt\\\/produkt\\\/copper-pearl-baby-spucktuch-grosser-21x10-size-premium-absorbent-triple-layer-3-pack-geschenk-setvarsity\\\/\"]}]},{\"@type\":\"ImageObject\",\"inLanguage\":\"de\",\"@id\":\"https:\\\/\\\/marktxxl.de\\\/markt\\\/produkt\\\/copper-pearl-baby-spucktuch-grosser-21x10-size-premium-absorbent-triple-layer-3-pack-geschenk-setvarsity\\\/#primaryimage\",\"url\":\"https:\\\/\\\/m.media-amazon.com\\\/images\\\/I\\\/51kf4Q6biuL._SL500_.jpg\",\"contentUrl\":\"https:\\\/\\\/m.media-amazon.com\\\/images\\\/I\\\/51kf4Q6biuL._SL500_.jpg\",\"width\":500,\"height\":500},{\"@type\":\"BreadcrumbList\",\"@id\":\"https:\\\/\\\/marktxxl.de\\\/markt\\\/produkt\\\/copper-pearl-baby-spucktuch-grosser-21x10-size-premium-absorbent-triple-layer-3-pack-geschenk-setvarsity\\\/#breadcrumb\",\"itemListElement\":[{\"@type\":\"ListItem\",\"position\":1,\"name\":\"Startseite\",\"item\":\"https:\\\/\\\/marktxxl.de\\\/markt\\\/\"},{\"@type\":\"ListItem\",\"position\":2,\"name\":\"Markt\",\"item\":\"https:\\\/\\\/marktxxl.de\\\/markt\\\/\"},{\"@type\":\"ListItem\",\"position\":3,\"name\":\"Copper Pearl Baby-Spucktuch Gro\u00dfer 21&#8221;X10 &#8221; Size Premium Absorbent Triple-Layer-3-Pack-Geschenk-Set&#8221;Varsity&#8221;\"}]},{\"@type\":\"WebSite\",\"@id\":\"https:\\\/\\\/marktxxl.de\\\/markt\\\/#website\",\"url\":\"https:\\\/\\\/marktxxl.de\\\/markt\\\/\",\"name\":\"Markt-XXL\",\"description\":\"Ihr Markt Online\",\"publisher\":{\"@id\":\"https:\\\/\\\/marktxxl.de\\\/markt\\\/#organization\"},\"potentialAction\":[{\"@type\":\"SearchAction\",\"target\":{\"@type\":\"EntryPoint\",\"urlTemplate\":\"https:\\\/\\\/marktxxl.de\\\/markt\\\/?s={search_term_string}\"},\"query-input\":{\"@type\":\"PropertyValueSpecification\",\"valueRequired\":true,\"valueName\":\"search_term_string\"}}],\"inLanguage\":\"de\"},{\"@type\":\"Organization\",\"@id\":\"https:\\\/\\\/marktxxl.de\\\/markt\\\/#organization\",\"name\":\"Markt-XXL\",\"url\":\"https:\\\/\\\/marktxxl.de\\\/markt\\\/\",\"logo\":{\"@type\":\"ImageObject\",\"inLanguage\":\"de\",\"@id\":\"https:\\\/\\\/marktxxl.de\\\/markt\\\/#\\\/schema\\\/logo\\\/image\\\/\",\"url\":\"https:\\\/\\\/marktxxl.de\\\/markt\\\/wp-content\\\/uploads\\\/sites\\\/3\\\/2020\\\/12\\\/logo.png\",\"contentUrl\":\"https:\\\/\\\/marktxxl.de\\\/markt\\\/wp-content\\\/uploads\\\/sites\\\/3\\\/2020\\\/12\\\/logo.png\",\"width\":200,\"height\":70,\"caption\":\"Markt-XXL\"},\"image\":{\"@id\":\"https:\\\/\\\/marktxxl.de\\\/markt\\\/#\\\/schema\\\/logo\\\/image\\\/\"}}]}<\/script>\n<!-- \/ Yoast SEO plugin. -->","yoast_head_json":{"title":"Copper Pearl Baby-Spucktuch Gro\u00dfer 21''X10 '' Size Premium Absorbent Triple-Layer-3-Pack-Geschenk-Set\"Varsity\" - Markt-XXL","description":"Markt-XXL Copper Pearl Baby-Spucktuch Gro\u00dfer 21''X10 '' Size Premium Absorbent Triple-Layer-3-Pack-Geschenk-Set\"Varsity\"","robots":{"index":"index","follow":"follow","max-snippet":"max-snippet:-1","max-image-preview":"max-image-preview:large","max-video-preview":"max-video-preview:-1"},"canonical":"https:\/\/marktxxl.de\/markt\/produkt\/copper-pearl-baby-spucktuch-grosser-21x10-size-premium-absorbent-triple-layer-3-pack-geschenk-setvarsity\/","og_locale":"de_DE","og_type":"article","og_title":"Copper Pearl Baby-Spucktuch Gro\u00dfer 21''X10 '' Size Premium Absorbent Triple-Layer-3-Pack-Geschenk-Set\"Varsity\" - Markt-XXL","og_description":"Markt-XXL Copper Pearl Baby-Spucktuch Gro\u00dfer 21''X10 '' Size Premium Absorbent Triple-Layer-3-Pack-Geschenk-Set\"Varsity\"","og_url":"https:\/\/marktxxl.de\/markt\/produkt\/copper-pearl-baby-spucktuch-grosser-21x10-size-premium-absorbent-triple-layer-3-pack-geschenk-setvarsity\/","og_site_name":"Markt-XXL","article_modified_time":"2023-04-10T23:42:20+00:00","og_image":[{"width":500,"height":500,"url":"https:\/\/m.media-amazon.com\/images\/I\/51kf4Q6biuL._SL500_.jpg","type":"image\/jpeg"}],"twitter_card":"summary_large_image","twitter_misc":{"Gesch\u00e4tzte Lesezeit":"1\u00a0Minute"},"schema":{"@context":"https:\/\/schema.org","@graph":[{"@type":"WebPage","@id":"https:\/\/marktxxl.de\/markt\/produkt\/copper-pearl-baby-spucktuch-grosser-21x10-size-premium-absorbent-triple-layer-3-pack-geschenk-setvarsity\/","url":"https:\/\/marktxxl.de\/markt\/produkt\/copper-pearl-baby-spucktuch-grosser-21x10-size-premium-absorbent-triple-layer-3-pack-geschenk-setvarsity\/","name":"Copper Pearl Baby-Spucktuch Gro\u00dfer 21''X10 '' Size Premium Absorbent Triple-Layer-3-Pack-Geschenk-Set\"Varsity\" - Markt-XXL","isPartOf":{"@id":"https:\/\/marktxxl.de\/markt\/#website"},"primaryImageOfPage":{"@id":"https:\/\/marktxxl.de\/markt\/produkt\/copper-pearl-baby-spucktuch-grosser-21x10-size-premium-absorbent-triple-layer-3-pack-geschenk-setvarsity\/#primaryimage"},"image":{"@id":"https:\/\/marktxxl.de\/markt\/produkt\/copper-pearl-baby-spucktuch-grosser-21x10-size-premium-absorbent-triple-layer-3-pack-geschenk-setvarsity\/#primaryimage"},"thumbnailUrl":"https:\/\/m.media-amazon.com\/images\/I\/51kf4Q6biuL._SL500_.jpg","datePublished":"2021-09-12T21:33:42+00:00","dateModified":"2023-04-10T23:42:20+00:00","description":"Markt-XXL Copper Pearl Baby-Spucktuch Gro\u00dfer 21''X10 '' Size Premium Absorbent Triple-Layer-3-Pack-Geschenk-Set\"Varsity\"","breadcrumb":{"@id":"https:\/\/marktxxl.de\/markt\/produkt\/copper-pearl-baby-spucktuch-grosser-21x10-size-premium-absorbent-triple-layer-3-pack-geschenk-setvarsity\/#breadcrumb"},"inLanguage":"de","potentialAction":[{"@type":"ReadAction","target":["https:\/\/marktxxl.de\/markt\/produkt\/copper-pearl-baby-spucktuch-grosser-21x10-size-premium-absorbent-triple-layer-3-pack-geschenk-setvarsity\/"]}]},{"@type":"ImageObject","inLanguage":"de","@id":"https:\/\/marktxxl.de\/markt\/produkt\/copper-pearl-baby-spucktuch-grosser-21x10-size-premium-absorbent-triple-layer-3-pack-geschenk-setvarsity\/#primaryimage","url":"https:\/\/m.media-amazon.com\/images\/I\/51kf4Q6biuL._SL500_.jpg","contentUrl":"https:\/\/m.media-amazon.com\/images\/I\/51kf4Q6biuL._SL500_.jpg","width":500,"height":500},{"@type":"BreadcrumbList","@id":"https:\/\/marktxxl.de\/markt\/produkt\/copper-pearl-baby-spucktuch-grosser-21x10-size-premium-absorbent-triple-layer-3-pack-geschenk-setvarsity\/#breadcrumb","itemListElement":[{"@type":"ListItem","position":1,"name":"Startseite","item":"https:\/\/marktxxl.de\/markt\/"},{"@type":"ListItem","position":2,"name":"Markt","item":"https:\/\/marktxxl.de\/markt\/"},{"@type":"ListItem","position":3,"name":"Copper Pearl Baby-Spucktuch Gro\u00dfer 21&#8221;X10 &#8221; Size Premium Absorbent Triple-Layer-3-Pack-Geschenk-Set&#8221;Varsity&#8221;"}]},{"@type":"WebSite","@id":"https:\/\/marktxxl.de\/markt\/#website","url":"https:\/\/marktxxl.de\/markt\/","name":"Markt-XXL","description":"Ihr Markt Online","publisher":{"@id":"https:\/\/marktxxl.de\/markt\/#organization"},"potentialAction":[{"@type":"SearchAction","target":{"@type":"EntryPoint","urlTemplate":"https:\/\/marktxxl.de\/markt\/?s={search_term_string}"},"query-input":{"@type":"PropertyValueSpecification","valueRequired":true,"valueName":"search_term_string"}}],"inLanguage":"de"},{"@type":"Organization","@id":"https:\/\/marktxxl.de\/markt\/#organization","name":"Markt-XXL","url":"https:\/\/marktxxl.de\/markt\/","logo":{"@type":"ImageObject","inLanguage":"de","@id":"https:\/\/marktxxl.de\/markt\/#\/schema\/logo\/image\/","url":"https:\/\/marktxxl.de\/markt\/wp-content\/uploads\/sites\/3\/2020\/12\/logo.png","contentUrl":"https:\/\/marktxxl.de\/markt\/wp-content\/uploads\/sites\/3\/2020\/12\/logo.png","width":200,"height":70,"caption":"Markt-XXL"},"image":{"@id":"https:\/\/marktxxl.de\/markt\/#\/schema\/logo\/image\/"}}]}},"_links":{"self":[{"href":"https:\/\/marktxxl.de\/markt\/wp-json\/wp\/v2\/product\/30820","targetHints":{"allow":["GET"]}}],"collection":[{"href":"https:\/\/marktxxl.de\/markt\/wp-json\/wp\/v2\/product"}],"about":[{"href":"https:\/\/marktxxl.de\/markt\/wp-json\/wp\/v2\/types\/product"}],"replies":[{"embeddable":true,"href":"https:\/\/marktxxl.de\/markt\/wp-json\/wp\/v2\/comments?post=30820"}],"wp:featuredmedia":[{"embeddable":true,"href":"https:\/\/marktxxl.de\/markt\/wp-json\/wp\/v2\/media\/30821"}],"wp:attachment":[{"href":"https:\/\/marktxxl.de\/markt\/wp-json\/wp\/v2\/media?parent=30820"}],"wp:term":[{"taxonomy":"product_brand","embeddable":true,"href":"https:\/\/marktxxl.de\/markt\/wp-json\/wp\/v2\/product_brand?post=30820"},{"taxonomy":"product_cat","embeddable":true,"href":"https:\/\/marktxxl.de\/markt\/wp-json\/wp\/v2\/product_cat?post=30820"},{"taxonomy":"product_tag","embeddable":true,"href":"https:\/\/marktxxl.de\/markt\/wp-json\/wp\/v2\/product_tag?post=30820"}],"curies":[{"name":"wp","href":"https:\/\/api.w.org\/{rel}","templated":true}]}}