{"id":30451,"date":"2021-09-12T23:06:09","date_gmt":"2021-09-12T21:06:09","guid":{"rendered":"https:\/\/marktxxl.de\/markt\/produkt\/bosch-begrenzungskabel-fuer-bosch-indego-maehroboter-100-m\/"},"modified":"2023-04-09T01:11:14","modified_gmt":"2023-04-08T23:11:14","slug":"bosch-begrenzungskabel-fuer-bosch-indego-maehroboter-100-m","status":"publish","type":"product","link":"https:\/\/marktxxl.de\/markt\/produkt\/bosch-begrenzungskabel-fuer-bosch-indego-maehroboter-100-m\/","title":{"rendered":"Bosch Begrenzungskabel (f\u00fcr Bosch Indego M\u00e4hroboter, 100 m)"},"content":{"rendered":"<p>F\u00fcr Indego M\u00e4hroboter von Bosch geeignet<br \/>\nBegrenzungskabel zum Markieren der Au\u00dfengrenze der Rasenfl\u00e4che<br \/>\nEffizienz: Gro\u00dfe Fl\u00e4chen auf einmal m\u00e4hen dank dem 100 Meter langem Begrenzungskabel<br \/>\nNach einmaliger Installation, kennt der Rasenm\u00e4her seine Arbeitsfl\u00e4che und m\u00e4ht selbstst\u00e4ndig<br \/>\nVerl\u00e4sslich: Langanhaltende Garantie dank hoher Bosch Qualit\u00e4t<br \/>\n<div class=\"main-cross-sell\" data-asin=\"B00HZ92HE6\">\n\n\t<div class=\"WooZone-cross-sell-loader\">\n\t\t<div>\n\t\t\t<div id=\"floatingBarsG\">\n\t\t\t\t<div class=\"blockG\" id=\"rotateG_01\"><\/div>\n\t\t\t\t<div class=\"blockG\" id=\"rotateG_02\"><\/div>\n\t\t\t\t<div class=\"blockG\" id=\"rotateG_03\"><\/div>\n\t\t\t\t<div class=\"blockG\" id=\"rotateG_04\"><\/div>\n\t\t\t\t<div class=\"blockG\" id=\"rotateG_05\"><\/div>\n\t\t\t\t<div class=\"blockG\" id=\"rotateG_06\"><\/div>\n\t\t\t\t<div class=\"blockG\" id=\"rotateG_07\"><\/div>\n\t\t\t\t<div class=\"blockG\" id=\"rotateG_08\"><\/div>\n\t\t\t<\/div>\n\t\t\t<div class=\"WooZone-cross-sell-loader-text\"><\/div>\n\t\t<\/div>\n\t<\/div>\n\n\t\t\n<\/div>\n<div style=\"clear:both;\"><\/div><\/p>\n","protected":false},"excerpt":{"rendered":"<p>F\u00fcr Indego M\u00e4hroboter von Bosch geeignet<br \/>\nBegrenzungskabel zum Markieren der Au\u00dfengrenze der Rasenfl\u00e4che<br \/>\nEffizienz: Gro\u00dfe Fl\u00e4chen auf einmal m\u00e4hen dank dem 100 Meter langem Begrenzungskabel<\/p>\n","protected":false},"featured_media":30452,"comment_status":"open","ping_status":"closed","template":"","meta":[],"product_brand":[],"product_cat":[1983,11235],"product_tag":[],"class_list":{"0":"post-30451","1":"product","2":"type-product","3":"status-publish","4":"has-post-thumbnail","6":"product_cat-baumarkt","7":"product_cat-rasenmaeher-elektrische-gartenwerkzeuge","8":"pa_binding-werkzeug","9":"pa_brand-bosch-home-and-garden","10":"pa_height-6-7322834577-zoll","11":"pa_languages-handbuch-italienisch-handbuch-deutsch-handbuch-franzoesisch-handbuch-englisch-handbuch-spanisch","12":"pa_length-2-9921259812-zoll","13":"pa_manufacturer-bosch","14":"pa_model-f016800373","15":"pa_weight-1-75928885076-pfund","16":"pa_width-6-7322834577-zoll","18":"first","19":"instock","20":"shipping-taxable","21":"purchasable","22":"product-type-simple","23":"customify-col","24":"product-has-gallery"},"yoast_head":"<!-- This site is optimized with the Yoast SEO plugin v27.4 - https:\/\/yoast.com\/product\/yoast-seo-wordpress\/ -->\n<title>Bosch Begrenzungskabel (f\u00fcr Bosch Indego M\u00e4hroboter, 100 m) - Markt-XXL<\/title>\n<meta name=\"description\" content=\"Markt-XXL Bosch Begrenzungskabel (f\u00fcr Bosch Indego M\u00e4hroboter, 100 m)\" \/>\n<meta name=\"robots\" content=\"index, follow, max-snippet:-1, max-image-preview:large, max-video-preview:-1\" \/>\n<link rel=\"canonical\" href=\"https:\/\/marktxxl.de\/markt\/produkt\/bosch-begrenzungskabel-fuer-bosch-indego-maehroboter-100-m\/\" \/>\n<meta property=\"og:locale\" content=\"de_DE\" \/>\n<meta property=\"og:type\" content=\"article\" \/>\n<meta property=\"og:title\" content=\"Bosch Begrenzungskabel (f\u00fcr Bosch Indego M\u00e4hroboter, 100 m) - Markt-XXL\" \/>\n<meta property=\"og:description\" content=\"Markt-XXL Bosch Begrenzungskabel (f\u00fcr Bosch Indego M\u00e4hroboter, 100 m)\" \/>\n<meta property=\"og:url\" content=\"https:\/\/marktxxl.de\/markt\/produkt\/bosch-begrenzungskabel-fuer-bosch-indego-maehroboter-100-m\/\" \/>\n<meta property=\"og:site_name\" content=\"Markt-XXL\" \/>\n<meta property=\"article:modified_time\" content=\"2023-04-08T23:11:14+00:00\" \/>\n<meta property=\"og:image\" content=\"https:\/\/m.media-amazon.com\/images\/I\/51jqo5ATbuL._SL500_.jpg\" \/>\n\t<meta property=\"og:image:width\" content=\"500\" \/>\n\t<meta property=\"og:image:height\" content=\"402\" \/>\n\t<meta property=\"og:image:type\" content=\"image\/jpeg\" \/>\n<meta name=\"twitter:card\" content=\"summary_large_image\" \/>\n<script type=\"application\/ld+json\" class=\"yoast-schema-graph\">{\"@context\":\"https:\\\/\\\/schema.org\",\"@graph\":[{\"@type\":\"WebPage\",\"@id\":\"https:\\\/\\\/marktxxl.de\\\/markt\\\/produkt\\\/bosch-begrenzungskabel-fuer-bosch-indego-maehroboter-100-m\\\/\",\"url\":\"https:\\\/\\\/marktxxl.de\\\/markt\\\/produkt\\\/bosch-begrenzungskabel-fuer-bosch-indego-maehroboter-100-m\\\/\",\"name\":\"Bosch Begrenzungskabel (f\u00fcr Bosch Indego M\u00e4hroboter, 100 m) - Markt-XXL\",\"isPartOf\":{\"@id\":\"https:\\\/\\\/marktxxl.de\\\/markt\\\/#website\"},\"primaryImageOfPage\":{\"@id\":\"https:\\\/\\\/marktxxl.de\\\/markt\\\/produkt\\\/bosch-begrenzungskabel-fuer-bosch-indego-maehroboter-100-m\\\/#primaryimage\"},\"image\":{\"@id\":\"https:\\\/\\\/marktxxl.de\\\/markt\\\/produkt\\\/bosch-begrenzungskabel-fuer-bosch-indego-maehroboter-100-m\\\/#primaryimage\"},\"thumbnailUrl\":\"https:\\\/\\\/m.media-amazon.com\\\/images\\\/I\\\/51jqo5ATbuL._SL500_.jpg\",\"datePublished\":\"2021-09-12T21:06:09+00:00\",\"dateModified\":\"2023-04-08T23:11:14+00:00\",\"description\":\"Markt-XXL Bosch Begrenzungskabel (f\u00fcr Bosch Indego M\u00e4hroboter, 100 m)\",\"breadcrumb\":{\"@id\":\"https:\\\/\\\/marktxxl.de\\\/markt\\\/produkt\\\/bosch-begrenzungskabel-fuer-bosch-indego-maehroboter-100-m\\\/#breadcrumb\"},\"inLanguage\":\"de\",\"potentialAction\":[{\"@type\":\"ReadAction\",\"target\":[\"https:\\\/\\\/marktxxl.de\\\/markt\\\/produkt\\\/bosch-begrenzungskabel-fuer-bosch-indego-maehroboter-100-m\\\/\"]}]},{\"@type\":\"ImageObject\",\"inLanguage\":\"de\",\"@id\":\"https:\\\/\\\/marktxxl.de\\\/markt\\\/produkt\\\/bosch-begrenzungskabel-fuer-bosch-indego-maehroboter-100-m\\\/#primaryimage\",\"url\":\"https:\\\/\\\/m.media-amazon.com\\\/images\\\/I\\\/51jqo5ATbuL._SL500_.jpg\",\"contentUrl\":\"https:\\\/\\\/m.media-amazon.com\\\/images\\\/I\\\/51jqo5ATbuL._SL500_.jpg\",\"width\":500,\"height\":402},{\"@type\":\"BreadcrumbList\",\"@id\":\"https:\\\/\\\/marktxxl.de\\\/markt\\\/produkt\\\/bosch-begrenzungskabel-fuer-bosch-indego-maehroboter-100-m\\\/#breadcrumb\",\"itemListElement\":[{\"@type\":\"ListItem\",\"position\":1,\"name\":\"Startseite\",\"item\":\"https:\\\/\\\/marktxxl.de\\\/markt\\\/\"},{\"@type\":\"ListItem\",\"position\":2,\"name\":\"Markt\",\"item\":\"https:\\\/\\\/marktxxl.de\\\/markt\\\/\"},{\"@type\":\"ListItem\",\"position\":3,\"name\":\"Bosch Begrenzungskabel (f\u00fcr Bosch Indego M\u00e4hroboter, 100 m)\"}]},{\"@type\":\"WebSite\",\"@id\":\"https:\\\/\\\/marktxxl.de\\\/markt\\\/#website\",\"url\":\"https:\\\/\\\/marktxxl.de\\\/markt\\\/\",\"name\":\"Markt-XXL\",\"description\":\"Ihr Markt Online\",\"publisher\":{\"@id\":\"https:\\\/\\\/marktxxl.de\\\/markt\\\/#organization\"},\"potentialAction\":[{\"@type\":\"SearchAction\",\"target\":{\"@type\":\"EntryPoint\",\"urlTemplate\":\"https:\\\/\\\/marktxxl.de\\\/markt\\\/?s={search_term_string}\"},\"query-input\":{\"@type\":\"PropertyValueSpecification\",\"valueRequired\":true,\"valueName\":\"search_term_string\"}}],\"inLanguage\":\"de\"},{\"@type\":\"Organization\",\"@id\":\"https:\\\/\\\/marktxxl.de\\\/markt\\\/#organization\",\"name\":\"Markt-XXL\",\"url\":\"https:\\\/\\\/marktxxl.de\\\/markt\\\/\",\"logo\":{\"@type\":\"ImageObject\",\"inLanguage\":\"de\",\"@id\":\"https:\\\/\\\/marktxxl.de\\\/markt\\\/#\\\/schema\\\/logo\\\/image\\\/\",\"url\":\"https:\\\/\\\/marktxxl.de\\\/markt\\\/wp-content\\\/uploads\\\/sites\\\/3\\\/2020\\\/12\\\/logo.png\",\"contentUrl\":\"https:\\\/\\\/marktxxl.de\\\/markt\\\/wp-content\\\/uploads\\\/sites\\\/3\\\/2020\\\/12\\\/logo.png\",\"width\":200,\"height\":70,\"caption\":\"Markt-XXL\"},\"image\":{\"@id\":\"https:\\\/\\\/marktxxl.de\\\/markt\\\/#\\\/schema\\\/logo\\\/image\\\/\"}}]}<\/script>\n<!-- \/ Yoast SEO plugin. -->","yoast_head_json":{"title":"Bosch Begrenzungskabel (f\u00fcr Bosch Indego M\u00e4hroboter, 100 m) - Markt-XXL","description":"Markt-XXL Bosch Begrenzungskabel (f\u00fcr Bosch Indego M\u00e4hroboter, 100 m)","robots":{"index":"index","follow":"follow","max-snippet":"max-snippet:-1","max-image-preview":"max-image-preview:large","max-video-preview":"max-video-preview:-1"},"canonical":"https:\/\/marktxxl.de\/markt\/produkt\/bosch-begrenzungskabel-fuer-bosch-indego-maehroboter-100-m\/","og_locale":"de_DE","og_type":"article","og_title":"Bosch Begrenzungskabel (f\u00fcr Bosch Indego M\u00e4hroboter, 100 m) - Markt-XXL","og_description":"Markt-XXL Bosch Begrenzungskabel (f\u00fcr Bosch Indego M\u00e4hroboter, 100 m)","og_url":"https:\/\/marktxxl.de\/markt\/produkt\/bosch-begrenzungskabel-fuer-bosch-indego-maehroboter-100-m\/","og_site_name":"Markt-XXL","article_modified_time":"2023-04-08T23:11:14+00:00","og_image":[{"width":500,"height":402,"url":"https:\/\/m.media-amazon.com\/images\/I\/51jqo5ATbuL._SL500_.jpg","type":"image\/jpeg"}],"twitter_card":"summary_large_image","schema":{"@context":"https:\/\/schema.org","@graph":[{"@type":"WebPage","@id":"https:\/\/marktxxl.de\/markt\/produkt\/bosch-begrenzungskabel-fuer-bosch-indego-maehroboter-100-m\/","url":"https:\/\/marktxxl.de\/markt\/produkt\/bosch-begrenzungskabel-fuer-bosch-indego-maehroboter-100-m\/","name":"Bosch Begrenzungskabel (f\u00fcr Bosch Indego M\u00e4hroboter, 100 m) - Markt-XXL","isPartOf":{"@id":"https:\/\/marktxxl.de\/markt\/#website"},"primaryImageOfPage":{"@id":"https:\/\/marktxxl.de\/markt\/produkt\/bosch-begrenzungskabel-fuer-bosch-indego-maehroboter-100-m\/#primaryimage"},"image":{"@id":"https:\/\/marktxxl.de\/markt\/produkt\/bosch-begrenzungskabel-fuer-bosch-indego-maehroboter-100-m\/#primaryimage"},"thumbnailUrl":"https:\/\/m.media-amazon.com\/images\/I\/51jqo5ATbuL._SL500_.jpg","datePublished":"2021-09-12T21:06:09+00:00","dateModified":"2023-04-08T23:11:14+00:00","description":"Markt-XXL Bosch Begrenzungskabel (f\u00fcr Bosch Indego M\u00e4hroboter, 100 m)","breadcrumb":{"@id":"https:\/\/marktxxl.de\/markt\/produkt\/bosch-begrenzungskabel-fuer-bosch-indego-maehroboter-100-m\/#breadcrumb"},"inLanguage":"de","potentialAction":[{"@type":"ReadAction","target":["https:\/\/marktxxl.de\/markt\/produkt\/bosch-begrenzungskabel-fuer-bosch-indego-maehroboter-100-m\/"]}]},{"@type":"ImageObject","inLanguage":"de","@id":"https:\/\/marktxxl.de\/markt\/produkt\/bosch-begrenzungskabel-fuer-bosch-indego-maehroboter-100-m\/#primaryimage","url":"https:\/\/m.media-amazon.com\/images\/I\/51jqo5ATbuL._SL500_.jpg","contentUrl":"https:\/\/m.media-amazon.com\/images\/I\/51jqo5ATbuL._SL500_.jpg","width":500,"height":402},{"@type":"BreadcrumbList","@id":"https:\/\/marktxxl.de\/markt\/produkt\/bosch-begrenzungskabel-fuer-bosch-indego-maehroboter-100-m\/#breadcrumb","itemListElement":[{"@type":"ListItem","position":1,"name":"Startseite","item":"https:\/\/marktxxl.de\/markt\/"},{"@type":"ListItem","position":2,"name":"Markt","item":"https:\/\/marktxxl.de\/markt\/"},{"@type":"ListItem","position":3,"name":"Bosch Begrenzungskabel (f\u00fcr Bosch Indego M\u00e4hroboter, 100 m)"}]},{"@type":"WebSite","@id":"https:\/\/marktxxl.de\/markt\/#website","url":"https:\/\/marktxxl.de\/markt\/","name":"Markt-XXL","description":"Ihr Markt Online","publisher":{"@id":"https:\/\/marktxxl.de\/markt\/#organization"},"potentialAction":[{"@type":"SearchAction","target":{"@type":"EntryPoint","urlTemplate":"https:\/\/marktxxl.de\/markt\/?s={search_term_string}"},"query-input":{"@type":"PropertyValueSpecification","valueRequired":true,"valueName":"search_term_string"}}],"inLanguage":"de"},{"@type":"Organization","@id":"https:\/\/marktxxl.de\/markt\/#organization","name":"Markt-XXL","url":"https:\/\/marktxxl.de\/markt\/","logo":{"@type":"ImageObject","inLanguage":"de","@id":"https:\/\/marktxxl.de\/markt\/#\/schema\/logo\/image\/","url":"https:\/\/marktxxl.de\/markt\/wp-content\/uploads\/sites\/3\/2020\/12\/logo.png","contentUrl":"https:\/\/marktxxl.de\/markt\/wp-content\/uploads\/sites\/3\/2020\/12\/logo.png","width":200,"height":70,"caption":"Markt-XXL"},"image":{"@id":"https:\/\/marktxxl.de\/markt\/#\/schema\/logo\/image\/"}}]}},"_links":{"self":[{"href":"https:\/\/marktxxl.de\/markt\/wp-json\/wp\/v2\/product\/30451","targetHints":{"allow":["GET"]}}],"collection":[{"href":"https:\/\/marktxxl.de\/markt\/wp-json\/wp\/v2\/product"}],"about":[{"href":"https:\/\/marktxxl.de\/markt\/wp-json\/wp\/v2\/types\/product"}],"replies":[{"embeddable":true,"href":"https:\/\/marktxxl.de\/markt\/wp-json\/wp\/v2\/comments?post=30451"}],"wp:featuredmedia":[{"embeddable":true,"href":"https:\/\/marktxxl.de\/markt\/wp-json\/wp\/v2\/media\/30452"}],"wp:attachment":[{"href":"https:\/\/marktxxl.de\/markt\/wp-json\/wp\/v2\/media?parent=30451"}],"wp:term":[{"taxonomy":"product_brand","embeddable":true,"href":"https:\/\/marktxxl.de\/markt\/wp-json\/wp\/v2\/product_brand?post=30451"},{"taxonomy":"product_cat","embeddable":true,"href":"https:\/\/marktxxl.de\/markt\/wp-json\/wp\/v2\/product_cat?post=30451"},{"taxonomy":"product_tag","embeddable":true,"href":"https:\/\/marktxxl.de\/markt\/wp-json\/wp\/v2\/product_tag?post=30451"}],"curies":[{"name":"wp","href":"https:\/\/api.w.org\/{rel}","templated":true}]}}