{"id":30375,"date":"2021-09-12T23:02:24","date_gmt":"2021-09-12T21:02:24","guid":{"rendered":"https:\/\/marktxxl.de\/markt\/produkt\/roommates-rm-disney-frozen-olaf-der-schneemann-wandtattoo-pvc-bunt-29-x-13-x-2-5-cm\/"},"modified":"2023-04-09T01:11:12","modified_gmt":"2023-04-08T23:11:12","slug":"roommates-rm-disney-frozen-olaf-der-schneemann-wandtattoo-pvc-bunt-29-x-13-x-2-5-cm","status":"publish","type":"product","link":"https:\/\/marktxxl.de\/markt\/produkt\/roommates-rm-disney-frozen-olaf-der-schneemann-wandtattoo-pvc-bunt-29-x-13-x-2-5-cm\/","title":{"rendered":"RoomMates RM &#8211; Disney Frozen Olaf &#8211; der Schneemann Wandtattoo, PVC, bunt, 29 x 13 x 2.5 cm"},"content":{"rendered":"<p>Erwecken Sie Ihre W\u00e4nde mit den tollen, farbenfrohen und stylischen Wandtattoos von RoomMates zum Leben.<br \/>\nEgal ob Sie ein Kinderzimmer, ein Jugendzimmer, ein Schlafzimmer, Ihr B\u00fcro oder Teile Ihres Hauses wie Flur, K\u00fcche oder Bad dekorieren m\u00f6chten &#8211; die RoomMates bieten Ihnen das passende Motiv.<br \/>\nSie eignen sich auch super als Geschenk. Unsere Dekore lassen sich in sekundenschnelle anbringen und jederzeit wieder r\u00fcckstandslos entfernen.<br \/>\nGr\u00f6\u00dfe an der Wand: 24,1 cm x 57,2 cm<br \/>\n25 Elemente<br \/>\n<div class=\"main-cross-sell\" data-asin=\"B00FMQIMZ2\">\n\n\t<div class=\"WooZone-cross-sell-loader\">\n\t\t<div>\n\t\t\t<div id=\"floatingBarsG\">\n\t\t\t\t<div class=\"blockG\" id=\"rotateG_01\"><\/div>\n\t\t\t\t<div class=\"blockG\" id=\"rotateG_02\"><\/div>\n\t\t\t\t<div class=\"blockG\" id=\"rotateG_03\"><\/div>\n\t\t\t\t<div class=\"blockG\" id=\"rotateG_04\"><\/div>\n\t\t\t\t<div class=\"blockG\" id=\"rotateG_05\"><\/div>\n\t\t\t\t<div class=\"blockG\" id=\"rotateG_06\"><\/div>\n\t\t\t\t<div class=\"blockG\" id=\"rotateG_07\"><\/div>\n\t\t\t\t<div class=\"blockG\" id=\"rotateG_08\"><\/div>\n\t\t\t<\/div>\n\t\t\t<div class=\"WooZone-cross-sell-loader-text\"><\/div>\n\t\t<\/div>\n\t<\/div>\n\n\t\t\n<\/div>\n<div style=\"clear:both;\"><\/div><\/p>\n","protected":false},"excerpt":{"rendered":"<p>Erwecken Sie Ihre W\u00e4nde mit den tollen, farbenfrohen und stylischen Wandtattoos von RoomMates zum Leben.<br \/>\nEgal ob Sie ein Kinderzimmer, ein Jugendzimmer, ein Schlafzimmer, Ihr B\u00fcro oder Teile Ihres Hauses wie Flur, K\u00fcche oder Bad dekorieren m\u00f6chten &#8211; die RoomMates bieten Ihnen das passende Motiv.<br \/>\nSie eignen sich auch super als Geschenk. Unsere Dekore lassen sich in sekundenschnelle anbringen und jederzeit wieder r\u00fcckstandslos entfernen.<\/p>\n","protected":false},"featured_media":30376,"comment_status":"open","ping_status":"closed","template":"","meta":[],"product_brand":[],"product_cat":[1983,11212],"product_tag":[],"class_list":{"0":"post-30375","1":"product","2":"type-product","3":"status-publish","4":"has-post-thumbnail","6":"product_cat-baumarkt","7":"product_cat-malerbedarf-werkzeuge-tapeten","8":"pa_binding-werkzeug","9":"pa_brand-roommates","10":"pa_color-bunt","11":"pa_height-0-zoll","12":"pa_languages-unbekannt-englisch","13":"pa_length-40-zoll","14":"pa_manufacturer-roommates","15":"pa_model-rmk2372scs","16":"pa_size-29-x-13-x-2-5-cm","17":"pa_weight-0-0881849048-pfund","18":"pa_width-9-zoll","20":"first","21":"instock","22":"shipping-taxable","23":"purchasable","24":"product-type-simple","25":"customify-col","26":"product-has-gallery"},"yoast_head":"<!-- This site is optimized with the Yoast SEO plugin v27.3 - https:\/\/yoast.com\/product\/yoast-seo-wordpress\/ -->\n<title>RoomMates RM - Disney Frozen Olaf - der Schneemann Wandtattoo, PVC, bunt, 29 x 13 x 2.5 cm - Markt-XXL<\/title>\n<meta name=\"description\" content=\"Markt-XXL RoomMates RM - Disney Frozen Olaf - der Schneemann Wandtattoo, PVC, bunt, 29 x 13 x 2.5 cm\" \/>\n<meta name=\"robots\" content=\"index, follow, max-snippet:-1, max-image-preview:large, max-video-preview:-1\" \/>\n<link rel=\"canonical\" href=\"https:\/\/marktxxl.de\/markt\/produkt\/roommates-rm-disney-frozen-olaf-der-schneemann-wandtattoo-pvc-bunt-29-x-13-x-2-5-cm\/\" \/>\n<meta property=\"og:locale\" content=\"de_DE\" \/>\n<meta property=\"og:type\" content=\"article\" \/>\n<meta property=\"og:title\" content=\"RoomMates RM - Disney Frozen Olaf - der Schneemann Wandtattoo, PVC, bunt, 29 x 13 x 2.5 cm - Markt-XXL\" \/>\n<meta property=\"og:description\" content=\"Markt-XXL RoomMates RM - Disney Frozen Olaf - der Schneemann Wandtattoo, PVC, bunt, 29 x 13 x 2.5 cm\" \/>\n<meta property=\"og:url\" content=\"https:\/\/marktxxl.de\/markt\/produkt\/roommates-rm-disney-frozen-olaf-der-schneemann-wandtattoo-pvc-bunt-29-x-13-x-2-5-cm\/\" \/>\n<meta property=\"og:site_name\" content=\"Markt-XXL\" \/>\n<meta property=\"article:modified_time\" content=\"2023-04-08T23:11:12+00:00\" \/>\n<meta property=\"og:image\" content=\"https:\/\/m.media-amazon.com\/images\/I\/41ySw-GcZJL._SL500_.jpg\" \/>\n\t<meta property=\"og:image:width\" content=\"500\" \/>\n\t<meta property=\"og:image:height\" content=\"500\" \/>\n\t<meta property=\"og:image:type\" content=\"image\/jpeg\" \/>\n<meta name=\"twitter:card\" content=\"summary_large_image\" \/>\n<script type=\"application\/ld+json\" class=\"yoast-schema-graph\">{\"@context\":\"https:\\\/\\\/schema.org\",\"@graph\":[{\"@type\":\"WebPage\",\"@id\":\"https:\\\/\\\/marktxxl.de\\\/markt\\\/produkt\\\/roommates-rm-disney-frozen-olaf-der-schneemann-wandtattoo-pvc-bunt-29-x-13-x-2-5-cm\\\/\",\"url\":\"https:\\\/\\\/marktxxl.de\\\/markt\\\/produkt\\\/roommates-rm-disney-frozen-olaf-der-schneemann-wandtattoo-pvc-bunt-29-x-13-x-2-5-cm\\\/\",\"name\":\"RoomMates RM - Disney Frozen Olaf - der Schneemann Wandtattoo, PVC, bunt, 29 x 13 x 2.5 cm - Markt-XXL\",\"isPartOf\":{\"@id\":\"https:\\\/\\\/marktxxl.de\\\/markt\\\/#website\"},\"primaryImageOfPage\":{\"@id\":\"https:\\\/\\\/marktxxl.de\\\/markt\\\/produkt\\\/roommates-rm-disney-frozen-olaf-der-schneemann-wandtattoo-pvc-bunt-29-x-13-x-2-5-cm\\\/#primaryimage\"},\"image\":{\"@id\":\"https:\\\/\\\/marktxxl.de\\\/markt\\\/produkt\\\/roommates-rm-disney-frozen-olaf-der-schneemann-wandtattoo-pvc-bunt-29-x-13-x-2-5-cm\\\/#primaryimage\"},\"thumbnailUrl\":\"https:\\\/\\\/m.media-amazon.com\\\/images\\\/I\\\/41ySw-GcZJL._SL500_.jpg\",\"datePublished\":\"2021-09-12T21:02:24+00:00\",\"dateModified\":\"2023-04-08T23:11:12+00:00\",\"description\":\"Markt-XXL RoomMates RM - Disney Frozen Olaf - der Schneemann Wandtattoo, PVC, bunt, 29 x 13 x 2.5 cm\",\"breadcrumb\":{\"@id\":\"https:\\\/\\\/marktxxl.de\\\/markt\\\/produkt\\\/roommates-rm-disney-frozen-olaf-der-schneemann-wandtattoo-pvc-bunt-29-x-13-x-2-5-cm\\\/#breadcrumb\"},\"inLanguage\":\"de\",\"potentialAction\":[{\"@type\":\"ReadAction\",\"target\":[\"https:\\\/\\\/marktxxl.de\\\/markt\\\/produkt\\\/roommates-rm-disney-frozen-olaf-der-schneemann-wandtattoo-pvc-bunt-29-x-13-x-2-5-cm\\\/\"]}]},{\"@type\":\"ImageObject\",\"inLanguage\":\"de\",\"@id\":\"https:\\\/\\\/marktxxl.de\\\/markt\\\/produkt\\\/roommates-rm-disney-frozen-olaf-der-schneemann-wandtattoo-pvc-bunt-29-x-13-x-2-5-cm\\\/#primaryimage\",\"url\":\"https:\\\/\\\/m.media-amazon.com\\\/images\\\/I\\\/41ySw-GcZJL._SL500_.jpg\",\"contentUrl\":\"https:\\\/\\\/m.media-amazon.com\\\/images\\\/I\\\/41ySw-GcZJL._SL500_.jpg\",\"width\":500,\"height\":500},{\"@type\":\"BreadcrumbList\",\"@id\":\"https:\\\/\\\/marktxxl.de\\\/markt\\\/produkt\\\/roommates-rm-disney-frozen-olaf-der-schneemann-wandtattoo-pvc-bunt-29-x-13-x-2-5-cm\\\/#breadcrumb\",\"itemListElement\":[{\"@type\":\"ListItem\",\"position\":1,\"name\":\"Startseite\",\"item\":\"https:\\\/\\\/marktxxl.de\\\/markt\\\/\"},{\"@type\":\"ListItem\",\"position\":2,\"name\":\"Markt\",\"item\":\"https:\\\/\\\/marktxxl.de\\\/markt\\\/\"},{\"@type\":\"ListItem\",\"position\":3,\"name\":\"RoomMates RM &#8211; Disney Frozen Olaf &#8211; der Schneemann Wandtattoo, PVC, bunt, 29 x 13 x 2.5 cm\"}]},{\"@type\":\"WebSite\",\"@id\":\"https:\\\/\\\/marktxxl.de\\\/markt\\\/#website\",\"url\":\"https:\\\/\\\/marktxxl.de\\\/markt\\\/\",\"name\":\"Markt-XXL\",\"description\":\"Ihr Markt Online\",\"publisher\":{\"@id\":\"https:\\\/\\\/marktxxl.de\\\/markt\\\/#organization\"},\"potentialAction\":[{\"@type\":\"SearchAction\",\"target\":{\"@type\":\"EntryPoint\",\"urlTemplate\":\"https:\\\/\\\/marktxxl.de\\\/markt\\\/?s={search_term_string}\"},\"query-input\":{\"@type\":\"PropertyValueSpecification\",\"valueRequired\":true,\"valueName\":\"search_term_string\"}}],\"inLanguage\":\"de\"},{\"@type\":\"Organization\",\"@id\":\"https:\\\/\\\/marktxxl.de\\\/markt\\\/#organization\",\"name\":\"Markt-XXL\",\"url\":\"https:\\\/\\\/marktxxl.de\\\/markt\\\/\",\"logo\":{\"@type\":\"ImageObject\",\"inLanguage\":\"de\",\"@id\":\"https:\\\/\\\/marktxxl.de\\\/markt\\\/#\\\/schema\\\/logo\\\/image\\\/\",\"url\":\"https:\\\/\\\/marktxxl.de\\\/markt\\\/wp-content\\\/uploads\\\/sites\\\/3\\\/2020\\\/12\\\/logo.png\",\"contentUrl\":\"https:\\\/\\\/marktxxl.de\\\/markt\\\/wp-content\\\/uploads\\\/sites\\\/3\\\/2020\\\/12\\\/logo.png\",\"width\":200,\"height\":70,\"caption\":\"Markt-XXL\"},\"image\":{\"@id\":\"https:\\\/\\\/marktxxl.de\\\/markt\\\/#\\\/schema\\\/logo\\\/image\\\/\"}}]}<\/script>\n<!-- \/ Yoast SEO plugin. -->","yoast_head_json":{"title":"RoomMates RM - Disney Frozen Olaf - der Schneemann Wandtattoo, PVC, bunt, 29 x 13 x 2.5 cm - Markt-XXL","description":"Markt-XXL RoomMates RM - Disney Frozen Olaf - der Schneemann Wandtattoo, PVC, bunt, 29 x 13 x 2.5 cm","robots":{"index":"index","follow":"follow","max-snippet":"max-snippet:-1","max-image-preview":"max-image-preview:large","max-video-preview":"max-video-preview:-1"},"canonical":"https:\/\/marktxxl.de\/markt\/produkt\/roommates-rm-disney-frozen-olaf-der-schneemann-wandtattoo-pvc-bunt-29-x-13-x-2-5-cm\/","og_locale":"de_DE","og_type":"article","og_title":"RoomMates RM - Disney Frozen Olaf - der Schneemann Wandtattoo, PVC, bunt, 29 x 13 x 2.5 cm - Markt-XXL","og_description":"Markt-XXL RoomMates RM - Disney Frozen Olaf - der Schneemann Wandtattoo, PVC, bunt, 29 x 13 x 2.5 cm","og_url":"https:\/\/marktxxl.de\/markt\/produkt\/roommates-rm-disney-frozen-olaf-der-schneemann-wandtattoo-pvc-bunt-29-x-13-x-2-5-cm\/","og_site_name":"Markt-XXL","article_modified_time":"2023-04-08T23:11:12+00:00","og_image":[{"width":500,"height":500,"url":"https:\/\/m.media-amazon.com\/images\/I\/41ySw-GcZJL._SL500_.jpg","type":"image\/jpeg"}],"twitter_card":"summary_large_image","schema":{"@context":"https:\/\/schema.org","@graph":[{"@type":"WebPage","@id":"https:\/\/marktxxl.de\/markt\/produkt\/roommates-rm-disney-frozen-olaf-der-schneemann-wandtattoo-pvc-bunt-29-x-13-x-2-5-cm\/","url":"https:\/\/marktxxl.de\/markt\/produkt\/roommates-rm-disney-frozen-olaf-der-schneemann-wandtattoo-pvc-bunt-29-x-13-x-2-5-cm\/","name":"RoomMates RM - Disney Frozen Olaf - der Schneemann Wandtattoo, PVC, bunt, 29 x 13 x 2.5 cm - Markt-XXL","isPartOf":{"@id":"https:\/\/marktxxl.de\/markt\/#website"},"primaryImageOfPage":{"@id":"https:\/\/marktxxl.de\/markt\/produkt\/roommates-rm-disney-frozen-olaf-der-schneemann-wandtattoo-pvc-bunt-29-x-13-x-2-5-cm\/#primaryimage"},"image":{"@id":"https:\/\/marktxxl.de\/markt\/produkt\/roommates-rm-disney-frozen-olaf-der-schneemann-wandtattoo-pvc-bunt-29-x-13-x-2-5-cm\/#primaryimage"},"thumbnailUrl":"https:\/\/m.media-amazon.com\/images\/I\/41ySw-GcZJL._SL500_.jpg","datePublished":"2021-09-12T21:02:24+00:00","dateModified":"2023-04-08T23:11:12+00:00","description":"Markt-XXL RoomMates RM - Disney Frozen Olaf - der Schneemann Wandtattoo, PVC, bunt, 29 x 13 x 2.5 cm","breadcrumb":{"@id":"https:\/\/marktxxl.de\/markt\/produkt\/roommates-rm-disney-frozen-olaf-der-schneemann-wandtattoo-pvc-bunt-29-x-13-x-2-5-cm\/#breadcrumb"},"inLanguage":"de","potentialAction":[{"@type":"ReadAction","target":["https:\/\/marktxxl.de\/markt\/produkt\/roommates-rm-disney-frozen-olaf-der-schneemann-wandtattoo-pvc-bunt-29-x-13-x-2-5-cm\/"]}]},{"@type":"ImageObject","inLanguage":"de","@id":"https:\/\/marktxxl.de\/markt\/produkt\/roommates-rm-disney-frozen-olaf-der-schneemann-wandtattoo-pvc-bunt-29-x-13-x-2-5-cm\/#primaryimage","url":"https:\/\/m.media-amazon.com\/images\/I\/41ySw-GcZJL._SL500_.jpg","contentUrl":"https:\/\/m.media-amazon.com\/images\/I\/41ySw-GcZJL._SL500_.jpg","width":500,"height":500},{"@type":"BreadcrumbList","@id":"https:\/\/marktxxl.de\/markt\/produkt\/roommates-rm-disney-frozen-olaf-der-schneemann-wandtattoo-pvc-bunt-29-x-13-x-2-5-cm\/#breadcrumb","itemListElement":[{"@type":"ListItem","position":1,"name":"Startseite","item":"https:\/\/marktxxl.de\/markt\/"},{"@type":"ListItem","position":2,"name":"Markt","item":"https:\/\/marktxxl.de\/markt\/"},{"@type":"ListItem","position":3,"name":"RoomMates RM &#8211; Disney Frozen Olaf &#8211; der Schneemann Wandtattoo, PVC, bunt, 29 x 13 x 2.5 cm"}]},{"@type":"WebSite","@id":"https:\/\/marktxxl.de\/markt\/#website","url":"https:\/\/marktxxl.de\/markt\/","name":"Markt-XXL","description":"Ihr Markt Online","publisher":{"@id":"https:\/\/marktxxl.de\/markt\/#organization"},"potentialAction":[{"@type":"SearchAction","target":{"@type":"EntryPoint","urlTemplate":"https:\/\/marktxxl.de\/markt\/?s={search_term_string}"},"query-input":{"@type":"PropertyValueSpecification","valueRequired":true,"valueName":"search_term_string"}}],"inLanguage":"de"},{"@type":"Organization","@id":"https:\/\/marktxxl.de\/markt\/#organization","name":"Markt-XXL","url":"https:\/\/marktxxl.de\/markt\/","logo":{"@type":"ImageObject","inLanguage":"de","@id":"https:\/\/marktxxl.de\/markt\/#\/schema\/logo\/image\/","url":"https:\/\/marktxxl.de\/markt\/wp-content\/uploads\/sites\/3\/2020\/12\/logo.png","contentUrl":"https:\/\/marktxxl.de\/markt\/wp-content\/uploads\/sites\/3\/2020\/12\/logo.png","width":200,"height":70,"caption":"Markt-XXL"},"image":{"@id":"https:\/\/marktxxl.de\/markt\/#\/schema\/logo\/image\/"}}]}},"_links":{"self":[{"href":"https:\/\/marktxxl.de\/markt\/wp-json\/wp\/v2\/product\/30375","targetHints":{"allow":["GET"]}}],"collection":[{"href":"https:\/\/marktxxl.de\/markt\/wp-json\/wp\/v2\/product"}],"about":[{"href":"https:\/\/marktxxl.de\/markt\/wp-json\/wp\/v2\/types\/product"}],"replies":[{"embeddable":true,"href":"https:\/\/marktxxl.de\/markt\/wp-json\/wp\/v2\/comments?post=30375"}],"wp:featuredmedia":[{"embeddable":true,"href":"https:\/\/marktxxl.de\/markt\/wp-json\/wp\/v2\/media\/30376"}],"wp:attachment":[{"href":"https:\/\/marktxxl.de\/markt\/wp-json\/wp\/v2\/media?parent=30375"}],"wp:term":[{"taxonomy":"product_brand","embeddable":true,"href":"https:\/\/marktxxl.de\/markt\/wp-json\/wp\/v2\/product_brand?post=30375"},{"taxonomy":"product_cat","embeddable":true,"href":"https:\/\/marktxxl.de\/markt\/wp-json\/wp\/v2\/product_cat?post=30375"},{"taxonomy":"product_tag","embeddable":true,"href":"https:\/\/marktxxl.de\/markt\/wp-json\/wp\/v2\/product_tag?post=30375"}],"curies":[{"name":"wp","href":"https:\/\/api.w.org\/{rel}","templated":true}]}}