{"id":28914,"date":"2021-09-12T22:06:47","date_gmt":"2021-09-12T20:06:47","guid":{"rendered":"https:\/\/marktxxl.de\/markt\/produkt\/fischer-nagelduebel-8-x-100-60-s-hochwertige-nylonduebel-mit-verzinkter-senkkopfschraube-50-stk-duebel-fuer-optimalen-halt-bei-befestigungen-in-beton-mauerziegel-und-naturstein\/"},"modified":"2023-04-11T01:37:16","modified_gmt":"2023-04-10T23:37:16","slug":"fischer-nagelduebel-8-x-100-60-s-hochwertige-nylonduebel-mit-verzinkter-senkkopfschraube-50-stk-duebel-fuer-optimalen-halt-bei-befestigungen-in-beton-mauerziegel-und-naturstein","status":"publish","type":"product","link":"https:\/\/marktxxl.de\/markt\/produkt\/fischer-nagelduebel-8-x-100-60-s-hochwertige-nylonduebel-mit-verzinkter-senkkopfschraube-50-stk-duebel-fuer-optimalen-halt-bei-befestigungen-in-beton-mauerziegel-und-naturstein\/","title":{"rendered":"fischer Nageld\u00fcbel 8 x 100\/60 S, hochwertige Nylond\u00fcbel mit verzinkter Senkkopfschraube (50 Stk.), D\u00fcbel f\u00fcr optimalen\u2026"},"content":{"rendered":"<p>Vielseitiger Helfer: Der Schlagd\u00fcbel f\u00fcr eine schnelle Montage \u00fcberzeugt mit seiner flexiblen Anwendbarkeit und bietet f\u00fcr all Ihre Befestigungsaufgaben in Voll- und Lochbaustoffen wie u.a. Hochlochziegel, Porenbeton sowie Vollgips-Platten die ideale L\u00f6sung<br \/>\nLeicht und schnell montiert: Das Gewinde der Nagelschraube erm\u00f6glicht nicht nur einfaches Eindrehen, sondern auch Ausdrehen und somit eine m\u00fchelose Demontage Ihrer Anbauteile \u2013 ideal f\u00fcr Arbeiten rund um Einzug, Umzug und Renovierung<br \/>\nReduzierter Arbeitsaufwand: Der Spreizd\u00fcbel ist aufgrund der vormontierten Nagelschraube sofort einsetzbar, f\u00fcr maximale Sicherheit spreizt der D\u00fcbel beim Einschlagen in zwei Richtungen auf und verankert so solide im Baustoff<br \/>\nAnwendungsgebiete: Die Universald\u00fcbel f\u00fcr W\u00e4nde und Decken eignen sich sowohl zur Befestigung von Konstruktionen aus Holz, Kabeltrassen und Bildern als auch zur Anbringung von leichten Schr\u00e4nken, Leuchten uvm., in g\u00e4ngigen Baustoffen wie u.a. Beton, Naturstein und Mauerziegel<br \/>\nLieferumfang: 1 x Faltschachtel Nageld\u00fcbel (Art.-Nr. 50357), Karton mit Nylond\u00fcbeln (50 Stk. 8 x 100) und vormontierten Nagelschrauben von fischer<br \/>\n<div class=\"main-cross-sell\" data-asin=\"B0002YYRD0\">\n\n\t<div class=\"WooZone-cross-sell-loader\">\n\t\t<div>\n\t\t\t<div id=\"floatingBarsG\">\n\t\t\t\t<div class=\"blockG\" id=\"rotateG_01\"><\/div>\n\t\t\t\t<div class=\"blockG\" id=\"rotateG_02\"><\/div>\n\t\t\t\t<div class=\"blockG\" id=\"rotateG_03\"><\/div>\n\t\t\t\t<div class=\"blockG\" id=\"rotateG_04\"><\/div>\n\t\t\t\t<div class=\"blockG\" id=\"rotateG_05\"><\/div>\n\t\t\t\t<div class=\"blockG\" id=\"rotateG_06\"><\/div>\n\t\t\t\t<div class=\"blockG\" id=\"rotateG_07\"><\/div>\n\t\t\t\t<div class=\"blockG\" id=\"rotateG_08\"><\/div>\n\t\t\t<\/div>\n\t\t\t<div class=\"WooZone-cross-sell-loader-text\"><\/div>\n\t\t<\/div>\n\t<\/div>\n\n\t\t\n<\/div>\n<div style=\"clear:both;\"><\/div><\/p>\n","protected":false},"excerpt":{"rendered":"<p>Vielseitiger Helfer: Der Schlagd\u00fcbel f\u00fcr eine schnelle Montage \u00fcberzeugt mit seiner flexiblen Anwendbarkeit und bietet f\u00fcr all Ihre Befestigungsaufgaben in Voll- und Lochbaustoffen wie u.a. Hochlochziegel, Porenbeton sowie Vollgips-Platten die ideale L\u00f6sung<br \/>\nLeicht und schnell montiert: Das Gewinde der Nagelschraube erm\u00f6glicht nicht nur einfaches Eindrehen, sondern auch Ausdrehen und somit eine m\u00fchelose Demontage Ihrer Anbauteile \u2013 ideal f\u00fcr Arbeiten rund um Einzug, Umzug und Renovierung<br \/>\nReduzierter Arbeitsaufwand: Der Spreizd\u00fcbel ist aufgrund der vormontierten Nagelschraube sofort einsetzbar, f\u00fcr maximale Sicherheit spreizt der D\u00fcbel beim Einschlagen in zwei Richtungen auf und verankert so solide im Baustoff<\/p>\n","protected":false},"featured_media":28915,"comment_status":"open","ping_status":"closed","template":"","meta":[],"product_brand":[],"product_cat":[1983,10865],"product_tag":[],"class_list":{"0":"post-28914","1":"product","2":"type-product","3":"status-publish","4":"has-post-thumbnail","6":"product_cat-baumarkt","7":"product_cat-eisenwaren","8":"pa_binding-misc","9":"pa_brand-fischer","10":"pa_color-standard","11":"pa_height-0-31496-zoll","12":"pa_length-3-937-zoll","13":"pa_manufacturer-fischer","14":"pa_model-13315","15":"pa_size-8x100-60-s","16":"pa_weight-0-0440924524-pfund","17":"pa_width-0-31496-zoll","19":"first","20":"instock","21":"shipping-taxable","22":"purchasable","23":"product-type-simple","24":"customify-col","25":"product-has-gallery"},"yoast_head":"<!-- This site is optimized with the Yoast SEO plugin v27.4 - https:\/\/yoast.com\/product\/yoast-seo-wordpress\/ -->\n<title>fischer Nageld\u00fcbel 8 x 100\/60 S, hochwertige Nylond\u00fcbel mit verzinkter Senkkopfschraube (50 Stk.), D\u00fcbel f\u00fcr optimalen\u2026 - Markt-XXL<\/title>\n<meta name=\"description\" content=\"Markt-XXL fischer Nageld\u00fcbel 8 x 100\/60 S, hochwertige Nylond\u00fcbel mit verzinkter Senkkopfschraube (50 Stk.), D\u00fcbel f\u00fcr optimalen\u2026\" \/>\n<meta name=\"robots\" content=\"index, follow, max-snippet:-1, max-image-preview:large, max-video-preview:-1\" \/>\n<link rel=\"canonical\" href=\"https:\/\/marktxxl.de\/markt\/produkt\/fischer-nagelduebel-8-x-100-60-s-hochwertige-nylonduebel-mit-verzinkter-senkkopfschraube-50-stk-duebel-fuer-optimalen-halt-bei-befestigungen-in-beton-mauerziegel-und-naturstein\/\" \/>\n<meta property=\"og:locale\" content=\"de_DE\" \/>\n<meta property=\"og:type\" content=\"article\" \/>\n<meta property=\"og:title\" content=\"fischer Nageld\u00fcbel 8 x 100\/60 S, hochwertige Nylond\u00fcbel mit verzinkter Senkkopfschraube (50 Stk.), D\u00fcbel f\u00fcr optimalen\u2026 - Markt-XXL\" \/>\n<meta property=\"og:description\" content=\"Markt-XXL fischer Nageld\u00fcbel 8 x 100\/60 S, hochwertige Nylond\u00fcbel mit verzinkter Senkkopfschraube (50 Stk.), D\u00fcbel f\u00fcr optimalen\u2026\" \/>\n<meta property=\"og:url\" content=\"https:\/\/marktxxl.de\/markt\/produkt\/fischer-nagelduebel-8-x-100-60-s-hochwertige-nylonduebel-mit-verzinkter-senkkopfschraube-50-stk-duebel-fuer-optimalen-halt-bei-befestigungen-in-beton-mauerziegel-und-naturstein\/\" \/>\n<meta property=\"og:site_name\" content=\"Markt-XXL\" \/>\n<meta property=\"article:modified_time\" content=\"2023-04-10T23:37:16+00:00\" \/>\n<meta property=\"og:image\" content=\"https:\/\/m.media-amazon.com\/images\/I\/215kKsViRFS._SL500_.jpg\" \/>\n\t<meta property=\"og:image:width\" content=\"500\" \/>\n\t<meta property=\"og:image:height\" content=\"500\" \/>\n\t<meta property=\"og:image:type\" content=\"image\/jpeg\" \/>\n<meta name=\"twitter:card\" content=\"summary_large_image\" \/>\n<meta name=\"twitter:label1\" content=\"Gesch\u00e4tzte Lesezeit\" \/>\n\t<meta name=\"twitter:data1\" content=\"1\u00a0Minute\" \/>\n<script type=\"application\/ld+json\" class=\"yoast-schema-graph\">{\"@context\":\"https:\\\/\\\/schema.org\",\"@graph\":[{\"@type\":\"WebPage\",\"@id\":\"https:\\\/\\\/marktxxl.de\\\/markt\\\/produkt\\\/fischer-nagelduebel-8-x-100-60-s-hochwertige-nylonduebel-mit-verzinkter-senkkopfschraube-50-stk-duebel-fuer-optimalen-halt-bei-befestigungen-in-beton-mauerziegel-und-naturstein\\\/\",\"url\":\"https:\\\/\\\/marktxxl.de\\\/markt\\\/produkt\\\/fischer-nagelduebel-8-x-100-60-s-hochwertige-nylonduebel-mit-verzinkter-senkkopfschraube-50-stk-duebel-fuer-optimalen-halt-bei-befestigungen-in-beton-mauerziegel-und-naturstein\\\/\",\"name\":\"fischer Nageld\u00fcbel 8 x 100\\\/60 S, hochwertige Nylond\u00fcbel mit verzinkter Senkkopfschraube (50 Stk.), D\u00fcbel f\u00fcr optimalen\u2026 - Markt-XXL\",\"isPartOf\":{\"@id\":\"https:\\\/\\\/marktxxl.de\\\/markt\\\/#website\"},\"primaryImageOfPage\":{\"@id\":\"https:\\\/\\\/marktxxl.de\\\/markt\\\/produkt\\\/fischer-nagelduebel-8-x-100-60-s-hochwertige-nylonduebel-mit-verzinkter-senkkopfschraube-50-stk-duebel-fuer-optimalen-halt-bei-befestigungen-in-beton-mauerziegel-und-naturstein\\\/#primaryimage\"},\"image\":{\"@id\":\"https:\\\/\\\/marktxxl.de\\\/markt\\\/produkt\\\/fischer-nagelduebel-8-x-100-60-s-hochwertige-nylonduebel-mit-verzinkter-senkkopfschraube-50-stk-duebel-fuer-optimalen-halt-bei-befestigungen-in-beton-mauerziegel-und-naturstein\\\/#primaryimage\"},\"thumbnailUrl\":\"https:\\\/\\\/m.media-amazon.com\\\/images\\\/I\\\/215kKsViRFS._SL500_.jpg\",\"datePublished\":\"2021-09-12T20:06:47+00:00\",\"dateModified\":\"2023-04-10T23:37:16+00:00\",\"description\":\"Markt-XXL fischer Nageld\u00fcbel 8 x 100\\\/60 S, hochwertige Nylond\u00fcbel mit verzinkter Senkkopfschraube (50 Stk.), D\u00fcbel f\u00fcr optimalen\u2026\",\"breadcrumb\":{\"@id\":\"https:\\\/\\\/marktxxl.de\\\/markt\\\/produkt\\\/fischer-nagelduebel-8-x-100-60-s-hochwertige-nylonduebel-mit-verzinkter-senkkopfschraube-50-stk-duebel-fuer-optimalen-halt-bei-befestigungen-in-beton-mauerziegel-und-naturstein\\\/#breadcrumb\"},\"inLanguage\":\"de\",\"potentialAction\":[{\"@type\":\"ReadAction\",\"target\":[\"https:\\\/\\\/marktxxl.de\\\/markt\\\/produkt\\\/fischer-nagelduebel-8-x-100-60-s-hochwertige-nylonduebel-mit-verzinkter-senkkopfschraube-50-stk-duebel-fuer-optimalen-halt-bei-befestigungen-in-beton-mauerziegel-und-naturstein\\\/\"]}]},{\"@type\":\"ImageObject\",\"inLanguage\":\"de\",\"@id\":\"https:\\\/\\\/marktxxl.de\\\/markt\\\/produkt\\\/fischer-nagelduebel-8-x-100-60-s-hochwertige-nylonduebel-mit-verzinkter-senkkopfschraube-50-stk-duebel-fuer-optimalen-halt-bei-befestigungen-in-beton-mauerziegel-und-naturstein\\\/#primaryimage\",\"url\":\"https:\\\/\\\/m.media-amazon.com\\\/images\\\/I\\\/215kKsViRFS._SL500_.jpg\",\"contentUrl\":\"https:\\\/\\\/m.media-amazon.com\\\/images\\\/I\\\/215kKsViRFS._SL500_.jpg\",\"width\":500,\"height\":500},{\"@type\":\"BreadcrumbList\",\"@id\":\"https:\\\/\\\/marktxxl.de\\\/markt\\\/produkt\\\/fischer-nagelduebel-8-x-100-60-s-hochwertige-nylonduebel-mit-verzinkter-senkkopfschraube-50-stk-duebel-fuer-optimalen-halt-bei-befestigungen-in-beton-mauerziegel-und-naturstein\\\/#breadcrumb\",\"itemListElement\":[{\"@type\":\"ListItem\",\"position\":1,\"name\":\"Startseite\",\"item\":\"https:\\\/\\\/marktxxl.de\\\/markt\\\/\"},{\"@type\":\"ListItem\",\"position\":2,\"name\":\"Markt\",\"item\":\"https:\\\/\\\/marktxxl.de\\\/markt\\\/\"},{\"@type\":\"ListItem\",\"position\":3,\"name\":\"fischer Nageld\u00fcbel 8 x 100\\\/60 S, hochwertige Nylond\u00fcbel mit verzinkter Senkkopfschraube (50 Stk.), D\u00fcbel f\u00fcr optimalen\u2026\"}]},{\"@type\":\"WebSite\",\"@id\":\"https:\\\/\\\/marktxxl.de\\\/markt\\\/#website\",\"url\":\"https:\\\/\\\/marktxxl.de\\\/markt\\\/\",\"name\":\"Markt-XXL\",\"description\":\"Ihr Markt Online\",\"publisher\":{\"@id\":\"https:\\\/\\\/marktxxl.de\\\/markt\\\/#organization\"},\"potentialAction\":[{\"@type\":\"SearchAction\",\"target\":{\"@type\":\"EntryPoint\",\"urlTemplate\":\"https:\\\/\\\/marktxxl.de\\\/markt\\\/?s={search_term_string}\"},\"query-input\":{\"@type\":\"PropertyValueSpecification\",\"valueRequired\":true,\"valueName\":\"search_term_string\"}}],\"inLanguage\":\"de\"},{\"@type\":\"Organization\",\"@id\":\"https:\\\/\\\/marktxxl.de\\\/markt\\\/#organization\",\"name\":\"Markt-XXL\",\"url\":\"https:\\\/\\\/marktxxl.de\\\/markt\\\/\",\"logo\":{\"@type\":\"ImageObject\",\"inLanguage\":\"de\",\"@id\":\"https:\\\/\\\/marktxxl.de\\\/markt\\\/#\\\/schema\\\/logo\\\/image\\\/\",\"url\":\"https:\\\/\\\/marktxxl.de\\\/markt\\\/wp-content\\\/uploads\\\/sites\\\/3\\\/2020\\\/12\\\/logo.png\",\"contentUrl\":\"https:\\\/\\\/marktxxl.de\\\/markt\\\/wp-content\\\/uploads\\\/sites\\\/3\\\/2020\\\/12\\\/logo.png\",\"width\":200,\"height\":70,\"caption\":\"Markt-XXL\"},\"image\":{\"@id\":\"https:\\\/\\\/marktxxl.de\\\/markt\\\/#\\\/schema\\\/logo\\\/image\\\/\"}}]}<\/script>\n<!-- \/ Yoast SEO plugin. -->","yoast_head_json":{"title":"fischer Nageld\u00fcbel 8 x 100\/60 S, hochwertige Nylond\u00fcbel mit verzinkter Senkkopfschraube (50 Stk.), D\u00fcbel f\u00fcr optimalen\u2026 - Markt-XXL","description":"Markt-XXL fischer Nageld\u00fcbel 8 x 100\/60 S, hochwertige Nylond\u00fcbel mit verzinkter Senkkopfschraube (50 Stk.), D\u00fcbel f\u00fcr optimalen\u2026","robots":{"index":"index","follow":"follow","max-snippet":"max-snippet:-1","max-image-preview":"max-image-preview:large","max-video-preview":"max-video-preview:-1"},"canonical":"https:\/\/marktxxl.de\/markt\/produkt\/fischer-nagelduebel-8-x-100-60-s-hochwertige-nylonduebel-mit-verzinkter-senkkopfschraube-50-stk-duebel-fuer-optimalen-halt-bei-befestigungen-in-beton-mauerziegel-und-naturstein\/","og_locale":"de_DE","og_type":"article","og_title":"fischer Nageld\u00fcbel 8 x 100\/60 S, hochwertige Nylond\u00fcbel mit verzinkter Senkkopfschraube (50 Stk.), D\u00fcbel f\u00fcr optimalen\u2026 - Markt-XXL","og_description":"Markt-XXL fischer Nageld\u00fcbel 8 x 100\/60 S, hochwertige Nylond\u00fcbel mit verzinkter Senkkopfschraube (50 Stk.), D\u00fcbel f\u00fcr optimalen\u2026","og_url":"https:\/\/marktxxl.de\/markt\/produkt\/fischer-nagelduebel-8-x-100-60-s-hochwertige-nylonduebel-mit-verzinkter-senkkopfschraube-50-stk-duebel-fuer-optimalen-halt-bei-befestigungen-in-beton-mauerziegel-und-naturstein\/","og_site_name":"Markt-XXL","article_modified_time":"2023-04-10T23:37:16+00:00","og_image":[{"width":500,"height":500,"url":"https:\/\/m.media-amazon.com\/images\/I\/215kKsViRFS._SL500_.jpg","type":"image\/jpeg"}],"twitter_card":"summary_large_image","twitter_misc":{"Gesch\u00e4tzte Lesezeit":"1\u00a0Minute"},"schema":{"@context":"https:\/\/schema.org","@graph":[{"@type":"WebPage","@id":"https:\/\/marktxxl.de\/markt\/produkt\/fischer-nagelduebel-8-x-100-60-s-hochwertige-nylonduebel-mit-verzinkter-senkkopfschraube-50-stk-duebel-fuer-optimalen-halt-bei-befestigungen-in-beton-mauerziegel-und-naturstein\/","url":"https:\/\/marktxxl.de\/markt\/produkt\/fischer-nagelduebel-8-x-100-60-s-hochwertige-nylonduebel-mit-verzinkter-senkkopfschraube-50-stk-duebel-fuer-optimalen-halt-bei-befestigungen-in-beton-mauerziegel-und-naturstein\/","name":"fischer Nageld\u00fcbel 8 x 100\/60 S, hochwertige Nylond\u00fcbel mit verzinkter Senkkopfschraube (50 Stk.), D\u00fcbel f\u00fcr optimalen\u2026 - Markt-XXL","isPartOf":{"@id":"https:\/\/marktxxl.de\/markt\/#website"},"primaryImageOfPage":{"@id":"https:\/\/marktxxl.de\/markt\/produkt\/fischer-nagelduebel-8-x-100-60-s-hochwertige-nylonduebel-mit-verzinkter-senkkopfschraube-50-stk-duebel-fuer-optimalen-halt-bei-befestigungen-in-beton-mauerziegel-und-naturstein\/#primaryimage"},"image":{"@id":"https:\/\/marktxxl.de\/markt\/produkt\/fischer-nagelduebel-8-x-100-60-s-hochwertige-nylonduebel-mit-verzinkter-senkkopfschraube-50-stk-duebel-fuer-optimalen-halt-bei-befestigungen-in-beton-mauerziegel-und-naturstein\/#primaryimage"},"thumbnailUrl":"https:\/\/m.media-amazon.com\/images\/I\/215kKsViRFS._SL500_.jpg","datePublished":"2021-09-12T20:06:47+00:00","dateModified":"2023-04-10T23:37:16+00:00","description":"Markt-XXL fischer Nageld\u00fcbel 8 x 100\/60 S, hochwertige Nylond\u00fcbel mit verzinkter Senkkopfschraube (50 Stk.), D\u00fcbel f\u00fcr optimalen\u2026","breadcrumb":{"@id":"https:\/\/marktxxl.de\/markt\/produkt\/fischer-nagelduebel-8-x-100-60-s-hochwertige-nylonduebel-mit-verzinkter-senkkopfschraube-50-stk-duebel-fuer-optimalen-halt-bei-befestigungen-in-beton-mauerziegel-und-naturstein\/#breadcrumb"},"inLanguage":"de","potentialAction":[{"@type":"ReadAction","target":["https:\/\/marktxxl.de\/markt\/produkt\/fischer-nagelduebel-8-x-100-60-s-hochwertige-nylonduebel-mit-verzinkter-senkkopfschraube-50-stk-duebel-fuer-optimalen-halt-bei-befestigungen-in-beton-mauerziegel-und-naturstein\/"]}]},{"@type":"ImageObject","inLanguage":"de","@id":"https:\/\/marktxxl.de\/markt\/produkt\/fischer-nagelduebel-8-x-100-60-s-hochwertige-nylonduebel-mit-verzinkter-senkkopfschraube-50-stk-duebel-fuer-optimalen-halt-bei-befestigungen-in-beton-mauerziegel-und-naturstein\/#primaryimage","url":"https:\/\/m.media-amazon.com\/images\/I\/215kKsViRFS._SL500_.jpg","contentUrl":"https:\/\/m.media-amazon.com\/images\/I\/215kKsViRFS._SL500_.jpg","width":500,"height":500},{"@type":"BreadcrumbList","@id":"https:\/\/marktxxl.de\/markt\/produkt\/fischer-nagelduebel-8-x-100-60-s-hochwertige-nylonduebel-mit-verzinkter-senkkopfschraube-50-stk-duebel-fuer-optimalen-halt-bei-befestigungen-in-beton-mauerziegel-und-naturstein\/#breadcrumb","itemListElement":[{"@type":"ListItem","position":1,"name":"Startseite","item":"https:\/\/marktxxl.de\/markt\/"},{"@type":"ListItem","position":2,"name":"Markt","item":"https:\/\/marktxxl.de\/markt\/"},{"@type":"ListItem","position":3,"name":"fischer Nageld\u00fcbel 8 x 100\/60 S, hochwertige Nylond\u00fcbel mit verzinkter Senkkopfschraube (50 Stk.), D\u00fcbel f\u00fcr optimalen\u2026"}]},{"@type":"WebSite","@id":"https:\/\/marktxxl.de\/markt\/#website","url":"https:\/\/marktxxl.de\/markt\/","name":"Markt-XXL","description":"Ihr Markt Online","publisher":{"@id":"https:\/\/marktxxl.de\/markt\/#organization"},"potentialAction":[{"@type":"SearchAction","target":{"@type":"EntryPoint","urlTemplate":"https:\/\/marktxxl.de\/markt\/?s={search_term_string}"},"query-input":{"@type":"PropertyValueSpecification","valueRequired":true,"valueName":"search_term_string"}}],"inLanguage":"de"},{"@type":"Organization","@id":"https:\/\/marktxxl.de\/markt\/#organization","name":"Markt-XXL","url":"https:\/\/marktxxl.de\/markt\/","logo":{"@type":"ImageObject","inLanguage":"de","@id":"https:\/\/marktxxl.de\/markt\/#\/schema\/logo\/image\/","url":"https:\/\/marktxxl.de\/markt\/wp-content\/uploads\/sites\/3\/2020\/12\/logo.png","contentUrl":"https:\/\/marktxxl.de\/markt\/wp-content\/uploads\/sites\/3\/2020\/12\/logo.png","width":200,"height":70,"caption":"Markt-XXL"},"image":{"@id":"https:\/\/marktxxl.de\/markt\/#\/schema\/logo\/image\/"}}]}},"_links":{"self":[{"href":"https:\/\/marktxxl.de\/markt\/wp-json\/wp\/v2\/product\/28914","targetHints":{"allow":["GET"]}}],"collection":[{"href":"https:\/\/marktxxl.de\/markt\/wp-json\/wp\/v2\/product"}],"about":[{"href":"https:\/\/marktxxl.de\/markt\/wp-json\/wp\/v2\/types\/product"}],"replies":[{"embeddable":true,"href":"https:\/\/marktxxl.de\/markt\/wp-json\/wp\/v2\/comments?post=28914"}],"wp:featuredmedia":[{"embeddable":true,"href":"https:\/\/marktxxl.de\/markt\/wp-json\/wp\/v2\/media\/28915"}],"wp:attachment":[{"href":"https:\/\/marktxxl.de\/markt\/wp-json\/wp\/v2\/media?parent=28914"}],"wp:term":[{"taxonomy":"product_brand","embeddable":true,"href":"https:\/\/marktxxl.de\/markt\/wp-json\/wp\/v2\/product_brand?post=28914"},{"taxonomy":"product_cat","embeddable":true,"href":"https:\/\/marktxxl.de\/markt\/wp-json\/wp\/v2\/product_cat?post=28914"},{"taxonomy":"product_tag","embeddable":true,"href":"https:\/\/marktxxl.de\/markt\/wp-json\/wp\/v2\/product_tag?post=28914"}],"curies":[{"name":"wp","href":"https:\/\/api.w.org\/{rel}","templated":true}]}}