{"id":28877,"date":"2021-09-12T22:06:35","date_gmt":"2021-09-12T20:06:35","guid":{"rendered":"https:\/\/marktxxl.de\/markt\/produkt\/briefkastenschild-bitte-keine-werbung-einwerfen-aus-v2a-edelstahl-mit-motiv-verschiedene-groessen\/"},"modified":"2023-04-11T01:37:16","modified_gmt":"2023-04-10T23:37:16","slug":"briefkastenschild-bitte-keine-werbung-einwerfen-aus-v2a-edelstahl-mit-motiv-verschiedene-groessen","status":"publish","type":"product","link":"https:\/\/marktxxl.de\/markt\/produkt\/briefkastenschild-bitte-keine-werbung-einwerfen-aus-v2a-edelstahl-mit-motiv-verschiedene-groessen\/","title":{"rendered":"Briefkastenschild Bitte keine Werbung einwerfen aus V2a Edelstahl mit Motiv. Verschiedene Gr\u00f6\u00dfen"},"content":{"rendered":"<p>Edelstahlschild mit Bild und Text :&#8221;Bitte keine Werbung einwerfen&#8221;.<br \/>\nVerschiedene Gr\u00f6\u00dfen w\u00e4hlbar 80 X 35 mm , 120 X 40 mm und 120 X 80 mmselbstklebend<br \/>\nT\u00fcrschild aus rostfreiem und witterungsbest\u00e4ndigem V2A Edelstahl.<br \/>\nHochwertige Lasergravur.<br \/>\n? JUNG-EDELSTAHL-DESIGN-STORE &#8211; Haben Sie noch nicht das richtige Produkt gefunden? Dann schauen Sie in unserem Amazon Markenhop vorbei. Dort finden Sie eine gro\u00dfe Auswahl an T\u00fcrklingeln, Hausnummern und Schildern. Den Link finden Sie unter dem Produkttitel.<br \/>\n<div class=\"main-cross-sell\" data-asin=\"B07D412ZZ8\">\n\n\t<div class=\"WooZone-cross-sell-loader\">\n\t\t<div>\n\t\t\t<div id=\"floatingBarsG\">\n\t\t\t\t<div class=\"blockG\" id=\"rotateG_01\"><\/div>\n\t\t\t\t<div class=\"blockG\" id=\"rotateG_02\"><\/div>\n\t\t\t\t<div class=\"blockG\" id=\"rotateG_03\"><\/div>\n\t\t\t\t<div class=\"blockG\" id=\"rotateG_04\"><\/div>\n\t\t\t\t<div class=\"blockG\" id=\"rotateG_05\"><\/div>\n\t\t\t\t<div class=\"blockG\" id=\"rotateG_06\"><\/div>\n\t\t\t\t<div class=\"blockG\" id=\"rotateG_07\"><\/div>\n\t\t\t\t<div class=\"blockG\" id=\"rotateG_08\"><\/div>\n\t\t\t<\/div>\n\t\t\t<div class=\"WooZone-cross-sell-loader-text\"><\/div>\n\t\t<\/div>\n\t<\/div>\n\n\t\t\n<\/div>\n<div style=\"clear:both;\"><\/div><\/p>\n","protected":false},"excerpt":{"rendered":"<p>Edelstahlschild mit Bild und Text :&#8221;Bitte keine Werbung einwerfen&#8221;.<br \/>\nVerschiedene Gr\u00f6\u00dfen w\u00e4hlbar 80 X 35 mm , 120 X 40 mm und 120 X 80 mmselbstklebend<br \/>\nT\u00fcrschild aus rostfreiem und witterungsbest\u00e4ndigem V2A Edelstahl.<\/p>\n","protected":false},"featured_media":28878,"comment_status":"open","ping_status":"closed","template":"","meta":[],"product_brand":[],"product_cat":[1983,10865],"product_tag":[],"class_list":{"0":"post-28877","1":"product","2":"type-product","3":"status-publish","4":"has-post-thumbnail","6":"product_cat-baumarkt","7":"product_cat-eisenwaren","8":"pa_brand-jung-edelstahl-design","9":"pa_manufacturer-jung-edelstahl-design","11":"first","12":"instock","13":"shipping-taxable","14":"purchasable","15":"product-type-simple","16":"customify-col","17":"product-has-gallery"},"yoast_head":"<!-- This site is optimized with the Yoast SEO plugin v27.3 - https:\/\/yoast.com\/product\/yoast-seo-wordpress\/ -->\n<title>Briefkastenschild Bitte keine Werbung einwerfen aus V2a Edelstahl mit Motiv. Verschiedene Gr\u00f6\u00dfen - Markt-XXL<\/title>\n<meta name=\"description\" content=\"Markt-XXL Briefkastenschild Bitte keine Werbung einwerfen aus V2a Edelstahl mit Motiv. Verschiedene Gr\u00f6\u00dfen\" \/>\n<meta name=\"robots\" content=\"index, follow, max-snippet:-1, max-image-preview:large, max-video-preview:-1\" \/>\n<link rel=\"canonical\" href=\"https:\/\/marktxxl.de\/markt\/produkt\/briefkastenschild-bitte-keine-werbung-einwerfen-aus-v2a-edelstahl-mit-motiv-verschiedene-groessen\/\" \/>\n<meta property=\"og:locale\" content=\"de_DE\" \/>\n<meta property=\"og:type\" content=\"article\" \/>\n<meta property=\"og:title\" content=\"Briefkastenschild Bitte keine Werbung einwerfen aus V2a Edelstahl mit Motiv. Verschiedene Gr\u00f6\u00dfen - Markt-XXL\" \/>\n<meta property=\"og:description\" content=\"Markt-XXL Briefkastenschild Bitte keine Werbung einwerfen aus V2a Edelstahl mit Motiv. Verschiedene Gr\u00f6\u00dfen\" \/>\n<meta property=\"og:url\" content=\"https:\/\/marktxxl.de\/markt\/produkt\/briefkastenschild-bitte-keine-werbung-einwerfen-aus-v2a-edelstahl-mit-motiv-verschiedene-groessen\/\" \/>\n<meta property=\"og:site_name\" content=\"Markt-XXL\" \/>\n<meta property=\"article:modified_time\" content=\"2023-04-10T23:37:16+00:00\" \/>\n<meta property=\"og:image\" content=\"https:\/\/m.media-amazon.com\/images\/I\/41pMJsa7rwL._SL500_.jpg\" \/>\n\t<meta property=\"og:image:width\" content=\"500\" \/>\n\t<meta property=\"og:image:height\" content=\"290\" \/>\n\t<meta property=\"og:image:type\" content=\"image\/jpeg\" \/>\n<meta name=\"twitter:card\" content=\"summary_large_image\" \/>\n<script type=\"application\/ld+json\" class=\"yoast-schema-graph\">{\"@context\":\"https:\\\/\\\/schema.org\",\"@graph\":[{\"@type\":\"WebPage\",\"@id\":\"https:\\\/\\\/marktxxl.de\\\/markt\\\/produkt\\\/briefkastenschild-bitte-keine-werbung-einwerfen-aus-v2a-edelstahl-mit-motiv-verschiedene-groessen\\\/\",\"url\":\"https:\\\/\\\/marktxxl.de\\\/markt\\\/produkt\\\/briefkastenschild-bitte-keine-werbung-einwerfen-aus-v2a-edelstahl-mit-motiv-verschiedene-groessen\\\/\",\"name\":\"Briefkastenschild Bitte keine Werbung einwerfen aus V2a Edelstahl mit Motiv. Verschiedene Gr\u00f6\u00dfen - Markt-XXL\",\"isPartOf\":{\"@id\":\"https:\\\/\\\/marktxxl.de\\\/markt\\\/#website\"},\"primaryImageOfPage\":{\"@id\":\"https:\\\/\\\/marktxxl.de\\\/markt\\\/produkt\\\/briefkastenschild-bitte-keine-werbung-einwerfen-aus-v2a-edelstahl-mit-motiv-verschiedene-groessen\\\/#primaryimage\"},\"image\":{\"@id\":\"https:\\\/\\\/marktxxl.de\\\/markt\\\/produkt\\\/briefkastenschild-bitte-keine-werbung-einwerfen-aus-v2a-edelstahl-mit-motiv-verschiedene-groessen\\\/#primaryimage\"},\"thumbnailUrl\":\"https:\\\/\\\/m.media-amazon.com\\\/images\\\/I\\\/41pMJsa7rwL._SL500_.jpg\",\"datePublished\":\"2021-09-12T20:06:35+00:00\",\"dateModified\":\"2023-04-10T23:37:16+00:00\",\"description\":\"Markt-XXL Briefkastenschild Bitte keine Werbung einwerfen aus V2a Edelstahl mit Motiv. Verschiedene Gr\u00f6\u00dfen\",\"breadcrumb\":{\"@id\":\"https:\\\/\\\/marktxxl.de\\\/markt\\\/produkt\\\/briefkastenschild-bitte-keine-werbung-einwerfen-aus-v2a-edelstahl-mit-motiv-verschiedene-groessen\\\/#breadcrumb\"},\"inLanguage\":\"de\",\"potentialAction\":[{\"@type\":\"ReadAction\",\"target\":[\"https:\\\/\\\/marktxxl.de\\\/markt\\\/produkt\\\/briefkastenschild-bitte-keine-werbung-einwerfen-aus-v2a-edelstahl-mit-motiv-verschiedene-groessen\\\/\"]}]},{\"@type\":\"ImageObject\",\"inLanguage\":\"de\",\"@id\":\"https:\\\/\\\/marktxxl.de\\\/markt\\\/produkt\\\/briefkastenschild-bitte-keine-werbung-einwerfen-aus-v2a-edelstahl-mit-motiv-verschiedene-groessen\\\/#primaryimage\",\"url\":\"https:\\\/\\\/m.media-amazon.com\\\/images\\\/I\\\/41pMJsa7rwL._SL500_.jpg\",\"contentUrl\":\"https:\\\/\\\/m.media-amazon.com\\\/images\\\/I\\\/41pMJsa7rwL._SL500_.jpg\",\"width\":500,\"height\":290},{\"@type\":\"BreadcrumbList\",\"@id\":\"https:\\\/\\\/marktxxl.de\\\/markt\\\/produkt\\\/briefkastenschild-bitte-keine-werbung-einwerfen-aus-v2a-edelstahl-mit-motiv-verschiedene-groessen\\\/#breadcrumb\",\"itemListElement\":[{\"@type\":\"ListItem\",\"position\":1,\"name\":\"Startseite\",\"item\":\"https:\\\/\\\/marktxxl.de\\\/markt\\\/\"},{\"@type\":\"ListItem\",\"position\":2,\"name\":\"Markt\",\"item\":\"https:\\\/\\\/marktxxl.de\\\/markt\\\/\"},{\"@type\":\"ListItem\",\"position\":3,\"name\":\"Briefkastenschild Bitte keine Werbung einwerfen aus V2a Edelstahl mit Motiv. Verschiedene Gr\u00f6\u00dfen\"}]},{\"@type\":\"WebSite\",\"@id\":\"https:\\\/\\\/marktxxl.de\\\/markt\\\/#website\",\"url\":\"https:\\\/\\\/marktxxl.de\\\/markt\\\/\",\"name\":\"Markt-XXL\",\"description\":\"Ihr Markt Online\",\"publisher\":{\"@id\":\"https:\\\/\\\/marktxxl.de\\\/markt\\\/#organization\"},\"potentialAction\":[{\"@type\":\"SearchAction\",\"target\":{\"@type\":\"EntryPoint\",\"urlTemplate\":\"https:\\\/\\\/marktxxl.de\\\/markt\\\/?s={search_term_string}\"},\"query-input\":{\"@type\":\"PropertyValueSpecification\",\"valueRequired\":true,\"valueName\":\"search_term_string\"}}],\"inLanguage\":\"de\"},{\"@type\":\"Organization\",\"@id\":\"https:\\\/\\\/marktxxl.de\\\/markt\\\/#organization\",\"name\":\"Markt-XXL\",\"url\":\"https:\\\/\\\/marktxxl.de\\\/markt\\\/\",\"logo\":{\"@type\":\"ImageObject\",\"inLanguage\":\"de\",\"@id\":\"https:\\\/\\\/marktxxl.de\\\/markt\\\/#\\\/schema\\\/logo\\\/image\\\/\",\"url\":\"https:\\\/\\\/marktxxl.de\\\/markt\\\/wp-content\\\/uploads\\\/sites\\\/3\\\/2020\\\/12\\\/logo.png\",\"contentUrl\":\"https:\\\/\\\/marktxxl.de\\\/markt\\\/wp-content\\\/uploads\\\/sites\\\/3\\\/2020\\\/12\\\/logo.png\",\"width\":200,\"height\":70,\"caption\":\"Markt-XXL\"},\"image\":{\"@id\":\"https:\\\/\\\/marktxxl.de\\\/markt\\\/#\\\/schema\\\/logo\\\/image\\\/\"}}]}<\/script>\n<!-- \/ Yoast SEO plugin. -->","yoast_head_json":{"title":"Briefkastenschild Bitte keine Werbung einwerfen aus V2a Edelstahl mit Motiv. Verschiedene Gr\u00f6\u00dfen - Markt-XXL","description":"Markt-XXL Briefkastenschild Bitte keine Werbung einwerfen aus V2a Edelstahl mit Motiv. Verschiedene Gr\u00f6\u00dfen","robots":{"index":"index","follow":"follow","max-snippet":"max-snippet:-1","max-image-preview":"max-image-preview:large","max-video-preview":"max-video-preview:-1"},"canonical":"https:\/\/marktxxl.de\/markt\/produkt\/briefkastenschild-bitte-keine-werbung-einwerfen-aus-v2a-edelstahl-mit-motiv-verschiedene-groessen\/","og_locale":"de_DE","og_type":"article","og_title":"Briefkastenschild Bitte keine Werbung einwerfen aus V2a Edelstahl mit Motiv. Verschiedene Gr\u00f6\u00dfen - Markt-XXL","og_description":"Markt-XXL Briefkastenschild Bitte keine Werbung einwerfen aus V2a Edelstahl mit Motiv. Verschiedene Gr\u00f6\u00dfen","og_url":"https:\/\/marktxxl.de\/markt\/produkt\/briefkastenschild-bitte-keine-werbung-einwerfen-aus-v2a-edelstahl-mit-motiv-verschiedene-groessen\/","og_site_name":"Markt-XXL","article_modified_time":"2023-04-10T23:37:16+00:00","og_image":[{"width":500,"height":290,"url":"https:\/\/m.media-amazon.com\/images\/I\/41pMJsa7rwL._SL500_.jpg","type":"image\/jpeg"}],"twitter_card":"summary_large_image","schema":{"@context":"https:\/\/schema.org","@graph":[{"@type":"WebPage","@id":"https:\/\/marktxxl.de\/markt\/produkt\/briefkastenschild-bitte-keine-werbung-einwerfen-aus-v2a-edelstahl-mit-motiv-verschiedene-groessen\/","url":"https:\/\/marktxxl.de\/markt\/produkt\/briefkastenschild-bitte-keine-werbung-einwerfen-aus-v2a-edelstahl-mit-motiv-verschiedene-groessen\/","name":"Briefkastenschild Bitte keine Werbung einwerfen aus V2a Edelstahl mit Motiv. Verschiedene Gr\u00f6\u00dfen - Markt-XXL","isPartOf":{"@id":"https:\/\/marktxxl.de\/markt\/#website"},"primaryImageOfPage":{"@id":"https:\/\/marktxxl.de\/markt\/produkt\/briefkastenschild-bitte-keine-werbung-einwerfen-aus-v2a-edelstahl-mit-motiv-verschiedene-groessen\/#primaryimage"},"image":{"@id":"https:\/\/marktxxl.de\/markt\/produkt\/briefkastenschild-bitte-keine-werbung-einwerfen-aus-v2a-edelstahl-mit-motiv-verschiedene-groessen\/#primaryimage"},"thumbnailUrl":"https:\/\/m.media-amazon.com\/images\/I\/41pMJsa7rwL._SL500_.jpg","datePublished":"2021-09-12T20:06:35+00:00","dateModified":"2023-04-10T23:37:16+00:00","description":"Markt-XXL Briefkastenschild Bitte keine Werbung einwerfen aus V2a Edelstahl mit Motiv. Verschiedene Gr\u00f6\u00dfen","breadcrumb":{"@id":"https:\/\/marktxxl.de\/markt\/produkt\/briefkastenschild-bitte-keine-werbung-einwerfen-aus-v2a-edelstahl-mit-motiv-verschiedene-groessen\/#breadcrumb"},"inLanguage":"de","potentialAction":[{"@type":"ReadAction","target":["https:\/\/marktxxl.de\/markt\/produkt\/briefkastenschild-bitte-keine-werbung-einwerfen-aus-v2a-edelstahl-mit-motiv-verschiedene-groessen\/"]}]},{"@type":"ImageObject","inLanguage":"de","@id":"https:\/\/marktxxl.de\/markt\/produkt\/briefkastenschild-bitte-keine-werbung-einwerfen-aus-v2a-edelstahl-mit-motiv-verschiedene-groessen\/#primaryimage","url":"https:\/\/m.media-amazon.com\/images\/I\/41pMJsa7rwL._SL500_.jpg","contentUrl":"https:\/\/m.media-amazon.com\/images\/I\/41pMJsa7rwL._SL500_.jpg","width":500,"height":290},{"@type":"BreadcrumbList","@id":"https:\/\/marktxxl.de\/markt\/produkt\/briefkastenschild-bitte-keine-werbung-einwerfen-aus-v2a-edelstahl-mit-motiv-verschiedene-groessen\/#breadcrumb","itemListElement":[{"@type":"ListItem","position":1,"name":"Startseite","item":"https:\/\/marktxxl.de\/markt\/"},{"@type":"ListItem","position":2,"name":"Markt","item":"https:\/\/marktxxl.de\/markt\/"},{"@type":"ListItem","position":3,"name":"Briefkastenschild Bitte keine Werbung einwerfen aus V2a Edelstahl mit Motiv. Verschiedene Gr\u00f6\u00dfen"}]},{"@type":"WebSite","@id":"https:\/\/marktxxl.de\/markt\/#website","url":"https:\/\/marktxxl.de\/markt\/","name":"Markt-XXL","description":"Ihr Markt Online","publisher":{"@id":"https:\/\/marktxxl.de\/markt\/#organization"},"potentialAction":[{"@type":"SearchAction","target":{"@type":"EntryPoint","urlTemplate":"https:\/\/marktxxl.de\/markt\/?s={search_term_string}"},"query-input":{"@type":"PropertyValueSpecification","valueRequired":true,"valueName":"search_term_string"}}],"inLanguage":"de"},{"@type":"Organization","@id":"https:\/\/marktxxl.de\/markt\/#organization","name":"Markt-XXL","url":"https:\/\/marktxxl.de\/markt\/","logo":{"@type":"ImageObject","inLanguage":"de","@id":"https:\/\/marktxxl.de\/markt\/#\/schema\/logo\/image\/","url":"https:\/\/marktxxl.de\/markt\/wp-content\/uploads\/sites\/3\/2020\/12\/logo.png","contentUrl":"https:\/\/marktxxl.de\/markt\/wp-content\/uploads\/sites\/3\/2020\/12\/logo.png","width":200,"height":70,"caption":"Markt-XXL"},"image":{"@id":"https:\/\/marktxxl.de\/markt\/#\/schema\/logo\/image\/"}}]}},"_links":{"self":[{"href":"https:\/\/marktxxl.de\/markt\/wp-json\/wp\/v2\/product\/28877","targetHints":{"allow":["GET"]}}],"collection":[{"href":"https:\/\/marktxxl.de\/markt\/wp-json\/wp\/v2\/product"}],"about":[{"href":"https:\/\/marktxxl.de\/markt\/wp-json\/wp\/v2\/types\/product"}],"replies":[{"embeddable":true,"href":"https:\/\/marktxxl.de\/markt\/wp-json\/wp\/v2\/comments?post=28877"}],"wp:featuredmedia":[{"embeddable":true,"href":"https:\/\/marktxxl.de\/markt\/wp-json\/wp\/v2\/media\/28878"}],"wp:attachment":[{"href":"https:\/\/marktxxl.de\/markt\/wp-json\/wp\/v2\/media?parent=28877"}],"wp:term":[{"taxonomy":"product_brand","embeddable":true,"href":"https:\/\/marktxxl.de\/markt\/wp-json\/wp\/v2\/product_brand?post=28877"},{"taxonomy":"product_cat","embeddable":true,"href":"https:\/\/marktxxl.de\/markt\/wp-json\/wp\/v2\/product_cat?post=28877"},{"taxonomy":"product_tag","embeddable":true,"href":"https:\/\/marktxxl.de\/markt\/wp-json\/wp\/v2\/product_tag?post=28877"}],"curies":[{"name":"wp","href":"https:\/\/api.w.org\/{rel}","templated":true}]}}