{"id":28771,"date":"2021-09-12T22:05:23","date_gmt":"2021-09-12T20:05:23","guid":{"rendered":"https:\/\/marktxxl.de\/markt\/produkt\/brast-benzin-muldenkipper-mini-dumper-motor-schubkarre-dumper-radlader-48kw-65ps-allradantrieb-300-kg-traglast\/"},"modified":"2023-04-11T01:37:14","modified_gmt":"2023-04-10T23:37:14","slug":"brast-benzin-muldenkipper-mini-dumper-motor-schubkarre-dumper-radlader-48kw-65ps-allradantrieb-300-kg-traglast","status":"publish","type":"product","link":"https:\/\/marktxxl.de\/markt\/produkt\/brast-benzin-muldenkipper-mini-dumper-motor-schubkarre-dumper-radlader-48kw-65ps-allradantrieb-300-kg-traglast\/","title":{"rendered":"BRAST Benzin Muldenkipper Mini-Dumper Motor-Schubkarre Dumper Radlader 4,8kw\/6,5PS Allradantrieb 300 kg Traglast"},"content":{"rendered":"<p>Der BRAST Benzin Mini Dumper Muldenkipper Motorschubkarre BRB-MS-6500 eignet sich hervorragend zum Transport und Kippen von Schutt, Steinen, Erde und sonstigen Materialien im Garten- und Landschaftsbau, in der Forstwirtschaft und auf jeder Baustelle<br \/>\nDer starke 4 Takt Benzinmotor mit 196ccm Hubraum und einer maximalen Motorleistung von 4,8kW (6,5PS) garantiert dabei den m\u00fchelosen Transport von bis zu 300kg Zuladung<br \/>\n3 Vorw\u00e4rts- und 1 R\u00fcckw\u00e4rtsg\u00e4nge, Allradantrieb, gro\u00dfe luftbef\u00fcllte Reifen mit Gel\u00e4ndeprofil, ein gro\u00dfer Kippbeh\u00e4lter sowie die an den Handgriffen steuerbare Fahrtrichtung runden das Profil dieses BRAST Alljahreshelfers ab<br \/>\nTechnische Daten: Max. Motorleistung: 4,8kW (6,5PS), Allradantrieb 4&#215;4, Ladekapazit\u00e4t 300kg, Gewicht Dumper 175kg, 3 Vorw\u00e4rtsg\u00e4nge und 1 R\u00fcckw\u00e4rtsgang, Kippbeh\u00e4lter-L\u00e4nge 910mm, Kippbeh\u00e4lter-Breite 650mm, Kippbeh\u00e4lter-H\u00f6he 575mm<br \/>\nACHTUNG Speditionsversand: Es ist zwingend notwendig, direkt in der Kaufabwicklung Ihre Korrekte Handynummer anzugeben, ansonsten ist keine Terminabsprache und Anlieferung m\u00f6glich!<br \/>\n<div class=\"main-cross-sell\" data-asin=\"B07JG7R7KW\">\n\n\t<div class=\"WooZone-cross-sell-loader\">\n\t\t<div>\n\t\t\t<div id=\"floatingBarsG\">\n\t\t\t\t<div class=\"blockG\" id=\"rotateG_01\"><\/div>\n\t\t\t\t<div class=\"blockG\" id=\"rotateG_02\"><\/div>\n\t\t\t\t<div class=\"blockG\" id=\"rotateG_03\"><\/div>\n\t\t\t\t<div class=\"blockG\" id=\"rotateG_04\"><\/div>\n\t\t\t\t<div class=\"blockG\" id=\"rotateG_05\"><\/div>\n\t\t\t\t<div class=\"blockG\" id=\"rotateG_06\"><\/div>\n\t\t\t\t<div class=\"blockG\" id=\"rotateG_07\"><\/div>\n\t\t\t\t<div class=\"blockG\" id=\"rotateG_08\"><\/div>\n\t\t\t<\/div>\n\t\t\t<div class=\"WooZone-cross-sell-loader-text\"><\/div>\n\t\t<\/div>\n\t<\/div>\n\n\t\t\n<\/div>\n<div style=\"clear:both;\"><\/div><\/p>\n","protected":false},"excerpt":{"rendered":"<p>Der BRAST Benzin Mini Dumper Muldenkipper Motorschubkarre BRB-MS-6500 eignet sich hervorragend zum Transport und Kippen von Schutt, Steinen, Erde und sonstigen Materialien im Garten- und Landschaftsbau, in der Forstwirtschaft und auf jeder Baustelle<br \/>\nDer starke 4 Takt Benzinmotor mit 196ccm Hubraum und einer maximalen Motorleistung von 4,8kW (6,5PS) garantiert dabei den m\u00fchelosen Transport von bis zu 300kg Zuladung<br \/>\n3 Vorw\u00e4rts- und 1 R\u00fcckw\u00e4rtsg\u00e4nge, Allradantrieb, gro\u00dfe luftbef\u00fcllte Reifen mit Gel\u00e4ndeprofil, ein gro\u00dfer Kippbeh\u00e4lter sowie die an den Handgriffen steuerbare Fahrtrichtung runden das Profil dieses BRAST Alljahreshelfers ab<\/p>\n","protected":false},"featured_media":28772,"comment_status":"open","ping_status":"closed","template":"","meta":[],"product_brand":[],"product_cat":[1983,10767],"product_tag":[],"class_list":{"0":"post-28771","1":"product","2":"type-product","3":"status-publish","4":"has-post-thumbnail","6":"product_cat-baumarkt","7":"product_cat-baumaschinen-zubehoer","8":"pa_binding-werkzeug","9":"pa_brand-brast","10":"pa_color-rot","11":"pa_manufacturer-brast","12":"pa_weight-385-8089585-pfund","14":"first","15":"instock","16":"shipping-taxable","17":"purchasable","18":"product-type-simple","19":"customify-col","20":"product-has-gallery"},"yoast_head":"<!-- This site is optimized with the Yoast SEO plugin v27.4 - https:\/\/yoast.com\/product\/yoast-seo-wordpress\/ -->\n<title>BRAST Benzin Muldenkipper Mini-Dumper Motor-Schubkarre Dumper Radlader 4,8kw\/6,5PS Allradantrieb 300 kg Traglast - Markt-XXL<\/title>\n<meta name=\"description\" content=\"Markt-XXL BRAST Benzin Muldenkipper Mini-Dumper Motor-Schubkarre Dumper Radlader 4,8kw\/6,5PS Allradantrieb 300 kg Traglast\" \/>\n<meta name=\"robots\" content=\"index, follow, max-snippet:-1, max-image-preview:large, max-video-preview:-1\" \/>\n<link rel=\"canonical\" href=\"https:\/\/marktxxl.de\/markt\/produkt\/brast-benzin-muldenkipper-mini-dumper-motor-schubkarre-dumper-radlader-48kw-65ps-allradantrieb-300-kg-traglast\/\" \/>\n<meta property=\"og:locale\" content=\"de_DE\" \/>\n<meta property=\"og:type\" content=\"article\" \/>\n<meta property=\"og:title\" content=\"BRAST Benzin Muldenkipper Mini-Dumper Motor-Schubkarre Dumper Radlader 4,8kw\/6,5PS Allradantrieb 300 kg Traglast - Markt-XXL\" \/>\n<meta property=\"og:description\" content=\"Markt-XXL BRAST Benzin Muldenkipper Mini-Dumper Motor-Schubkarre Dumper Radlader 4,8kw\/6,5PS Allradantrieb 300 kg Traglast\" \/>\n<meta property=\"og:url\" content=\"https:\/\/marktxxl.de\/markt\/produkt\/brast-benzin-muldenkipper-mini-dumper-motor-schubkarre-dumper-radlader-48kw-65ps-allradantrieb-300-kg-traglast\/\" \/>\n<meta property=\"og:site_name\" content=\"Markt-XXL\" \/>\n<meta property=\"article:modified_time\" content=\"2023-04-10T23:37:14+00:00\" \/>\n<meta property=\"og:image\" content=\"https:\/\/m.media-amazon.com\/images\/I\/41lIuLuL5gL._SL500_.jpg\" \/>\n\t<meta property=\"og:image:width\" content=\"500\" \/>\n\t<meta property=\"og:image:height\" content=\"500\" \/>\n\t<meta property=\"og:image:type\" content=\"image\/jpeg\" \/>\n<meta name=\"twitter:card\" content=\"summary_large_image\" \/>\n<meta name=\"twitter:label1\" content=\"Gesch\u00e4tzte Lesezeit\" \/>\n\t<meta name=\"twitter:data1\" content=\"1\u00a0Minute\" \/>\n<script type=\"application\/ld+json\" class=\"yoast-schema-graph\">{\"@context\":\"https:\\\/\\\/schema.org\",\"@graph\":[{\"@type\":\"WebPage\",\"@id\":\"https:\\\/\\\/marktxxl.de\\\/markt\\\/produkt\\\/brast-benzin-muldenkipper-mini-dumper-motor-schubkarre-dumper-radlader-48kw-65ps-allradantrieb-300-kg-traglast\\\/\",\"url\":\"https:\\\/\\\/marktxxl.de\\\/markt\\\/produkt\\\/brast-benzin-muldenkipper-mini-dumper-motor-schubkarre-dumper-radlader-48kw-65ps-allradantrieb-300-kg-traglast\\\/\",\"name\":\"BRAST Benzin Muldenkipper Mini-Dumper Motor-Schubkarre Dumper Radlader 4,8kw\\\/6,5PS Allradantrieb 300 kg Traglast - Markt-XXL\",\"isPartOf\":{\"@id\":\"https:\\\/\\\/marktxxl.de\\\/markt\\\/#website\"},\"primaryImageOfPage\":{\"@id\":\"https:\\\/\\\/marktxxl.de\\\/markt\\\/produkt\\\/brast-benzin-muldenkipper-mini-dumper-motor-schubkarre-dumper-radlader-48kw-65ps-allradantrieb-300-kg-traglast\\\/#primaryimage\"},\"image\":{\"@id\":\"https:\\\/\\\/marktxxl.de\\\/markt\\\/produkt\\\/brast-benzin-muldenkipper-mini-dumper-motor-schubkarre-dumper-radlader-48kw-65ps-allradantrieb-300-kg-traglast\\\/#primaryimage\"},\"thumbnailUrl\":\"https:\\\/\\\/m.media-amazon.com\\\/images\\\/I\\\/41lIuLuL5gL._SL500_.jpg\",\"datePublished\":\"2021-09-12T20:05:23+00:00\",\"dateModified\":\"2023-04-10T23:37:14+00:00\",\"description\":\"Markt-XXL BRAST Benzin Muldenkipper Mini-Dumper Motor-Schubkarre Dumper Radlader 4,8kw\\\/6,5PS Allradantrieb 300 kg Traglast\",\"breadcrumb\":{\"@id\":\"https:\\\/\\\/marktxxl.de\\\/markt\\\/produkt\\\/brast-benzin-muldenkipper-mini-dumper-motor-schubkarre-dumper-radlader-48kw-65ps-allradantrieb-300-kg-traglast\\\/#breadcrumb\"},\"inLanguage\":\"de\",\"potentialAction\":[{\"@type\":\"ReadAction\",\"target\":[\"https:\\\/\\\/marktxxl.de\\\/markt\\\/produkt\\\/brast-benzin-muldenkipper-mini-dumper-motor-schubkarre-dumper-radlader-48kw-65ps-allradantrieb-300-kg-traglast\\\/\"]}]},{\"@type\":\"ImageObject\",\"inLanguage\":\"de\",\"@id\":\"https:\\\/\\\/marktxxl.de\\\/markt\\\/produkt\\\/brast-benzin-muldenkipper-mini-dumper-motor-schubkarre-dumper-radlader-48kw-65ps-allradantrieb-300-kg-traglast\\\/#primaryimage\",\"url\":\"https:\\\/\\\/m.media-amazon.com\\\/images\\\/I\\\/41lIuLuL5gL._SL500_.jpg\",\"contentUrl\":\"https:\\\/\\\/m.media-amazon.com\\\/images\\\/I\\\/41lIuLuL5gL._SL500_.jpg\",\"width\":500,\"height\":500},{\"@type\":\"BreadcrumbList\",\"@id\":\"https:\\\/\\\/marktxxl.de\\\/markt\\\/produkt\\\/brast-benzin-muldenkipper-mini-dumper-motor-schubkarre-dumper-radlader-48kw-65ps-allradantrieb-300-kg-traglast\\\/#breadcrumb\",\"itemListElement\":[{\"@type\":\"ListItem\",\"position\":1,\"name\":\"Startseite\",\"item\":\"https:\\\/\\\/marktxxl.de\\\/markt\\\/\"},{\"@type\":\"ListItem\",\"position\":2,\"name\":\"Markt\",\"item\":\"https:\\\/\\\/marktxxl.de\\\/markt\\\/\"},{\"@type\":\"ListItem\",\"position\":3,\"name\":\"BRAST Benzin Muldenkipper Mini-Dumper Motor-Schubkarre Dumper Radlader 4,8kw\\\/6,5PS Allradantrieb 300 kg Traglast\"}]},{\"@type\":\"WebSite\",\"@id\":\"https:\\\/\\\/marktxxl.de\\\/markt\\\/#website\",\"url\":\"https:\\\/\\\/marktxxl.de\\\/markt\\\/\",\"name\":\"Markt-XXL\",\"description\":\"Ihr Markt Online\",\"publisher\":{\"@id\":\"https:\\\/\\\/marktxxl.de\\\/markt\\\/#organization\"},\"potentialAction\":[{\"@type\":\"SearchAction\",\"target\":{\"@type\":\"EntryPoint\",\"urlTemplate\":\"https:\\\/\\\/marktxxl.de\\\/markt\\\/?s={search_term_string}\"},\"query-input\":{\"@type\":\"PropertyValueSpecification\",\"valueRequired\":true,\"valueName\":\"search_term_string\"}}],\"inLanguage\":\"de\"},{\"@type\":\"Organization\",\"@id\":\"https:\\\/\\\/marktxxl.de\\\/markt\\\/#organization\",\"name\":\"Markt-XXL\",\"url\":\"https:\\\/\\\/marktxxl.de\\\/markt\\\/\",\"logo\":{\"@type\":\"ImageObject\",\"inLanguage\":\"de\",\"@id\":\"https:\\\/\\\/marktxxl.de\\\/markt\\\/#\\\/schema\\\/logo\\\/image\\\/\",\"url\":\"https:\\\/\\\/marktxxl.de\\\/markt\\\/wp-content\\\/uploads\\\/sites\\\/3\\\/2020\\\/12\\\/logo.png\",\"contentUrl\":\"https:\\\/\\\/marktxxl.de\\\/markt\\\/wp-content\\\/uploads\\\/sites\\\/3\\\/2020\\\/12\\\/logo.png\",\"width\":200,\"height\":70,\"caption\":\"Markt-XXL\"},\"image\":{\"@id\":\"https:\\\/\\\/marktxxl.de\\\/markt\\\/#\\\/schema\\\/logo\\\/image\\\/\"}}]}<\/script>\n<!-- \/ Yoast SEO plugin. -->","yoast_head_json":{"title":"BRAST Benzin Muldenkipper Mini-Dumper Motor-Schubkarre Dumper Radlader 4,8kw\/6,5PS Allradantrieb 300 kg Traglast - Markt-XXL","description":"Markt-XXL BRAST Benzin Muldenkipper Mini-Dumper Motor-Schubkarre Dumper Radlader 4,8kw\/6,5PS Allradantrieb 300 kg Traglast","robots":{"index":"index","follow":"follow","max-snippet":"max-snippet:-1","max-image-preview":"max-image-preview:large","max-video-preview":"max-video-preview:-1"},"canonical":"https:\/\/marktxxl.de\/markt\/produkt\/brast-benzin-muldenkipper-mini-dumper-motor-schubkarre-dumper-radlader-48kw-65ps-allradantrieb-300-kg-traglast\/","og_locale":"de_DE","og_type":"article","og_title":"BRAST Benzin Muldenkipper Mini-Dumper Motor-Schubkarre Dumper Radlader 4,8kw\/6,5PS Allradantrieb 300 kg Traglast - Markt-XXL","og_description":"Markt-XXL BRAST Benzin Muldenkipper Mini-Dumper Motor-Schubkarre Dumper Radlader 4,8kw\/6,5PS Allradantrieb 300 kg Traglast","og_url":"https:\/\/marktxxl.de\/markt\/produkt\/brast-benzin-muldenkipper-mini-dumper-motor-schubkarre-dumper-radlader-48kw-65ps-allradantrieb-300-kg-traglast\/","og_site_name":"Markt-XXL","article_modified_time":"2023-04-10T23:37:14+00:00","og_image":[{"width":500,"height":500,"url":"https:\/\/m.media-amazon.com\/images\/I\/41lIuLuL5gL._SL500_.jpg","type":"image\/jpeg"}],"twitter_card":"summary_large_image","twitter_misc":{"Gesch\u00e4tzte Lesezeit":"1\u00a0Minute"},"schema":{"@context":"https:\/\/schema.org","@graph":[{"@type":"WebPage","@id":"https:\/\/marktxxl.de\/markt\/produkt\/brast-benzin-muldenkipper-mini-dumper-motor-schubkarre-dumper-radlader-48kw-65ps-allradantrieb-300-kg-traglast\/","url":"https:\/\/marktxxl.de\/markt\/produkt\/brast-benzin-muldenkipper-mini-dumper-motor-schubkarre-dumper-radlader-48kw-65ps-allradantrieb-300-kg-traglast\/","name":"BRAST Benzin Muldenkipper Mini-Dumper Motor-Schubkarre Dumper Radlader 4,8kw\/6,5PS Allradantrieb 300 kg Traglast - Markt-XXL","isPartOf":{"@id":"https:\/\/marktxxl.de\/markt\/#website"},"primaryImageOfPage":{"@id":"https:\/\/marktxxl.de\/markt\/produkt\/brast-benzin-muldenkipper-mini-dumper-motor-schubkarre-dumper-radlader-48kw-65ps-allradantrieb-300-kg-traglast\/#primaryimage"},"image":{"@id":"https:\/\/marktxxl.de\/markt\/produkt\/brast-benzin-muldenkipper-mini-dumper-motor-schubkarre-dumper-radlader-48kw-65ps-allradantrieb-300-kg-traglast\/#primaryimage"},"thumbnailUrl":"https:\/\/m.media-amazon.com\/images\/I\/41lIuLuL5gL._SL500_.jpg","datePublished":"2021-09-12T20:05:23+00:00","dateModified":"2023-04-10T23:37:14+00:00","description":"Markt-XXL BRAST Benzin Muldenkipper Mini-Dumper Motor-Schubkarre Dumper Radlader 4,8kw\/6,5PS Allradantrieb 300 kg Traglast","breadcrumb":{"@id":"https:\/\/marktxxl.de\/markt\/produkt\/brast-benzin-muldenkipper-mini-dumper-motor-schubkarre-dumper-radlader-48kw-65ps-allradantrieb-300-kg-traglast\/#breadcrumb"},"inLanguage":"de","potentialAction":[{"@type":"ReadAction","target":["https:\/\/marktxxl.de\/markt\/produkt\/brast-benzin-muldenkipper-mini-dumper-motor-schubkarre-dumper-radlader-48kw-65ps-allradantrieb-300-kg-traglast\/"]}]},{"@type":"ImageObject","inLanguage":"de","@id":"https:\/\/marktxxl.de\/markt\/produkt\/brast-benzin-muldenkipper-mini-dumper-motor-schubkarre-dumper-radlader-48kw-65ps-allradantrieb-300-kg-traglast\/#primaryimage","url":"https:\/\/m.media-amazon.com\/images\/I\/41lIuLuL5gL._SL500_.jpg","contentUrl":"https:\/\/m.media-amazon.com\/images\/I\/41lIuLuL5gL._SL500_.jpg","width":500,"height":500},{"@type":"BreadcrumbList","@id":"https:\/\/marktxxl.de\/markt\/produkt\/brast-benzin-muldenkipper-mini-dumper-motor-schubkarre-dumper-radlader-48kw-65ps-allradantrieb-300-kg-traglast\/#breadcrumb","itemListElement":[{"@type":"ListItem","position":1,"name":"Startseite","item":"https:\/\/marktxxl.de\/markt\/"},{"@type":"ListItem","position":2,"name":"Markt","item":"https:\/\/marktxxl.de\/markt\/"},{"@type":"ListItem","position":3,"name":"BRAST Benzin Muldenkipper Mini-Dumper Motor-Schubkarre Dumper Radlader 4,8kw\/6,5PS Allradantrieb 300 kg Traglast"}]},{"@type":"WebSite","@id":"https:\/\/marktxxl.de\/markt\/#website","url":"https:\/\/marktxxl.de\/markt\/","name":"Markt-XXL","description":"Ihr Markt Online","publisher":{"@id":"https:\/\/marktxxl.de\/markt\/#organization"},"potentialAction":[{"@type":"SearchAction","target":{"@type":"EntryPoint","urlTemplate":"https:\/\/marktxxl.de\/markt\/?s={search_term_string}"},"query-input":{"@type":"PropertyValueSpecification","valueRequired":true,"valueName":"search_term_string"}}],"inLanguage":"de"},{"@type":"Organization","@id":"https:\/\/marktxxl.de\/markt\/#organization","name":"Markt-XXL","url":"https:\/\/marktxxl.de\/markt\/","logo":{"@type":"ImageObject","inLanguage":"de","@id":"https:\/\/marktxxl.de\/markt\/#\/schema\/logo\/image\/","url":"https:\/\/marktxxl.de\/markt\/wp-content\/uploads\/sites\/3\/2020\/12\/logo.png","contentUrl":"https:\/\/marktxxl.de\/markt\/wp-content\/uploads\/sites\/3\/2020\/12\/logo.png","width":200,"height":70,"caption":"Markt-XXL"},"image":{"@id":"https:\/\/marktxxl.de\/markt\/#\/schema\/logo\/image\/"}}]}},"_links":{"self":[{"href":"https:\/\/marktxxl.de\/markt\/wp-json\/wp\/v2\/product\/28771","targetHints":{"allow":["GET"]}}],"collection":[{"href":"https:\/\/marktxxl.de\/markt\/wp-json\/wp\/v2\/product"}],"about":[{"href":"https:\/\/marktxxl.de\/markt\/wp-json\/wp\/v2\/types\/product"}],"replies":[{"embeddable":true,"href":"https:\/\/marktxxl.de\/markt\/wp-json\/wp\/v2\/comments?post=28771"}],"wp:featuredmedia":[{"embeddable":true,"href":"https:\/\/marktxxl.de\/markt\/wp-json\/wp\/v2\/media\/28772"}],"wp:attachment":[{"href":"https:\/\/marktxxl.de\/markt\/wp-json\/wp\/v2\/media?parent=28771"}],"wp:term":[{"taxonomy":"product_brand","embeddable":true,"href":"https:\/\/marktxxl.de\/markt\/wp-json\/wp\/v2\/product_brand?post=28771"},{"taxonomy":"product_cat","embeddable":true,"href":"https:\/\/marktxxl.de\/markt\/wp-json\/wp\/v2\/product_cat?post=28771"},{"taxonomy":"product_tag","embeddable":true,"href":"https:\/\/marktxxl.de\/markt\/wp-json\/wp\/v2\/product_tag?post=28771"}],"curies":[{"name":"wp","href":"https:\/\/api.w.org\/{rel}","templated":true}]}}