{"id":28742,"date":"2021-09-12T22:05:13","date_gmt":"2021-09-12T20:05:13","guid":{"rendered":"https:\/\/marktxxl.de\/markt\/produkt\/stens-025-070-dichtungssatz-fuer-hydropumpe-schwarz\/"},"modified":"2023-04-11T01:37:13","modified_gmt":"2023-04-10T23:37:13","slug":"stens-025-070-dichtungssatz-fuer-hydropumpe-schwarz","status":"publish","type":"product","link":"https:\/\/marktxxl.de\/markt\/produkt\/stens-025-070-dichtungssatz-fuer-hydropumpe-schwarz\/","title":{"rendered":"Stens 025-070 Dichtungssatz f\u00fcr Hydropumpe, schwarz"},"content":{"rendered":"<p>F\u00fcr eine korrekte Bestellung, Referenz Hydro Gear Teilenummer auf der Hydro-Pumpe.<br \/>\nBew\u00e4hrte Leistung durch patentierte Technologie.<br \/>\nBei Bestellung und Austausch einer Hydropumpe immer den Radmotor und die Leitungen ersetzen, die Tanks sp\u00fclen und einen neuen \u00d6lfilter einbauen. Dies k\u00f6nnte dazu f\u00fchren, dass die Hydropumpe aufgrund von Verunreinigungen versagt.<br \/>\nWeltmarktf\u00fchrer in der Rasen- und Gartenindustrie<br \/>\n<div class=\"main-cross-sell\" data-asin=\"B00FEYH23U\">\n\n\t<div class=\"WooZone-cross-sell-loader\">\n\t\t<div>\n\t\t\t<div id=\"floatingBarsG\">\n\t\t\t\t<div class=\"blockG\" id=\"rotateG_01\"><\/div>\n\t\t\t\t<div class=\"blockG\" id=\"rotateG_02\"><\/div>\n\t\t\t\t<div class=\"blockG\" id=\"rotateG_03\"><\/div>\n\t\t\t\t<div class=\"blockG\" id=\"rotateG_04\"><\/div>\n\t\t\t\t<div class=\"blockG\" id=\"rotateG_05\"><\/div>\n\t\t\t\t<div class=\"blockG\" id=\"rotateG_06\"><\/div>\n\t\t\t\t<div class=\"blockG\" id=\"rotateG_07\"><\/div>\n\t\t\t\t<div class=\"blockG\" id=\"rotateG_08\"><\/div>\n\t\t\t<\/div>\n\t\t\t<div class=\"WooZone-cross-sell-loader-text\"><\/div>\n\t\t<\/div>\n\t<\/div>\n\n\t\t\n<\/div>\n<div style=\"clear:both;\"><\/div><\/p>\n","protected":false},"excerpt":{"rendered":"<p>F\u00fcr eine korrekte Bestellung, Referenz Hydro Gear Teilenummer auf der Hydro-Pumpe.<br \/>\nBew\u00e4hrte Leistung durch patentierte Technologie.<br \/>\nBei Bestellung und Austausch einer Hydropumpe immer den Radmotor und die Leitungen ersetzen, die Tanks sp\u00fclen und einen neuen \u00d6lfilter einbauen. Dies k\u00f6nnte dazu f\u00fchren, dass die Hydropumpe aufgrund von Verunreinigungen versagt.<\/p>\n","protected":false},"featured_media":28743,"comment_status":"open","ping_status":"closed","template":"","meta":[],"product_brand":[],"product_cat":[1983,10767],"product_tag":[],"class_list":{"0":"post-28742","1":"product","2":"type-product","3":"status-publish","4":"has-post-thumbnail","6":"product_cat-baumarkt","7":"product_cat-baumaschinen-zubehoer","8":"pa_binding-gartenartikel","9":"pa_brand-stens","10":"pa_color-schwarz","11":"pa_height-0-8-zoll","12":"pa_length-5-65-zoll","13":"pa_manufacturer-stens","14":"pa_model-025-070","15":"pa_width-5-zoll","17":"first","18":"instock","19":"shipping-taxable","20":"purchasable","21":"product-type-simple","22":"customify-col","23":"product-has-gallery"},"yoast_head":"<!-- This site is optimized with the Yoast SEO plugin v27.3 - https:\/\/yoast.com\/product\/yoast-seo-wordpress\/ -->\n<title>Stens 025-070 Dichtungssatz f\u00fcr Hydropumpe, schwarz - Markt-XXL<\/title>\n<meta name=\"description\" content=\"Markt-XXL Stens 025-070 Dichtungssatz f\u00fcr Hydropumpe, schwarz\" \/>\n<meta name=\"robots\" content=\"index, follow, max-snippet:-1, max-image-preview:large, max-video-preview:-1\" \/>\n<link rel=\"canonical\" href=\"https:\/\/marktxxl.de\/markt\/produkt\/stens-025-070-dichtungssatz-fuer-hydropumpe-schwarz\/\" \/>\n<meta property=\"og:locale\" content=\"de_DE\" \/>\n<meta property=\"og:type\" content=\"article\" \/>\n<meta property=\"og:title\" content=\"Stens 025-070 Dichtungssatz f\u00fcr Hydropumpe, schwarz - Markt-XXL\" \/>\n<meta property=\"og:description\" content=\"Markt-XXL Stens 025-070 Dichtungssatz f\u00fcr Hydropumpe, schwarz\" \/>\n<meta property=\"og:url\" content=\"https:\/\/marktxxl.de\/markt\/produkt\/stens-025-070-dichtungssatz-fuer-hydropumpe-schwarz\/\" \/>\n<meta property=\"og:site_name\" content=\"Markt-XXL\" \/>\n<meta property=\"article:modified_time\" content=\"2023-04-10T23:37:13+00:00\" \/>\n<meta property=\"og:image\" content=\"https:\/\/m.media-amazon.com\/images\/I\/51aHyjcxkXL._SL500_.jpg\" \/>\n\t<meta property=\"og:image:width\" content=\"500\" \/>\n\t<meta property=\"og:image:height\" content=\"500\" \/>\n\t<meta property=\"og:image:type\" content=\"image\/jpeg\" \/>\n<meta name=\"twitter:card\" content=\"summary_large_image\" \/>\n<script type=\"application\/ld+json\" class=\"yoast-schema-graph\">{\"@context\":\"https:\\\/\\\/schema.org\",\"@graph\":[{\"@type\":\"WebPage\",\"@id\":\"https:\\\/\\\/marktxxl.de\\\/markt\\\/produkt\\\/stens-025-070-dichtungssatz-fuer-hydropumpe-schwarz\\\/\",\"url\":\"https:\\\/\\\/marktxxl.de\\\/markt\\\/produkt\\\/stens-025-070-dichtungssatz-fuer-hydropumpe-schwarz\\\/\",\"name\":\"Stens 025-070 Dichtungssatz f\u00fcr Hydropumpe, schwarz - Markt-XXL\",\"isPartOf\":{\"@id\":\"https:\\\/\\\/marktxxl.de\\\/markt\\\/#website\"},\"primaryImageOfPage\":{\"@id\":\"https:\\\/\\\/marktxxl.de\\\/markt\\\/produkt\\\/stens-025-070-dichtungssatz-fuer-hydropumpe-schwarz\\\/#primaryimage\"},\"image\":{\"@id\":\"https:\\\/\\\/marktxxl.de\\\/markt\\\/produkt\\\/stens-025-070-dichtungssatz-fuer-hydropumpe-schwarz\\\/#primaryimage\"},\"thumbnailUrl\":\"https:\\\/\\\/m.media-amazon.com\\\/images\\\/I\\\/51aHyjcxkXL._SL500_.jpg\",\"datePublished\":\"2021-09-12T20:05:13+00:00\",\"dateModified\":\"2023-04-10T23:37:13+00:00\",\"description\":\"Markt-XXL Stens 025-070 Dichtungssatz f\u00fcr Hydropumpe, schwarz\",\"breadcrumb\":{\"@id\":\"https:\\\/\\\/marktxxl.de\\\/markt\\\/produkt\\\/stens-025-070-dichtungssatz-fuer-hydropumpe-schwarz\\\/#breadcrumb\"},\"inLanguage\":\"de\",\"potentialAction\":[{\"@type\":\"ReadAction\",\"target\":[\"https:\\\/\\\/marktxxl.de\\\/markt\\\/produkt\\\/stens-025-070-dichtungssatz-fuer-hydropumpe-schwarz\\\/\"]}]},{\"@type\":\"ImageObject\",\"inLanguage\":\"de\",\"@id\":\"https:\\\/\\\/marktxxl.de\\\/markt\\\/produkt\\\/stens-025-070-dichtungssatz-fuer-hydropumpe-schwarz\\\/#primaryimage\",\"url\":\"https:\\\/\\\/m.media-amazon.com\\\/images\\\/I\\\/51aHyjcxkXL._SL500_.jpg\",\"contentUrl\":\"https:\\\/\\\/m.media-amazon.com\\\/images\\\/I\\\/51aHyjcxkXL._SL500_.jpg\",\"width\":500,\"height\":500},{\"@type\":\"BreadcrumbList\",\"@id\":\"https:\\\/\\\/marktxxl.de\\\/markt\\\/produkt\\\/stens-025-070-dichtungssatz-fuer-hydropumpe-schwarz\\\/#breadcrumb\",\"itemListElement\":[{\"@type\":\"ListItem\",\"position\":1,\"name\":\"Startseite\",\"item\":\"https:\\\/\\\/marktxxl.de\\\/markt\\\/\"},{\"@type\":\"ListItem\",\"position\":2,\"name\":\"Markt\",\"item\":\"https:\\\/\\\/marktxxl.de\\\/markt\\\/\"},{\"@type\":\"ListItem\",\"position\":3,\"name\":\"Stens 025-070 Dichtungssatz f\u00fcr Hydropumpe, schwarz\"}]},{\"@type\":\"WebSite\",\"@id\":\"https:\\\/\\\/marktxxl.de\\\/markt\\\/#website\",\"url\":\"https:\\\/\\\/marktxxl.de\\\/markt\\\/\",\"name\":\"Markt-XXL\",\"description\":\"Ihr Markt Online\",\"publisher\":{\"@id\":\"https:\\\/\\\/marktxxl.de\\\/markt\\\/#organization\"},\"potentialAction\":[{\"@type\":\"SearchAction\",\"target\":{\"@type\":\"EntryPoint\",\"urlTemplate\":\"https:\\\/\\\/marktxxl.de\\\/markt\\\/?s={search_term_string}\"},\"query-input\":{\"@type\":\"PropertyValueSpecification\",\"valueRequired\":true,\"valueName\":\"search_term_string\"}}],\"inLanguage\":\"de\"},{\"@type\":\"Organization\",\"@id\":\"https:\\\/\\\/marktxxl.de\\\/markt\\\/#organization\",\"name\":\"Markt-XXL\",\"url\":\"https:\\\/\\\/marktxxl.de\\\/markt\\\/\",\"logo\":{\"@type\":\"ImageObject\",\"inLanguage\":\"de\",\"@id\":\"https:\\\/\\\/marktxxl.de\\\/markt\\\/#\\\/schema\\\/logo\\\/image\\\/\",\"url\":\"https:\\\/\\\/marktxxl.de\\\/markt\\\/wp-content\\\/uploads\\\/sites\\\/3\\\/2020\\\/12\\\/logo.png\",\"contentUrl\":\"https:\\\/\\\/marktxxl.de\\\/markt\\\/wp-content\\\/uploads\\\/sites\\\/3\\\/2020\\\/12\\\/logo.png\",\"width\":200,\"height\":70,\"caption\":\"Markt-XXL\"},\"image\":{\"@id\":\"https:\\\/\\\/marktxxl.de\\\/markt\\\/#\\\/schema\\\/logo\\\/image\\\/\"}}]}<\/script>\n<!-- \/ Yoast SEO plugin. -->","yoast_head_json":{"title":"Stens 025-070 Dichtungssatz f\u00fcr Hydropumpe, schwarz - Markt-XXL","description":"Markt-XXL Stens 025-070 Dichtungssatz f\u00fcr Hydropumpe, schwarz","robots":{"index":"index","follow":"follow","max-snippet":"max-snippet:-1","max-image-preview":"max-image-preview:large","max-video-preview":"max-video-preview:-1"},"canonical":"https:\/\/marktxxl.de\/markt\/produkt\/stens-025-070-dichtungssatz-fuer-hydropumpe-schwarz\/","og_locale":"de_DE","og_type":"article","og_title":"Stens 025-070 Dichtungssatz f\u00fcr Hydropumpe, schwarz - Markt-XXL","og_description":"Markt-XXL Stens 025-070 Dichtungssatz f\u00fcr Hydropumpe, schwarz","og_url":"https:\/\/marktxxl.de\/markt\/produkt\/stens-025-070-dichtungssatz-fuer-hydropumpe-schwarz\/","og_site_name":"Markt-XXL","article_modified_time":"2023-04-10T23:37:13+00:00","og_image":[{"width":500,"height":500,"url":"https:\/\/m.media-amazon.com\/images\/I\/51aHyjcxkXL._SL500_.jpg","type":"image\/jpeg"}],"twitter_card":"summary_large_image","schema":{"@context":"https:\/\/schema.org","@graph":[{"@type":"WebPage","@id":"https:\/\/marktxxl.de\/markt\/produkt\/stens-025-070-dichtungssatz-fuer-hydropumpe-schwarz\/","url":"https:\/\/marktxxl.de\/markt\/produkt\/stens-025-070-dichtungssatz-fuer-hydropumpe-schwarz\/","name":"Stens 025-070 Dichtungssatz f\u00fcr Hydropumpe, schwarz - Markt-XXL","isPartOf":{"@id":"https:\/\/marktxxl.de\/markt\/#website"},"primaryImageOfPage":{"@id":"https:\/\/marktxxl.de\/markt\/produkt\/stens-025-070-dichtungssatz-fuer-hydropumpe-schwarz\/#primaryimage"},"image":{"@id":"https:\/\/marktxxl.de\/markt\/produkt\/stens-025-070-dichtungssatz-fuer-hydropumpe-schwarz\/#primaryimage"},"thumbnailUrl":"https:\/\/m.media-amazon.com\/images\/I\/51aHyjcxkXL._SL500_.jpg","datePublished":"2021-09-12T20:05:13+00:00","dateModified":"2023-04-10T23:37:13+00:00","description":"Markt-XXL Stens 025-070 Dichtungssatz f\u00fcr Hydropumpe, schwarz","breadcrumb":{"@id":"https:\/\/marktxxl.de\/markt\/produkt\/stens-025-070-dichtungssatz-fuer-hydropumpe-schwarz\/#breadcrumb"},"inLanguage":"de","potentialAction":[{"@type":"ReadAction","target":["https:\/\/marktxxl.de\/markt\/produkt\/stens-025-070-dichtungssatz-fuer-hydropumpe-schwarz\/"]}]},{"@type":"ImageObject","inLanguage":"de","@id":"https:\/\/marktxxl.de\/markt\/produkt\/stens-025-070-dichtungssatz-fuer-hydropumpe-schwarz\/#primaryimage","url":"https:\/\/m.media-amazon.com\/images\/I\/51aHyjcxkXL._SL500_.jpg","contentUrl":"https:\/\/m.media-amazon.com\/images\/I\/51aHyjcxkXL._SL500_.jpg","width":500,"height":500},{"@type":"BreadcrumbList","@id":"https:\/\/marktxxl.de\/markt\/produkt\/stens-025-070-dichtungssatz-fuer-hydropumpe-schwarz\/#breadcrumb","itemListElement":[{"@type":"ListItem","position":1,"name":"Startseite","item":"https:\/\/marktxxl.de\/markt\/"},{"@type":"ListItem","position":2,"name":"Markt","item":"https:\/\/marktxxl.de\/markt\/"},{"@type":"ListItem","position":3,"name":"Stens 025-070 Dichtungssatz f\u00fcr Hydropumpe, schwarz"}]},{"@type":"WebSite","@id":"https:\/\/marktxxl.de\/markt\/#website","url":"https:\/\/marktxxl.de\/markt\/","name":"Markt-XXL","description":"Ihr Markt Online","publisher":{"@id":"https:\/\/marktxxl.de\/markt\/#organization"},"potentialAction":[{"@type":"SearchAction","target":{"@type":"EntryPoint","urlTemplate":"https:\/\/marktxxl.de\/markt\/?s={search_term_string}"},"query-input":{"@type":"PropertyValueSpecification","valueRequired":true,"valueName":"search_term_string"}}],"inLanguage":"de"},{"@type":"Organization","@id":"https:\/\/marktxxl.de\/markt\/#organization","name":"Markt-XXL","url":"https:\/\/marktxxl.de\/markt\/","logo":{"@type":"ImageObject","inLanguage":"de","@id":"https:\/\/marktxxl.de\/markt\/#\/schema\/logo\/image\/","url":"https:\/\/marktxxl.de\/markt\/wp-content\/uploads\/sites\/3\/2020\/12\/logo.png","contentUrl":"https:\/\/marktxxl.de\/markt\/wp-content\/uploads\/sites\/3\/2020\/12\/logo.png","width":200,"height":70,"caption":"Markt-XXL"},"image":{"@id":"https:\/\/marktxxl.de\/markt\/#\/schema\/logo\/image\/"}}]}},"_links":{"self":[{"href":"https:\/\/marktxxl.de\/markt\/wp-json\/wp\/v2\/product\/28742","targetHints":{"allow":["GET"]}}],"collection":[{"href":"https:\/\/marktxxl.de\/markt\/wp-json\/wp\/v2\/product"}],"about":[{"href":"https:\/\/marktxxl.de\/markt\/wp-json\/wp\/v2\/types\/product"}],"replies":[{"embeddable":true,"href":"https:\/\/marktxxl.de\/markt\/wp-json\/wp\/v2\/comments?post=28742"}],"wp:featuredmedia":[{"embeddable":true,"href":"https:\/\/marktxxl.de\/markt\/wp-json\/wp\/v2\/media\/28743"}],"wp:attachment":[{"href":"https:\/\/marktxxl.de\/markt\/wp-json\/wp\/v2\/media?parent=28742"}],"wp:term":[{"taxonomy":"product_brand","embeddable":true,"href":"https:\/\/marktxxl.de\/markt\/wp-json\/wp\/v2\/product_brand?post=28742"},{"taxonomy":"product_cat","embeddable":true,"href":"https:\/\/marktxxl.de\/markt\/wp-json\/wp\/v2\/product_cat?post=28742"},{"taxonomy":"product_tag","embeddable":true,"href":"https:\/\/marktxxl.de\/markt\/wp-json\/wp\/v2\/product_tag?post=28742"}],"curies":[{"name":"wp","href":"https:\/\/api.w.org\/{rel}","templated":true}]}}