{"id":28615,"date":"2021-09-12T22:03:41","date_gmt":"2021-09-12T20:03:41","guid":{"rendered":"https:\/\/marktxxl.de\/markt\/produkt\/kanal-tb-100-exc-2-meter-lang-weiss-fuer-kabelkanal-kaeltemittelleitung-klimaanlage\/"},"modified":"2023-04-11T01:37:10","modified_gmt":"2023-04-10T23:37:10","slug":"kanal-tb-100-exc-2-meter-lang-weiss-fuer-kabelkanal-kaeltemittelleitung-klimaanlage","status":"publish","type":"product","link":"https:\/\/marktxxl.de\/markt\/produkt\/kanal-tb-100-exc-2-meter-lang-weiss-fuer-kabelkanal-kaeltemittelleitung-klimaanlage\/","title":{"rendered":"Kanal TB 100 EXC 2 Meter lang weiss f\u00fcr Kabelkanal K\u00e4ltemittelleitung Klimaanlage"},"content":{"rendered":"<p>Kanal TB Serie 100 EXC 2 Meter Lang weiss f\u00fcr K\u00e4ltemittelleitung<br \/>\nZum ordentlichen verlegen von K\u00e4ltemittelleitungen<br \/>\nUV best\u00e4ndiger PVC abgerundet<br \/>\nF\u00fcr weiteres passendes Zubeh\u00f6r(Kurven, Verbinder und co.) bitte Serie 100 kaufen!<br \/>\nSofort lieferbar aus Deutschland von Klima-B2B (kein Versand an Packstationen da \u00dcbergr\u00f6\u00dfe)<br \/>\n<div class=\"main-cross-sell\" data-asin=\"B07P5GD4SY\">\n\n\t<div class=\"WooZone-cross-sell-loader\">\n\t\t<div>\n\t\t\t<div id=\"floatingBarsG\">\n\t\t\t\t<div class=\"blockG\" id=\"rotateG_01\"><\/div>\n\t\t\t\t<div class=\"blockG\" id=\"rotateG_02\"><\/div>\n\t\t\t\t<div class=\"blockG\" id=\"rotateG_03\"><\/div>\n\t\t\t\t<div class=\"blockG\" id=\"rotateG_04\"><\/div>\n\t\t\t\t<div class=\"blockG\" id=\"rotateG_05\"><\/div>\n\t\t\t\t<div class=\"blockG\" id=\"rotateG_06\"><\/div>\n\t\t\t\t<div class=\"blockG\" id=\"rotateG_07\"><\/div>\n\t\t\t\t<div class=\"blockG\" id=\"rotateG_08\"><\/div>\n\t\t\t<\/div>\n\t\t\t<div class=\"WooZone-cross-sell-loader-text\"><\/div>\n\t\t<\/div>\n\t<\/div>\n\n\t\t\n<\/div>\n<div style=\"clear:both;\"><\/div><\/p>\n","protected":false},"excerpt":{"rendered":"<p>Kanal TB Serie 100 EXC 2 Meter Lang weiss f\u00fcr K\u00e4ltemittelleitung<br \/>\nZum ordentlichen verlegen von K\u00e4ltemittelleitungen<br \/>\nUV best\u00e4ndiger PVC abgerundet<\/p>\n","protected":false},"featured_media":28616,"comment_status":"open","ping_status":"closed","template":"","meta":[],"product_brand":[],"product_cat":[10704,1983],"product_tag":[],"class_list":{"0":"post-28615","1":"product","2":"type-product","3":"status-publish","4":"has-post-thumbnail","6":"product_cat-baubedarf","7":"product_cat-baumarkt","8":"pa_binding-werkzeug","9":"pa_brand-klima-b2b","10":"pa_height-2-87401-zoll","11":"pa_length-78-74-zoll","12":"pa_manufacturer-klima-b2b","13":"pa_weight-3-747858454-pfund","14":"pa_width-3-85826-zoll","16":"first","17":"instock","18":"shipping-taxable","19":"purchasable","20":"product-type-simple","21":"customify-col","22":"product-has-gallery"},"yoast_head":"<!-- This site is optimized with the Yoast SEO plugin v27.3 - https:\/\/yoast.com\/product\/yoast-seo-wordpress\/ -->\n<title>Kanal TB 100 EXC 2 Meter lang weiss f\u00fcr Kabelkanal K\u00e4ltemittelleitung Klimaanlage - Markt-XXL<\/title>\n<meta name=\"description\" content=\"Markt-XXL Kanal TB 100 EXC 2 Meter lang weiss f\u00fcr Kabelkanal K\u00e4ltemittelleitung Klimaanlage\" \/>\n<meta name=\"robots\" content=\"index, follow, max-snippet:-1, max-image-preview:large, max-video-preview:-1\" \/>\n<link rel=\"canonical\" href=\"https:\/\/marktxxl.de\/markt\/produkt\/kanal-tb-100-exc-2-meter-lang-weiss-fuer-kabelkanal-kaeltemittelleitung-klimaanlage\/\" \/>\n<meta property=\"og:locale\" content=\"de_DE\" \/>\n<meta property=\"og:type\" content=\"article\" \/>\n<meta property=\"og:title\" content=\"Kanal TB 100 EXC 2 Meter lang weiss f\u00fcr Kabelkanal K\u00e4ltemittelleitung Klimaanlage - Markt-XXL\" \/>\n<meta property=\"og:description\" content=\"Markt-XXL Kanal TB 100 EXC 2 Meter lang weiss f\u00fcr Kabelkanal K\u00e4ltemittelleitung Klimaanlage\" \/>\n<meta property=\"og:url\" content=\"https:\/\/marktxxl.de\/markt\/produkt\/kanal-tb-100-exc-2-meter-lang-weiss-fuer-kabelkanal-kaeltemittelleitung-klimaanlage\/\" \/>\n<meta property=\"og:site_name\" content=\"Markt-XXL\" \/>\n<meta property=\"article:modified_time\" content=\"2023-04-10T23:37:10+00:00\" \/>\n<meta property=\"og:image\" content=\"https:\/\/m.media-amazon.com\/images\/I\/31Fh0kYyAbL._SL500_.jpg\" \/>\n\t<meta property=\"og:image:width\" content=\"406\" \/>\n\t<meta property=\"og:image:height\" content=\"500\" \/>\n\t<meta property=\"og:image:type\" content=\"image\/jpeg\" \/>\n<meta name=\"twitter:card\" content=\"summary_large_image\" \/>\n<script type=\"application\/ld+json\" class=\"yoast-schema-graph\">{\"@context\":\"https:\\\/\\\/schema.org\",\"@graph\":[{\"@type\":\"WebPage\",\"@id\":\"https:\\\/\\\/marktxxl.de\\\/markt\\\/produkt\\\/kanal-tb-100-exc-2-meter-lang-weiss-fuer-kabelkanal-kaeltemittelleitung-klimaanlage\\\/\",\"url\":\"https:\\\/\\\/marktxxl.de\\\/markt\\\/produkt\\\/kanal-tb-100-exc-2-meter-lang-weiss-fuer-kabelkanal-kaeltemittelleitung-klimaanlage\\\/\",\"name\":\"Kanal TB 100 EXC 2 Meter lang weiss f\u00fcr Kabelkanal K\u00e4ltemittelleitung Klimaanlage - Markt-XXL\",\"isPartOf\":{\"@id\":\"https:\\\/\\\/marktxxl.de\\\/markt\\\/#website\"},\"primaryImageOfPage\":{\"@id\":\"https:\\\/\\\/marktxxl.de\\\/markt\\\/produkt\\\/kanal-tb-100-exc-2-meter-lang-weiss-fuer-kabelkanal-kaeltemittelleitung-klimaanlage\\\/#primaryimage\"},\"image\":{\"@id\":\"https:\\\/\\\/marktxxl.de\\\/markt\\\/produkt\\\/kanal-tb-100-exc-2-meter-lang-weiss-fuer-kabelkanal-kaeltemittelleitung-klimaanlage\\\/#primaryimage\"},\"thumbnailUrl\":\"https:\\\/\\\/m.media-amazon.com\\\/images\\\/I\\\/31Fh0kYyAbL._SL500_.jpg\",\"datePublished\":\"2021-09-12T20:03:41+00:00\",\"dateModified\":\"2023-04-10T23:37:10+00:00\",\"description\":\"Markt-XXL Kanal TB 100 EXC 2 Meter lang weiss f\u00fcr Kabelkanal K\u00e4ltemittelleitung Klimaanlage\",\"breadcrumb\":{\"@id\":\"https:\\\/\\\/marktxxl.de\\\/markt\\\/produkt\\\/kanal-tb-100-exc-2-meter-lang-weiss-fuer-kabelkanal-kaeltemittelleitung-klimaanlage\\\/#breadcrumb\"},\"inLanguage\":\"de\",\"potentialAction\":[{\"@type\":\"ReadAction\",\"target\":[\"https:\\\/\\\/marktxxl.de\\\/markt\\\/produkt\\\/kanal-tb-100-exc-2-meter-lang-weiss-fuer-kabelkanal-kaeltemittelleitung-klimaanlage\\\/\"]}]},{\"@type\":\"ImageObject\",\"inLanguage\":\"de\",\"@id\":\"https:\\\/\\\/marktxxl.de\\\/markt\\\/produkt\\\/kanal-tb-100-exc-2-meter-lang-weiss-fuer-kabelkanal-kaeltemittelleitung-klimaanlage\\\/#primaryimage\",\"url\":\"https:\\\/\\\/m.media-amazon.com\\\/images\\\/I\\\/31Fh0kYyAbL._SL500_.jpg\",\"contentUrl\":\"https:\\\/\\\/m.media-amazon.com\\\/images\\\/I\\\/31Fh0kYyAbL._SL500_.jpg\",\"width\":406,\"height\":500},{\"@type\":\"BreadcrumbList\",\"@id\":\"https:\\\/\\\/marktxxl.de\\\/markt\\\/produkt\\\/kanal-tb-100-exc-2-meter-lang-weiss-fuer-kabelkanal-kaeltemittelleitung-klimaanlage\\\/#breadcrumb\",\"itemListElement\":[{\"@type\":\"ListItem\",\"position\":1,\"name\":\"Startseite\",\"item\":\"https:\\\/\\\/marktxxl.de\\\/markt\\\/\"},{\"@type\":\"ListItem\",\"position\":2,\"name\":\"Markt\",\"item\":\"https:\\\/\\\/marktxxl.de\\\/markt\\\/\"},{\"@type\":\"ListItem\",\"position\":3,\"name\":\"Kanal TB 100 EXC 2 Meter lang weiss f\u00fcr Kabelkanal K\u00e4ltemittelleitung Klimaanlage\"}]},{\"@type\":\"WebSite\",\"@id\":\"https:\\\/\\\/marktxxl.de\\\/markt\\\/#website\",\"url\":\"https:\\\/\\\/marktxxl.de\\\/markt\\\/\",\"name\":\"Markt-XXL\",\"description\":\"Ihr Markt Online\",\"publisher\":{\"@id\":\"https:\\\/\\\/marktxxl.de\\\/markt\\\/#organization\"},\"potentialAction\":[{\"@type\":\"SearchAction\",\"target\":{\"@type\":\"EntryPoint\",\"urlTemplate\":\"https:\\\/\\\/marktxxl.de\\\/markt\\\/?s={search_term_string}\"},\"query-input\":{\"@type\":\"PropertyValueSpecification\",\"valueRequired\":true,\"valueName\":\"search_term_string\"}}],\"inLanguage\":\"de\"},{\"@type\":\"Organization\",\"@id\":\"https:\\\/\\\/marktxxl.de\\\/markt\\\/#organization\",\"name\":\"Markt-XXL\",\"url\":\"https:\\\/\\\/marktxxl.de\\\/markt\\\/\",\"logo\":{\"@type\":\"ImageObject\",\"inLanguage\":\"de\",\"@id\":\"https:\\\/\\\/marktxxl.de\\\/markt\\\/#\\\/schema\\\/logo\\\/image\\\/\",\"url\":\"https:\\\/\\\/marktxxl.de\\\/markt\\\/wp-content\\\/uploads\\\/sites\\\/3\\\/2020\\\/12\\\/logo.png\",\"contentUrl\":\"https:\\\/\\\/marktxxl.de\\\/markt\\\/wp-content\\\/uploads\\\/sites\\\/3\\\/2020\\\/12\\\/logo.png\",\"width\":200,\"height\":70,\"caption\":\"Markt-XXL\"},\"image\":{\"@id\":\"https:\\\/\\\/marktxxl.de\\\/markt\\\/#\\\/schema\\\/logo\\\/image\\\/\"}}]}<\/script>\n<!-- \/ Yoast SEO plugin. -->","yoast_head_json":{"title":"Kanal TB 100 EXC 2 Meter lang weiss f\u00fcr Kabelkanal K\u00e4ltemittelleitung Klimaanlage - Markt-XXL","description":"Markt-XXL Kanal TB 100 EXC 2 Meter lang weiss f\u00fcr Kabelkanal K\u00e4ltemittelleitung Klimaanlage","robots":{"index":"index","follow":"follow","max-snippet":"max-snippet:-1","max-image-preview":"max-image-preview:large","max-video-preview":"max-video-preview:-1"},"canonical":"https:\/\/marktxxl.de\/markt\/produkt\/kanal-tb-100-exc-2-meter-lang-weiss-fuer-kabelkanal-kaeltemittelleitung-klimaanlage\/","og_locale":"de_DE","og_type":"article","og_title":"Kanal TB 100 EXC 2 Meter lang weiss f\u00fcr Kabelkanal K\u00e4ltemittelleitung Klimaanlage - Markt-XXL","og_description":"Markt-XXL Kanal TB 100 EXC 2 Meter lang weiss f\u00fcr Kabelkanal K\u00e4ltemittelleitung Klimaanlage","og_url":"https:\/\/marktxxl.de\/markt\/produkt\/kanal-tb-100-exc-2-meter-lang-weiss-fuer-kabelkanal-kaeltemittelleitung-klimaanlage\/","og_site_name":"Markt-XXL","article_modified_time":"2023-04-10T23:37:10+00:00","og_image":[{"width":406,"height":500,"url":"https:\/\/m.media-amazon.com\/images\/I\/31Fh0kYyAbL._SL500_.jpg","type":"image\/jpeg"}],"twitter_card":"summary_large_image","schema":{"@context":"https:\/\/schema.org","@graph":[{"@type":"WebPage","@id":"https:\/\/marktxxl.de\/markt\/produkt\/kanal-tb-100-exc-2-meter-lang-weiss-fuer-kabelkanal-kaeltemittelleitung-klimaanlage\/","url":"https:\/\/marktxxl.de\/markt\/produkt\/kanal-tb-100-exc-2-meter-lang-weiss-fuer-kabelkanal-kaeltemittelleitung-klimaanlage\/","name":"Kanal TB 100 EXC 2 Meter lang weiss f\u00fcr Kabelkanal K\u00e4ltemittelleitung Klimaanlage - Markt-XXL","isPartOf":{"@id":"https:\/\/marktxxl.de\/markt\/#website"},"primaryImageOfPage":{"@id":"https:\/\/marktxxl.de\/markt\/produkt\/kanal-tb-100-exc-2-meter-lang-weiss-fuer-kabelkanal-kaeltemittelleitung-klimaanlage\/#primaryimage"},"image":{"@id":"https:\/\/marktxxl.de\/markt\/produkt\/kanal-tb-100-exc-2-meter-lang-weiss-fuer-kabelkanal-kaeltemittelleitung-klimaanlage\/#primaryimage"},"thumbnailUrl":"https:\/\/m.media-amazon.com\/images\/I\/31Fh0kYyAbL._SL500_.jpg","datePublished":"2021-09-12T20:03:41+00:00","dateModified":"2023-04-10T23:37:10+00:00","description":"Markt-XXL Kanal TB 100 EXC 2 Meter lang weiss f\u00fcr Kabelkanal K\u00e4ltemittelleitung Klimaanlage","breadcrumb":{"@id":"https:\/\/marktxxl.de\/markt\/produkt\/kanal-tb-100-exc-2-meter-lang-weiss-fuer-kabelkanal-kaeltemittelleitung-klimaanlage\/#breadcrumb"},"inLanguage":"de","potentialAction":[{"@type":"ReadAction","target":["https:\/\/marktxxl.de\/markt\/produkt\/kanal-tb-100-exc-2-meter-lang-weiss-fuer-kabelkanal-kaeltemittelleitung-klimaanlage\/"]}]},{"@type":"ImageObject","inLanguage":"de","@id":"https:\/\/marktxxl.de\/markt\/produkt\/kanal-tb-100-exc-2-meter-lang-weiss-fuer-kabelkanal-kaeltemittelleitung-klimaanlage\/#primaryimage","url":"https:\/\/m.media-amazon.com\/images\/I\/31Fh0kYyAbL._SL500_.jpg","contentUrl":"https:\/\/m.media-amazon.com\/images\/I\/31Fh0kYyAbL._SL500_.jpg","width":406,"height":500},{"@type":"BreadcrumbList","@id":"https:\/\/marktxxl.de\/markt\/produkt\/kanal-tb-100-exc-2-meter-lang-weiss-fuer-kabelkanal-kaeltemittelleitung-klimaanlage\/#breadcrumb","itemListElement":[{"@type":"ListItem","position":1,"name":"Startseite","item":"https:\/\/marktxxl.de\/markt\/"},{"@type":"ListItem","position":2,"name":"Markt","item":"https:\/\/marktxxl.de\/markt\/"},{"@type":"ListItem","position":3,"name":"Kanal TB 100 EXC 2 Meter lang weiss f\u00fcr Kabelkanal K\u00e4ltemittelleitung Klimaanlage"}]},{"@type":"WebSite","@id":"https:\/\/marktxxl.de\/markt\/#website","url":"https:\/\/marktxxl.de\/markt\/","name":"Markt-XXL","description":"Ihr Markt Online","publisher":{"@id":"https:\/\/marktxxl.de\/markt\/#organization"},"potentialAction":[{"@type":"SearchAction","target":{"@type":"EntryPoint","urlTemplate":"https:\/\/marktxxl.de\/markt\/?s={search_term_string}"},"query-input":{"@type":"PropertyValueSpecification","valueRequired":true,"valueName":"search_term_string"}}],"inLanguage":"de"},{"@type":"Organization","@id":"https:\/\/marktxxl.de\/markt\/#organization","name":"Markt-XXL","url":"https:\/\/marktxxl.de\/markt\/","logo":{"@type":"ImageObject","inLanguage":"de","@id":"https:\/\/marktxxl.de\/markt\/#\/schema\/logo\/image\/","url":"https:\/\/marktxxl.de\/markt\/wp-content\/uploads\/sites\/3\/2020\/12\/logo.png","contentUrl":"https:\/\/marktxxl.de\/markt\/wp-content\/uploads\/sites\/3\/2020\/12\/logo.png","width":200,"height":70,"caption":"Markt-XXL"},"image":{"@id":"https:\/\/marktxxl.de\/markt\/#\/schema\/logo\/image\/"}}]}},"_links":{"self":[{"href":"https:\/\/marktxxl.de\/markt\/wp-json\/wp\/v2\/product\/28615","targetHints":{"allow":["GET"]}}],"collection":[{"href":"https:\/\/marktxxl.de\/markt\/wp-json\/wp\/v2\/product"}],"about":[{"href":"https:\/\/marktxxl.de\/markt\/wp-json\/wp\/v2\/types\/product"}],"replies":[{"embeddable":true,"href":"https:\/\/marktxxl.de\/markt\/wp-json\/wp\/v2\/comments?post=28615"}],"wp:featuredmedia":[{"embeddable":true,"href":"https:\/\/marktxxl.de\/markt\/wp-json\/wp\/v2\/media\/28616"}],"wp:attachment":[{"href":"https:\/\/marktxxl.de\/markt\/wp-json\/wp\/v2\/media?parent=28615"}],"wp:term":[{"taxonomy":"product_brand","embeddable":true,"href":"https:\/\/marktxxl.de\/markt\/wp-json\/wp\/v2\/product_brand?post=28615"},{"taxonomy":"product_cat","embeddable":true,"href":"https:\/\/marktxxl.de\/markt\/wp-json\/wp\/v2\/product_cat?post=28615"},{"taxonomy":"product_tag","embeddable":true,"href":"https:\/\/marktxxl.de\/markt\/wp-json\/wp\/v2\/product_tag?post=28615"}],"curies":[{"name":"wp","href":"https:\/\/api.w.org\/{rel}","templated":true}]}}