{"id":28342,"date":"2021-09-12T22:00:14","date_gmt":"2021-09-12T20:00:14","guid":{"rendered":"https:\/\/marktxxl.de\/markt\/produkt\/boppy-kissenbezug-aus-bio-stoff-gruene-kleine-blaetter-modisches-zweiseitiges-design-passend-fuer-alle-stillkissen-und-positionierer\/"},"modified":"2023-04-11T01:36:35","modified_gmt":"2023-04-10T23:36:35","slug":"boppy-kissenbezug-aus-bio-stoff-gruene-kleine-blaetter-modisches-zweiseitiges-design-passend-fuer-alle-stillkissen-und-positionierer","status":"publish","type":"product","link":"https:\/\/marktxxl.de\/markt\/produkt\/boppy-kissenbezug-aus-bio-stoff-gruene-kleine-blaetter-modisches-zweiseitiges-design-passend-fuer-alle-stillkissen-und-positionierer\/","title":{"rendered":"Boppy Kissenbezug aus Bio-Stoff, gr\u00fcne kleine Bl\u00e4tter, modisches zweiseitiges Design, passend f\u00fcr alle Stillkissen und\u2026"},"content":{"rendered":"<p>30 Jahre Komfort und Unterst\u00fctzung beim Stillen: Der ultraweiche Bio-Baumwollstoff mit passender Mode und Paspelierung Boppy Bezug passt garantiert auf alle preisgekr\u00f6nten Boppy Feeding und Infant Support Kissen. Boppy-Kissen separat erh\u00e4ltlich.<br \/>\nVielseitig einsetzbar f\u00fcr 0\u201312 Monate: Verwenden Sie den Boppy Bezug auf jedes Boppy Feeding und S\u00e4ugling St\u00fctzkissen. Das Boppy Stillkissen unterst\u00fctzt Ihr Neugeborenes \u00fcber das gesamte erste Jahr mit St\u00fctzung, Bauchzeit, Sitzen oder einfach nur kleinen Fingern und Zehen.<br \/>\nPflegeleicht, maschinenwaschbar: einfach mit Rei\u00dfverschluss an- und ausziehen f\u00fcr die Maschinenw\u00e4sche, da kleine Unordnung passiert. Boppy-Kissen sind separat erh\u00e4ltlich, und alle Boppy-Bez\u00fcge passen garantiert auf das Boppy-Kissen. Mit einem extra Boppy Kissenbezug, der sich leicht an- und ausziehen l\u00e4sst, ist ideal f\u00fcr zwischen den Waschg\u00e4ngen.<br \/>\nPreisgekr\u00f6nte Qualit\u00e4t: Das Boppy Kissen hat mehrere Auszeichnungen von Eltern und der Baby-Gemeinschaft gewonnen. Die letzten Gewinne sind aus dem BabyCenter Mom&#8217;s Pick Best von 2018 und dem 2018er \u201eWhat to Expect\u201c-Gewinner.<br \/>\nEin Muss f\u00fcr das Kinderzimmer: Versch\u00fctten, Spucken, Unordnung? W\u00e4hlen Sie einen extra Kissenbezug auf Ihrem Babyregister. Das Boppy Kissen ist ein Must-Have und ist somit das perfekte Geschenk f\u00fcr jede Babyparty. W\u00e4hlen Sie einen bezaubernden, originellen Kissenbezug, der zu Ihrem Kinderzimmer passt.<br \/>\n<div class=\"main-cross-sell\" data-asin=\"B0814B7BTG\">\n\n\t<div class=\"WooZone-cross-sell-loader\">\n\t\t<div>\n\t\t\t<div id=\"floatingBarsG\">\n\t\t\t\t<div class=\"blockG\" id=\"rotateG_01\"><\/div>\n\t\t\t\t<div class=\"blockG\" id=\"rotateG_02\"><\/div>\n\t\t\t\t<div class=\"blockG\" id=\"rotateG_03\"><\/div>\n\t\t\t\t<div class=\"blockG\" id=\"rotateG_04\"><\/div>\n\t\t\t\t<div class=\"blockG\" id=\"rotateG_05\"><\/div>\n\t\t\t\t<div class=\"blockG\" id=\"rotateG_06\"><\/div>\n\t\t\t\t<div class=\"blockG\" id=\"rotateG_07\"><\/div>\n\t\t\t\t<div class=\"blockG\" id=\"rotateG_08\"><\/div>\n\t\t\t<\/div>\n\t\t\t<div class=\"WooZone-cross-sell-loader-text\"><\/div>\n\t\t<\/div>\n\t<\/div>\n\n\t\t\n<\/div>\n<div style=\"clear:both;\"><\/div><\/p>\n","protected":false},"excerpt":{"rendered":"<p>30 Jahre Komfort und Unterst\u00fctzung beim Stillen: Der ultraweiche Bio-Baumwollstoff mit passender Mode und Paspelierung Boppy Bezug passt garantiert auf alle preisgekr\u00f6nten Boppy Feeding und Infant Support Kissen. Boppy-Kissen separat erh\u00e4ltlich.<br \/>\nVielseitig einsetzbar f\u00fcr 0\u201312 Monate: Verwenden Sie den Boppy Bezug auf jedes Boppy Feeding und S\u00e4ugling St\u00fctzkissen. Das Boppy Stillkissen unterst\u00fctzt Ihr Neugeborenes \u00fcber das gesamte erste Jahr mit St\u00fctzung, Bauchzeit, Sitzen oder einfach nur kleinen Fingern und Zehen.<br \/>\nPflegeleicht, maschinenwaschbar: einfach mit Rei\u00dfverschluss an- und ausziehen f\u00fcr die Maschinenw\u00e4sche, da kleine Unordnung passiert. Boppy-Kissen sind separat erh\u00e4ltlich, und alle Boppy-Bez\u00fcge passen garantiert auf das Boppy-Kissen. Mit einem extra Boppy Kissenbezug, der sich leicht an- und ausziehen l\u00e4sst, ist ideal f\u00fcr zwischen den Waschg\u00e4ngen.<\/p>\n","protected":false},"featured_media":28343,"comment_status":"open","ping_status":"closed","template":"","meta":[],"product_brand":[],"product_cat":[21,9216],"product_tag":[],"class_list":{"0":"post-28342","1":"product","2":"type-product","3":"status-publish","4":"has-post-thumbnail","6":"product_cat-baby","7":"product_cat-ernaehrung-stillen-baby","8":"pa_binding-babyartikel","9":"pa_brand-boppy","10":"pa_height-5-5-zoll","11":"pa_length-20-zoll","12":"pa_manufacturer-amazonus-bopb7","13":"pa_model-13046","14":"pa_weight-0-44-pfund","15":"pa_width-16-zoll","17":"first","18":"instock","19":"shipping-taxable","20":"purchasable","21":"product-type-simple","22":"customify-col","23":"product-has-gallery"},"yoast_head":"<!-- This site is optimized with the Yoast SEO plugin v27.4 - https:\/\/yoast.com\/product\/yoast-seo-wordpress\/ -->\n<title>Boppy Kissenbezug aus Bio-Stoff, gr\u00fcne kleine Bl\u00e4tter, modisches zweiseitiges Design, passend f\u00fcr alle Stillkissen und\u2026 - Markt-XXL<\/title>\n<meta name=\"description\" content=\"Markt-XXL Boppy Kissenbezug aus Bio-Stoff, gr\u00fcne kleine Bl\u00e4tter, modisches zweiseitiges Design, passend f\u00fcr alle Stillkissen und\u2026\" \/>\n<meta name=\"robots\" content=\"index, follow, max-snippet:-1, max-image-preview:large, max-video-preview:-1\" \/>\n<link rel=\"canonical\" href=\"https:\/\/marktxxl.de\/markt\/produkt\/boppy-kissenbezug-aus-bio-stoff-gruene-kleine-blaetter-modisches-zweiseitiges-design-passend-fuer-alle-stillkissen-und-positionierer\/\" \/>\n<meta property=\"og:locale\" content=\"de_DE\" \/>\n<meta property=\"og:type\" content=\"article\" \/>\n<meta property=\"og:title\" content=\"Boppy Kissenbezug aus Bio-Stoff, gr\u00fcne kleine Bl\u00e4tter, modisches zweiseitiges Design, passend f\u00fcr alle Stillkissen und\u2026 - Markt-XXL\" \/>\n<meta property=\"og:description\" content=\"Markt-XXL Boppy Kissenbezug aus Bio-Stoff, gr\u00fcne kleine Bl\u00e4tter, modisches zweiseitiges Design, passend f\u00fcr alle Stillkissen und\u2026\" \/>\n<meta property=\"og:url\" content=\"https:\/\/marktxxl.de\/markt\/produkt\/boppy-kissenbezug-aus-bio-stoff-gruene-kleine-blaetter-modisches-zweiseitiges-design-passend-fuer-alle-stillkissen-und-positionierer\/\" \/>\n<meta property=\"og:site_name\" content=\"Markt-XXL\" \/>\n<meta property=\"article:modified_time\" content=\"2023-04-10T23:36:35+00:00\" \/>\n<meta property=\"og:image\" content=\"https:\/\/m.media-amazon.com\/images\/I\/41wYKODG2SS._SL500_.jpg\" \/>\n\t<meta property=\"og:image:width\" content=\"500\" \/>\n\t<meta property=\"og:image:height\" content=\"500\" \/>\n\t<meta property=\"og:image:type\" content=\"image\/jpeg\" \/>\n<meta name=\"twitter:card\" content=\"summary_large_image\" \/>\n<meta name=\"twitter:label1\" content=\"Gesch\u00e4tzte Lesezeit\" \/>\n\t<meta name=\"twitter:data1\" content=\"1\u00a0Minute\" \/>\n<script type=\"application\/ld+json\" class=\"yoast-schema-graph\">{\"@context\":\"https:\\\/\\\/schema.org\",\"@graph\":[{\"@type\":\"WebPage\",\"@id\":\"https:\\\/\\\/marktxxl.de\\\/markt\\\/produkt\\\/boppy-kissenbezug-aus-bio-stoff-gruene-kleine-blaetter-modisches-zweiseitiges-design-passend-fuer-alle-stillkissen-und-positionierer\\\/\",\"url\":\"https:\\\/\\\/marktxxl.de\\\/markt\\\/produkt\\\/boppy-kissenbezug-aus-bio-stoff-gruene-kleine-blaetter-modisches-zweiseitiges-design-passend-fuer-alle-stillkissen-und-positionierer\\\/\",\"name\":\"Boppy Kissenbezug aus Bio-Stoff, gr\u00fcne kleine Bl\u00e4tter, modisches zweiseitiges Design, passend f\u00fcr alle Stillkissen und\u2026 - Markt-XXL\",\"isPartOf\":{\"@id\":\"https:\\\/\\\/marktxxl.de\\\/markt\\\/#website\"},\"primaryImageOfPage\":{\"@id\":\"https:\\\/\\\/marktxxl.de\\\/markt\\\/produkt\\\/boppy-kissenbezug-aus-bio-stoff-gruene-kleine-blaetter-modisches-zweiseitiges-design-passend-fuer-alle-stillkissen-und-positionierer\\\/#primaryimage\"},\"image\":{\"@id\":\"https:\\\/\\\/marktxxl.de\\\/markt\\\/produkt\\\/boppy-kissenbezug-aus-bio-stoff-gruene-kleine-blaetter-modisches-zweiseitiges-design-passend-fuer-alle-stillkissen-und-positionierer\\\/#primaryimage\"},\"thumbnailUrl\":\"https:\\\/\\\/m.media-amazon.com\\\/images\\\/I\\\/41wYKODG2SS._SL500_.jpg\",\"datePublished\":\"2021-09-12T20:00:14+00:00\",\"dateModified\":\"2023-04-10T23:36:35+00:00\",\"description\":\"Markt-XXL Boppy Kissenbezug aus Bio-Stoff, gr\u00fcne kleine Bl\u00e4tter, modisches zweiseitiges Design, passend f\u00fcr alle Stillkissen und\u2026\",\"breadcrumb\":{\"@id\":\"https:\\\/\\\/marktxxl.de\\\/markt\\\/produkt\\\/boppy-kissenbezug-aus-bio-stoff-gruene-kleine-blaetter-modisches-zweiseitiges-design-passend-fuer-alle-stillkissen-und-positionierer\\\/#breadcrumb\"},\"inLanguage\":\"de\",\"potentialAction\":[{\"@type\":\"ReadAction\",\"target\":[\"https:\\\/\\\/marktxxl.de\\\/markt\\\/produkt\\\/boppy-kissenbezug-aus-bio-stoff-gruene-kleine-blaetter-modisches-zweiseitiges-design-passend-fuer-alle-stillkissen-und-positionierer\\\/\"]}]},{\"@type\":\"ImageObject\",\"inLanguage\":\"de\",\"@id\":\"https:\\\/\\\/marktxxl.de\\\/markt\\\/produkt\\\/boppy-kissenbezug-aus-bio-stoff-gruene-kleine-blaetter-modisches-zweiseitiges-design-passend-fuer-alle-stillkissen-und-positionierer\\\/#primaryimage\",\"url\":\"https:\\\/\\\/m.media-amazon.com\\\/images\\\/I\\\/41wYKODG2SS._SL500_.jpg\",\"contentUrl\":\"https:\\\/\\\/m.media-amazon.com\\\/images\\\/I\\\/41wYKODG2SS._SL500_.jpg\",\"width\":500,\"height\":500},{\"@type\":\"BreadcrumbList\",\"@id\":\"https:\\\/\\\/marktxxl.de\\\/markt\\\/produkt\\\/boppy-kissenbezug-aus-bio-stoff-gruene-kleine-blaetter-modisches-zweiseitiges-design-passend-fuer-alle-stillkissen-und-positionierer\\\/#breadcrumb\",\"itemListElement\":[{\"@type\":\"ListItem\",\"position\":1,\"name\":\"Startseite\",\"item\":\"https:\\\/\\\/marktxxl.de\\\/markt\\\/\"},{\"@type\":\"ListItem\",\"position\":2,\"name\":\"Markt\",\"item\":\"https:\\\/\\\/marktxxl.de\\\/markt\\\/\"},{\"@type\":\"ListItem\",\"position\":3,\"name\":\"Boppy Kissenbezug aus Bio-Stoff, gr\u00fcne kleine Bl\u00e4tter, modisches zweiseitiges Design, passend f\u00fcr alle Stillkissen und\u2026\"}]},{\"@type\":\"WebSite\",\"@id\":\"https:\\\/\\\/marktxxl.de\\\/markt\\\/#website\",\"url\":\"https:\\\/\\\/marktxxl.de\\\/markt\\\/\",\"name\":\"Markt-XXL\",\"description\":\"Ihr Markt Online\",\"publisher\":{\"@id\":\"https:\\\/\\\/marktxxl.de\\\/markt\\\/#organization\"},\"potentialAction\":[{\"@type\":\"SearchAction\",\"target\":{\"@type\":\"EntryPoint\",\"urlTemplate\":\"https:\\\/\\\/marktxxl.de\\\/markt\\\/?s={search_term_string}\"},\"query-input\":{\"@type\":\"PropertyValueSpecification\",\"valueRequired\":true,\"valueName\":\"search_term_string\"}}],\"inLanguage\":\"de\"},{\"@type\":\"Organization\",\"@id\":\"https:\\\/\\\/marktxxl.de\\\/markt\\\/#organization\",\"name\":\"Markt-XXL\",\"url\":\"https:\\\/\\\/marktxxl.de\\\/markt\\\/\",\"logo\":{\"@type\":\"ImageObject\",\"inLanguage\":\"de\",\"@id\":\"https:\\\/\\\/marktxxl.de\\\/markt\\\/#\\\/schema\\\/logo\\\/image\\\/\",\"url\":\"https:\\\/\\\/marktxxl.de\\\/markt\\\/wp-content\\\/uploads\\\/sites\\\/3\\\/2020\\\/12\\\/logo.png\",\"contentUrl\":\"https:\\\/\\\/marktxxl.de\\\/markt\\\/wp-content\\\/uploads\\\/sites\\\/3\\\/2020\\\/12\\\/logo.png\",\"width\":200,\"height\":70,\"caption\":\"Markt-XXL\"},\"image\":{\"@id\":\"https:\\\/\\\/marktxxl.de\\\/markt\\\/#\\\/schema\\\/logo\\\/image\\\/\"}}]}<\/script>\n<!-- \/ Yoast SEO plugin. -->","yoast_head_json":{"title":"Boppy Kissenbezug aus Bio-Stoff, gr\u00fcne kleine Bl\u00e4tter, modisches zweiseitiges Design, passend f\u00fcr alle Stillkissen und\u2026 - Markt-XXL","description":"Markt-XXL Boppy Kissenbezug aus Bio-Stoff, gr\u00fcne kleine Bl\u00e4tter, modisches zweiseitiges Design, passend f\u00fcr alle Stillkissen und\u2026","robots":{"index":"index","follow":"follow","max-snippet":"max-snippet:-1","max-image-preview":"max-image-preview:large","max-video-preview":"max-video-preview:-1"},"canonical":"https:\/\/marktxxl.de\/markt\/produkt\/boppy-kissenbezug-aus-bio-stoff-gruene-kleine-blaetter-modisches-zweiseitiges-design-passend-fuer-alle-stillkissen-und-positionierer\/","og_locale":"de_DE","og_type":"article","og_title":"Boppy Kissenbezug aus Bio-Stoff, gr\u00fcne kleine Bl\u00e4tter, modisches zweiseitiges Design, passend f\u00fcr alle Stillkissen und\u2026 - Markt-XXL","og_description":"Markt-XXL Boppy Kissenbezug aus Bio-Stoff, gr\u00fcne kleine Bl\u00e4tter, modisches zweiseitiges Design, passend f\u00fcr alle Stillkissen und\u2026","og_url":"https:\/\/marktxxl.de\/markt\/produkt\/boppy-kissenbezug-aus-bio-stoff-gruene-kleine-blaetter-modisches-zweiseitiges-design-passend-fuer-alle-stillkissen-und-positionierer\/","og_site_name":"Markt-XXL","article_modified_time":"2023-04-10T23:36:35+00:00","og_image":[{"width":500,"height":500,"url":"https:\/\/m.media-amazon.com\/images\/I\/41wYKODG2SS._SL500_.jpg","type":"image\/jpeg"}],"twitter_card":"summary_large_image","twitter_misc":{"Gesch\u00e4tzte Lesezeit":"1\u00a0Minute"},"schema":{"@context":"https:\/\/schema.org","@graph":[{"@type":"WebPage","@id":"https:\/\/marktxxl.de\/markt\/produkt\/boppy-kissenbezug-aus-bio-stoff-gruene-kleine-blaetter-modisches-zweiseitiges-design-passend-fuer-alle-stillkissen-und-positionierer\/","url":"https:\/\/marktxxl.de\/markt\/produkt\/boppy-kissenbezug-aus-bio-stoff-gruene-kleine-blaetter-modisches-zweiseitiges-design-passend-fuer-alle-stillkissen-und-positionierer\/","name":"Boppy Kissenbezug aus Bio-Stoff, gr\u00fcne kleine Bl\u00e4tter, modisches zweiseitiges Design, passend f\u00fcr alle Stillkissen und\u2026 - Markt-XXL","isPartOf":{"@id":"https:\/\/marktxxl.de\/markt\/#website"},"primaryImageOfPage":{"@id":"https:\/\/marktxxl.de\/markt\/produkt\/boppy-kissenbezug-aus-bio-stoff-gruene-kleine-blaetter-modisches-zweiseitiges-design-passend-fuer-alle-stillkissen-und-positionierer\/#primaryimage"},"image":{"@id":"https:\/\/marktxxl.de\/markt\/produkt\/boppy-kissenbezug-aus-bio-stoff-gruene-kleine-blaetter-modisches-zweiseitiges-design-passend-fuer-alle-stillkissen-und-positionierer\/#primaryimage"},"thumbnailUrl":"https:\/\/m.media-amazon.com\/images\/I\/41wYKODG2SS._SL500_.jpg","datePublished":"2021-09-12T20:00:14+00:00","dateModified":"2023-04-10T23:36:35+00:00","description":"Markt-XXL Boppy Kissenbezug aus Bio-Stoff, gr\u00fcne kleine Bl\u00e4tter, modisches zweiseitiges Design, passend f\u00fcr alle Stillkissen und\u2026","breadcrumb":{"@id":"https:\/\/marktxxl.de\/markt\/produkt\/boppy-kissenbezug-aus-bio-stoff-gruene-kleine-blaetter-modisches-zweiseitiges-design-passend-fuer-alle-stillkissen-und-positionierer\/#breadcrumb"},"inLanguage":"de","potentialAction":[{"@type":"ReadAction","target":["https:\/\/marktxxl.de\/markt\/produkt\/boppy-kissenbezug-aus-bio-stoff-gruene-kleine-blaetter-modisches-zweiseitiges-design-passend-fuer-alle-stillkissen-und-positionierer\/"]}]},{"@type":"ImageObject","inLanguage":"de","@id":"https:\/\/marktxxl.de\/markt\/produkt\/boppy-kissenbezug-aus-bio-stoff-gruene-kleine-blaetter-modisches-zweiseitiges-design-passend-fuer-alle-stillkissen-und-positionierer\/#primaryimage","url":"https:\/\/m.media-amazon.com\/images\/I\/41wYKODG2SS._SL500_.jpg","contentUrl":"https:\/\/m.media-amazon.com\/images\/I\/41wYKODG2SS._SL500_.jpg","width":500,"height":500},{"@type":"BreadcrumbList","@id":"https:\/\/marktxxl.de\/markt\/produkt\/boppy-kissenbezug-aus-bio-stoff-gruene-kleine-blaetter-modisches-zweiseitiges-design-passend-fuer-alle-stillkissen-und-positionierer\/#breadcrumb","itemListElement":[{"@type":"ListItem","position":1,"name":"Startseite","item":"https:\/\/marktxxl.de\/markt\/"},{"@type":"ListItem","position":2,"name":"Markt","item":"https:\/\/marktxxl.de\/markt\/"},{"@type":"ListItem","position":3,"name":"Boppy Kissenbezug aus Bio-Stoff, gr\u00fcne kleine Bl\u00e4tter, modisches zweiseitiges Design, passend f\u00fcr alle Stillkissen und\u2026"}]},{"@type":"WebSite","@id":"https:\/\/marktxxl.de\/markt\/#website","url":"https:\/\/marktxxl.de\/markt\/","name":"Markt-XXL","description":"Ihr Markt Online","publisher":{"@id":"https:\/\/marktxxl.de\/markt\/#organization"},"potentialAction":[{"@type":"SearchAction","target":{"@type":"EntryPoint","urlTemplate":"https:\/\/marktxxl.de\/markt\/?s={search_term_string}"},"query-input":{"@type":"PropertyValueSpecification","valueRequired":true,"valueName":"search_term_string"}}],"inLanguage":"de"},{"@type":"Organization","@id":"https:\/\/marktxxl.de\/markt\/#organization","name":"Markt-XXL","url":"https:\/\/marktxxl.de\/markt\/","logo":{"@type":"ImageObject","inLanguage":"de","@id":"https:\/\/marktxxl.de\/markt\/#\/schema\/logo\/image\/","url":"https:\/\/marktxxl.de\/markt\/wp-content\/uploads\/sites\/3\/2020\/12\/logo.png","contentUrl":"https:\/\/marktxxl.de\/markt\/wp-content\/uploads\/sites\/3\/2020\/12\/logo.png","width":200,"height":70,"caption":"Markt-XXL"},"image":{"@id":"https:\/\/marktxxl.de\/markt\/#\/schema\/logo\/image\/"}}]}},"_links":{"self":[{"href":"https:\/\/marktxxl.de\/markt\/wp-json\/wp\/v2\/product\/28342","targetHints":{"allow":["GET"]}}],"collection":[{"href":"https:\/\/marktxxl.de\/markt\/wp-json\/wp\/v2\/product"}],"about":[{"href":"https:\/\/marktxxl.de\/markt\/wp-json\/wp\/v2\/types\/product"}],"replies":[{"embeddable":true,"href":"https:\/\/marktxxl.de\/markt\/wp-json\/wp\/v2\/comments?post=28342"}],"wp:featuredmedia":[{"embeddable":true,"href":"https:\/\/marktxxl.de\/markt\/wp-json\/wp\/v2\/media\/28343"}],"wp:attachment":[{"href":"https:\/\/marktxxl.de\/markt\/wp-json\/wp\/v2\/media?parent=28342"}],"wp:term":[{"taxonomy":"product_brand","embeddable":true,"href":"https:\/\/marktxxl.de\/markt\/wp-json\/wp\/v2\/product_brand?post=28342"},{"taxonomy":"product_cat","embeddable":true,"href":"https:\/\/marktxxl.de\/markt\/wp-json\/wp\/v2\/product_cat?post=28342"},{"taxonomy":"product_tag","embeddable":true,"href":"https:\/\/marktxxl.de\/markt\/wp-json\/wp\/v2\/product_tag?post=28342"}],"curies":[{"name":"wp","href":"https:\/\/api.w.org\/{rel}","templated":true}]}}