{"id":27947,"date":"2021-09-12T21:45:07","date_gmt":"2021-09-12T19:45:07","guid":{"rendered":"https:\/\/marktxxl.de\/markt\/produkt\/wf-gift-geschenk-fuer-mutter-und-vater-der-braut-hochzeitsgeschenk-taschentuch-set-fuer-eltern-der-braut-von-tochter\/"},"modified":"2023-04-11T01:36:30","modified_gmt":"2023-04-10T23:36:30","slug":"wf-gift-geschenk-fuer-mutter-und-vater-der-braut-hochzeitsgeschenk-taschentuch-set-fuer-eltern-der-braut-von-tochter","status":"publish","type":"product","link":"https:\/\/marktxxl.de\/markt\/produkt\/wf-gift-geschenk-fuer-mutter-und-vater-der-braut-hochzeitsgeschenk-taschentuch-set-fuer-eltern-der-braut-von-tochter\/","title":{"rendered":"W&amp;F GIFT Mutter und Vater der Braut Geschenke | Hochzeitsgeschenk Taschentuch Set f\u00fcr Eltern der Braut von der Tochter\u2026"},"content":{"rendered":"<p>Einzigartiger Andenken \u2013 diese Geschenke verkapseln Ihre Liebe auf eine einfache, zarte Weise. Ihre Liebsten werden die Botschaften elegant als Geschenk verpackt in Bindf\u00e4den sch\u00e4tzen, die von Herzen kommt und ein Leben lang h\u00e4lt.<br \/>\nStilvoll und weich \u2013 Hergestellt aus 100 % nat\u00fcrlicher wei\u00dfer Baumwolle mit Baumwollspitzenkanten [Mom] und Satinstreifen mit ges\u00e4umten R\u00e4ndern [Dad]. Hochwertiger Digitaldruck sorgt daf\u00fcr, dass Text und Blumen nicht verschmieren, verblassen oder abf\u00e4rben.<br \/>\nVielseitig einsetzbar: Das 18 cm x 18 cm (7 x 7 Zoll) [Mom] &amp; 20 cm x 20 cm (8 x 8 Zoll) [Dad] Taschentuch ist ideal zum Tupfen von Tr\u00e4nen und Blues weg. Perfekte Elternhochzeitsaccessoires k\u00f6nnen individuell verschenkt werden.<br \/>\nVersandfreundlich \u2013 S\u00fc\u00dfe flache Briefumschl\u00e4ge, damit Taschent\u00fccher und umweltfreundliche Karton-Sets unbesch\u00e4digt bleiben. Jedes Taschentuch wird auch in einem versiegelten transparenten Polybeutel aufbewahrt, um zus\u00e4tzlichen Schutz zu gew\u00e4hrleisten.<br \/>\nWASCHBAR &amp; B\u00dcGELBAR \u2013 Der hochwertige Stoff erm\u00f6glicht es, die Taschent\u00fccher sicher in der Maschine oder per Hand mit kaltem oder warmem Wasser in einem Eimer, Waschbecken oder Dusche zu waschen. Die Taschent\u00fccher k\u00f6nnen sicher geb\u00fcgelt werden, um Falten zu entfernen.<br \/>\n<div class=\"main-cross-sell\" data-asin=\"B07PRV9BY5\">\n\n\t<div class=\"WooZone-cross-sell-loader\">\n\t\t<div>\n\t\t\t<div id=\"floatingBarsG\">\n\t\t\t\t<div class=\"blockG\" id=\"rotateG_01\"><\/div>\n\t\t\t\t<div class=\"blockG\" id=\"rotateG_02\"><\/div>\n\t\t\t\t<div class=\"blockG\" id=\"rotateG_03\"><\/div>\n\t\t\t\t<div class=\"blockG\" id=\"rotateG_04\"><\/div>\n\t\t\t\t<div class=\"blockG\" id=\"rotateG_05\"><\/div>\n\t\t\t\t<div class=\"blockG\" id=\"rotateG_06\"><\/div>\n\t\t\t\t<div class=\"blockG\" id=\"rotateG_07\"><\/div>\n\t\t\t\t<div class=\"blockG\" id=\"rotateG_08\"><\/div>\n\t\t\t<\/div>\n\t\t\t<div class=\"WooZone-cross-sell-loader-text\"><\/div>\n\t\t<\/div>\n\t<\/div>\n\n\t\t\n<\/div>\n<div style=\"clear:both;\"><\/div><\/p>\n","protected":false},"excerpt":{"rendered":"<p>Einzigartiger Andenken \u2013 diese Geschenke verkapseln Ihre Liebe auf eine einfache, zarte Weise. Ihre Liebsten werden die Botschaften elegant als Geschenk verpackt in Bindf\u00e4den sch\u00e4tzen, die von Herzen kommt und ein Leben lang h\u00e4lt.<br \/>\nStilvoll und weich \u2013 Hergestellt aus 100 % nat\u00fcrlicher wei\u00dfer Baumwolle mit Baumwollspitzenkanten [Mom] und Satinstreifen mit ges\u00e4umten R\u00e4ndern [Dad]. Hochwertiger Digitaldruck sorgt daf\u00fcr, dass Text und Blumen nicht verschmieren, verblassen oder abf\u00e4rben.<br \/>\nVielseitig einsetzbar: Das 18 cm x 18 cm (7 x 7 Zoll) [Mom] &amp; 20 cm x 20 cm (8 x 8 Zoll) [Dad] Taschentuch ist ideal zum Tupfen von Tr\u00e4nen und Blues weg. Perfekte Elternhochzeitsaccessoires k\u00f6nnen individuell verschenkt werden.<\/p>\n","protected":false},"featured_media":27948,"comment_status":"open","ping_status":"closed","template":"","meta":[],"product_brand":[],"product_cat":[21,9009],"product_tag":[],"class_list":{"0":"post-27947","1":"product","2":"type-product","3":"status-publish","4":"has-post-thumbnail","6":"product_cat-baby","7":"product_cat-babypflege-baby","8":"pa_binding-textilien","9":"pa_brand-wf-gift","10":"pa_color-mama-papa","11":"pa_size-8-x-8","13":"first","14":"instock","15":"shipping-taxable","16":"purchasable","17":"product-type-simple","18":"customify-col","19":"product-has-gallery"},"yoast_head":"<!-- This site is optimized with the Yoast SEO plugin v27.4 - https:\/\/yoast.com\/product\/yoast-seo-wordpress\/ -->\n<title>W&amp;F GIFT Mutter und Vater der Braut Geschenke | Hochzeitsgeschenk Taschentuch Set f\u00fcr Eltern der Braut von der Tochter\u2026 - Markt-XXL<\/title>\n<meta name=\"description\" content=\"Markt-XXL W&amp;F GIFT Mutter und Vater der Braut Geschenke | Hochzeitsgeschenk Taschentuch Set f\u00fcr Eltern der Braut von der Tochter\u2026\" \/>\n<meta name=\"robots\" content=\"index, follow, max-snippet:-1, max-image-preview:large, max-video-preview:-1\" \/>\n<link rel=\"canonical\" href=\"https:\/\/marktxxl.de\/markt\/produkt\/wf-gift-geschenk-fuer-mutter-und-vater-der-braut-hochzeitsgeschenk-taschentuch-set-fuer-eltern-der-braut-von-tochter\/\" \/>\n<meta property=\"og:locale\" content=\"de_DE\" \/>\n<meta property=\"og:type\" content=\"article\" \/>\n<meta property=\"og:title\" content=\"W&amp;F GIFT Mutter und Vater der Braut Geschenke | Hochzeitsgeschenk Taschentuch Set f\u00fcr Eltern der Braut von der Tochter\u2026 - Markt-XXL\" \/>\n<meta property=\"og:description\" content=\"Markt-XXL W&amp;F GIFT Mutter und Vater der Braut Geschenke | Hochzeitsgeschenk Taschentuch Set f\u00fcr Eltern der Braut von der Tochter\u2026\" \/>\n<meta property=\"og:url\" content=\"https:\/\/marktxxl.de\/markt\/produkt\/wf-gift-geschenk-fuer-mutter-und-vater-der-braut-hochzeitsgeschenk-taschentuch-set-fuer-eltern-der-braut-von-tochter\/\" \/>\n<meta property=\"og:site_name\" content=\"Markt-XXL\" \/>\n<meta property=\"article:modified_time\" content=\"2023-04-10T23:36:30+00:00\" \/>\n<meta property=\"og:image\" content=\"https:\/\/m.media-amazon.com\/images\/I\/41cxqIjFHwS._SL500_.jpg\" \/>\n\t<meta property=\"og:image:width\" content=\"500\" \/>\n\t<meta property=\"og:image:height\" content=\"500\" \/>\n\t<meta property=\"og:image:type\" content=\"image\/jpeg\" \/>\n<meta name=\"twitter:card\" content=\"summary_large_image\" \/>\n<meta name=\"twitter:label1\" content=\"Gesch\u00e4tzte Lesezeit\" \/>\n\t<meta name=\"twitter:data1\" content=\"1\u00a0Minute\" \/>\n<script type=\"application\/ld+json\" class=\"yoast-schema-graph\">{\"@context\":\"https:\\\/\\\/schema.org\",\"@graph\":[{\"@type\":\"WebPage\",\"@id\":\"https:\\\/\\\/marktxxl.de\\\/markt\\\/produkt\\\/wf-gift-geschenk-fuer-mutter-und-vater-der-braut-hochzeitsgeschenk-taschentuch-set-fuer-eltern-der-braut-von-tochter\\\/\",\"url\":\"https:\\\/\\\/marktxxl.de\\\/markt\\\/produkt\\\/wf-gift-geschenk-fuer-mutter-und-vater-der-braut-hochzeitsgeschenk-taschentuch-set-fuer-eltern-der-braut-von-tochter\\\/\",\"name\":\"W&amp;F GIFT Mutter und Vater der Braut Geschenke | Hochzeitsgeschenk Taschentuch Set f\u00fcr Eltern der Braut von der Tochter\u2026 - Markt-XXL\",\"isPartOf\":{\"@id\":\"https:\\\/\\\/marktxxl.de\\\/markt\\\/#website\"},\"primaryImageOfPage\":{\"@id\":\"https:\\\/\\\/marktxxl.de\\\/markt\\\/produkt\\\/wf-gift-geschenk-fuer-mutter-und-vater-der-braut-hochzeitsgeschenk-taschentuch-set-fuer-eltern-der-braut-von-tochter\\\/#primaryimage\"},\"image\":{\"@id\":\"https:\\\/\\\/marktxxl.de\\\/markt\\\/produkt\\\/wf-gift-geschenk-fuer-mutter-und-vater-der-braut-hochzeitsgeschenk-taschentuch-set-fuer-eltern-der-braut-von-tochter\\\/#primaryimage\"},\"thumbnailUrl\":\"https:\\\/\\\/m.media-amazon.com\\\/images\\\/I\\\/41cxqIjFHwS._SL500_.jpg\",\"datePublished\":\"2021-09-12T19:45:07+00:00\",\"dateModified\":\"2023-04-10T23:36:30+00:00\",\"description\":\"Markt-XXL W&amp;F GIFT Mutter und Vater der Braut Geschenke | Hochzeitsgeschenk Taschentuch Set f\u00fcr Eltern der Braut von der Tochter\u2026\",\"breadcrumb\":{\"@id\":\"https:\\\/\\\/marktxxl.de\\\/markt\\\/produkt\\\/wf-gift-geschenk-fuer-mutter-und-vater-der-braut-hochzeitsgeschenk-taschentuch-set-fuer-eltern-der-braut-von-tochter\\\/#breadcrumb\"},\"inLanguage\":\"de\",\"potentialAction\":[{\"@type\":\"ReadAction\",\"target\":[\"https:\\\/\\\/marktxxl.de\\\/markt\\\/produkt\\\/wf-gift-geschenk-fuer-mutter-und-vater-der-braut-hochzeitsgeschenk-taschentuch-set-fuer-eltern-der-braut-von-tochter\\\/\"]}]},{\"@type\":\"ImageObject\",\"inLanguage\":\"de\",\"@id\":\"https:\\\/\\\/marktxxl.de\\\/markt\\\/produkt\\\/wf-gift-geschenk-fuer-mutter-und-vater-der-braut-hochzeitsgeschenk-taschentuch-set-fuer-eltern-der-braut-von-tochter\\\/#primaryimage\",\"url\":\"https:\\\/\\\/m.media-amazon.com\\\/images\\\/I\\\/41cxqIjFHwS._SL500_.jpg\",\"contentUrl\":\"https:\\\/\\\/m.media-amazon.com\\\/images\\\/I\\\/41cxqIjFHwS._SL500_.jpg\",\"width\":500,\"height\":500},{\"@type\":\"BreadcrumbList\",\"@id\":\"https:\\\/\\\/marktxxl.de\\\/markt\\\/produkt\\\/wf-gift-geschenk-fuer-mutter-und-vater-der-braut-hochzeitsgeschenk-taschentuch-set-fuer-eltern-der-braut-von-tochter\\\/#breadcrumb\",\"itemListElement\":[{\"@type\":\"ListItem\",\"position\":1,\"name\":\"Startseite\",\"item\":\"https:\\\/\\\/marktxxl.de\\\/markt\\\/\"},{\"@type\":\"ListItem\",\"position\":2,\"name\":\"Markt\",\"item\":\"https:\\\/\\\/marktxxl.de\\\/markt\\\/\"},{\"@type\":\"ListItem\",\"position\":3,\"name\":\"W&amp;F GIFT Mutter und Vater der Braut Geschenke | Hochzeitsgeschenk Taschentuch Set f\u00fcr Eltern der Braut von der Tochter\u2026\"}]},{\"@type\":\"WebSite\",\"@id\":\"https:\\\/\\\/marktxxl.de\\\/markt\\\/#website\",\"url\":\"https:\\\/\\\/marktxxl.de\\\/markt\\\/\",\"name\":\"Markt-XXL\",\"description\":\"Ihr Markt Online\",\"publisher\":{\"@id\":\"https:\\\/\\\/marktxxl.de\\\/markt\\\/#organization\"},\"potentialAction\":[{\"@type\":\"SearchAction\",\"target\":{\"@type\":\"EntryPoint\",\"urlTemplate\":\"https:\\\/\\\/marktxxl.de\\\/markt\\\/?s={search_term_string}\"},\"query-input\":{\"@type\":\"PropertyValueSpecification\",\"valueRequired\":true,\"valueName\":\"search_term_string\"}}],\"inLanguage\":\"de\"},{\"@type\":\"Organization\",\"@id\":\"https:\\\/\\\/marktxxl.de\\\/markt\\\/#organization\",\"name\":\"Markt-XXL\",\"url\":\"https:\\\/\\\/marktxxl.de\\\/markt\\\/\",\"logo\":{\"@type\":\"ImageObject\",\"inLanguage\":\"de\",\"@id\":\"https:\\\/\\\/marktxxl.de\\\/markt\\\/#\\\/schema\\\/logo\\\/image\\\/\",\"url\":\"https:\\\/\\\/marktxxl.de\\\/markt\\\/wp-content\\\/uploads\\\/sites\\\/3\\\/2020\\\/12\\\/logo.png\",\"contentUrl\":\"https:\\\/\\\/marktxxl.de\\\/markt\\\/wp-content\\\/uploads\\\/sites\\\/3\\\/2020\\\/12\\\/logo.png\",\"width\":200,\"height\":70,\"caption\":\"Markt-XXL\"},\"image\":{\"@id\":\"https:\\\/\\\/marktxxl.de\\\/markt\\\/#\\\/schema\\\/logo\\\/image\\\/\"}}]}<\/script>\n<!-- \/ Yoast SEO plugin. -->","yoast_head_json":{"title":"W&amp;F GIFT Mutter und Vater der Braut Geschenke | Hochzeitsgeschenk Taschentuch Set f\u00fcr Eltern der Braut von der Tochter\u2026 - Markt-XXL","description":"Markt-XXL W&amp;F GIFT Mutter und Vater der Braut Geschenke | Hochzeitsgeschenk Taschentuch Set f\u00fcr Eltern der Braut von der Tochter\u2026","robots":{"index":"index","follow":"follow","max-snippet":"max-snippet:-1","max-image-preview":"max-image-preview:large","max-video-preview":"max-video-preview:-1"},"canonical":"https:\/\/marktxxl.de\/markt\/produkt\/wf-gift-geschenk-fuer-mutter-und-vater-der-braut-hochzeitsgeschenk-taschentuch-set-fuer-eltern-der-braut-von-tochter\/","og_locale":"de_DE","og_type":"article","og_title":"W&amp;F GIFT Mutter und Vater der Braut Geschenke | Hochzeitsgeschenk Taschentuch Set f\u00fcr Eltern der Braut von der Tochter\u2026 - Markt-XXL","og_description":"Markt-XXL W&amp;F GIFT Mutter und Vater der Braut Geschenke | Hochzeitsgeschenk Taschentuch Set f\u00fcr Eltern der Braut von der Tochter\u2026","og_url":"https:\/\/marktxxl.de\/markt\/produkt\/wf-gift-geschenk-fuer-mutter-und-vater-der-braut-hochzeitsgeschenk-taschentuch-set-fuer-eltern-der-braut-von-tochter\/","og_site_name":"Markt-XXL","article_modified_time":"2023-04-10T23:36:30+00:00","og_image":[{"width":500,"height":500,"url":"https:\/\/m.media-amazon.com\/images\/I\/41cxqIjFHwS._SL500_.jpg","type":"image\/jpeg"}],"twitter_card":"summary_large_image","twitter_misc":{"Gesch\u00e4tzte Lesezeit":"1\u00a0Minute"},"schema":{"@context":"https:\/\/schema.org","@graph":[{"@type":"WebPage","@id":"https:\/\/marktxxl.de\/markt\/produkt\/wf-gift-geschenk-fuer-mutter-und-vater-der-braut-hochzeitsgeschenk-taschentuch-set-fuer-eltern-der-braut-von-tochter\/","url":"https:\/\/marktxxl.de\/markt\/produkt\/wf-gift-geschenk-fuer-mutter-und-vater-der-braut-hochzeitsgeschenk-taschentuch-set-fuer-eltern-der-braut-von-tochter\/","name":"W&amp;F GIFT Mutter und Vater der Braut Geschenke | Hochzeitsgeschenk Taschentuch Set f\u00fcr Eltern der Braut von der Tochter\u2026 - Markt-XXL","isPartOf":{"@id":"https:\/\/marktxxl.de\/markt\/#website"},"primaryImageOfPage":{"@id":"https:\/\/marktxxl.de\/markt\/produkt\/wf-gift-geschenk-fuer-mutter-und-vater-der-braut-hochzeitsgeschenk-taschentuch-set-fuer-eltern-der-braut-von-tochter\/#primaryimage"},"image":{"@id":"https:\/\/marktxxl.de\/markt\/produkt\/wf-gift-geschenk-fuer-mutter-und-vater-der-braut-hochzeitsgeschenk-taschentuch-set-fuer-eltern-der-braut-von-tochter\/#primaryimage"},"thumbnailUrl":"https:\/\/m.media-amazon.com\/images\/I\/41cxqIjFHwS._SL500_.jpg","datePublished":"2021-09-12T19:45:07+00:00","dateModified":"2023-04-10T23:36:30+00:00","description":"Markt-XXL W&amp;F GIFT Mutter und Vater der Braut Geschenke | Hochzeitsgeschenk Taschentuch Set f\u00fcr Eltern der Braut von der Tochter\u2026","breadcrumb":{"@id":"https:\/\/marktxxl.de\/markt\/produkt\/wf-gift-geschenk-fuer-mutter-und-vater-der-braut-hochzeitsgeschenk-taschentuch-set-fuer-eltern-der-braut-von-tochter\/#breadcrumb"},"inLanguage":"de","potentialAction":[{"@type":"ReadAction","target":["https:\/\/marktxxl.de\/markt\/produkt\/wf-gift-geschenk-fuer-mutter-und-vater-der-braut-hochzeitsgeschenk-taschentuch-set-fuer-eltern-der-braut-von-tochter\/"]}]},{"@type":"ImageObject","inLanguage":"de","@id":"https:\/\/marktxxl.de\/markt\/produkt\/wf-gift-geschenk-fuer-mutter-und-vater-der-braut-hochzeitsgeschenk-taschentuch-set-fuer-eltern-der-braut-von-tochter\/#primaryimage","url":"https:\/\/m.media-amazon.com\/images\/I\/41cxqIjFHwS._SL500_.jpg","contentUrl":"https:\/\/m.media-amazon.com\/images\/I\/41cxqIjFHwS._SL500_.jpg","width":500,"height":500},{"@type":"BreadcrumbList","@id":"https:\/\/marktxxl.de\/markt\/produkt\/wf-gift-geschenk-fuer-mutter-und-vater-der-braut-hochzeitsgeschenk-taschentuch-set-fuer-eltern-der-braut-von-tochter\/#breadcrumb","itemListElement":[{"@type":"ListItem","position":1,"name":"Startseite","item":"https:\/\/marktxxl.de\/markt\/"},{"@type":"ListItem","position":2,"name":"Markt","item":"https:\/\/marktxxl.de\/markt\/"},{"@type":"ListItem","position":3,"name":"W&amp;F GIFT Mutter und Vater der Braut Geschenke | Hochzeitsgeschenk Taschentuch Set f\u00fcr Eltern der Braut von der Tochter\u2026"}]},{"@type":"WebSite","@id":"https:\/\/marktxxl.de\/markt\/#website","url":"https:\/\/marktxxl.de\/markt\/","name":"Markt-XXL","description":"Ihr Markt Online","publisher":{"@id":"https:\/\/marktxxl.de\/markt\/#organization"},"potentialAction":[{"@type":"SearchAction","target":{"@type":"EntryPoint","urlTemplate":"https:\/\/marktxxl.de\/markt\/?s={search_term_string}"},"query-input":{"@type":"PropertyValueSpecification","valueRequired":true,"valueName":"search_term_string"}}],"inLanguage":"de"},{"@type":"Organization","@id":"https:\/\/marktxxl.de\/markt\/#organization","name":"Markt-XXL","url":"https:\/\/marktxxl.de\/markt\/","logo":{"@type":"ImageObject","inLanguage":"de","@id":"https:\/\/marktxxl.de\/markt\/#\/schema\/logo\/image\/","url":"https:\/\/marktxxl.de\/markt\/wp-content\/uploads\/sites\/3\/2020\/12\/logo.png","contentUrl":"https:\/\/marktxxl.de\/markt\/wp-content\/uploads\/sites\/3\/2020\/12\/logo.png","width":200,"height":70,"caption":"Markt-XXL"},"image":{"@id":"https:\/\/marktxxl.de\/markt\/#\/schema\/logo\/image\/"}}]}},"_links":{"self":[{"href":"https:\/\/marktxxl.de\/markt\/wp-json\/wp\/v2\/product\/27947","targetHints":{"allow":["GET"]}}],"collection":[{"href":"https:\/\/marktxxl.de\/markt\/wp-json\/wp\/v2\/product"}],"about":[{"href":"https:\/\/marktxxl.de\/markt\/wp-json\/wp\/v2\/types\/product"}],"replies":[{"embeddable":true,"href":"https:\/\/marktxxl.de\/markt\/wp-json\/wp\/v2\/comments?post=27947"}],"wp:featuredmedia":[{"embeddable":true,"href":"https:\/\/marktxxl.de\/markt\/wp-json\/wp\/v2\/media\/27948"}],"wp:attachment":[{"href":"https:\/\/marktxxl.de\/markt\/wp-json\/wp\/v2\/media?parent=27947"}],"wp:term":[{"taxonomy":"product_brand","embeddable":true,"href":"https:\/\/marktxxl.de\/markt\/wp-json\/wp\/v2\/product_brand?post=27947"},{"taxonomy":"product_cat","embeddable":true,"href":"https:\/\/marktxxl.de\/markt\/wp-json\/wp\/v2\/product_cat?post=27947"},{"taxonomy":"product_tag","embeddable":true,"href":"https:\/\/marktxxl.de\/markt\/wp-json\/wp\/v2\/product_tag?post=27947"}],"curies":[{"name":"wp","href":"https:\/\/api.w.org\/{rel}","templated":true}]}}