{"id":27933,"date":"2021-09-12T21:45:06","date_gmt":"2021-09-12T19:45:06","guid":{"rendered":"https:\/\/marktxxl.de\/markt\/produkt\/lifetree-baby-musselin-waschlappen-6-stueck-weiche-baby-feuchttuecher-bambus-baumwolle-baby-handtuch-fuer-jungen-und-maedchen\/"},"modified":"2023-04-11T01:36:29","modified_gmt":"2023-04-10T23:36:29","slug":"lifetree-baby-musselin-waschlappen-6-stueck-weiche-baby-feuchttuecher-bambus-baumwolle-baby-handtuch-fuer-jungen-und-maedchen","status":"publish","type":"product","link":"https:\/\/marktxxl.de\/markt\/produkt\/lifetree-baby-musselin-waschlappen-6-stueck-weiche-baby-feuchttuecher-bambus-baumwolle-baby-handtuch-fuer-jungen-und-maedchen\/","title":{"rendered":"LifeTree Baby Musselin Waschlappen, 6 St\u00fcck weiche Bambus Baumwolle Baby Handtuch f\u00fcr Jungen und M\u00e4dchen, 26&#215;26 cm\u2026"},"content":{"rendered":"<p>SANFT &amp; NICHT STIMULIEREND: Das Baby Waschlappen besteht aus 70% Bambus und 30% Baumwolle. Es sch\u00fctzt die zarte Haut Ihres Babys, damit sich Ihr Baby beim Baden und Wischen wohl und gl\u00fccklich f\u00fchlt.<br \/>\nEINZIGARTIGES DESIGN: 6 St\u00fcck Badet\u00fccher werden einzigartig und neutral entworfen, deshalb ist das geeignet f\u00fcr M\u00e4dchen und Jungen. Der baby Waschlappen geh\u00f6rt zu den unverzichtbaren Babyprodukten, wenn Sie Gebrauchsartikel f\u00fcr Ihr Baby vorbereiten.<br \/>\nPERFEKTE ABMESSUNG: Die Abmessung vom Badetuch betr\u00e4gt 26 x 26 cm. Die Mutter kann das Babyhandtuch beim Baden des Kindes einfach fassen, sodass sich das Kind angenehm f\u00fchlt. Au\u00dferdem ist das waschlappen baby leicht und wird mit einem Trageband versehen, damit der Waschlappen so schnell getrocknet wird.<br \/>\nMULTIFUNKTIONAL: Das Baby Waschlappen k\u00f6nnen auch als Baby-Badet\u00fccher, Babyhandt\u00fccher, Speichelt\u00fccher, Wischt\u00fccher f\u00fcr Milch, Wascht\u00fccher, Spucktuch usw. verwendet werden. Es ist das beste Geschenk f\u00fcr Neugeborenes.<br \/>\nUNSER VERSPRECHEN: Wir wollen Ihnen und Ihrem Baby den besten Dienstleistungen und hochwertigen Produkten bieten. Wenn Sie mit der Ware nicht zufrieden w\u00e4ren, w\u00fcrden wir die Ware umtauschen oder zur\u00fccknehmen, ohne nach dem Grund zu fragen.<br \/>\n<div class=\"main-cross-sell\" data-asin=\"B08772XN7S\">\n\n\t<div class=\"WooZone-cross-sell-loader\">\n\t\t<div>\n\t\t\t<div id=\"floatingBarsG\">\n\t\t\t\t<div class=\"blockG\" id=\"rotateG_01\"><\/div>\n\t\t\t\t<div class=\"blockG\" id=\"rotateG_02\"><\/div>\n\t\t\t\t<div class=\"blockG\" id=\"rotateG_03\"><\/div>\n\t\t\t\t<div class=\"blockG\" id=\"rotateG_04\"><\/div>\n\t\t\t\t<div class=\"blockG\" id=\"rotateG_05\"><\/div>\n\t\t\t\t<div class=\"blockG\" id=\"rotateG_06\"><\/div>\n\t\t\t\t<div class=\"blockG\" id=\"rotateG_07\"><\/div>\n\t\t\t\t<div class=\"blockG\" id=\"rotateG_08\"><\/div>\n\t\t\t<\/div>\n\t\t\t<div class=\"WooZone-cross-sell-loader-text\"><\/div>\n\t\t<\/div>\n\t<\/div>\n\n\t\t\n<\/div>\n<div style=\"clear:both;\"><\/div><\/p>\n","protected":false},"excerpt":{"rendered":"<p>SANFT &amp; NICHT STIMULIEREND: Das Baby Waschlappen besteht aus 70% Bambus und 30% Baumwolle. Es sch\u00fctzt die zarte Haut Ihres Babys, damit sich Ihr Baby beim Baden und Wischen wohl und gl\u00fccklich f\u00fchlt.<br \/>\nEINZIGARTIGES DESIGN: 6 St\u00fcck Badet\u00fccher werden einzigartig und neutral entworfen, deshalb ist das geeignet f\u00fcr M\u00e4dchen und Jungen. Der baby Waschlappen geh\u00f6rt zu den unverzichtbaren Babyprodukten, wenn Sie Gebrauchsartikel f\u00fcr Ihr Baby vorbereiten.<br \/>\nPERFEKTE ABMESSUNG: Die Abmessung vom Badetuch betr\u00e4gt 26 x 26 cm. Die Mutter kann das Babyhandtuch beim Baden des Kindes einfach fassen, sodass sich das Kind angenehm f\u00fchlt. Au\u00dferdem ist das waschlappen baby leicht und wird mit einem Trageband versehen, damit der Waschlappen so schnell getrocknet wird.<\/p>\n","protected":false},"featured_media":27937,"comment_status":"open","ping_status":"closed","template":"","meta":[],"product_brand":[],"product_cat":[21,9009],"product_tag":[],"class_list":{"0":"post-27933","1":"product","2":"type-product","3":"status-publish","4":"has-post-thumbnail","6":"product_cat-baby","7":"product_cat-babypflege-baby","8":"pa_brand-lebze","9":"pa_farbe-stil-a","10":"pa_farbe-stil-b","11":"pa_farbe-stil-d","12":"pa_manufacturer-lebze","13":"pa_model-2-9ba-parent","15":"first","16":"instock","17":"shipping-taxable","18":"purchasable","19":"product-type-variable","20":"customify-col","21":"product-has-gallery"},"yoast_head":"<!-- This site is optimized with the Yoast SEO plugin v27.4 - https:\/\/yoast.com\/product\/yoast-seo-wordpress\/ -->\n<title>LifeTree Baby Musselin Waschlappen, 6 St\u00fcck weiche Bambus Baumwolle Baby Handtuch f\u00fcr Jungen und M\u00e4dchen, 26x26 cm\u2026 - Markt-XXL<\/title>\n<meta name=\"description\" content=\"Markt-XXL LifeTree Baby Musselin Waschlappen, 6 St\u00fcck weiche Bambus Baumwolle Baby Handtuch f\u00fcr Jungen und M\u00e4dchen, 26x26 cm\u2026\" \/>\n<meta name=\"robots\" content=\"index, follow, max-snippet:-1, max-image-preview:large, max-video-preview:-1\" \/>\n<link rel=\"canonical\" href=\"https:\/\/marktxxl.de\/markt\/produkt\/lifetree-baby-musselin-waschlappen-6-stueck-weiche-baby-feuchttuecher-bambus-baumwolle-baby-handtuch-fuer-jungen-und-maedchen\/\" \/>\n<meta property=\"og:locale\" content=\"de_DE\" \/>\n<meta property=\"og:type\" content=\"article\" \/>\n<meta property=\"og:title\" content=\"LifeTree Baby Musselin Waschlappen, 6 St\u00fcck weiche Bambus Baumwolle Baby Handtuch f\u00fcr Jungen und M\u00e4dchen, 26x26 cm\u2026 - Markt-XXL\" \/>\n<meta property=\"og:description\" content=\"Markt-XXL LifeTree Baby Musselin Waschlappen, 6 St\u00fcck weiche Bambus Baumwolle Baby Handtuch f\u00fcr Jungen und M\u00e4dchen, 26x26 cm\u2026\" \/>\n<meta property=\"og:url\" content=\"https:\/\/marktxxl.de\/markt\/produkt\/lifetree-baby-musselin-waschlappen-6-stueck-weiche-baby-feuchttuecher-bambus-baumwolle-baby-handtuch-fuer-jungen-und-maedchen\/\" \/>\n<meta property=\"og:site_name\" content=\"Markt-XXL\" \/>\n<meta property=\"article:modified_time\" content=\"2023-04-10T23:36:29+00:00\" \/>\n<meta property=\"og:image\" content=\"https:\/\/m.media-amazon.com\/images\/I\/41hbt7JUFvL._SL500_.jpg\" \/>\n\t<meta property=\"og:image:width\" content=\"500\" \/>\n\t<meta property=\"og:image:height\" content=\"500\" \/>\n\t<meta property=\"og:image:type\" content=\"image\/jpeg\" \/>\n<meta name=\"twitter:card\" content=\"summary_large_image\" \/>\n<meta name=\"twitter:label1\" content=\"Gesch\u00e4tzte Lesezeit\" \/>\n\t<meta name=\"twitter:data1\" content=\"1\u00a0Minute\" \/>\n<script type=\"application\/ld+json\" class=\"yoast-schema-graph\">{\"@context\":\"https:\\\/\\\/schema.org\",\"@graph\":[{\"@type\":\"WebPage\",\"@id\":\"https:\\\/\\\/marktxxl.de\\\/markt\\\/produkt\\\/lifetree-baby-musselin-waschlappen-6-stueck-weiche-baby-feuchttuecher-bambus-baumwolle-baby-handtuch-fuer-jungen-und-maedchen\\\/\",\"url\":\"https:\\\/\\\/marktxxl.de\\\/markt\\\/produkt\\\/lifetree-baby-musselin-waschlappen-6-stueck-weiche-baby-feuchttuecher-bambus-baumwolle-baby-handtuch-fuer-jungen-und-maedchen\\\/\",\"name\":\"LifeTree Baby Musselin Waschlappen, 6 St\u00fcck weiche Bambus Baumwolle Baby Handtuch f\u00fcr Jungen und M\u00e4dchen, 26x26 cm\u2026 - Markt-XXL\",\"isPartOf\":{\"@id\":\"https:\\\/\\\/marktxxl.de\\\/markt\\\/#website\"},\"primaryImageOfPage\":{\"@id\":\"https:\\\/\\\/marktxxl.de\\\/markt\\\/produkt\\\/lifetree-baby-musselin-waschlappen-6-stueck-weiche-baby-feuchttuecher-bambus-baumwolle-baby-handtuch-fuer-jungen-und-maedchen\\\/#primaryimage\"},\"image\":{\"@id\":\"https:\\\/\\\/marktxxl.de\\\/markt\\\/produkt\\\/lifetree-baby-musselin-waschlappen-6-stueck-weiche-baby-feuchttuecher-bambus-baumwolle-baby-handtuch-fuer-jungen-und-maedchen\\\/#primaryimage\"},\"thumbnailUrl\":\"https:\\\/\\\/m.media-amazon.com\\\/images\\\/I\\\/41hbt7JUFvL._SL500_.jpg\",\"datePublished\":\"2021-09-12T19:45:06+00:00\",\"dateModified\":\"2023-04-10T23:36:29+00:00\",\"description\":\"Markt-XXL LifeTree Baby Musselin Waschlappen, 6 St\u00fcck weiche Bambus Baumwolle Baby Handtuch f\u00fcr Jungen und M\u00e4dchen, 26x26 cm\u2026\",\"breadcrumb\":{\"@id\":\"https:\\\/\\\/marktxxl.de\\\/markt\\\/produkt\\\/lifetree-baby-musselin-waschlappen-6-stueck-weiche-baby-feuchttuecher-bambus-baumwolle-baby-handtuch-fuer-jungen-und-maedchen\\\/#breadcrumb\"},\"inLanguage\":\"de\",\"potentialAction\":[{\"@type\":\"ReadAction\",\"target\":[\"https:\\\/\\\/marktxxl.de\\\/markt\\\/produkt\\\/lifetree-baby-musselin-waschlappen-6-stueck-weiche-baby-feuchttuecher-bambus-baumwolle-baby-handtuch-fuer-jungen-und-maedchen\\\/\"]}]},{\"@type\":\"ImageObject\",\"inLanguage\":\"de\",\"@id\":\"https:\\\/\\\/marktxxl.de\\\/markt\\\/produkt\\\/lifetree-baby-musselin-waschlappen-6-stueck-weiche-baby-feuchttuecher-bambus-baumwolle-baby-handtuch-fuer-jungen-und-maedchen\\\/#primaryimage\",\"url\":\"https:\\\/\\\/m.media-amazon.com\\\/images\\\/I\\\/41hbt7JUFvL._SL500_.jpg\",\"contentUrl\":\"https:\\\/\\\/m.media-amazon.com\\\/images\\\/I\\\/41hbt7JUFvL._SL500_.jpg\",\"width\":500,\"height\":500},{\"@type\":\"BreadcrumbList\",\"@id\":\"https:\\\/\\\/marktxxl.de\\\/markt\\\/produkt\\\/lifetree-baby-musselin-waschlappen-6-stueck-weiche-baby-feuchttuecher-bambus-baumwolle-baby-handtuch-fuer-jungen-und-maedchen\\\/#breadcrumb\",\"itemListElement\":[{\"@type\":\"ListItem\",\"position\":1,\"name\":\"Startseite\",\"item\":\"https:\\\/\\\/marktxxl.de\\\/markt\\\/\"},{\"@type\":\"ListItem\",\"position\":2,\"name\":\"Markt\",\"item\":\"https:\\\/\\\/marktxxl.de\\\/markt\\\/\"},{\"@type\":\"ListItem\",\"position\":3,\"name\":\"LifeTree Baby Musselin Waschlappen, 6 St\u00fcck weiche Bambus Baumwolle Baby Handtuch f\u00fcr Jungen und M\u00e4dchen, 26&#215;26 cm\u2026\"}]},{\"@type\":\"WebSite\",\"@id\":\"https:\\\/\\\/marktxxl.de\\\/markt\\\/#website\",\"url\":\"https:\\\/\\\/marktxxl.de\\\/markt\\\/\",\"name\":\"Markt-XXL\",\"description\":\"Ihr Markt Online\",\"publisher\":{\"@id\":\"https:\\\/\\\/marktxxl.de\\\/markt\\\/#organization\"},\"potentialAction\":[{\"@type\":\"SearchAction\",\"target\":{\"@type\":\"EntryPoint\",\"urlTemplate\":\"https:\\\/\\\/marktxxl.de\\\/markt\\\/?s={search_term_string}\"},\"query-input\":{\"@type\":\"PropertyValueSpecification\",\"valueRequired\":true,\"valueName\":\"search_term_string\"}}],\"inLanguage\":\"de\"},{\"@type\":\"Organization\",\"@id\":\"https:\\\/\\\/marktxxl.de\\\/markt\\\/#organization\",\"name\":\"Markt-XXL\",\"url\":\"https:\\\/\\\/marktxxl.de\\\/markt\\\/\",\"logo\":{\"@type\":\"ImageObject\",\"inLanguage\":\"de\",\"@id\":\"https:\\\/\\\/marktxxl.de\\\/markt\\\/#\\\/schema\\\/logo\\\/image\\\/\",\"url\":\"https:\\\/\\\/marktxxl.de\\\/markt\\\/wp-content\\\/uploads\\\/sites\\\/3\\\/2020\\\/12\\\/logo.png\",\"contentUrl\":\"https:\\\/\\\/marktxxl.de\\\/markt\\\/wp-content\\\/uploads\\\/sites\\\/3\\\/2020\\\/12\\\/logo.png\",\"width\":200,\"height\":70,\"caption\":\"Markt-XXL\"},\"image\":{\"@id\":\"https:\\\/\\\/marktxxl.de\\\/markt\\\/#\\\/schema\\\/logo\\\/image\\\/\"}}]}<\/script>\n<!-- \/ Yoast SEO plugin. -->","yoast_head_json":{"title":"LifeTree Baby Musselin Waschlappen, 6 St\u00fcck weiche Bambus Baumwolle Baby Handtuch f\u00fcr Jungen und M\u00e4dchen, 26x26 cm\u2026 - Markt-XXL","description":"Markt-XXL LifeTree Baby Musselin Waschlappen, 6 St\u00fcck weiche Bambus Baumwolle Baby Handtuch f\u00fcr Jungen und M\u00e4dchen, 26x26 cm\u2026","robots":{"index":"index","follow":"follow","max-snippet":"max-snippet:-1","max-image-preview":"max-image-preview:large","max-video-preview":"max-video-preview:-1"},"canonical":"https:\/\/marktxxl.de\/markt\/produkt\/lifetree-baby-musselin-waschlappen-6-stueck-weiche-baby-feuchttuecher-bambus-baumwolle-baby-handtuch-fuer-jungen-und-maedchen\/","og_locale":"de_DE","og_type":"article","og_title":"LifeTree Baby Musselin Waschlappen, 6 St\u00fcck weiche Bambus Baumwolle Baby Handtuch f\u00fcr Jungen und M\u00e4dchen, 26x26 cm\u2026 - Markt-XXL","og_description":"Markt-XXL LifeTree Baby Musselin Waschlappen, 6 St\u00fcck weiche Bambus Baumwolle Baby Handtuch f\u00fcr Jungen und M\u00e4dchen, 26x26 cm\u2026","og_url":"https:\/\/marktxxl.de\/markt\/produkt\/lifetree-baby-musselin-waschlappen-6-stueck-weiche-baby-feuchttuecher-bambus-baumwolle-baby-handtuch-fuer-jungen-und-maedchen\/","og_site_name":"Markt-XXL","article_modified_time":"2023-04-10T23:36:29+00:00","og_image":[{"width":500,"height":500,"url":"https:\/\/m.media-amazon.com\/images\/I\/41hbt7JUFvL._SL500_.jpg","type":"image\/jpeg"}],"twitter_card":"summary_large_image","twitter_misc":{"Gesch\u00e4tzte Lesezeit":"1\u00a0Minute"},"schema":{"@context":"https:\/\/schema.org","@graph":[{"@type":"WebPage","@id":"https:\/\/marktxxl.de\/markt\/produkt\/lifetree-baby-musselin-waschlappen-6-stueck-weiche-baby-feuchttuecher-bambus-baumwolle-baby-handtuch-fuer-jungen-und-maedchen\/","url":"https:\/\/marktxxl.de\/markt\/produkt\/lifetree-baby-musselin-waschlappen-6-stueck-weiche-baby-feuchttuecher-bambus-baumwolle-baby-handtuch-fuer-jungen-und-maedchen\/","name":"LifeTree Baby Musselin Waschlappen, 6 St\u00fcck weiche Bambus Baumwolle Baby Handtuch f\u00fcr Jungen und M\u00e4dchen, 26x26 cm\u2026 - Markt-XXL","isPartOf":{"@id":"https:\/\/marktxxl.de\/markt\/#website"},"primaryImageOfPage":{"@id":"https:\/\/marktxxl.de\/markt\/produkt\/lifetree-baby-musselin-waschlappen-6-stueck-weiche-baby-feuchttuecher-bambus-baumwolle-baby-handtuch-fuer-jungen-und-maedchen\/#primaryimage"},"image":{"@id":"https:\/\/marktxxl.de\/markt\/produkt\/lifetree-baby-musselin-waschlappen-6-stueck-weiche-baby-feuchttuecher-bambus-baumwolle-baby-handtuch-fuer-jungen-und-maedchen\/#primaryimage"},"thumbnailUrl":"https:\/\/m.media-amazon.com\/images\/I\/41hbt7JUFvL._SL500_.jpg","datePublished":"2021-09-12T19:45:06+00:00","dateModified":"2023-04-10T23:36:29+00:00","description":"Markt-XXL LifeTree Baby Musselin Waschlappen, 6 St\u00fcck weiche Bambus Baumwolle Baby Handtuch f\u00fcr Jungen und M\u00e4dchen, 26x26 cm\u2026","breadcrumb":{"@id":"https:\/\/marktxxl.de\/markt\/produkt\/lifetree-baby-musselin-waschlappen-6-stueck-weiche-baby-feuchttuecher-bambus-baumwolle-baby-handtuch-fuer-jungen-und-maedchen\/#breadcrumb"},"inLanguage":"de","potentialAction":[{"@type":"ReadAction","target":["https:\/\/marktxxl.de\/markt\/produkt\/lifetree-baby-musselin-waschlappen-6-stueck-weiche-baby-feuchttuecher-bambus-baumwolle-baby-handtuch-fuer-jungen-und-maedchen\/"]}]},{"@type":"ImageObject","inLanguage":"de","@id":"https:\/\/marktxxl.de\/markt\/produkt\/lifetree-baby-musselin-waschlappen-6-stueck-weiche-baby-feuchttuecher-bambus-baumwolle-baby-handtuch-fuer-jungen-und-maedchen\/#primaryimage","url":"https:\/\/m.media-amazon.com\/images\/I\/41hbt7JUFvL._SL500_.jpg","contentUrl":"https:\/\/m.media-amazon.com\/images\/I\/41hbt7JUFvL._SL500_.jpg","width":500,"height":500},{"@type":"BreadcrumbList","@id":"https:\/\/marktxxl.de\/markt\/produkt\/lifetree-baby-musselin-waschlappen-6-stueck-weiche-baby-feuchttuecher-bambus-baumwolle-baby-handtuch-fuer-jungen-und-maedchen\/#breadcrumb","itemListElement":[{"@type":"ListItem","position":1,"name":"Startseite","item":"https:\/\/marktxxl.de\/markt\/"},{"@type":"ListItem","position":2,"name":"Markt","item":"https:\/\/marktxxl.de\/markt\/"},{"@type":"ListItem","position":3,"name":"LifeTree Baby Musselin Waschlappen, 6 St\u00fcck weiche Bambus Baumwolle Baby Handtuch f\u00fcr Jungen und M\u00e4dchen, 26&#215;26 cm\u2026"}]},{"@type":"WebSite","@id":"https:\/\/marktxxl.de\/markt\/#website","url":"https:\/\/marktxxl.de\/markt\/","name":"Markt-XXL","description":"Ihr Markt Online","publisher":{"@id":"https:\/\/marktxxl.de\/markt\/#organization"},"potentialAction":[{"@type":"SearchAction","target":{"@type":"EntryPoint","urlTemplate":"https:\/\/marktxxl.de\/markt\/?s={search_term_string}"},"query-input":{"@type":"PropertyValueSpecification","valueRequired":true,"valueName":"search_term_string"}}],"inLanguage":"de"},{"@type":"Organization","@id":"https:\/\/marktxxl.de\/markt\/#organization","name":"Markt-XXL","url":"https:\/\/marktxxl.de\/markt\/","logo":{"@type":"ImageObject","inLanguage":"de","@id":"https:\/\/marktxxl.de\/markt\/#\/schema\/logo\/image\/","url":"https:\/\/marktxxl.de\/markt\/wp-content\/uploads\/sites\/3\/2020\/12\/logo.png","contentUrl":"https:\/\/marktxxl.de\/markt\/wp-content\/uploads\/sites\/3\/2020\/12\/logo.png","width":200,"height":70,"caption":"Markt-XXL"},"image":{"@id":"https:\/\/marktxxl.de\/markt\/#\/schema\/logo\/image\/"}}]}},"_links":{"self":[{"href":"https:\/\/marktxxl.de\/markt\/wp-json\/wp\/v2\/product\/27933","targetHints":{"allow":["GET"]}}],"collection":[{"href":"https:\/\/marktxxl.de\/markt\/wp-json\/wp\/v2\/product"}],"about":[{"href":"https:\/\/marktxxl.de\/markt\/wp-json\/wp\/v2\/types\/product"}],"replies":[{"embeddable":true,"href":"https:\/\/marktxxl.de\/markt\/wp-json\/wp\/v2\/comments?post=27933"}],"wp:featuredmedia":[{"embeddable":true,"href":"https:\/\/marktxxl.de\/markt\/wp-json\/wp\/v2\/media\/27937"}],"wp:attachment":[{"href":"https:\/\/marktxxl.de\/markt\/wp-json\/wp\/v2\/media?parent=27933"}],"wp:term":[{"taxonomy":"product_brand","embeddable":true,"href":"https:\/\/marktxxl.de\/markt\/wp-json\/wp\/v2\/product_brand?post=27933"},{"taxonomy":"product_cat","embeddable":true,"href":"https:\/\/marktxxl.de\/markt\/wp-json\/wp\/v2\/product_cat?post=27933"},{"taxonomy":"product_tag","embeddable":true,"href":"https:\/\/marktxxl.de\/markt\/wp-json\/wp\/v2\/product_tag?post=27933"}],"curies":[{"name":"wp","href":"https:\/\/api.w.org\/{rel}","templated":true}]}}