{"id":27720,"date":"2021-09-12T21:39:03","date_gmt":"2021-09-12T19:39:03","guid":{"rendered":"https:\/\/marktxxl.de\/markt\/produkt\/nici-39242-schmusetuch-affe-25-x-25-cm\/"},"modified":"2023-04-11T01:36:25","modified_gmt":"2023-04-10T23:36:25","slug":"nici-39242-schmusetuch-affe-25-x-25-cm","status":"publish","type":"product","link":"https:\/\/marktxxl.de\/markt\/produkt\/nici-39242-schmusetuch-affe-25-x-25-cm\/","title":{"rendered":"Nici 39242 Schmusetuch Affe, 25 x 25 cm"},"content":{"rendered":"<p>Mit NICI bereitet das Schenken noch mehr Freude!<br \/>\nHierf\u00fcr steht NICI &#8211; jedes einzelne Produkt wird mit viel Liebe designt. Wir verwenden f\u00fcr unsere Kuscheltiere und Geschenkartikel ausschlie\u00dflich hochwertige Materialien.<br \/>\nNICI sorgt f\u00fcr Kuschelgl\u00fcck und zaubert jedem ein L\u00e4cheln ins Gesicht.<br \/>\n<div class=\"main-cross-sell\" data-asin=\"B017TT6UUS\">\n\n\t<div class=\"WooZone-cross-sell-loader\">\n\t\t<div>\n\t\t\t<div id=\"floatingBarsG\">\n\t\t\t\t<div class=\"blockG\" id=\"rotateG_01\"><\/div>\n\t\t\t\t<div class=\"blockG\" id=\"rotateG_02\"><\/div>\n\t\t\t\t<div class=\"blockG\" id=\"rotateG_03\"><\/div>\n\t\t\t\t<div class=\"blockG\" id=\"rotateG_04\"><\/div>\n\t\t\t\t<div class=\"blockG\" id=\"rotateG_05\"><\/div>\n\t\t\t\t<div class=\"blockG\" id=\"rotateG_06\"><\/div>\n\t\t\t\t<div class=\"blockG\" id=\"rotateG_07\"><\/div>\n\t\t\t\t<div class=\"blockG\" id=\"rotateG_08\"><\/div>\n\t\t\t<\/div>\n\t\t\t<div class=\"WooZone-cross-sell-loader-text\"><\/div>\n\t\t<\/div>\n\t<\/div>\n\n\t\t\n<\/div>\n<div style=\"clear:both;\"><\/div><\/p>\n","protected":false},"excerpt":{"rendered":"<p>Mit NICI bereitet das Schenken noch mehr Freude!<br \/>\nHierf\u00fcr steht NICI &#8211; jedes einzelne Produkt wird mit viel Liebe designt. Wir verwenden f\u00fcr unsere Kuscheltiere und Geschenkartikel ausschlie\u00dflich hochwertige Materialien.<br \/>\nNICI sorgt f\u00fcr Kuschelgl\u00fcck und zaubert jedem ein L\u00e4cheln ins Gesicht.<\/p>\n","protected":false},"featured_media":27721,"comment_status":"open","ping_status":"closed","template":"","meta":[],"product_brand":[],"product_cat":[21,8879],"product_tag":[],"class_list":{"0":"post-27720","1":"product","2":"type-product","3":"status-publish","4":"has-post-thumbnail","6":"product_cat-baby","7":"product_cat-baby-kleinkindspielzeug-baby","8":"pa_binding-babyartikel","9":"pa_brand-nici","10":"pa_color-petrol","11":"pa_height-3-93700787-zoll","12":"pa_languages-handbuch-italienisch-handbuch-deutsch-handbuch-franzoesisch-handbuch-englisch-handbuch-spanisch","13":"pa_length-12-992125971-zoll","14":"pa_manufacturer-nici","15":"pa_model-12801","16":"pa_size-1-stueck-1er-pack","17":"pa_weight-0-1543235834-pfund","18":"pa_width-9-448818888-zoll","20":"first","21":"instock","22":"shipping-taxable","23":"purchasable","24":"product-type-simple","25":"customify-col","26":"product-has-gallery"},"yoast_head":"<!-- This site is optimized with the Yoast SEO plugin v27.3 - https:\/\/yoast.com\/product\/yoast-seo-wordpress\/ -->\n<title>Nici 39242 Schmusetuch Affe, 25 x 25 cm - Markt-XXL<\/title>\n<meta name=\"description\" content=\"Markt-XXL Nici 39242 Schmusetuch Affe, 25 x 25 cm\" \/>\n<meta name=\"robots\" content=\"index, follow, max-snippet:-1, max-image-preview:large, max-video-preview:-1\" \/>\n<link rel=\"canonical\" href=\"https:\/\/marktxxl.de\/markt\/produkt\/nici-39242-schmusetuch-affe-25-x-25-cm\/\" \/>\n<meta property=\"og:locale\" content=\"de_DE\" \/>\n<meta property=\"og:type\" content=\"article\" \/>\n<meta property=\"og:title\" content=\"Nici 39242 Schmusetuch Affe, 25 x 25 cm - Markt-XXL\" \/>\n<meta property=\"og:description\" content=\"Markt-XXL Nici 39242 Schmusetuch Affe, 25 x 25 cm\" \/>\n<meta property=\"og:url\" content=\"https:\/\/marktxxl.de\/markt\/produkt\/nici-39242-schmusetuch-affe-25-x-25-cm\/\" \/>\n<meta property=\"og:site_name\" content=\"Markt-XXL\" \/>\n<meta property=\"article:modified_time\" content=\"2023-04-10T23:36:25+00:00\" \/>\n<meta property=\"og:image\" content=\"https:\/\/m.media-amazon.com\/images\/I\/41z3huduuSL._SL500_.jpg\" \/>\n\t<meta property=\"og:image:width\" content=\"500\" \/>\n\t<meta property=\"og:image:height\" content=\"445\" \/>\n\t<meta property=\"og:image:type\" content=\"image\/jpeg\" \/>\n<meta name=\"twitter:card\" content=\"summary_large_image\" \/>\n<script type=\"application\/ld+json\" class=\"yoast-schema-graph\">{\"@context\":\"https:\\\/\\\/schema.org\",\"@graph\":[{\"@type\":\"WebPage\",\"@id\":\"https:\\\/\\\/marktxxl.de\\\/markt\\\/produkt\\\/nici-39242-schmusetuch-affe-25-x-25-cm\\\/\",\"url\":\"https:\\\/\\\/marktxxl.de\\\/markt\\\/produkt\\\/nici-39242-schmusetuch-affe-25-x-25-cm\\\/\",\"name\":\"Nici 39242 Schmusetuch Affe, 25 x 25 cm - Markt-XXL\",\"isPartOf\":{\"@id\":\"https:\\\/\\\/marktxxl.de\\\/markt\\\/#website\"},\"primaryImageOfPage\":{\"@id\":\"https:\\\/\\\/marktxxl.de\\\/markt\\\/produkt\\\/nici-39242-schmusetuch-affe-25-x-25-cm\\\/#primaryimage\"},\"image\":{\"@id\":\"https:\\\/\\\/marktxxl.de\\\/markt\\\/produkt\\\/nici-39242-schmusetuch-affe-25-x-25-cm\\\/#primaryimage\"},\"thumbnailUrl\":\"https:\\\/\\\/m.media-amazon.com\\\/images\\\/I\\\/41z3huduuSL._SL500_.jpg\",\"datePublished\":\"2021-09-12T19:39:03+00:00\",\"dateModified\":\"2023-04-10T23:36:25+00:00\",\"description\":\"Markt-XXL Nici 39242 Schmusetuch Affe, 25 x 25 cm\",\"breadcrumb\":{\"@id\":\"https:\\\/\\\/marktxxl.de\\\/markt\\\/produkt\\\/nici-39242-schmusetuch-affe-25-x-25-cm\\\/#breadcrumb\"},\"inLanguage\":\"de\",\"potentialAction\":[{\"@type\":\"ReadAction\",\"target\":[\"https:\\\/\\\/marktxxl.de\\\/markt\\\/produkt\\\/nici-39242-schmusetuch-affe-25-x-25-cm\\\/\"]}]},{\"@type\":\"ImageObject\",\"inLanguage\":\"de\",\"@id\":\"https:\\\/\\\/marktxxl.de\\\/markt\\\/produkt\\\/nici-39242-schmusetuch-affe-25-x-25-cm\\\/#primaryimage\",\"url\":\"https:\\\/\\\/m.media-amazon.com\\\/images\\\/I\\\/41z3huduuSL._SL500_.jpg\",\"contentUrl\":\"https:\\\/\\\/m.media-amazon.com\\\/images\\\/I\\\/41z3huduuSL._SL500_.jpg\",\"width\":500,\"height\":445},{\"@type\":\"BreadcrumbList\",\"@id\":\"https:\\\/\\\/marktxxl.de\\\/markt\\\/produkt\\\/nici-39242-schmusetuch-affe-25-x-25-cm\\\/#breadcrumb\",\"itemListElement\":[{\"@type\":\"ListItem\",\"position\":1,\"name\":\"Startseite\",\"item\":\"https:\\\/\\\/marktxxl.de\\\/markt\\\/\"},{\"@type\":\"ListItem\",\"position\":2,\"name\":\"Markt\",\"item\":\"https:\\\/\\\/marktxxl.de\\\/markt\\\/\"},{\"@type\":\"ListItem\",\"position\":3,\"name\":\"Nici 39242 Schmusetuch Affe, 25 x 25 cm\"}]},{\"@type\":\"WebSite\",\"@id\":\"https:\\\/\\\/marktxxl.de\\\/markt\\\/#website\",\"url\":\"https:\\\/\\\/marktxxl.de\\\/markt\\\/\",\"name\":\"Markt-XXL\",\"description\":\"Ihr Markt Online\",\"publisher\":{\"@id\":\"https:\\\/\\\/marktxxl.de\\\/markt\\\/#organization\"},\"potentialAction\":[{\"@type\":\"SearchAction\",\"target\":{\"@type\":\"EntryPoint\",\"urlTemplate\":\"https:\\\/\\\/marktxxl.de\\\/markt\\\/?s={search_term_string}\"},\"query-input\":{\"@type\":\"PropertyValueSpecification\",\"valueRequired\":true,\"valueName\":\"search_term_string\"}}],\"inLanguage\":\"de\"},{\"@type\":\"Organization\",\"@id\":\"https:\\\/\\\/marktxxl.de\\\/markt\\\/#organization\",\"name\":\"Markt-XXL\",\"url\":\"https:\\\/\\\/marktxxl.de\\\/markt\\\/\",\"logo\":{\"@type\":\"ImageObject\",\"inLanguage\":\"de\",\"@id\":\"https:\\\/\\\/marktxxl.de\\\/markt\\\/#\\\/schema\\\/logo\\\/image\\\/\",\"url\":\"https:\\\/\\\/marktxxl.de\\\/markt\\\/wp-content\\\/uploads\\\/sites\\\/3\\\/2020\\\/12\\\/logo.png\",\"contentUrl\":\"https:\\\/\\\/marktxxl.de\\\/markt\\\/wp-content\\\/uploads\\\/sites\\\/3\\\/2020\\\/12\\\/logo.png\",\"width\":200,\"height\":70,\"caption\":\"Markt-XXL\"},\"image\":{\"@id\":\"https:\\\/\\\/marktxxl.de\\\/markt\\\/#\\\/schema\\\/logo\\\/image\\\/\"}}]}<\/script>\n<!-- \/ Yoast SEO plugin. -->","yoast_head_json":{"title":"Nici 39242 Schmusetuch Affe, 25 x 25 cm - Markt-XXL","description":"Markt-XXL Nici 39242 Schmusetuch Affe, 25 x 25 cm","robots":{"index":"index","follow":"follow","max-snippet":"max-snippet:-1","max-image-preview":"max-image-preview:large","max-video-preview":"max-video-preview:-1"},"canonical":"https:\/\/marktxxl.de\/markt\/produkt\/nici-39242-schmusetuch-affe-25-x-25-cm\/","og_locale":"de_DE","og_type":"article","og_title":"Nici 39242 Schmusetuch Affe, 25 x 25 cm - Markt-XXL","og_description":"Markt-XXL Nici 39242 Schmusetuch Affe, 25 x 25 cm","og_url":"https:\/\/marktxxl.de\/markt\/produkt\/nici-39242-schmusetuch-affe-25-x-25-cm\/","og_site_name":"Markt-XXL","article_modified_time":"2023-04-10T23:36:25+00:00","og_image":[{"width":500,"height":445,"url":"https:\/\/m.media-amazon.com\/images\/I\/41z3huduuSL._SL500_.jpg","type":"image\/jpeg"}],"twitter_card":"summary_large_image","schema":{"@context":"https:\/\/schema.org","@graph":[{"@type":"WebPage","@id":"https:\/\/marktxxl.de\/markt\/produkt\/nici-39242-schmusetuch-affe-25-x-25-cm\/","url":"https:\/\/marktxxl.de\/markt\/produkt\/nici-39242-schmusetuch-affe-25-x-25-cm\/","name":"Nici 39242 Schmusetuch Affe, 25 x 25 cm - Markt-XXL","isPartOf":{"@id":"https:\/\/marktxxl.de\/markt\/#website"},"primaryImageOfPage":{"@id":"https:\/\/marktxxl.de\/markt\/produkt\/nici-39242-schmusetuch-affe-25-x-25-cm\/#primaryimage"},"image":{"@id":"https:\/\/marktxxl.de\/markt\/produkt\/nici-39242-schmusetuch-affe-25-x-25-cm\/#primaryimage"},"thumbnailUrl":"https:\/\/m.media-amazon.com\/images\/I\/41z3huduuSL._SL500_.jpg","datePublished":"2021-09-12T19:39:03+00:00","dateModified":"2023-04-10T23:36:25+00:00","description":"Markt-XXL Nici 39242 Schmusetuch Affe, 25 x 25 cm","breadcrumb":{"@id":"https:\/\/marktxxl.de\/markt\/produkt\/nici-39242-schmusetuch-affe-25-x-25-cm\/#breadcrumb"},"inLanguage":"de","potentialAction":[{"@type":"ReadAction","target":["https:\/\/marktxxl.de\/markt\/produkt\/nici-39242-schmusetuch-affe-25-x-25-cm\/"]}]},{"@type":"ImageObject","inLanguage":"de","@id":"https:\/\/marktxxl.de\/markt\/produkt\/nici-39242-schmusetuch-affe-25-x-25-cm\/#primaryimage","url":"https:\/\/m.media-amazon.com\/images\/I\/41z3huduuSL._SL500_.jpg","contentUrl":"https:\/\/m.media-amazon.com\/images\/I\/41z3huduuSL._SL500_.jpg","width":500,"height":445},{"@type":"BreadcrumbList","@id":"https:\/\/marktxxl.de\/markt\/produkt\/nici-39242-schmusetuch-affe-25-x-25-cm\/#breadcrumb","itemListElement":[{"@type":"ListItem","position":1,"name":"Startseite","item":"https:\/\/marktxxl.de\/markt\/"},{"@type":"ListItem","position":2,"name":"Markt","item":"https:\/\/marktxxl.de\/markt\/"},{"@type":"ListItem","position":3,"name":"Nici 39242 Schmusetuch Affe, 25 x 25 cm"}]},{"@type":"WebSite","@id":"https:\/\/marktxxl.de\/markt\/#website","url":"https:\/\/marktxxl.de\/markt\/","name":"Markt-XXL","description":"Ihr Markt Online","publisher":{"@id":"https:\/\/marktxxl.de\/markt\/#organization"},"potentialAction":[{"@type":"SearchAction","target":{"@type":"EntryPoint","urlTemplate":"https:\/\/marktxxl.de\/markt\/?s={search_term_string}"},"query-input":{"@type":"PropertyValueSpecification","valueRequired":true,"valueName":"search_term_string"}}],"inLanguage":"de"},{"@type":"Organization","@id":"https:\/\/marktxxl.de\/markt\/#organization","name":"Markt-XXL","url":"https:\/\/marktxxl.de\/markt\/","logo":{"@type":"ImageObject","inLanguage":"de","@id":"https:\/\/marktxxl.de\/markt\/#\/schema\/logo\/image\/","url":"https:\/\/marktxxl.de\/markt\/wp-content\/uploads\/sites\/3\/2020\/12\/logo.png","contentUrl":"https:\/\/marktxxl.de\/markt\/wp-content\/uploads\/sites\/3\/2020\/12\/logo.png","width":200,"height":70,"caption":"Markt-XXL"},"image":{"@id":"https:\/\/marktxxl.de\/markt\/#\/schema\/logo\/image\/"}}]}},"_links":{"self":[{"href":"https:\/\/marktxxl.de\/markt\/wp-json\/wp\/v2\/product\/27720","targetHints":{"allow":["GET"]}}],"collection":[{"href":"https:\/\/marktxxl.de\/markt\/wp-json\/wp\/v2\/product"}],"about":[{"href":"https:\/\/marktxxl.de\/markt\/wp-json\/wp\/v2\/types\/product"}],"replies":[{"embeddable":true,"href":"https:\/\/marktxxl.de\/markt\/wp-json\/wp\/v2\/comments?post=27720"}],"wp:featuredmedia":[{"embeddable":true,"href":"https:\/\/marktxxl.de\/markt\/wp-json\/wp\/v2\/media\/27721"}],"wp:attachment":[{"href":"https:\/\/marktxxl.de\/markt\/wp-json\/wp\/v2\/media?parent=27720"}],"wp:term":[{"taxonomy":"product_brand","embeddable":true,"href":"https:\/\/marktxxl.de\/markt\/wp-json\/wp\/v2\/product_brand?post=27720"},{"taxonomy":"product_cat","embeddable":true,"href":"https:\/\/marktxxl.de\/markt\/wp-json\/wp\/v2\/product_cat?post=27720"},{"taxonomy":"product_tag","embeddable":true,"href":"https:\/\/marktxxl.de\/markt\/wp-json\/wp\/v2\/product_tag?post=27720"}],"curies":[{"name":"wp","href":"https:\/\/api.w.org\/{rel}","templated":true}]}}