{"id":26997,"date":"2021-09-12T21:28:27","date_gmt":"2021-09-12T19:28:27","guid":{"rendered":"https:\/\/marktxxl.de\/markt\/produkt\/jubaopen-4-stueck-baby-sling-ringe-trageschlaufen-ringe-baumwolle-wrap-aluminium-ringe-tragegurt-fuer-verwendung-mit-babytragetuch-ring-zubehoer-fuer-kleinkinder-silber\/"},"modified":"2023-04-10T01:20:53","modified_gmt":"2023-04-09T23:20:53","slug":"jubaopen-4-stueck-baby-sling-ringe-trageschlaufen-ringe-baumwolle-wrap-aluminium-ringe-tragegurt-fuer-verwendung-mit-babytragetuch-ring-zubehoer-fuer-kleinkinder-silber","status":"publish","type":"product","link":"https:\/\/marktxxl.de\/markt\/produkt\/jubaopen-4-stueck-baby-sling-ringe-trageschlaufen-ringe-baumwolle-wrap-aluminium-ringe-tragegurt-fuer-verwendung-mit-babytragetuch-ring-zubehoer-fuer-kleinkinder-silber\/","title":{"rendered":"Jubaopen 4 St\u00fcck Baby Sling Ringe Trageschlaufen Ringe Baumwolle Wrap Aluminium Ringe Tragegurt f\u00fcr Verwendung Mit\u2026"},"content":{"rendered":"<p>Babytrage: Sie k\u00f6nnen mit diesem Aluminiumring aus Babytrage aus einem Leinentuch zwei Tragetaschen machen: Legen Sie das Baby in den Rucksack, um die Sicherheit des Babys zu gew\u00e4hrleisten, und geben Sie gleichzeitig Ihre H\u00e4nde f\u00fcr andere Aktivit\u00e4ten frei.<br \/>\nUngiftiges Material: Der Baby Wrap Ring besteht aus leichtem Aluminium, ist bleifrei, rostfrei, nickelfrei, langlebig und schadet der Gesundheit Ihres Babys nicht. Bitte seien Sie versichert. Die Oberfl\u00e4che ist galvanisiert, glatt und hat eine gute Textur.<br \/>\nTragbar und verstellbar: Der Aluminiumring ist sehr tragbar. Sie k\u00f6nnen die Position des Aluminiumrings flexibel an verschiedene Situationen anpassen, sodass das Baby gut fixiert werden kann, um ein Zittern und Herunterfallen zu verhindern.<br \/>\nWertpaket: Jedes AluminiumRing Set enth\u00e4lt vier Babytragenringe aus Aluminium, sodass Sie es zu verschiedenen Anl\u00e4ssen verwenden k\u00f6nnen, um Ihren t\u00e4glichen Erziehungsbedarf zu decken<br \/>\nTragf\u00e4higkeit: Die Tragf\u00e4higkeit dieses Aluminiumrings entspricht in etwa dem Gewicht eines Erwachsenen, und es ist nicht einfach, schwere Gegenst\u00e4nde zu laden. Um die Sicherheit des Babys zu gew\u00e4hrleisten, \u00fcberpr\u00fcfen Sie daher vor dem Gebrauch, ob der Ring erfolgreich installiert wurde.<br \/>\n<div class=\"main-cross-sell\" data-asin=\"B08HYF53YZ\">\n\n\t<div class=\"WooZone-cross-sell-loader\">\n\t\t<div>\n\t\t\t<div id=\"floatingBarsG\">\n\t\t\t\t<div class=\"blockG\" id=\"rotateG_01\"><\/div>\n\t\t\t\t<div class=\"blockG\" id=\"rotateG_02\"><\/div>\n\t\t\t\t<div class=\"blockG\" id=\"rotateG_03\"><\/div>\n\t\t\t\t<div class=\"blockG\" id=\"rotateG_04\"><\/div>\n\t\t\t\t<div class=\"blockG\" id=\"rotateG_05\"><\/div>\n\t\t\t\t<div class=\"blockG\" id=\"rotateG_06\"><\/div>\n\t\t\t\t<div class=\"blockG\" id=\"rotateG_07\"><\/div>\n\t\t\t\t<div class=\"blockG\" id=\"rotateG_08\"><\/div>\n\t\t\t<\/div>\n\t\t\t<div class=\"WooZone-cross-sell-loader-text\"><\/div>\n\t\t<\/div>\n\t<\/div>\n\n\t\t\n<\/div>\n<div style=\"clear:both;\"><\/div><\/p>\n","protected":false},"excerpt":{"rendered":"<p>Babytrage: Sie k\u00f6nnen mit diesem Aluminiumring aus Babytrage aus einem Leinentuch zwei Tragetaschen machen: Legen Sie das Baby in den Rucksack, um die Sicherheit des Babys zu gew\u00e4hrleisten, und geben Sie gleichzeitig Ihre H\u00e4nde f\u00fcr andere Aktivit\u00e4ten frei.<br \/>\nUngiftiges Material: Der Baby Wrap Ring besteht aus leichtem Aluminium, ist bleifrei, rostfrei, nickelfrei, langlebig und schadet der Gesundheit Ihres Babys nicht. Bitte seien Sie versichert. Die Oberfl\u00e4che ist galvanisiert, glatt und hat eine gute Textur.<br \/>\nTragbar und verstellbar: Der Aluminiumring ist sehr tragbar. Sie k\u00f6nnen die Position des Aluminiumrings flexibel an verschiedene Situationen anpassen, sodass das Baby gut fixiert werden kann, um ein Zittern und Herunterfallen zu verhindern.<\/p>\n","protected":false},"featured_media":26998,"comment_status":"open","ping_status":"closed","template":"","meta":[],"product_brand":[],"product_cat":[21,9074],"product_tag":[],"class_list":{"0":"post-26997","1":"product","2":"type-product","3":"status-publish","4":"has-post-thumbnail","6":"product_cat-baby","7":"product_cat-babytragen-baby","8":"pa_brand-jubaopen","9":"pa_manufacturer-jubaopen","10":"pa_size-4-stueck-1er-pack","12":"first","13":"instock","14":"shipping-taxable","15":"purchasable","16":"product-type-simple","17":"customify-col","18":"product-has-gallery"},"yoast_head":"<!-- This site is optimized with the Yoast SEO plugin v27.4 - https:\/\/yoast.com\/product\/yoast-seo-wordpress\/ -->\n<title>Jubaopen 4 St\u00fcck Baby Sling Ringe Trageschlaufen Ringe Baumwolle Wrap Aluminium Ringe Tragegurt f\u00fcr Verwendung Mit\u2026 - Markt-XXL<\/title>\n<meta name=\"description\" content=\"Markt-XXL Jubaopen 4 St\u00fcck Baby Sling Ringe Trageschlaufen Ringe Baumwolle Wrap Aluminium Ringe Tragegurt f\u00fcr Verwendung Mit\u2026\" \/>\n<meta name=\"robots\" content=\"index, follow, max-snippet:-1, max-image-preview:large, max-video-preview:-1\" \/>\n<link rel=\"canonical\" href=\"https:\/\/marktxxl.de\/markt\/produkt\/jubaopen-4-stueck-baby-sling-ringe-trageschlaufen-ringe-baumwolle-wrap-aluminium-ringe-tragegurt-fuer-verwendung-mit-babytragetuch-ring-zubehoer-fuer-kleinkinder-silber\/\" \/>\n<meta property=\"og:locale\" content=\"de_DE\" \/>\n<meta property=\"og:type\" content=\"article\" \/>\n<meta property=\"og:title\" content=\"Jubaopen 4 St\u00fcck Baby Sling Ringe Trageschlaufen Ringe Baumwolle Wrap Aluminium Ringe Tragegurt f\u00fcr Verwendung Mit\u2026 - Markt-XXL\" \/>\n<meta property=\"og:description\" content=\"Markt-XXL Jubaopen 4 St\u00fcck Baby Sling Ringe Trageschlaufen Ringe Baumwolle Wrap Aluminium Ringe Tragegurt f\u00fcr Verwendung Mit\u2026\" \/>\n<meta property=\"og:url\" content=\"https:\/\/marktxxl.de\/markt\/produkt\/jubaopen-4-stueck-baby-sling-ringe-trageschlaufen-ringe-baumwolle-wrap-aluminium-ringe-tragegurt-fuer-verwendung-mit-babytragetuch-ring-zubehoer-fuer-kleinkinder-silber\/\" \/>\n<meta property=\"og:site_name\" content=\"Markt-XXL\" \/>\n<meta property=\"article:modified_time\" content=\"2023-04-09T23:20:53+00:00\" \/>\n<meta property=\"og:image\" content=\"https:\/\/m.media-amazon.com\/images\/I\/31zT7FGHJfL._SL500_.jpg\" \/>\n\t<meta property=\"og:image:width\" content=\"500\" \/>\n\t<meta property=\"og:image:height\" content=\"500\" \/>\n\t<meta property=\"og:image:type\" content=\"image\/jpeg\" \/>\n<meta name=\"twitter:card\" content=\"summary_large_image\" \/>\n<meta name=\"twitter:label1\" content=\"Gesch\u00e4tzte Lesezeit\" \/>\n\t<meta name=\"twitter:data1\" content=\"1\u00a0Minute\" \/>\n<script type=\"application\/ld+json\" class=\"yoast-schema-graph\">{\"@context\":\"https:\\\/\\\/schema.org\",\"@graph\":[{\"@type\":\"WebPage\",\"@id\":\"https:\\\/\\\/marktxxl.de\\\/markt\\\/produkt\\\/jubaopen-4-stueck-baby-sling-ringe-trageschlaufen-ringe-baumwolle-wrap-aluminium-ringe-tragegurt-fuer-verwendung-mit-babytragetuch-ring-zubehoer-fuer-kleinkinder-silber\\\/\",\"url\":\"https:\\\/\\\/marktxxl.de\\\/markt\\\/produkt\\\/jubaopen-4-stueck-baby-sling-ringe-trageschlaufen-ringe-baumwolle-wrap-aluminium-ringe-tragegurt-fuer-verwendung-mit-babytragetuch-ring-zubehoer-fuer-kleinkinder-silber\\\/\",\"name\":\"Jubaopen 4 St\u00fcck Baby Sling Ringe Trageschlaufen Ringe Baumwolle Wrap Aluminium Ringe Tragegurt f\u00fcr Verwendung Mit\u2026 - Markt-XXL\",\"isPartOf\":{\"@id\":\"https:\\\/\\\/marktxxl.de\\\/markt\\\/#website\"},\"primaryImageOfPage\":{\"@id\":\"https:\\\/\\\/marktxxl.de\\\/markt\\\/produkt\\\/jubaopen-4-stueck-baby-sling-ringe-trageschlaufen-ringe-baumwolle-wrap-aluminium-ringe-tragegurt-fuer-verwendung-mit-babytragetuch-ring-zubehoer-fuer-kleinkinder-silber\\\/#primaryimage\"},\"image\":{\"@id\":\"https:\\\/\\\/marktxxl.de\\\/markt\\\/produkt\\\/jubaopen-4-stueck-baby-sling-ringe-trageschlaufen-ringe-baumwolle-wrap-aluminium-ringe-tragegurt-fuer-verwendung-mit-babytragetuch-ring-zubehoer-fuer-kleinkinder-silber\\\/#primaryimage\"},\"thumbnailUrl\":\"https:\\\/\\\/m.media-amazon.com\\\/images\\\/I\\\/31zT7FGHJfL._SL500_.jpg\",\"datePublished\":\"2021-09-12T19:28:27+00:00\",\"dateModified\":\"2023-04-09T23:20:53+00:00\",\"description\":\"Markt-XXL Jubaopen 4 St\u00fcck Baby Sling Ringe Trageschlaufen Ringe Baumwolle Wrap Aluminium Ringe Tragegurt f\u00fcr Verwendung Mit\u2026\",\"breadcrumb\":{\"@id\":\"https:\\\/\\\/marktxxl.de\\\/markt\\\/produkt\\\/jubaopen-4-stueck-baby-sling-ringe-trageschlaufen-ringe-baumwolle-wrap-aluminium-ringe-tragegurt-fuer-verwendung-mit-babytragetuch-ring-zubehoer-fuer-kleinkinder-silber\\\/#breadcrumb\"},\"inLanguage\":\"de\",\"potentialAction\":[{\"@type\":\"ReadAction\",\"target\":[\"https:\\\/\\\/marktxxl.de\\\/markt\\\/produkt\\\/jubaopen-4-stueck-baby-sling-ringe-trageschlaufen-ringe-baumwolle-wrap-aluminium-ringe-tragegurt-fuer-verwendung-mit-babytragetuch-ring-zubehoer-fuer-kleinkinder-silber\\\/\"]}]},{\"@type\":\"ImageObject\",\"inLanguage\":\"de\",\"@id\":\"https:\\\/\\\/marktxxl.de\\\/markt\\\/produkt\\\/jubaopen-4-stueck-baby-sling-ringe-trageschlaufen-ringe-baumwolle-wrap-aluminium-ringe-tragegurt-fuer-verwendung-mit-babytragetuch-ring-zubehoer-fuer-kleinkinder-silber\\\/#primaryimage\",\"url\":\"https:\\\/\\\/m.media-amazon.com\\\/images\\\/I\\\/31zT7FGHJfL._SL500_.jpg\",\"contentUrl\":\"https:\\\/\\\/m.media-amazon.com\\\/images\\\/I\\\/31zT7FGHJfL._SL500_.jpg\",\"width\":500,\"height\":500},{\"@type\":\"BreadcrumbList\",\"@id\":\"https:\\\/\\\/marktxxl.de\\\/markt\\\/produkt\\\/jubaopen-4-stueck-baby-sling-ringe-trageschlaufen-ringe-baumwolle-wrap-aluminium-ringe-tragegurt-fuer-verwendung-mit-babytragetuch-ring-zubehoer-fuer-kleinkinder-silber\\\/#breadcrumb\",\"itemListElement\":[{\"@type\":\"ListItem\",\"position\":1,\"name\":\"Startseite\",\"item\":\"https:\\\/\\\/marktxxl.de\\\/markt\\\/\"},{\"@type\":\"ListItem\",\"position\":2,\"name\":\"Markt\",\"item\":\"https:\\\/\\\/marktxxl.de\\\/markt\\\/\"},{\"@type\":\"ListItem\",\"position\":3,\"name\":\"Jubaopen 4 St\u00fcck Baby Sling Ringe Trageschlaufen Ringe Baumwolle Wrap Aluminium Ringe Tragegurt f\u00fcr Verwendung Mit\u2026\"}]},{\"@type\":\"WebSite\",\"@id\":\"https:\\\/\\\/marktxxl.de\\\/markt\\\/#website\",\"url\":\"https:\\\/\\\/marktxxl.de\\\/markt\\\/\",\"name\":\"Markt-XXL\",\"description\":\"Ihr Markt Online\",\"publisher\":{\"@id\":\"https:\\\/\\\/marktxxl.de\\\/markt\\\/#organization\"},\"potentialAction\":[{\"@type\":\"SearchAction\",\"target\":{\"@type\":\"EntryPoint\",\"urlTemplate\":\"https:\\\/\\\/marktxxl.de\\\/markt\\\/?s={search_term_string}\"},\"query-input\":{\"@type\":\"PropertyValueSpecification\",\"valueRequired\":true,\"valueName\":\"search_term_string\"}}],\"inLanguage\":\"de\"},{\"@type\":\"Organization\",\"@id\":\"https:\\\/\\\/marktxxl.de\\\/markt\\\/#organization\",\"name\":\"Markt-XXL\",\"url\":\"https:\\\/\\\/marktxxl.de\\\/markt\\\/\",\"logo\":{\"@type\":\"ImageObject\",\"inLanguage\":\"de\",\"@id\":\"https:\\\/\\\/marktxxl.de\\\/markt\\\/#\\\/schema\\\/logo\\\/image\\\/\",\"url\":\"https:\\\/\\\/marktxxl.de\\\/markt\\\/wp-content\\\/uploads\\\/sites\\\/3\\\/2020\\\/12\\\/logo.png\",\"contentUrl\":\"https:\\\/\\\/marktxxl.de\\\/markt\\\/wp-content\\\/uploads\\\/sites\\\/3\\\/2020\\\/12\\\/logo.png\",\"width\":200,\"height\":70,\"caption\":\"Markt-XXL\"},\"image\":{\"@id\":\"https:\\\/\\\/marktxxl.de\\\/markt\\\/#\\\/schema\\\/logo\\\/image\\\/\"}}]}<\/script>\n<!-- \/ Yoast SEO plugin. -->","yoast_head_json":{"title":"Jubaopen 4 St\u00fcck Baby Sling Ringe Trageschlaufen Ringe Baumwolle Wrap Aluminium Ringe Tragegurt f\u00fcr Verwendung Mit\u2026 - Markt-XXL","description":"Markt-XXL Jubaopen 4 St\u00fcck Baby Sling Ringe Trageschlaufen Ringe Baumwolle Wrap Aluminium Ringe Tragegurt f\u00fcr Verwendung Mit\u2026","robots":{"index":"index","follow":"follow","max-snippet":"max-snippet:-1","max-image-preview":"max-image-preview:large","max-video-preview":"max-video-preview:-1"},"canonical":"https:\/\/marktxxl.de\/markt\/produkt\/jubaopen-4-stueck-baby-sling-ringe-trageschlaufen-ringe-baumwolle-wrap-aluminium-ringe-tragegurt-fuer-verwendung-mit-babytragetuch-ring-zubehoer-fuer-kleinkinder-silber\/","og_locale":"de_DE","og_type":"article","og_title":"Jubaopen 4 St\u00fcck Baby Sling Ringe Trageschlaufen Ringe Baumwolle Wrap Aluminium Ringe Tragegurt f\u00fcr Verwendung Mit\u2026 - Markt-XXL","og_description":"Markt-XXL Jubaopen 4 St\u00fcck Baby Sling Ringe Trageschlaufen Ringe Baumwolle Wrap Aluminium Ringe Tragegurt f\u00fcr Verwendung Mit\u2026","og_url":"https:\/\/marktxxl.de\/markt\/produkt\/jubaopen-4-stueck-baby-sling-ringe-trageschlaufen-ringe-baumwolle-wrap-aluminium-ringe-tragegurt-fuer-verwendung-mit-babytragetuch-ring-zubehoer-fuer-kleinkinder-silber\/","og_site_name":"Markt-XXL","article_modified_time":"2023-04-09T23:20:53+00:00","og_image":[{"width":500,"height":500,"url":"https:\/\/m.media-amazon.com\/images\/I\/31zT7FGHJfL._SL500_.jpg","type":"image\/jpeg"}],"twitter_card":"summary_large_image","twitter_misc":{"Gesch\u00e4tzte Lesezeit":"1\u00a0Minute"},"schema":{"@context":"https:\/\/schema.org","@graph":[{"@type":"WebPage","@id":"https:\/\/marktxxl.de\/markt\/produkt\/jubaopen-4-stueck-baby-sling-ringe-trageschlaufen-ringe-baumwolle-wrap-aluminium-ringe-tragegurt-fuer-verwendung-mit-babytragetuch-ring-zubehoer-fuer-kleinkinder-silber\/","url":"https:\/\/marktxxl.de\/markt\/produkt\/jubaopen-4-stueck-baby-sling-ringe-trageschlaufen-ringe-baumwolle-wrap-aluminium-ringe-tragegurt-fuer-verwendung-mit-babytragetuch-ring-zubehoer-fuer-kleinkinder-silber\/","name":"Jubaopen 4 St\u00fcck Baby Sling Ringe Trageschlaufen Ringe Baumwolle Wrap Aluminium Ringe Tragegurt f\u00fcr Verwendung Mit\u2026 - Markt-XXL","isPartOf":{"@id":"https:\/\/marktxxl.de\/markt\/#website"},"primaryImageOfPage":{"@id":"https:\/\/marktxxl.de\/markt\/produkt\/jubaopen-4-stueck-baby-sling-ringe-trageschlaufen-ringe-baumwolle-wrap-aluminium-ringe-tragegurt-fuer-verwendung-mit-babytragetuch-ring-zubehoer-fuer-kleinkinder-silber\/#primaryimage"},"image":{"@id":"https:\/\/marktxxl.de\/markt\/produkt\/jubaopen-4-stueck-baby-sling-ringe-trageschlaufen-ringe-baumwolle-wrap-aluminium-ringe-tragegurt-fuer-verwendung-mit-babytragetuch-ring-zubehoer-fuer-kleinkinder-silber\/#primaryimage"},"thumbnailUrl":"https:\/\/m.media-amazon.com\/images\/I\/31zT7FGHJfL._SL500_.jpg","datePublished":"2021-09-12T19:28:27+00:00","dateModified":"2023-04-09T23:20:53+00:00","description":"Markt-XXL Jubaopen 4 St\u00fcck Baby Sling Ringe Trageschlaufen Ringe Baumwolle Wrap Aluminium Ringe Tragegurt f\u00fcr Verwendung Mit\u2026","breadcrumb":{"@id":"https:\/\/marktxxl.de\/markt\/produkt\/jubaopen-4-stueck-baby-sling-ringe-trageschlaufen-ringe-baumwolle-wrap-aluminium-ringe-tragegurt-fuer-verwendung-mit-babytragetuch-ring-zubehoer-fuer-kleinkinder-silber\/#breadcrumb"},"inLanguage":"de","potentialAction":[{"@type":"ReadAction","target":["https:\/\/marktxxl.de\/markt\/produkt\/jubaopen-4-stueck-baby-sling-ringe-trageschlaufen-ringe-baumwolle-wrap-aluminium-ringe-tragegurt-fuer-verwendung-mit-babytragetuch-ring-zubehoer-fuer-kleinkinder-silber\/"]}]},{"@type":"ImageObject","inLanguage":"de","@id":"https:\/\/marktxxl.de\/markt\/produkt\/jubaopen-4-stueck-baby-sling-ringe-trageschlaufen-ringe-baumwolle-wrap-aluminium-ringe-tragegurt-fuer-verwendung-mit-babytragetuch-ring-zubehoer-fuer-kleinkinder-silber\/#primaryimage","url":"https:\/\/m.media-amazon.com\/images\/I\/31zT7FGHJfL._SL500_.jpg","contentUrl":"https:\/\/m.media-amazon.com\/images\/I\/31zT7FGHJfL._SL500_.jpg","width":500,"height":500},{"@type":"BreadcrumbList","@id":"https:\/\/marktxxl.de\/markt\/produkt\/jubaopen-4-stueck-baby-sling-ringe-trageschlaufen-ringe-baumwolle-wrap-aluminium-ringe-tragegurt-fuer-verwendung-mit-babytragetuch-ring-zubehoer-fuer-kleinkinder-silber\/#breadcrumb","itemListElement":[{"@type":"ListItem","position":1,"name":"Startseite","item":"https:\/\/marktxxl.de\/markt\/"},{"@type":"ListItem","position":2,"name":"Markt","item":"https:\/\/marktxxl.de\/markt\/"},{"@type":"ListItem","position":3,"name":"Jubaopen 4 St\u00fcck Baby Sling Ringe Trageschlaufen Ringe Baumwolle Wrap Aluminium Ringe Tragegurt f\u00fcr Verwendung Mit\u2026"}]},{"@type":"WebSite","@id":"https:\/\/marktxxl.de\/markt\/#website","url":"https:\/\/marktxxl.de\/markt\/","name":"Markt-XXL","description":"Ihr Markt Online","publisher":{"@id":"https:\/\/marktxxl.de\/markt\/#organization"},"potentialAction":[{"@type":"SearchAction","target":{"@type":"EntryPoint","urlTemplate":"https:\/\/marktxxl.de\/markt\/?s={search_term_string}"},"query-input":{"@type":"PropertyValueSpecification","valueRequired":true,"valueName":"search_term_string"}}],"inLanguage":"de"},{"@type":"Organization","@id":"https:\/\/marktxxl.de\/markt\/#organization","name":"Markt-XXL","url":"https:\/\/marktxxl.de\/markt\/","logo":{"@type":"ImageObject","inLanguage":"de","@id":"https:\/\/marktxxl.de\/markt\/#\/schema\/logo\/image\/","url":"https:\/\/marktxxl.de\/markt\/wp-content\/uploads\/sites\/3\/2020\/12\/logo.png","contentUrl":"https:\/\/marktxxl.de\/markt\/wp-content\/uploads\/sites\/3\/2020\/12\/logo.png","width":200,"height":70,"caption":"Markt-XXL"},"image":{"@id":"https:\/\/marktxxl.de\/markt\/#\/schema\/logo\/image\/"}}]}},"_links":{"self":[{"href":"https:\/\/marktxxl.de\/markt\/wp-json\/wp\/v2\/product\/26997","targetHints":{"allow":["GET"]}}],"collection":[{"href":"https:\/\/marktxxl.de\/markt\/wp-json\/wp\/v2\/product"}],"about":[{"href":"https:\/\/marktxxl.de\/markt\/wp-json\/wp\/v2\/types\/product"}],"replies":[{"embeddable":true,"href":"https:\/\/marktxxl.de\/markt\/wp-json\/wp\/v2\/comments?post=26997"}],"wp:featuredmedia":[{"embeddable":true,"href":"https:\/\/marktxxl.de\/markt\/wp-json\/wp\/v2\/media\/26998"}],"wp:attachment":[{"href":"https:\/\/marktxxl.de\/markt\/wp-json\/wp\/v2\/media?parent=26997"}],"wp:term":[{"taxonomy":"product_brand","embeddable":true,"href":"https:\/\/marktxxl.de\/markt\/wp-json\/wp\/v2\/product_brand?post=26997"},{"taxonomy":"product_cat","embeddable":true,"href":"https:\/\/marktxxl.de\/markt\/wp-json\/wp\/v2\/product_cat?post=26997"},{"taxonomy":"product_tag","embeddable":true,"href":"https:\/\/marktxxl.de\/markt\/wp-json\/wp\/v2\/product_tag?post=26997"}],"curies":[{"name":"wp","href":"https:\/\/api.w.org\/{rel}","templated":true}]}}