{"id":224297,"date":"2024-07-28T18:38:06","date_gmt":"2024-07-28T16:38:06","guid":{"rendered":"https:\/\/marktxxl.de\/markt\/produkt\/jetech-papier-schutzfolie-fuer-ipad-air-11-zoll-m2-2024-blendfreiem-matt-pet-folie-zum-zeichnen-1-stueck\/"},"modified":"2024-07-28T18:38:06","modified_gmt":"2024-07-28T16:38:06","slug":"jetech-papier-schutzfolie-fuer-ipad-air-11-zoll-m2-2024-blendfreiem-matt-pet-folie-zum-zeichnen-1-stueck","status":"publish","type":"product","link":"https:\/\/marktxxl.de\/markt\/produkt\/jetech-papier-schutzfolie-fuer-ipad-air-11-zoll-m2-2024-blendfreiem-matt-pet-folie-zum-zeichnen-1-stueck\/","title":{"rendered":"JETech Papier Schutzfolie f\u00fcr iPad Air 11 Zoll M2 (2024), Blendfreiem, Matt PET Folie zum Zeichnen, 1 St\u00fcck"},"content":{"rendered":"<p>[Kompatibilit\u00e4t] Exklusiv f\u00fcr iPad Air 11 Zoll M2 (2024). Passend f\u00fcr iPad-Modelle Nummern: A2902 \/ A2903 \/ A2904. Bitte pr\u00fcfen Sie sorgf\u00e4ltig die R\u00fcckseite Ihres Ger\u00e4ts, um die Modellnummer zu finden<br \/>\n[Papier Schreiben] Hochwertige matte PET-Folie, die sich anf\u00fchlt, als w\u00fcrde man auf Papier schreiben. Glatt und rutschfest. Verbessert die Arbeitseffizienz und bewahrt die urspr\u00fcngliche Empfindlichkeit Ihres Bildschirms. Haupts\u00e4chlich zum Zeichnen, Schreiben und Skizzieren verwendet<br \/>\n[Anti-Blendung] Die ultrad\u00fcnne, matte Folie blockiert effektiv Blendungen, reduziert die \u00dcberanstrengung der Augen und die Reflexion des Bildschirms. Sorgt auch bei hellem Licht f\u00fcr ein angenehmes Seherlebnis<br \/>\n[Einfache Installation] Super einfach zu installieren und zu entfernen. Blasenfrei, kratzfest, Anti-Fingerabdr\u00fccke<br \/>\n[Anti-Fingerabdruck] Die hydrophobe und oleophobe Beschichtung verhindert effektiv, dass sich R\u00fcckst\u00e4nde von Fingerabdr\u00fccken, \u00d6l und Wasserzeichen auf dem Bildschirm ansammeln<br \/>\n<div class=\"main-cross-sell\" data-asin=\"B0D5CNY7WW\">\n\n\t<div class=\"WooZone-cross-sell-loader\">\n\t\t<div>\n\t\t\t<div id=\"floatingBarsG\">\n\t\t\t\t<div class=\"blockG\" id=\"rotateG_01\"><\/div>\n\t\t\t\t<div class=\"blockG\" id=\"rotateG_02\"><\/div>\n\t\t\t\t<div class=\"blockG\" id=\"rotateG_03\"><\/div>\n\t\t\t\t<div class=\"blockG\" id=\"rotateG_04\"><\/div>\n\t\t\t\t<div class=\"blockG\" id=\"rotateG_05\"><\/div>\n\t\t\t\t<div class=\"blockG\" id=\"rotateG_06\"><\/div>\n\t\t\t\t<div class=\"blockG\" id=\"rotateG_07\"><\/div>\n\t\t\t\t<div class=\"blockG\" id=\"rotateG_08\"><\/div>\n\t\t\t<\/div>\n\t\t\t<div class=\"WooZone-cross-sell-loader-text\"><\/div>\n\t\t<\/div>\n\t<\/div>\n\n\t\t\n<\/div>\n<div style=\"clear:both;\"><\/div><\/p>\n","protected":false},"excerpt":{"rendered":"<p>[Kompatibilit\u00e4t] Exklusiv f\u00fcr iPad Air 11 Zoll M2 (2024). Passend f\u00fcr iPad-Modelle Nummern: A2902 \/ A2903 \/ A2904. Bitte pr\u00fcfen Sie sorgf\u00e4ltig die R\u00fcckseite Ihres Ger\u00e4ts, um die Modellnummer zu finden<br \/>\n[Papier Schreiben] Hochwertige matte PET-Folie, die sich anf\u00fchlt, als w\u00fcrde man auf Papier schreiben. Glatt und rutschfest. Verbessert die Arbeitseffizienz und bewahrt die urspr\u00fcngliche Empfindlichkeit Ihres Bildschirms. Haupts\u00e4chlich zum Zeichnen, Schreiben und Skizzieren verwendet<br \/>\n[Anti-Blendung] Die ultrad\u00fcnne, matte Folie blockiert effektiv Blendungen, reduziert die \u00dcberanstrengung der Augen und die Reflexion des Bildschirms. Sorgt auch bei hellem Licht f\u00fcr ein angenehmes Seherlebnis<\/p>\n","protected":false},"featured_media":224298,"comment_status":"open","ping_status":"closed","template":"","meta":[],"product_brand":[],"product_cat":[863],"product_tag":[],"class_list":{"0":"post-224297","1":"product","2":"type-product","3":"status-publish","4":"has-post-thumbnail","6":"product_cat-computer-zubehoer","7":"pa_brand-jetech","8":"pa_color-durchsichtig","9":"pa_height-0-49999999949-zoll","10":"pa_length-9-59842518706-zoll","11":"pa_manufacturer-jetech","12":"pa_model-095a","13":"pa_weight-0-043431065614-pfund","14":"pa_width-6-88188975676-zoll","16":"first","17":"instock","18":"shipping-taxable","19":"purchasable","20":"product-type-simple","21":"customify-col","22":"product-has-gallery"},"yoast_head":"<!-- This site is optimized with the Yoast SEO plugin v27.4 - https:\/\/yoast.com\/product\/yoast-seo-wordpress\/ -->\n<title>JETech Papier Schutzfolie f\u00fcr iPad Air 11 Zoll M2 (2024), Blendfreiem, Matt PET Folie zum Zeichnen, 1 St\u00fcck - Markt-XXL<\/title>\n<meta name=\"description\" content=\"Markt-XXL JETech Papier Schutzfolie f\u00fcr iPad Air 11 Zoll M2 (2024), Blendfreiem, Matt PET Folie zum Zeichnen, 1 St\u00fcck\" \/>\n<meta name=\"robots\" content=\"index, follow, max-snippet:-1, max-image-preview:large, max-video-preview:-1\" \/>\n<link rel=\"canonical\" href=\"https:\/\/marktxxl.de\/markt\/produkt\/jetech-papier-schutzfolie-fuer-ipad-air-11-zoll-m2-2024-blendfreiem-matt-pet-folie-zum-zeichnen-1-stueck\/\" \/>\n<meta property=\"og:locale\" content=\"de_DE\" \/>\n<meta property=\"og:type\" content=\"article\" \/>\n<meta property=\"og:title\" content=\"JETech Papier Schutzfolie f\u00fcr iPad Air 11 Zoll M2 (2024), Blendfreiem, Matt PET Folie zum Zeichnen, 1 St\u00fcck - Markt-XXL\" \/>\n<meta property=\"og:description\" content=\"Markt-XXL JETech Papier Schutzfolie f\u00fcr iPad Air 11 Zoll M2 (2024), Blendfreiem, Matt PET Folie zum Zeichnen, 1 St\u00fcck\" \/>\n<meta property=\"og:url\" content=\"https:\/\/marktxxl.de\/markt\/produkt\/jetech-papier-schutzfolie-fuer-ipad-air-11-zoll-m2-2024-blendfreiem-matt-pet-folie-zum-zeichnen-1-stueck\/\" \/>\n<meta property=\"og:site_name\" content=\"Markt-XXL\" \/>\n<meta name=\"twitter:card\" content=\"summary_large_image\" \/>\n<meta name=\"twitter:label1\" content=\"Gesch\u00e4tzte Lesezeit\" \/>\n\t<meta name=\"twitter:data1\" content=\"1\u00a0Minute\" \/>\n<script type=\"application\/ld+json\" class=\"yoast-schema-graph\">{\"@context\":\"https:\\\/\\\/schema.org\",\"@graph\":[{\"@type\":\"WebPage\",\"@id\":\"https:\\\/\\\/marktxxl.de\\\/markt\\\/produkt\\\/jetech-papier-schutzfolie-fuer-ipad-air-11-zoll-m2-2024-blendfreiem-matt-pet-folie-zum-zeichnen-1-stueck\\\/\",\"url\":\"https:\\\/\\\/marktxxl.de\\\/markt\\\/produkt\\\/jetech-papier-schutzfolie-fuer-ipad-air-11-zoll-m2-2024-blendfreiem-matt-pet-folie-zum-zeichnen-1-stueck\\\/\",\"name\":\"JETech Papier Schutzfolie f\u00fcr iPad Air 11 Zoll M2 (2024), Blendfreiem, Matt PET Folie zum Zeichnen, 1 St\u00fcck - Markt-XXL\",\"isPartOf\":{\"@id\":\"https:\\\/\\\/marktxxl.de\\\/markt\\\/#website\"},\"primaryImageOfPage\":{\"@id\":\"https:\\\/\\\/marktxxl.de\\\/markt\\\/produkt\\\/jetech-papier-schutzfolie-fuer-ipad-air-11-zoll-m2-2024-blendfreiem-matt-pet-folie-zum-zeichnen-1-stueck\\\/#primaryimage\"},\"image\":{\"@id\":\"https:\\\/\\\/marktxxl.de\\\/markt\\\/produkt\\\/jetech-papier-schutzfolie-fuer-ipad-air-11-zoll-m2-2024-blendfreiem-matt-pet-folie-zum-zeichnen-1-stueck\\\/#primaryimage\"},\"thumbnailUrl\":\"https:\\\/\\\/m.media-amazon.com\\\/images\\\/I\\\/41Qn8LOhwCL._SL500_.jpg\",\"datePublished\":\"2024-07-28T16:38:06+00:00\",\"description\":\"Markt-XXL JETech Papier Schutzfolie f\u00fcr iPad Air 11 Zoll M2 (2024), Blendfreiem, Matt PET Folie zum Zeichnen, 1 St\u00fcck\",\"breadcrumb\":{\"@id\":\"https:\\\/\\\/marktxxl.de\\\/markt\\\/produkt\\\/jetech-papier-schutzfolie-fuer-ipad-air-11-zoll-m2-2024-blendfreiem-matt-pet-folie-zum-zeichnen-1-stueck\\\/#breadcrumb\"},\"inLanguage\":\"de\",\"potentialAction\":[{\"@type\":\"ReadAction\",\"target\":[\"https:\\\/\\\/marktxxl.de\\\/markt\\\/produkt\\\/jetech-papier-schutzfolie-fuer-ipad-air-11-zoll-m2-2024-blendfreiem-matt-pet-folie-zum-zeichnen-1-stueck\\\/\"]}]},{\"@type\":\"ImageObject\",\"inLanguage\":\"de\",\"@id\":\"https:\\\/\\\/marktxxl.de\\\/markt\\\/produkt\\\/jetech-papier-schutzfolie-fuer-ipad-air-11-zoll-m2-2024-blendfreiem-matt-pet-folie-zum-zeichnen-1-stueck\\\/#primaryimage\",\"url\":\"https:\\\/\\\/m.media-amazon.com\\\/images\\\/I\\\/41Qn8LOhwCL._SL500_.jpg\",\"contentUrl\":\"https:\\\/\\\/m.media-amazon.com\\\/images\\\/I\\\/41Qn8LOhwCL._SL500_.jpg\",\"width\":500,\"height\":500},{\"@type\":\"BreadcrumbList\",\"@id\":\"https:\\\/\\\/marktxxl.de\\\/markt\\\/produkt\\\/jetech-papier-schutzfolie-fuer-ipad-air-11-zoll-m2-2024-blendfreiem-matt-pet-folie-zum-zeichnen-1-stueck\\\/#breadcrumb\",\"itemListElement\":[{\"@type\":\"ListItem\",\"position\":1,\"name\":\"Startseite\",\"item\":\"https:\\\/\\\/marktxxl.de\\\/markt\\\/\"},{\"@type\":\"ListItem\",\"position\":2,\"name\":\"Markt\",\"item\":\"https:\\\/\\\/marktxxl.de\\\/markt\\\/\"},{\"@type\":\"ListItem\",\"position\":3,\"name\":\"JETech Papier Schutzfolie f\u00fcr iPad Air 11 Zoll M2 (2024), Blendfreiem, Matt PET Folie zum Zeichnen, 1 St\u00fcck\"}]},{\"@type\":\"WebSite\",\"@id\":\"https:\\\/\\\/marktxxl.de\\\/markt\\\/#website\",\"url\":\"https:\\\/\\\/marktxxl.de\\\/markt\\\/\",\"name\":\"Markt-XXL\",\"description\":\"Ihr Markt Online\",\"publisher\":{\"@id\":\"https:\\\/\\\/marktxxl.de\\\/markt\\\/#organization\"},\"potentialAction\":[{\"@type\":\"SearchAction\",\"target\":{\"@type\":\"EntryPoint\",\"urlTemplate\":\"https:\\\/\\\/marktxxl.de\\\/markt\\\/?s={search_term_string}\"},\"query-input\":{\"@type\":\"PropertyValueSpecification\",\"valueRequired\":true,\"valueName\":\"search_term_string\"}}],\"inLanguage\":\"de\"},{\"@type\":\"Organization\",\"@id\":\"https:\\\/\\\/marktxxl.de\\\/markt\\\/#organization\",\"name\":\"Markt-XXL\",\"url\":\"https:\\\/\\\/marktxxl.de\\\/markt\\\/\",\"logo\":{\"@type\":\"ImageObject\",\"inLanguage\":\"de\",\"@id\":\"https:\\\/\\\/marktxxl.de\\\/markt\\\/#\\\/schema\\\/logo\\\/image\\\/\",\"url\":\"https:\\\/\\\/marktxxl.de\\\/markt\\\/wp-content\\\/uploads\\\/sites\\\/3\\\/2020\\\/12\\\/logo.png\",\"contentUrl\":\"https:\\\/\\\/marktxxl.de\\\/markt\\\/wp-content\\\/uploads\\\/sites\\\/3\\\/2020\\\/12\\\/logo.png\",\"width\":200,\"height\":70,\"caption\":\"Markt-XXL\"},\"image\":{\"@id\":\"https:\\\/\\\/marktxxl.de\\\/markt\\\/#\\\/schema\\\/logo\\\/image\\\/\"}}]}<\/script>\n<!-- \/ Yoast SEO plugin. -->","yoast_head_json":{"title":"JETech Papier Schutzfolie f\u00fcr iPad Air 11 Zoll M2 (2024), Blendfreiem, Matt PET Folie zum Zeichnen, 1 St\u00fcck - Markt-XXL","description":"Markt-XXL JETech Papier Schutzfolie f\u00fcr iPad Air 11 Zoll M2 (2024), Blendfreiem, Matt PET Folie zum Zeichnen, 1 St\u00fcck","robots":{"index":"index","follow":"follow","max-snippet":"max-snippet:-1","max-image-preview":"max-image-preview:large","max-video-preview":"max-video-preview:-1"},"canonical":"https:\/\/marktxxl.de\/markt\/produkt\/jetech-papier-schutzfolie-fuer-ipad-air-11-zoll-m2-2024-blendfreiem-matt-pet-folie-zum-zeichnen-1-stueck\/","og_locale":"de_DE","og_type":"article","og_title":"JETech Papier Schutzfolie f\u00fcr iPad Air 11 Zoll M2 (2024), Blendfreiem, Matt PET Folie zum Zeichnen, 1 St\u00fcck - Markt-XXL","og_description":"Markt-XXL JETech Papier Schutzfolie f\u00fcr iPad Air 11 Zoll M2 (2024), Blendfreiem, Matt PET Folie zum Zeichnen, 1 St\u00fcck","og_url":"https:\/\/marktxxl.de\/markt\/produkt\/jetech-papier-schutzfolie-fuer-ipad-air-11-zoll-m2-2024-blendfreiem-matt-pet-folie-zum-zeichnen-1-stueck\/","og_site_name":"Markt-XXL","twitter_card":"summary_large_image","twitter_misc":{"Gesch\u00e4tzte Lesezeit":"1\u00a0Minute"},"schema":{"@context":"https:\/\/schema.org","@graph":[{"@type":"WebPage","@id":"https:\/\/marktxxl.de\/markt\/produkt\/jetech-papier-schutzfolie-fuer-ipad-air-11-zoll-m2-2024-blendfreiem-matt-pet-folie-zum-zeichnen-1-stueck\/","url":"https:\/\/marktxxl.de\/markt\/produkt\/jetech-papier-schutzfolie-fuer-ipad-air-11-zoll-m2-2024-blendfreiem-matt-pet-folie-zum-zeichnen-1-stueck\/","name":"JETech Papier Schutzfolie f\u00fcr iPad Air 11 Zoll M2 (2024), Blendfreiem, Matt PET Folie zum Zeichnen, 1 St\u00fcck - Markt-XXL","isPartOf":{"@id":"https:\/\/marktxxl.de\/markt\/#website"},"primaryImageOfPage":{"@id":"https:\/\/marktxxl.de\/markt\/produkt\/jetech-papier-schutzfolie-fuer-ipad-air-11-zoll-m2-2024-blendfreiem-matt-pet-folie-zum-zeichnen-1-stueck\/#primaryimage"},"image":{"@id":"https:\/\/marktxxl.de\/markt\/produkt\/jetech-papier-schutzfolie-fuer-ipad-air-11-zoll-m2-2024-blendfreiem-matt-pet-folie-zum-zeichnen-1-stueck\/#primaryimage"},"thumbnailUrl":"https:\/\/m.media-amazon.com\/images\/I\/41Qn8LOhwCL._SL500_.jpg","datePublished":"2024-07-28T16:38:06+00:00","description":"Markt-XXL JETech Papier Schutzfolie f\u00fcr iPad Air 11 Zoll M2 (2024), Blendfreiem, Matt PET Folie zum Zeichnen, 1 St\u00fcck","breadcrumb":{"@id":"https:\/\/marktxxl.de\/markt\/produkt\/jetech-papier-schutzfolie-fuer-ipad-air-11-zoll-m2-2024-blendfreiem-matt-pet-folie-zum-zeichnen-1-stueck\/#breadcrumb"},"inLanguage":"de","potentialAction":[{"@type":"ReadAction","target":["https:\/\/marktxxl.de\/markt\/produkt\/jetech-papier-schutzfolie-fuer-ipad-air-11-zoll-m2-2024-blendfreiem-matt-pet-folie-zum-zeichnen-1-stueck\/"]}]},{"@type":"ImageObject","inLanguage":"de","@id":"https:\/\/marktxxl.de\/markt\/produkt\/jetech-papier-schutzfolie-fuer-ipad-air-11-zoll-m2-2024-blendfreiem-matt-pet-folie-zum-zeichnen-1-stueck\/#primaryimage","url":"https:\/\/m.media-amazon.com\/images\/I\/41Qn8LOhwCL._SL500_.jpg","contentUrl":"https:\/\/m.media-amazon.com\/images\/I\/41Qn8LOhwCL._SL500_.jpg","width":500,"height":500},{"@type":"BreadcrumbList","@id":"https:\/\/marktxxl.de\/markt\/produkt\/jetech-papier-schutzfolie-fuer-ipad-air-11-zoll-m2-2024-blendfreiem-matt-pet-folie-zum-zeichnen-1-stueck\/#breadcrumb","itemListElement":[{"@type":"ListItem","position":1,"name":"Startseite","item":"https:\/\/marktxxl.de\/markt\/"},{"@type":"ListItem","position":2,"name":"Markt","item":"https:\/\/marktxxl.de\/markt\/"},{"@type":"ListItem","position":3,"name":"JETech Papier Schutzfolie f\u00fcr iPad Air 11 Zoll M2 (2024), Blendfreiem, Matt PET Folie zum Zeichnen, 1 St\u00fcck"}]},{"@type":"WebSite","@id":"https:\/\/marktxxl.de\/markt\/#website","url":"https:\/\/marktxxl.de\/markt\/","name":"Markt-XXL","description":"Ihr Markt Online","publisher":{"@id":"https:\/\/marktxxl.de\/markt\/#organization"},"potentialAction":[{"@type":"SearchAction","target":{"@type":"EntryPoint","urlTemplate":"https:\/\/marktxxl.de\/markt\/?s={search_term_string}"},"query-input":{"@type":"PropertyValueSpecification","valueRequired":true,"valueName":"search_term_string"}}],"inLanguage":"de"},{"@type":"Organization","@id":"https:\/\/marktxxl.de\/markt\/#organization","name":"Markt-XXL","url":"https:\/\/marktxxl.de\/markt\/","logo":{"@type":"ImageObject","inLanguage":"de","@id":"https:\/\/marktxxl.de\/markt\/#\/schema\/logo\/image\/","url":"https:\/\/marktxxl.de\/markt\/wp-content\/uploads\/sites\/3\/2020\/12\/logo.png","contentUrl":"https:\/\/marktxxl.de\/markt\/wp-content\/uploads\/sites\/3\/2020\/12\/logo.png","width":200,"height":70,"caption":"Markt-XXL"},"image":{"@id":"https:\/\/marktxxl.de\/markt\/#\/schema\/logo\/image\/"}}]}},"_links":{"self":[{"href":"https:\/\/marktxxl.de\/markt\/wp-json\/wp\/v2\/product\/224297","targetHints":{"allow":["GET"]}}],"collection":[{"href":"https:\/\/marktxxl.de\/markt\/wp-json\/wp\/v2\/product"}],"about":[{"href":"https:\/\/marktxxl.de\/markt\/wp-json\/wp\/v2\/types\/product"}],"replies":[{"embeddable":true,"href":"https:\/\/marktxxl.de\/markt\/wp-json\/wp\/v2\/comments?post=224297"}],"wp:featuredmedia":[{"embeddable":true,"href":"https:\/\/marktxxl.de\/markt\/wp-json\/wp\/v2\/media\/224298"}],"wp:attachment":[{"href":"https:\/\/marktxxl.de\/markt\/wp-json\/wp\/v2\/media?parent=224297"}],"wp:term":[{"taxonomy":"product_brand","embeddable":true,"href":"https:\/\/marktxxl.de\/markt\/wp-json\/wp\/v2\/product_brand?post=224297"},{"taxonomy":"product_cat","embeddable":true,"href":"https:\/\/marktxxl.de\/markt\/wp-json\/wp\/v2\/product_cat?post=224297"},{"taxonomy":"product_tag","embeddable":true,"href":"https:\/\/marktxxl.de\/markt\/wp-json\/wp\/v2\/product_tag?post=224297"}],"curies":[{"name":"wp","href":"https:\/\/api.w.org\/{rel}","templated":true}]}}