{"id":224201,"date":"2024-07-28T18:35:09","date_gmt":"2024-07-28T16:35:09","guid":{"rendered":"https:\/\/marktxxl.de\/markt\/produkt\/lommegy-4k-webcam-mit-mikrofon-ultra-hd-4k-webcam-fuer-pc-dual-noise-reducing-mics-automatischer-lichtkorrektur-webkamera-fuer-zoom-skype-live-streaming-videoanrufe-lernen-konferenzen\/"},"modified":"2024-07-28T18:35:09","modified_gmt":"2024-07-28T16:35:09","slug":"lommegy-4k-webcam-mit-mikrofon-ultra-hd-4k-webcam-fuer-pc-dual-noise-reducing-mics-automatischer-lichtkorrektur-webkamera-fuer-zoom-skype-live-streaming-videoanrufe-lernen-konferenzen","status":"publish","type":"product","link":"https:\/\/marktxxl.de\/markt\/produkt\/lommegy-4k-webcam-mit-mikrofon-ultra-hd-4k-webcam-fuer-pc-dual-noise-reducing-mics-automatischer-lichtkorrektur-webkamera-fuer-zoom-skype-live-streaming-videoanrufe-lernen-konferenzen\/","title":{"rendered":"Lommegy 4K Webcam mit Mikrofon, Ultra HD 4K Webcam f\u00fcr PC, Dual Noise Reducing Mics, Automatischer Lichtkorrektur Webkamera f\u00fcr Zoom\/Skype, Live Streaming, Videoanrufe, Lernen, Konferenzen"},"content":{"rendered":"<p>Universelle Kompatibilit\u00e4t: 4k UHD Webcam kann mit Desktop, PCs, Laptops, Tablets und anderen Protokollger\u00e4ten verwendet werden. USB-Anschluss und einfach zu bedienen. Genie\u00dfen Sie ein nahtloses Online-Video-Erlebnis mit Windows XP, Windows 7, Windows 8, Windows 10, Mac OS, Vista, Android und Chrome.<br \/>\nUSB Plug-and-Play und breiter Blickwinkel von 110 Grad: Standard USB Schnittstelle, damit Sie sofort loslegen k\u00f6nnen. Keine Treiber erforderlich. Die Webcam ist mit allen Ger\u00e4ten kompatibel, die \u00fcber einen USB-Anschluss verf\u00fcgen, und wird mit einem 59-Zoll-USB-Netzkabel geliefert. Das 110\u00b0-Weitwinkelobjektiv der USB-Kamera eignet sich f\u00fcr mehrere Teilnehmer. Hervorragend geeignet f\u00fcr Online-Beratungen, Videointerviews und -aufzeichnungen usw.<br \/>\nIntegriertes Mikrofon: Das Mikrofon ist mit einer Rauschunterdr\u00fcckungstechnologie gekoppelt, die Schaltkreis- und Hintergrundger\u00e4usche reduziert, um externe Ger\u00e4usche zu kontrollieren.Machen Sie Ihren Arbeitsplatz frei, indem Sie das integrierte Mikrofon unserer Webcam verwenden. Selbst in lauten Umgebungen k\u00f6nnen die Zuschauer Ihre Stimme laut und deutlich h\u00f6ren. Mit der PC Webcam genie\u00dfen Sie eine klare Audioqualit\u00e4t, die Ihre Produktivit\u00e4t steigert.<br \/>\nUltra HD 4K Webcam: 4K-Webkamera speziell f\u00fcr professionell Videoanrufe, Aufnahmen, Konferenzen, Spiele. Die PC-Kamera verwendet eine Glaslinse und einen hochaufl\u00f6senden CMOS-Sensor. Die maximale Aufl\u00f6sung betr\u00e4gt bis zu 3840* 2160 Pixel, die schnell klare Bilder mit 30 Bildern pro Sekunde aufnehmen k\u00f6nnen. Eine unverzichtbare 4K Webcam f\u00fcr Profis, die bei der Qualit\u00e4t keine Kompromisse eingehen.<br \/>\nLichtkorrektur: Ausgestattet mit einer Technologie zur Licht- und Farbkompensation, die Sie auch bei schwacher Beleuchtung oder in dunklen R\u00e4umen normal erscheinen l\u00e4sst.Verwenden Sie eine Linse mit gr\u00f6\u00dferem Durchmesser, um mehr Licht zu erhalten und das Bild heller und klarer zu machen.<br \/>\n<div class=\"main-cross-sell\" data-asin=\"B0D2CRWSBJ\">\n\n\t<div class=\"WooZone-cross-sell-loader\">\n\t\t<div>\n\t\t\t<div id=\"floatingBarsG\">\n\t\t\t\t<div class=\"blockG\" id=\"rotateG_01\"><\/div>\n\t\t\t\t<div class=\"blockG\" id=\"rotateG_02\"><\/div>\n\t\t\t\t<div class=\"blockG\" id=\"rotateG_03\"><\/div>\n\t\t\t\t<div class=\"blockG\" id=\"rotateG_04\"><\/div>\n\t\t\t\t<div class=\"blockG\" id=\"rotateG_05\"><\/div>\n\t\t\t\t<div class=\"blockG\" id=\"rotateG_06\"><\/div>\n\t\t\t\t<div class=\"blockG\" id=\"rotateG_07\"><\/div>\n\t\t\t\t<div class=\"blockG\" id=\"rotateG_08\"><\/div>\n\t\t\t<\/div>\n\t\t\t<div class=\"WooZone-cross-sell-loader-text\"><\/div>\n\t\t<\/div>\n\t<\/div>\n\n\t\t\n<\/div>\n<div style=\"clear:both;\"><\/div><\/p>\n","protected":false},"excerpt":{"rendered":"<p>Universelle Kompatibilit\u00e4t: 4k UHD Webcam kann mit Desktop, PCs, Laptops, Tablets und anderen Protokollger\u00e4ten verwendet werden. USB-Anschluss und einfach zu bedienen. Genie\u00dfen Sie ein nahtloses Online-Video-Erlebnis mit Windows XP, Windows 7, Windows 8, Windows 10, Mac OS, Vista, Android und Chrome.<br \/>\nUSB Plug-and-Play und breiter Blickwinkel von 110 Grad: Standard USB Schnittstelle, damit Sie sofort loslegen k\u00f6nnen. Keine Treiber erforderlich. Die Webcam ist mit allen Ger\u00e4ten kompatibel, die \u00fcber einen USB-Anschluss verf\u00fcgen, und wird mit einem 59-Zoll-USB-Netzkabel geliefert. Das 110\u00b0-Weitwinkelobjektiv der USB-Kamera eignet sich f\u00fcr mehrere Teilnehmer. Hervorragend geeignet f\u00fcr Online-Beratungen, Videointerviews und -aufzeichnungen usw.<br \/>\nIntegriertes Mikrofon: Das Mikrofon ist mit einer Rauschunterdr\u00fcckungstechnologie gekoppelt, die Schaltkreis- und Hintergrundger\u00e4usche reduziert, um externe Ger\u00e4usche zu kontrollieren.Machen Sie Ihren Arbeitsplatz frei, indem Sie das integrierte Mikrofon unserer Webcam verwenden. Selbst in lauten Umgebungen k\u00f6nnen die Zuschauer Ihre Stimme laut und deutlich h\u00f6ren. Mit der PC Webcam genie\u00dfen Sie eine klare Audioqualit\u00e4t, die Ihre Produktivit\u00e4t steigert.<\/p>\n","protected":false},"featured_media":224202,"comment_status":"open","ping_status":"closed","template":"","meta":[],"product_brand":[],"product_cat":[863],"product_tag":[],"class_list":{"0":"post-224201","1":"product","2":"type-product","3":"status-publish","4":"has-post-thumbnail","6":"product_cat-computer-zubehoer","7":"pa_binding-elektronik","8":"pa_brand-lommegy","9":"pa_manufacturer-lommegy","11":"first","12":"instock","13":"shipping-taxable","14":"purchasable","15":"product-type-simple","16":"customify-col","17":"product-has-gallery"},"yoast_head":"<!-- This site is optimized with the Yoast SEO plugin v27.4 - https:\/\/yoast.com\/product\/yoast-seo-wordpress\/ -->\n<title>Lommegy 4K Webcam mit Mikrofon, Ultra HD 4K Webcam f\u00fcr PC, Dual Noise Reducing Mics, Automatischer Lichtkorrektur Webkamera f\u00fcr Zoom\/Skype, Live Streaming, Videoanrufe, Lernen, Konferenzen - Markt-XXL<\/title>\n<meta name=\"description\" content=\"Markt-XXL Lommegy 4K Webcam mit Mikrofon, Ultra HD 4K Webcam f\u00fcr PC, Dual Noise Reducing Mics, Automatischer Lichtkorrektur Webkamera f\u00fcr Zoom\/Skype, Live Streaming, Videoanrufe, Lernen, Konferenzen\" \/>\n<meta name=\"robots\" content=\"index, follow, max-snippet:-1, max-image-preview:large, max-video-preview:-1\" \/>\n<link rel=\"canonical\" href=\"https:\/\/marktxxl.de\/markt\/produkt\/lommegy-4k-webcam-mit-mikrofon-ultra-hd-4k-webcam-fuer-pc-dual-noise-reducing-mics-automatischer-lichtkorrektur-webkamera-fuer-zoom-skype-live-streaming-videoanrufe-lernen-konferenzen\/\" \/>\n<meta property=\"og:locale\" content=\"de_DE\" \/>\n<meta property=\"og:type\" content=\"article\" \/>\n<meta property=\"og:title\" content=\"Lommegy 4K Webcam mit Mikrofon, Ultra HD 4K Webcam f\u00fcr PC, Dual Noise Reducing Mics, Automatischer Lichtkorrektur Webkamera f\u00fcr Zoom\/Skype, Live Streaming, Videoanrufe, Lernen, Konferenzen - Markt-XXL\" \/>\n<meta property=\"og:description\" content=\"Markt-XXL Lommegy 4K Webcam mit Mikrofon, Ultra HD 4K Webcam f\u00fcr PC, Dual Noise Reducing Mics, Automatischer Lichtkorrektur Webkamera f\u00fcr Zoom\/Skype, Live Streaming, Videoanrufe, Lernen, Konferenzen\" \/>\n<meta property=\"og:url\" content=\"https:\/\/marktxxl.de\/markt\/produkt\/lommegy-4k-webcam-mit-mikrofon-ultra-hd-4k-webcam-fuer-pc-dual-noise-reducing-mics-automatischer-lichtkorrektur-webkamera-fuer-zoom-skype-live-streaming-videoanrufe-lernen-konferenzen\/\" \/>\n<meta property=\"og:site_name\" content=\"Markt-XXL\" \/>\n<meta name=\"twitter:card\" content=\"summary_large_image\" \/>\n<meta name=\"twitter:label1\" content=\"Gesch\u00e4tzte Lesezeit\" \/>\n\t<meta name=\"twitter:data1\" content=\"1\u00a0Minute\" \/>\n<script type=\"application\/ld+json\" class=\"yoast-schema-graph\">{\"@context\":\"https:\\\/\\\/schema.org\",\"@graph\":[{\"@type\":\"WebPage\",\"@id\":\"https:\\\/\\\/marktxxl.de\\\/markt\\\/produkt\\\/lommegy-4k-webcam-mit-mikrofon-ultra-hd-4k-webcam-fuer-pc-dual-noise-reducing-mics-automatischer-lichtkorrektur-webkamera-fuer-zoom-skype-live-streaming-videoanrufe-lernen-konferenzen\\\/\",\"url\":\"https:\\\/\\\/marktxxl.de\\\/markt\\\/produkt\\\/lommegy-4k-webcam-mit-mikrofon-ultra-hd-4k-webcam-fuer-pc-dual-noise-reducing-mics-automatischer-lichtkorrektur-webkamera-fuer-zoom-skype-live-streaming-videoanrufe-lernen-konferenzen\\\/\",\"name\":\"Lommegy 4K Webcam mit Mikrofon, Ultra HD 4K Webcam f\u00fcr PC, Dual Noise Reducing Mics, Automatischer Lichtkorrektur Webkamera f\u00fcr Zoom\\\/Skype, Live Streaming, Videoanrufe, Lernen, Konferenzen - Markt-XXL\",\"isPartOf\":{\"@id\":\"https:\\\/\\\/marktxxl.de\\\/markt\\\/#website\"},\"primaryImageOfPage\":{\"@id\":\"https:\\\/\\\/marktxxl.de\\\/markt\\\/produkt\\\/lommegy-4k-webcam-mit-mikrofon-ultra-hd-4k-webcam-fuer-pc-dual-noise-reducing-mics-automatischer-lichtkorrektur-webkamera-fuer-zoom-skype-live-streaming-videoanrufe-lernen-konferenzen\\\/#primaryimage\"},\"image\":{\"@id\":\"https:\\\/\\\/marktxxl.de\\\/markt\\\/produkt\\\/lommegy-4k-webcam-mit-mikrofon-ultra-hd-4k-webcam-fuer-pc-dual-noise-reducing-mics-automatischer-lichtkorrektur-webkamera-fuer-zoom-skype-live-streaming-videoanrufe-lernen-konferenzen\\\/#primaryimage\"},\"thumbnailUrl\":\"https:\\\/\\\/m.media-amazon.com\\\/images\\\/I\\\/41BtKI4MULL._SL500_.jpg\",\"datePublished\":\"2024-07-28T16:35:09+00:00\",\"description\":\"Markt-XXL Lommegy 4K Webcam mit Mikrofon, Ultra HD 4K Webcam f\u00fcr PC, Dual Noise Reducing Mics, Automatischer Lichtkorrektur Webkamera f\u00fcr Zoom\\\/Skype, Live Streaming, Videoanrufe, Lernen, Konferenzen\",\"breadcrumb\":{\"@id\":\"https:\\\/\\\/marktxxl.de\\\/markt\\\/produkt\\\/lommegy-4k-webcam-mit-mikrofon-ultra-hd-4k-webcam-fuer-pc-dual-noise-reducing-mics-automatischer-lichtkorrektur-webkamera-fuer-zoom-skype-live-streaming-videoanrufe-lernen-konferenzen\\\/#breadcrumb\"},\"inLanguage\":\"de\",\"potentialAction\":[{\"@type\":\"ReadAction\",\"target\":[\"https:\\\/\\\/marktxxl.de\\\/markt\\\/produkt\\\/lommegy-4k-webcam-mit-mikrofon-ultra-hd-4k-webcam-fuer-pc-dual-noise-reducing-mics-automatischer-lichtkorrektur-webkamera-fuer-zoom-skype-live-streaming-videoanrufe-lernen-konferenzen\\\/\"]}]},{\"@type\":\"ImageObject\",\"inLanguage\":\"de\",\"@id\":\"https:\\\/\\\/marktxxl.de\\\/markt\\\/produkt\\\/lommegy-4k-webcam-mit-mikrofon-ultra-hd-4k-webcam-fuer-pc-dual-noise-reducing-mics-automatischer-lichtkorrektur-webkamera-fuer-zoom-skype-live-streaming-videoanrufe-lernen-konferenzen\\\/#primaryimage\",\"url\":\"https:\\\/\\\/m.media-amazon.com\\\/images\\\/I\\\/41BtKI4MULL._SL500_.jpg\",\"contentUrl\":\"https:\\\/\\\/m.media-amazon.com\\\/images\\\/I\\\/41BtKI4MULL._SL500_.jpg\",\"width\":500,\"height\":500},{\"@type\":\"BreadcrumbList\",\"@id\":\"https:\\\/\\\/marktxxl.de\\\/markt\\\/produkt\\\/lommegy-4k-webcam-mit-mikrofon-ultra-hd-4k-webcam-fuer-pc-dual-noise-reducing-mics-automatischer-lichtkorrektur-webkamera-fuer-zoom-skype-live-streaming-videoanrufe-lernen-konferenzen\\\/#breadcrumb\",\"itemListElement\":[{\"@type\":\"ListItem\",\"position\":1,\"name\":\"Startseite\",\"item\":\"https:\\\/\\\/marktxxl.de\\\/markt\\\/\"},{\"@type\":\"ListItem\",\"position\":2,\"name\":\"Markt\",\"item\":\"https:\\\/\\\/marktxxl.de\\\/markt\\\/\"},{\"@type\":\"ListItem\",\"position\":3,\"name\":\"Lommegy 4K Webcam mit Mikrofon, Ultra HD 4K Webcam f\u00fcr PC, Dual Noise Reducing Mics, Automatischer Lichtkorrektur Webkamera f\u00fcr Zoom\\\/Skype, Live Streaming, Videoanrufe, Lernen, Konferenzen\"}]},{\"@type\":\"WebSite\",\"@id\":\"https:\\\/\\\/marktxxl.de\\\/markt\\\/#website\",\"url\":\"https:\\\/\\\/marktxxl.de\\\/markt\\\/\",\"name\":\"Markt-XXL\",\"description\":\"Ihr Markt Online\",\"publisher\":{\"@id\":\"https:\\\/\\\/marktxxl.de\\\/markt\\\/#organization\"},\"potentialAction\":[{\"@type\":\"SearchAction\",\"target\":{\"@type\":\"EntryPoint\",\"urlTemplate\":\"https:\\\/\\\/marktxxl.de\\\/markt\\\/?s={search_term_string}\"},\"query-input\":{\"@type\":\"PropertyValueSpecification\",\"valueRequired\":true,\"valueName\":\"search_term_string\"}}],\"inLanguage\":\"de\"},{\"@type\":\"Organization\",\"@id\":\"https:\\\/\\\/marktxxl.de\\\/markt\\\/#organization\",\"name\":\"Markt-XXL\",\"url\":\"https:\\\/\\\/marktxxl.de\\\/markt\\\/\",\"logo\":{\"@type\":\"ImageObject\",\"inLanguage\":\"de\",\"@id\":\"https:\\\/\\\/marktxxl.de\\\/markt\\\/#\\\/schema\\\/logo\\\/image\\\/\",\"url\":\"https:\\\/\\\/marktxxl.de\\\/markt\\\/wp-content\\\/uploads\\\/sites\\\/3\\\/2020\\\/12\\\/logo.png\",\"contentUrl\":\"https:\\\/\\\/marktxxl.de\\\/markt\\\/wp-content\\\/uploads\\\/sites\\\/3\\\/2020\\\/12\\\/logo.png\",\"width\":200,\"height\":70,\"caption\":\"Markt-XXL\"},\"image\":{\"@id\":\"https:\\\/\\\/marktxxl.de\\\/markt\\\/#\\\/schema\\\/logo\\\/image\\\/\"}}]}<\/script>\n<!-- \/ Yoast SEO plugin. -->","yoast_head_json":{"title":"Lommegy 4K Webcam mit Mikrofon, Ultra HD 4K Webcam f\u00fcr PC, Dual Noise Reducing Mics, Automatischer Lichtkorrektur Webkamera f\u00fcr Zoom\/Skype, Live Streaming, Videoanrufe, Lernen, Konferenzen - Markt-XXL","description":"Markt-XXL Lommegy 4K Webcam mit Mikrofon, Ultra HD 4K Webcam f\u00fcr PC, Dual Noise Reducing Mics, Automatischer Lichtkorrektur Webkamera f\u00fcr Zoom\/Skype, Live Streaming, Videoanrufe, Lernen, Konferenzen","robots":{"index":"index","follow":"follow","max-snippet":"max-snippet:-1","max-image-preview":"max-image-preview:large","max-video-preview":"max-video-preview:-1"},"canonical":"https:\/\/marktxxl.de\/markt\/produkt\/lommegy-4k-webcam-mit-mikrofon-ultra-hd-4k-webcam-fuer-pc-dual-noise-reducing-mics-automatischer-lichtkorrektur-webkamera-fuer-zoom-skype-live-streaming-videoanrufe-lernen-konferenzen\/","og_locale":"de_DE","og_type":"article","og_title":"Lommegy 4K Webcam mit Mikrofon, Ultra HD 4K Webcam f\u00fcr PC, Dual Noise Reducing Mics, Automatischer Lichtkorrektur Webkamera f\u00fcr Zoom\/Skype, Live Streaming, Videoanrufe, Lernen, Konferenzen - Markt-XXL","og_description":"Markt-XXL Lommegy 4K Webcam mit Mikrofon, Ultra HD 4K Webcam f\u00fcr PC, Dual Noise Reducing Mics, Automatischer Lichtkorrektur Webkamera f\u00fcr Zoom\/Skype, Live Streaming, Videoanrufe, Lernen, Konferenzen","og_url":"https:\/\/marktxxl.de\/markt\/produkt\/lommegy-4k-webcam-mit-mikrofon-ultra-hd-4k-webcam-fuer-pc-dual-noise-reducing-mics-automatischer-lichtkorrektur-webkamera-fuer-zoom-skype-live-streaming-videoanrufe-lernen-konferenzen\/","og_site_name":"Markt-XXL","twitter_card":"summary_large_image","twitter_misc":{"Gesch\u00e4tzte Lesezeit":"1\u00a0Minute"},"schema":{"@context":"https:\/\/schema.org","@graph":[{"@type":"WebPage","@id":"https:\/\/marktxxl.de\/markt\/produkt\/lommegy-4k-webcam-mit-mikrofon-ultra-hd-4k-webcam-fuer-pc-dual-noise-reducing-mics-automatischer-lichtkorrektur-webkamera-fuer-zoom-skype-live-streaming-videoanrufe-lernen-konferenzen\/","url":"https:\/\/marktxxl.de\/markt\/produkt\/lommegy-4k-webcam-mit-mikrofon-ultra-hd-4k-webcam-fuer-pc-dual-noise-reducing-mics-automatischer-lichtkorrektur-webkamera-fuer-zoom-skype-live-streaming-videoanrufe-lernen-konferenzen\/","name":"Lommegy 4K Webcam mit Mikrofon, Ultra HD 4K Webcam f\u00fcr PC, Dual Noise Reducing Mics, Automatischer Lichtkorrektur Webkamera f\u00fcr Zoom\/Skype, Live Streaming, Videoanrufe, Lernen, Konferenzen - Markt-XXL","isPartOf":{"@id":"https:\/\/marktxxl.de\/markt\/#website"},"primaryImageOfPage":{"@id":"https:\/\/marktxxl.de\/markt\/produkt\/lommegy-4k-webcam-mit-mikrofon-ultra-hd-4k-webcam-fuer-pc-dual-noise-reducing-mics-automatischer-lichtkorrektur-webkamera-fuer-zoom-skype-live-streaming-videoanrufe-lernen-konferenzen\/#primaryimage"},"image":{"@id":"https:\/\/marktxxl.de\/markt\/produkt\/lommegy-4k-webcam-mit-mikrofon-ultra-hd-4k-webcam-fuer-pc-dual-noise-reducing-mics-automatischer-lichtkorrektur-webkamera-fuer-zoom-skype-live-streaming-videoanrufe-lernen-konferenzen\/#primaryimage"},"thumbnailUrl":"https:\/\/m.media-amazon.com\/images\/I\/41BtKI4MULL._SL500_.jpg","datePublished":"2024-07-28T16:35:09+00:00","description":"Markt-XXL Lommegy 4K Webcam mit Mikrofon, Ultra HD 4K Webcam f\u00fcr PC, Dual Noise Reducing Mics, Automatischer Lichtkorrektur Webkamera f\u00fcr Zoom\/Skype, Live Streaming, Videoanrufe, Lernen, Konferenzen","breadcrumb":{"@id":"https:\/\/marktxxl.de\/markt\/produkt\/lommegy-4k-webcam-mit-mikrofon-ultra-hd-4k-webcam-fuer-pc-dual-noise-reducing-mics-automatischer-lichtkorrektur-webkamera-fuer-zoom-skype-live-streaming-videoanrufe-lernen-konferenzen\/#breadcrumb"},"inLanguage":"de","potentialAction":[{"@type":"ReadAction","target":["https:\/\/marktxxl.de\/markt\/produkt\/lommegy-4k-webcam-mit-mikrofon-ultra-hd-4k-webcam-fuer-pc-dual-noise-reducing-mics-automatischer-lichtkorrektur-webkamera-fuer-zoom-skype-live-streaming-videoanrufe-lernen-konferenzen\/"]}]},{"@type":"ImageObject","inLanguage":"de","@id":"https:\/\/marktxxl.de\/markt\/produkt\/lommegy-4k-webcam-mit-mikrofon-ultra-hd-4k-webcam-fuer-pc-dual-noise-reducing-mics-automatischer-lichtkorrektur-webkamera-fuer-zoom-skype-live-streaming-videoanrufe-lernen-konferenzen\/#primaryimage","url":"https:\/\/m.media-amazon.com\/images\/I\/41BtKI4MULL._SL500_.jpg","contentUrl":"https:\/\/m.media-amazon.com\/images\/I\/41BtKI4MULL._SL500_.jpg","width":500,"height":500},{"@type":"BreadcrumbList","@id":"https:\/\/marktxxl.de\/markt\/produkt\/lommegy-4k-webcam-mit-mikrofon-ultra-hd-4k-webcam-fuer-pc-dual-noise-reducing-mics-automatischer-lichtkorrektur-webkamera-fuer-zoom-skype-live-streaming-videoanrufe-lernen-konferenzen\/#breadcrumb","itemListElement":[{"@type":"ListItem","position":1,"name":"Startseite","item":"https:\/\/marktxxl.de\/markt\/"},{"@type":"ListItem","position":2,"name":"Markt","item":"https:\/\/marktxxl.de\/markt\/"},{"@type":"ListItem","position":3,"name":"Lommegy 4K Webcam mit Mikrofon, Ultra HD 4K Webcam f\u00fcr PC, Dual Noise Reducing Mics, Automatischer Lichtkorrektur Webkamera f\u00fcr Zoom\/Skype, Live Streaming, Videoanrufe, Lernen, Konferenzen"}]},{"@type":"WebSite","@id":"https:\/\/marktxxl.de\/markt\/#website","url":"https:\/\/marktxxl.de\/markt\/","name":"Markt-XXL","description":"Ihr Markt Online","publisher":{"@id":"https:\/\/marktxxl.de\/markt\/#organization"},"potentialAction":[{"@type":"SearchAction","target":{"@type":"EntryPoint","urlTemplate":"https:\/\/marktxxl.de\/markt\/?s={search_term_string}"},"query-input":{"@type":"PropertyValueSpecification","valueRequired":true,"valueName":"search_term_string"}}],"inLanguage":"de"},{"@type":"Organization","@id":"https:\/\/marktxxl.de\/markt\/#organization","name":"Markt-XXL","url":"https:\/\/marktxxl.de\/markt\/","logo":{"@type":"ImageObject","inLanguage":"de","@id":"https:\/\/marktxxl.de\/markt\/#\/schema\/logo\/image\/","url":"https:\/\/marktxxl.de\/markt\/wp-content\/uploads\/sites\/3\/2020\/12\/logo.png","contentUrl":"https:\/\/marktxxl.de\/markt\/wp-content\/uploads\/sites\/3\/2020\/12\/logo.png","width":200,"height":70,"caption":"Markt-XXL"},"image":{"@id":"https:\/\/marktxxl.de\/markt\/#\/schema\/logo\/image\/"}}]}},"_links":{"self":[{"href":"https:\/\/marktxxl.de\/markt\/wp-json\/wp\/v2\/product\/224201","targetHints":{"allow":["GET"]}}],"collection":[{"href":"https:\/\/marktxxl.de\/markt\/wp-json\/wp\/v2\/product"}],"about":[{"href":"https:\/\/marktxxl.de\/markt\/wp-json\/wp\/v2\/types\/product"}],"replies":[{"embeddable":true,"href":"https:\/\/marktxxl.de\/markt\/wp-json\/wp\/v2\/comments?post=224201"}],"wp:featuredmedia":[{"embeddable":true,"href":"https:\/\/marktxxl.de\/markt\/wp-json\/wp\/v2\/media\/224202"}],"wp:attachment":[{"href":"https:\/\/marktxxl.de\/markt\/wp-json\/wp\/v2\/media?parent=224201"}],"wp:term":[{"taxonomy":"product_brand","embeddable":true,"href":"https:\/\/marktxxl.de\/markt\/wp-json\/wp\/v2\/product_brand?post=224201"},{"taxonomy":"product_cat","embeddable":true,"href":"https:\/\/marktxxl.de\/markt\/wp-json\/wp\/v2\/product_cat?post=224201"},{"taxonomy":"product_tag","embeddable":true,"href":"https:\/\/marktxxl.de\/markt\/wp-json\/wp\/v2\/product_tag?post=224201"}],"curies":[{"name":"wp","href":"https:\/\/api.w.org\/{rel}","templated":true}]}}