{"id":224194,"date":"2024-07-28T18:35:02","date_gmt":"2024-07-28T16:35:02","guid":{"rendered":"https:\/\/marktxxl.de\/markt\/produkt\/wlan-verstaerker-ac1200-wlan-repeater-dualband-867mbit-s-5ghz-300mbit-s-2-4ghz-wifi-extender-wifi-verstaerker-kompatibel-allen-wlan-geraeten-fr429-sp2\/"},"modified":"2024-07-28T18:35:02","modified_gmt":"2024-07-28T16:35:02","slug":"wlan-verstaerker-ac1200-wlan-repeater-dualband-867mbit-s-5ghz-300mbit-s-2-4ghz-wifi-extender-wifi-verstaerker-kompatibel-allen-wlan-geraeten-fr429-sp2","status":"publish","type":"product","link":"https:\/\/marktxxl.de\/markt\/produkt\/wlan-verstaerker-ac1200-wlan-repeater-dualband-867mbit-s-5ghz-300mbit-s-2-4ghz-wifi-extender-wifi-verstaerker-kompatibel-allen-wlan-geraeten-fr429-sp2\/","title":{"rendered":"WLAN Verst\u00e4rker AC1200 WLAN Repeater Dualband (867Mbit\/s 5GHz + 300Mbit\/s 2.4GHz), WiFi Extender WiFi Verst\u00e4rker Kompatibel Allen WLAN Ger\u00e4ten, FR429-SP2"},"content":{"rendered":"<p>\u26a1 \u30101200Mbit\/s WLAN Verst\u00e4rker\u3011Der WLAN Repeater kombiniert Dual-Band-Geschwindigkeiten von 5GHz und 2,4GHz mit maximal 1200Mbit\/s. Die Geschwindigkeit kann bis zu 300Mbit\/s bei 2,4GHz und 867Mbps bei 5GHz erreichen. Genie\u00dfen Sie 4K-Videostreaming online, spielen Sie Spiele ohne Pufferung oder Unterbrechungen.<br \/>\n\ud83d\udcf6 \u3010Abschied von WiFi Dead Zone\u3011360\u00b0 volle Abdeckung, WLAN Verst\u00e4rker erweitert WLAN auf 13800 Quadratmeter in Ihrem Zuhause. Reibungslose und schnelle WLAN-Signal\u00fcbertragung in Dachb\u00f6den, Kellern, Garagen und anderen Bereichen.<br \/>\n\ud83d\udcf2 \u3010Einfach zu Installieren\u3011Sie k\u00f6nnen es einfach manuell innerhalb weniger Minuten installieren. Geben Sie URL ein: 192.168.188.1 zum Konfigurieren auf Ihrem Telefon oder PC.<br \/>\n\ud83d\ude80 \u3010Kompatibilit\u00e4t\u3011Der leistungsstarke WLAN Verst\u00e4rker WLAN Repeater ist mit jedem 802.11ac\/a\/b\/g\/n Breitbandnetzwerk kompatibel und kann mit jedem Standard-Router oder Gateway verwendet werden.<br \/>\n\ud83d\udd10 \u3010Sicherheit\u3011Der WiFi Verst\u00e4rker WiFi Repeater bietet die neuesten Verschl\u00fcsselungsprotokolle WPA-PSK\/WPA2-PSK, WPA\/WPA2 und aktualisiert regelm\u00e4\u00dfig andere Sicherheits- und Datenschutzfunktionen, um Ihr WLAN zu sch\u00fctzen.<br \/>\n<div class=\"main-cross-sell\" data-asin=\"B0D8KC7216\">\n\n\t<div class=\"WooZone-cross-sell-loader\">\n\t\t<div>\n\t\t\t<div id=\"floatingBarsG\">\n\t\t\t\t<div class=\"blockG\" id=\"rotateG_01\"><\/div>\n\t\t\t\t<div class=\"blockG\" id=\"rotateG_02\"><\/div>\n\t\t\t\t<div class=\"blockG\" id=\"rotateG_03\"><\/div>\n\t\t\t\t<div class=\"blockG\" id=\"rotateG_04\"><\/div>\n\t\t\t\t<div class=\"blockG\" id=\"rotateG_05\"><\/div>\n\t\t\t\t<div class=\"blockG\" id=\"rotateG_06\"><\/div>\n\t\t\t\t<div class=\"blockG\" id=\"rotateG_07\"><\/div>\n\t\t\t\t<div class=\"blockG\" id=\"rotateG_08\"><\/div>\n\t\t\t<\/div>\n\t\t\t<div class=\"WooZone-cross-sell-loader-text\"><\/div>\n\t\t<\/div>\n\t<\/div>\n\n\t\t\n<\/div>\n<div style=\"clear:both;\"><\/div><\/p>\n","protected":false},"excerpt":{"rendered":"<p>\u26a1 \u30101200Mbit\/s WLAN Verst\u00e4rker\u3011Der WLAN Repeater kombiniert Dual-Band-Geschwindigkeiten von 5GHz und 2,4GHz mit maximal 1200Mbit\/s. Die Geschwindigkeit kann bis zu 300Mbit\/s bei 2,4GHz und 867Mbps bei 5GHz erreichen. Genie\u00dfen Sie 4K-Videostreaming online, spielen Sie Spiele ohne Pufferung oder Unterbrechungen.<br \/>\n\ud83d\udcf6 \u3010Abschied von WiFi Dead Zone\u3011360\u00b0 volle Abdeckung, WLAN Verst\u00e4rker erweitert WLAN auf 13800 Quadratmeter in Ihrem Zuhause. Reibungslose und schnelle WLAN-Signal\u00fcbertragung in Dachb\u00f6den, Kellern, Garagen und anderen Bereichen.<br \/>\n\ud83d\udcf2 \u3010Einfach zu Installieren\u3011Sie k\u00f6nnen es einfach manuell innerhalb weniger Minuten installieren. Geben Sie URL ein: 192.168.188.1 zum Konfigurieren auf Ihrem Telefon oder PC.<\/p>\n","protected":false},"featured_media":224195,"comment_status":"open","ping_status":"closed","template":"","meta":[],"product_brand":[],"product_cat":[863],"product_tag":[],"class_list":{"0":"post-224194","1":"product","2":"type-product","3":"status-publish","4":"has-post-thumbnail","6":"product_cat-computer-zubehoer","7":"pa_brand-getue","8":"pa_color-weiss-ff","9":"pa_manufacturer-getue","10":"pa_model-wd-r1205u","11":"pa_warranty-1013","13":"first","14":"instock","15":"shipping-taxable","16":"purchasable","17":"product-type-simple","18":"customify-col","19":"product-has-gallery"},"yoast_head":"<!-- This site is optimized with the Yoast SEO plugin v27.4 - https:\/\/yoast.com\/product\/yoast-seo-wordpress\/ -->\n<title>WLAN Verst\u00e4rker AC1200 WLAN Repeater Dualband (867Mbit\/s 5GHz + 300Mbit\/s 2.4GHz), WiFi Extender WiFi Verst\u00e4rker Kompatibel Allen WLAN Ger\u00e4ten, FR429-SP2 - Markt-XXL<\/title>\n<meta name=\"description\" content=\"Markt-XXL WLAN Verst\u00e4rker AC1200 WLAN Repeater Dualband (867Mbit\/s 5GHz + 300Mbit\/s 2.4GHz), WiFi Extender WiFi Verst\u00e4rker Kompatibel Allen WLAN Ger\u00e4ten, FR429-SP2\" \/>\n<meta name=\"robots\" content=\"index, follow, max-snippet:-1, max-image-preview:large, max-video-preview:-1\" \/>\n<link rel=\"canonical\" href=\"https:\/\/marktxxl.de\/markt\/produkt\/wlan-verstaerker-ac1200-wlan-repeater-dualband-867mbit-s-5ghz-300mbit-s-2-4ghz-wifi-extender-wifi-verstaerker-kompatibel-allen-wlan-geraeten-fr429-sp2\/\" \/>\n<meta property=\"og:locale\" content=\"de_DE\" \/>\n<meta property=\"og:type\" content=\"article\" \/>\n<meta property=\"og:title\" content=\"WLAN Verst\u00e4rker AC1200 WLAN Repeater Dualband (867Mbit\/s 5GHz + 300Mbit\/s 2.4GHz), WiFi Extender WiFi Verst\u00e4rker Kompatibel Allen WLAN Ger\u00e4ten, FR429-SP2 - Markt-XXL\" \/>\n<meta property=\"og:description\" content=\"Markt-XXL WLAN Verst\u00e4rker AC1200 WLAN Repeater Dualband (867Mbit\/s 5GHz + 300Mbit\/s 2.4GHz), WiFi Extender WiFi Verst\u00e4rker Kompatibel Allen WLAN Ger\u00e4ten, FR429-SP2\" \/>\n<meta property=\"og:url\" content=\"https:\/\/marktxxl.de\/markt\/produkt\/wlan-verstaerker-ac1200-wlan-repeater-dualband-867mbit-s-5ghz-300mbit-s-2-4ghz-wifi-extender-wifi-verstaerker-kompatibel-allen-wlan-geraeten-fr429-sp2\/\" \/>\n<meta property=\"og:site_name\" content=\"Markt-XXL\" \/>\n<meta name=\"twitter:card\" content=\"summary_large_image\" \/>\n<meta name=\"twitter:label1\" content=\"Gesch\u00e4tzte Lesezeit\" \/>\n\t<meta name=\"twitter:data1\" content=\"1\u00a0Minute\" \/>\n<script type=\"application\/ld+json\" class=\"yoast-schema-graph\">{\"@context\":\"https:\\\/\\\/schema.org\",\"@graph\":[{\"@type\":\"WebPage\",\"@id\":\"https:\\\/\\\/marktxxl.de\\\/markt\\\/produkt\\\/wlan-verstaerker-ac1200-wlan-repeater-dualband-867mbit-s-5ghz-300mbit-s-2-4ghz-wifi-extender-wifi-verstaerker-kompatibel-allen-wlan-geraeten-fr429-sp2\\\/\",\"url\":\"https:\\\/\\\/marktxxl.de\\\/markt\\\/produkt\\\/wlan-verstaerker-ac1200-wlan-repeater-dualband-867mbit-s-5ghz-300mbit-s-2-4ghz-wifi-extender-wifi-verstaerker-kompatibel-allen-wlan-geraeten-fr429-sp2\\\/\",\"name\":\"WLAN Verst\u00e4rker AC1200 WLAN Repeater Dualband (867Mbit\\\/s 5GHz + 300Mbit\\\/s 2.4GHz), WiFi Extender WiFi Verst\u00e4rker Kompatibel Allen WLAN Ger\u00e4ten, FR429-SP2 - Markt-XXL\",\"isPartOf\":{\"@id\":\"https:\\\/\\\/marktxxl.de\\\/markt\\\/#website\"},\"primaryImageOfPage\":{\"@id\":\"https:\\\/\\\/marktxxl.de\\\/markt\\\/produkt\\\/wlan-verstaerker-ac1200-wlan-repeater-dualband-867mbit-s-5ghz-300mbit-s-2-4ghz-wifi-extender-wifi-verstaerker-kompatibel-allen-wlan-geraeten-fr429-sp2\\\/#primaryimage\"},\"image\":{\"@id\":\"https:\\\/\\\/marktxxl.de\\\/markt\\\/produkt\\\/wlan-verstaerker-ac1200-wlan-repeater-dualband-867mbit-s-5ghz-300mbit-s-2-4ghz-wifi-extender-wifi-verstaerker-kompatibel-allen-wlan-geraeten-fr429-sp2\\\/#primaryimage\"},\"thumbnailUrl\":\"https:\\\/\\\/m.media-amazon.com\\\/images\\\/I\\\/31w-JdvPHeL._SL500_.jpg\",\"datePublished\":\"2024-07-28T16:35:02+00:00\",\"description\":\"Markt-XXL WLAN Verst\u00e4rker AC1200 WLAN Repeater Dualband (867Mbit\\\/s 5GHz + 300Mbit\\\/s 2.4GHz), WiFi Extender WiFi Verst\u00e4rker Kompatibel Allen WLAN Ger\u00e4ten, FR429-SP2\",\"breadcrumb\":{\"@id\":\"https:\\\/\\\/marktxxl.de\\\/markt\\\/produkt\\\/wlan-verstaerker-ac1200-wlan-repeater-dualband-867mbit-s-5ghz-300mbit-s-2-4ghz-wifi-extender-wifi-verstaerker-kompatibel-allen-wlan-geraeten-fr429-sp2\\\/#breadcrumb\"},\"inLanguage\":\"de\",\"potentialAction\":[{\"@type\":\"ReadAction\",\"target\":[\"https:\\\/\\\/marktxxl.de\\\/markt\\\/produkt\\\/wlan-verstaerker-ac1200-wlan-repeater-dualband-867mbit-s-5ghz-300mbit-s-2-4ghz-wifi-extender-wifi-verstaerker-kompatibel-allen-wlan-geraeten-fr429-sp2\\\/\"]}]},{\"@type\":\"ImageObject\",\"inLanguage\":\"de\",\"@id\":\"https:\\\/\\\/marktxxl.de\\\/markt\\\/produkt\\\/wlan-verstaerker-ac1200-wlan-repeater-dualband-867mbit-s-5ghz-300mbit-s-2-4ghz-wifi-extender-wifi-verstaerker-kompatibel-allen-wlan-geraeten-fr429-sp2\\\/#primaryimage\",\"url\":\"https:\\\/\\\/m.media-amazon.com\\\/images\\\/I\\\/31w-JdvPHeL._SL500_.jpg\",\"contentUrl\":\"https:\\\/\\\/m.media-amazon.com\\\/images\\\/I\\\/31w-JdvPHeL._SL500_.jpg\",\"width\":500,\"height\":500},{\"@type\":\"BreadcrumbList\",\"@id\":\"https:\\\/\\\/marktxxl.de\\\/markt\\\/produkt\\\/wlan-verstaerker-ac1200-wlan-repeater-dualband-867mbit-s-5ghz-300mbit-s-2-4ghz-wifi-extender-wifi-verstaerker-kompatibel-allen-wlan-geraeten-fr429-sp2\\\/#breadcrumb\",\"itemListElement\":[{\"@type\":\"ListItem\",\"position\":1,\"name\":\"Startseite\",\"item\":\"https:\\\/\\\/marktxxl.de\\\/markt\\\/\"},{\"@type\":\"ListItem\",\"position\":2,\"name\":\"Markt\",\"item\":\"https:\\\/\\\/marktxxl.de\\\/markt\\\/\"},{\"@type\":\"ListItem\",\"position\":3,\"name\":\"WLAN Verst\u00e4rker AC1200 WLAN Repeater Dualband (867Mbit\\\/s 5GHz + 300Mbit\\\/s 2.4GHz), WiFi Extender WiFi Verst\u00e4rker Kompatibel Allen WLAN Ger\u00e4ten, FR429-SP2\"}]},{\"@type\":\"WebSite\",\"@id\":\"https:\\\/\\\/marktxxl.de\\\/markt\\\/#website\",\"url\":\"https:\\\/\\\/marktxxl.de\\\/markt\\\/\",\"name\":\"Markt-XXL\",\"description\":\"Ihr Markt Online\",\"publisher\":{\"@id\":\"https:\\\/\\\/marktxxl.de\\\/markt\\\/#organization\"},\"potentialAction\":[{\"@type\":\"SearchAction\",\"target\":{\"@type\":\"EntryPoint\",\"urlTemplate\":\"https:\\\/\\\/marktxxl.de\\\/markt\\\/?s={search_term_string}\"},\"query-input\":{\"@type\":\"PropertyValueSpecification\",\"valueRequired\":true,\"valueName\":\"search_term_string\"}}],\"inLanguage\":\"de\"},{\"@type\":\"Organization\",\"@id\":\"https:\\\/\\\/marktxxl.de\\\/markt\\\/#organization\",\"name\":\"Markt-XXL\",\"url\":\"https:\\\/\\\/marktxxl.de\\\/markt\\\/\",\"logo\":{\"@type\":\"ImageObject\",\"inLanguage\":\"de\",\"@id\":\"https:\\\/\\\/marktxxl.de\\\/markt\\\/#\\\/schema\\\/logo\\\/image\\\/\",\"url\":\"https:\\\/\\\/marktxxl.de\\\/markt\\\/wp-content\\\/uploads\\\/sites\\\/3\\\/2020\\\/12\\\/logo.png\",\"contentUrl\":\"https:\\\/\\\/marktxxl.de\\\/markt\\\/wp-content\\\/uploads\\\/sites\\\/3\\\/2020\\\/12\\\/logo.png\",\"width\":200,\"height\":70,\"caption\":\"Markt-XXL\"},\"image\":{\"@id\":\"https:\\\/\\\/marktxxl.de\\\/markt\\\/#\\\/schema\\\/logo\\\/image\\\/\"}}]}<\/script>\n<!-- \/ Yoast SEO plugin. -->","yoast_head_json":{"title":"WLAN Verst\u00e4rker AC1200 WLAN Repeater Dualband (867Mbit\/s 5GHz + 300Mbit\/s 2.4GHz), WiFi Extender WiFi Verst\u00e4rker Kompatibel Allen WLAN Ger\u00e4ten, FR429-SP2 - Markt-XXL","description":"Markt-XXL WLAN Verst\u00e4rker AC1200 WLAN Repeater Dualband (867Mbit\/s 5GHz + 300Mbit\/s 2.4GHz), WiFi Extender WiFi Verst\u00e4rker Kompatibel Allen WLAN Ger\u00e4ten, FR429-SP2","robots":{"index":"index","follow":"follow","max-snippet":"max-snippet:-1","max-image-preview":"max-image-preview:large","max-video-preview":"max-video-preview:-1"},"canonical":"https:\/\/marktxxl.de\/markt\/produkt\/wlan-verstaerker-ac1200-wlan-repeater-dualband-867mbit-s-5ghz-300mbit-s-2-4ghz-wifi-extender-wifi-verstaerker-kompatibel-allen-wlan-geraeten-fr429-sp2\/","og_locale":"de_DE","og_type":"article","og_title":"WLAN Verst\u00e4rker AC1200 WLAN Repeater Dualband (867Mbit\/s 5GHz + 300Mbit\/s 2.4GHz), WiFi Extender WiFi Verst\u00e4rker Kompatibel Allen WLAN Ger\u00e4ten, FR429-SP2 - Markt-XXL","og_description":"Markt-XXL WLAN Verst\u00e4rker AC1200 WLAN Repeater Dualband (867Mbit\/s 5GHz + 300Mbit\/s 2.4GHz), WiFi Extender WiFi Verst\u00e4rker Kompatibel Allen WLAN Ger\u00e4ten, FR429-SP2","og_url":"https:\/\/marktxxl.de\/markt\/produkt\/wlan-verstaerker-ac1200-wlan-repeater-dualband-867mbit-s-5ghz-300mbit-s-2-4ghz-wifi-extender-wifi-verstaerker-kompatibel-allen-wlan-geraeten-fr429-sp2\/","og_site_name":"Markt-XXL","twitter_card":"summary_large_image","twitter_misc":{"Gesch\u00e4tzte Lesezeit":"1\u00a0Minute"},"schema":{"@context":"https:\/\/schema.org","@graph":[{"@type":"WebPage","@id":"https:\/\/marktxxl.de\/markt\/produkt\/wlan-verstaerker-ac1200-wlan-repeater-dualband-867mbit-s-5ghz-300mbit-s-2-4ghz-wifi-extender-wifi-verstaerker-kompatibel-allen-wlan-geraeten-fr429-sp2\/","url":"https:\/\/marktxxl.de\/markt\/produkt\/wlan-verstaerker-ac1200-wlan-repeater-dualband-867mbit-s-5ghz-300mbit-s-2-4ghz-wifi-extender-wifi-verstaerker-kompatibel-allen-wlan-geraeten-fr429-sp2\/","name":"WLAN Verst\u00e4rker AC1200 WLAN Repeater Dualband (867Mbit\/s 5GHz + 300Mbit\/s 2.4GHz), WiFi Extender WiFi Verst\u00e4rker Kompatibel Allen WLAN Ger\u00e4ten, FR429-SP2 - Markt-XXL","isPartOf":{"@id":"https:\/\/marktxxl.de\/markt\/#website"},"primaryImageOfPage":{"@id":"https:\/\/marktxxl.de\/markt\/produkt\/wlan-verstaerker-ac1200-wlan-repeater-dualband-867mbit-s-5ghz-300mbit-s-2-4ghz-wifi-extender-wifi-verstaerker-kompatibel-allen-wlan-geraeten-fr429-sp2\/#primaryimage"},"image":{"@id":"https:\/\/marktxxl.de\/markt\/produkt\/wlan-verstaerker-ac1200-wlan-repeater-dualband-867mbit-s-5ghz-300mbit-s-2-4ghz-wifi-extender-wifi-verstaerker-kompatibel-allen-wlan-geraeten-fr429-sp2\/#primaryimage"},"thumbnailUrl":"https:\/\/m.media-amazon.com\/images\/I\/31w-JdvPHeL._SL500_.jpg","datePublished":"2024-07-28T16:35:02+00:00","description":"Markt-XXL WLAN Verst\u00e4rker AC1200 WLAN Repeater Dualband (867Mbit\/s 5GHz + 300Mbit\/s 2.4GHz), WiFi Extender WiFi Verst\u00e4rker Kompatibel Allen WLAN Ger\u00e4ten, FR429-SP2","breadcrumb":{"@id":"https:\/\/marktxxl.de\/markt\/produkt\/wlan-verstaerker-ac1200-wlan-repeater-dualband-867mbit-s-5ghz-300mbit-s-2-4ghz-wifi-extender-wifi-verstaerker-kompatibel-allen-wlan-geraeten-fr429-sp2\/#breadcrumb"},"inLanguage":"de","potentialAction":[{"@type":"ReadAction","target":["https:\/\/marktxxl.de\/markt\/produkt\/wlan-verstaerker-ac1200-wlan-repeater-dualband-867mbit-s-5ghz-300mbit-s-2-4ghz-wifi-extender-wifi-verstaerker-kompatibel-allen-wlan-geraeten-fr429-sp2\/"]}]},{"@type":"ImageObject","inLanguage":"de","@id":"https:\/\/marktxxl.de\/markt\/produkt\/wlan-verstaerker-ac1200-wlan-repeater-dualband-867mbit-s-5ghz-300mbit-s-2-4ghz-wifi-extender-wifi-verstaerker-kompatibel-allen-wlan-geraeten-fr429-sp2\/#primaryimage","url":"https:\/\/m.media-amazon.com\/images\/I\/31w-JdvPHeL._SL500_.jpg","contentUrl":"https:\/\/m.media-amazon.com\/images\/I\/31w-JdvPHeL._SL500_.jpg","width":500,"height":500},{"@type":"BreadcrumbList","@id":"https:\/\/marktxxl.de\/markt\/produkt\/wlan-verstaerker-ac1200-wlan-repeater-dualband-867mbit-s-5ghz-300mbit-s-2-4ghz-wifi-extender-wifi-verstaerker-kompatibel-allen-wlan-geraeten-fr429-sp2\/#breadcrumb","itemListElement":[{"@type":"ListItem","position":1,"name":"Startseite","item":"https:\/\/marktxxl.de\/markt\/"},{"@type":"ListItem","position":2,"name":"Markt","item":"https:\/\/marktxxl.de\/markt\/"},{"@type":"ListItem","position":3,"name":"WLAN Verst\u00e4rker AC1200 WLAN Repeater Dualband (867Mbit\/s 5GHz + 300Mbit\/s 2.4GHz), WiFi Extender WiFi Verst\u00e4rker Kompatibel Allen WLAN Ger\u00e4ten, FR429-SP2"}]},{"@type":"WebSite","@id":"https:\/\/marktxxl.de\/markt\/#website","url":"https:\/\/marktxxl.de\/markt\/","name":"Markt-XXL","description":"Ihr Markt Online","publisher":{"@id":"https:\/\/marktxxl.de\/markt\/#organization"},"potentialAction":[{"@type":"SearchAction","target":{"@type":"EntryPoint","urlTemplate":"https:\/\/marktxxl.de\/markt\/?s={search_term_string}"},"query-input":{"@type":"PropertyValueSpecification","valueRequired":true,"valueName":"search_term_string"}}],"inLanguage":"de"},{"@type":"Organization","@id":"https:\/\/marktxxl.de\/markt\/#organization","name":"Markt-XXL","url":"https:\/\/marktxxl.de\/markt\/","logo":{"@type":"ImageObject","inLanguage":"de","@id":"https:\/\/marktxxl.de\/markt\/#\/schema\/logo\/image\/","url":"https:\/\/marktxxl.de\/markt\/wp-content\/uploads\/sites\/3\/2020\/12\/logo.png","contentUrl":"https:\/\/marktxxl.de\/markt\/wp-content\/uploads\/sites\/3\/2020\/12\/logo.png","width":200,"height":70,"caption":"Markt-XXL"},"image":{"@id":"https:\/\/marktxxl.de\/markt\/#\/schema\/logo\/image\/"}}]}},"_links":{"self":[{"href":"https:\/\/marktxxl.de\/markt\/wp-json\/wp\/v2\/product\/224194","targetHints":{"allow":["GET"]}}],"collection":[{"href":"https:\/\/marktxxl.de\/markt\/wp-json\/wp\/v2\/product"}],"about":[{"href":"https:\/\/marktxxl.de\/markt\/wp-json\/wp\/v2\/types\/product"}],"replies":[{"embeddable":true,"href":"https:\/\/marktxxl.de\/markt\/wp-json\/wp\/v2\/comments?post=224194"}],"wp:featuredmedia":[{"embeddable":true,"href":"https:\/\/marktxxl.de\/markt\/wp-json\/wp\/v2\/media\/224195"}],"wp:attachment":[{"href":"https:\/\/marktxxl.de\/markt\/wp-json\/wp\/v2\/media?parent=224194"}],"wp:term":[{"taxonomy":"product_brand","embeddable":true,"href":"https:\/\/marktxxl.de\/markt\/wp-json\/wp\/v2\/product_brand?post=224194"},{"taxonomy":"product_cat","embeddable":true,"href":"https:\/\/marktxxl.de\/markt\/wp-json\/wp\/v2\/product_cat?post=224194"},{"taxonomy":"product_tag","embeddable":true,"href":"https:\/\/marktxxl.de\/markt\/wp-json\/wp\/v2\/product_tag?post=224194"}],"curies":[{"name":"wp","href":"https:\/\/api.w.org\/{rel}","templated":true}]}}