{"id":224079,"date":"2024-07-28T18:32:44","date_gmt":"2024-07-28T16:32:44","guid":{"rendered":"https:\/\/marktxxl.de\/markt\/produkt\/5g-lte-antenne-outdoor-omnidirektionalerfuer-outdoor-indoor-antenne-mit-sma-ts9-stecker15dbi-magnetfuss-antenne-mit-3m-kabel-fuer-3g-4g-5g-gsm-gprs-router\/"},"modified":"2024-07-28T18:32:44","modified_gmt":"2024-07-28T16:32:44","slug":"5g-lte-antenne-outdoor-omnidirektionalerfuer-outdoor-indoor-antenne-mit-sma-ts9-stecker15dbi-magnetfuss-antenne-mit-3m-kabel-fuer-3g-4g-5g-gsm-gprs-router","status":"publish","type":"product","link":"https:\/\/marktxxl.de\/markt\/produkt\/5g-lte-antenne-outdoor-omnidirektionalerfuer-outdoor-indoor-antenne-mit-sma-ts9-stecker15dbi-magnetfuss-antenne-mit-3m-kabel-fuer-3g-4g-5g-gsm-gprs-router\/","title":{"rendered":"5G LTE Antenne Outdoor Omnidirektionaler,f\u00fcr Outdoor Indoor Antenne mit SMA TS9-Stecker,15DBI Magnetfu\u00df Antenne mit 3M Kabel f\u00fcr 3G\/4G\/5G\/GSM\/GPRS-Router"},"content":{"rendered":"<p>\u3010Produktparameter\u3011Frequenzbereich Richtung: Omni-direktional, Polarisation: Vertikal. Impedanz: 50 Ohm Impedanz: 50 Ohm VSWR: &lt;1.5 Antennenh\u00f6he: 160 mm. Unterst\u00fctzt GSM \/ GPRS \/ 3G \/ 4G \/ 5G,5G Vollband: 600-6000MHZ<br \/>\n\u3010Produktparameter\u3011Frequenzbereich Richtung: Omni-direktional, Polarisation: Vertikal. Impedanz: 50 Ohm Impedanz: 50 Ohm VSWR: &lt;1.5 Antennenh\u00f6he: 160 mm. Unterst\u00fctzt GSM \/ GPRS \/ 3G \/ 4G \/ 5G,5G Vollband: 600-6000MHZ<br \/>\n\u3010Magnetische Basis\u3011Verstecktes rutschfestes Design mit magnetischer Basis, starke und stabile Adsorption, kann leicht auf Fahrzeugen, Metalloberfl\u00e4chen oder anderen geeigneten Orten befestigt werden, keine zus\u00e4tzlichen Werkzeuge oder Befestigungsklammern erforderlich.<br \/>\n\u3010IP67 Wasserdicht\u3011IP67 Wasserdicht kann effektiv verhindern, dass Regenwasser die Antennenkomponenten besch\u00e4digt, die Leistung stabil h\u00e4lt und Selbst bei schlechtem Wetter im Freien,bietet Benutzern eine stabile Kommunikationsverbindung und Daten\u00fcbertragung.<br \/>\n\u3010Weite Anwendung\u3011SMA-Antennen sind weit verbreitet in IoT, Fahrzeugkommunikation, industrielle Steuerung, Drohnen, Smart Home, Infrastruktur und anderen Bereichen. Ob es sich um Fern\u00fcberwachung, Daten\u00fcbertragung oder mobile Kommunikation handelt, SMA-Antenne kann starke Signalunterst\u00fctzung f\u00fcr Ihre Ausr\u00fcstung bieten.<br \/>\n<div class=\"main-cross-sell\" data-asin=\"&quot;B0D7J7JG87&quot;\">\n\n\t<div class=\"WooZone-cross-sell-loader\">\n\t\t<div>\n\t\t\t<div id=\"floatingBarsG\">\n\t\t\t\t<div class=\"blockG\" id=\"rotateG_01\"><\/div>\n\t\t\t\t<div class=\"blockG\" id=\"rotateG_02\"><\/div>\n\t\t\t\t<div class=\"blockG\" id=\"rotateG_03\"><\/div>\n\t\t\t\t<div class=\"blockG\" id=\"rotateG_04\"><\/div>\n\t\t\t\t<div class=\"blockG\" id=\"rotateG_05\"><\/div>\n\t\t\t\t<div class=\"blockG\" id=\"rotateG_06\"><\/div>\n\t\t\t\t<div class=\"blockG\" id=\"rotateG_07\"><\/div>\n\t\t\t\t<div class=\"blockG\" id=\"rotateG_08\"><\/div>\n\t\t\t<\/div>\n\t\t\t<div class=\"WooZone-cross-sell-loader-text\"><\/div>\n\t\t<\/div>\n\t<\/div>\n\n\t\t\n<\/div>\n<div style=\"clear:both;\"><\/div><\/p>\n","protected":false},"excerpt":{"rendered":"<p>\u3010Produktparameter\u3011Frequenzbereich Richtung: Omni-direktional, Polarisation: Vertikal. Impedanz: 50 Ohm Impedanz: 50 Ohm VSWR: <\/p>\n","protected":false},"featured_media":224080,"comment_status":"open","ping_status":"closed","template":"","meta":[],"product_brand":[],"product_cat":[863],"product_tag":[],"class_list":{"0":"post-224079","1":"product","2":"type-product","3":"status-publish","4":"has-post-thumbnail","6":"product_cat-computer-zubehoer","7":"pa_binding-elektronik","8":"pa_brand-dictien","9":"pa_manufacturer-dictien","10":"pa_warranty-3-years-warranty","12":"first","13":"instock","14":"shipping-taxable","15":"purchasable","16":"product-type-simple","17":"customify-col","18":"product-has-gallery"},"yoast_head":"<!-- This site is optimized with the Yoast SEO plugin v27.4 - https:\/\/yoast.com\/product\/yoast-seo-wordpress\/ -->\n<title>5G LTE Antenne Outdoor Omnidirektionaler,f\u00fcr Outdoor Indoor Antenne mit SMA TS9-Stecker,15DBI Magnetfu\u00df Antenne mit 3M Kabel f\u00fcr 3G\/4G\/5G\/GSM\/GPRS-Router - Markt-XXL<\/title>\n<meta name=\"description\" content=\"Markt-XXL 5G LTE Antenne Outdoor Omnidirektionaler,f\u00fcr Outdoor Indoor Antenne mit SMA TS9-Stecker,15DBI Magnetfu\u00df Antenne mit 3M Kabel f\u00fcr 3G\/4G\/5G\/GSM\/GPRS-Router\" \/>\n<meta name=\"robots\" content=\"index, follow, max-snippet:-1, max-image-preview:large, max-video-preview:-1\" \/>\n<link rel=\"canonical\" href=\"https:\/\/marktxxl.de\/markt\/produkt\/5g-lte-antenne-outdoor-omnidirektionalerfuer-outdoor-indoor-antenne-mit-sma-ts9-stecker15dbi-magnetfuss-antenne-mit-3m-kabel-fuer-3g-4g-5g-gsm-gprs-router\/\" \/>\n<meta property=\"og:locale\" content=\"de_DE\" \/>\n<meta property=\"og:type\" content=\"article\" \/>\n<meta property=\"og:title\" content=\"5G LTE Antenne Outdoor Omnidirektionaler,f\u00fcr Outdoor Indoor Antenne mit SMA TS9-Stecker,15DBI Magnetfu\u00df Antenne mit 3M Kabel f\u00fcr 3G\/4G\/5G\/GSM\/GPRS-Router - Markt-XXL\" \/>\n<meta property=\"og:description\" content=\"Markt-XXL 5G LTE Antenne Outdoor Omnidirektionaler,f\u00fcr Outdoor Indoor Antenne mit SMA TS9-Stecker,15DBI Magnetfu\u00df Antenne mit 3M Kabel f\u00fcr 3G\/4G\/5G\/GSM\/GPRS-Router\" \/>\n<meta property=\"og:url\" content=\"https:\/\/marktxxl.de\/markt\/produkt\/5g-lte-antenne-outdoor-omnidirektionalerfuer-outdoor-indoor-antenne-mit-sma-ts9-stecker15dbi-magnetfuss-antenne-mit-3m-kabel-fuer-3g-4g-5g-gsm-gprs-router\/\" \/>\n<meta property=\"og:site_name\" content=\"Markt-XXL\" \/>\n<meta name=\"twitter:card\" content=\"summary_large_image\" \/>\n<meta name=\"twitter:label1\" content=\"Gesch\u00e4tzte Lesezeit\" \/>\n\t<meta name=\"twitter:data1\" content=\"1\u00a0Minute\" \/>\n<script type=\"application\/ld+json\" class=\"yoast-schema-graph\">{\"@context\":\"https:\\\/\\\/schema.org\",\"@graph\":[{\"@type\":\"WebPage\",\"@id\":\"https:\\\/\\\/marktxxl.de\\\/markt\\\/produkt\\\/5g-lte-antenne-outdoor-omnidirektionalerfuer-outdoor-indoor-antenne-mit-sma-ts9-stecker15dbi-magnetfuss-antenne-mit-3m-kabel-fuer-3g-4g-5g-gsm-gprs-router\\\/\",\"url\":\"https:\\\/\\\/marktxxl.de\\\/markt\\\/produkt\\\/5g-lte-antenne-outdoor-omnidirektionalerfuer-outdoor-indoor-antenne-mit-sma-ts9-stecker15dbi-magnetfuss-antenne-mit-3m-kabel-fuer-3g-4g-5g-gsm-gprs-router\\\/\",\"name\":\"5G LTE Antenne Outdoor Omnidirektionaler,f\u00fcr Outdoor Indoor Antenne mit SMA TS9-Stecker,15DBI Magnetfu\u00df Antenne mit 3M Kabel f\u00fcr 3G\\\/4G\\\/5G\\\/GSM\\\/GPRS-Router - Markt-XXL\",\"isPartOf\":{\"@id\":\"https:\\\/\\\/marktxxl.de\\\/markt\\\/#website\"},\"primaryImageOfPage\":{\"@id\":\"https:\\\/\\\/marktxxl.de\\\/markt\\\/produkt\\\/5g-lte-antenne-outdoor-omnidirektionalerfuer-outdoor-indoor-antenne-mit-sma-ts9-stecker15dbi-magnetfuss-antenne-mit-3m-kabel-fuer-3g-4g-5g-gsm-gprs-router\\\/#primaryimage\"},\"image\":{\"@id\":\"https:\\\/\\\/marktxxl.de\\\/markt\\\/produkt\\\/5g-lte-antenne-outdoor-omnidirektionalerfuer-outdoor-indoor-antenne-mit-sma-ts9-stecker15dbi-magnetfuss-antenne-mit-3m-kabel-fuer-3g-4g-5g-gsm-gprs-router\\\/#primaryimage\"},\"thumbnailUrl\":\"https:\\\/\\\/m.media-amazon.com\\\/images\\\/I\\\/41T1JE03rXL._SL500_.jpg\",\"datePublished\":\"2024-07-28T16:32:44+00:00\",\"description\":\"Markt-XXL 5G LTE Antenne Outdoor Omnidirektionaler,f\u00fcr Outdoor Indoor Antenne mit SMA TS9-Stecker,15DBI Magnetfu\u00df Antenne mit 3M Kabel f\u00fcr 3G\\\/4G\\\/5G\\\/GSM\\\/GPRS-Router\",\"breadcrumb\":{\"@id\":\"https:\\\/\\\/marktxxl.de\\\/markt\\\/produkt\\\/5g-lte-antenne-outdoor-omnidirektionalerfuer-outdoor-indoor-antenne-mit-sma-ts9-stecker15dbi-magnetfuss-antenne-mit-3m-kabel-fuer-3g-4g-5g-gsm-gprs-router\\\/#breadcrumb\"},\"inLanguage\":\"de\",\"potentialAction\":[{\"@type\":\"ReadAction\",\"target\":[\"https:\\\/\\\/marktxxl.de\\\/markt\\\/produkt\\\/5g-lte-antenne-outdoor-omnidirektionalerfuer-outdoor-indoor-antenne-mit-sma-ts9-stecker15dbi-magnetfuss-antenne-mit-3m-kabel-fuer-3g-4g-5g-gsm-gprs-router\\\/\"]}]},{\"@type\":\"ImageObject\",\"inLanguage\":\"de\",\"@id\":\"https:\\\/\\\/marktxxl.de\\\/markt\\\/produkt\\\/5g-lte-antenne-outdoor-omnidirektionalerfuer-outdoor-indoor-antenne-mit-sma-ts9-stecker15dbi-magnetfuss-antenne-mit-3m-kabel-fuer-3g-4g-5g-gsm-gprs-router\\\/#primaryimage\",\"url\":\"https:\\\/\\\/m.media-amazon.com\\\/images\\\/I\\\/41T1JE03rXL._SL500_.jpg\",\"contentUrl\":\"https:\\\/\\\/m.media-amazon.com\\\/images\\\/I\\\/41T1JE03rXL._SL500_.jpg\",\"width\":500,\"height\":500},{\"@type\":\"BreadcrumbList\",\"@id\":\"https:\\\/\\\/marktxxl.de\\\/markt\\\/produkt\\\/5g-lte-antenne-outdoor-omnidirektionalerfuer-outdoor-indoor-antenne-mit-sma-ts9-stecker15dbi-magnetfuss-antenne-mit-3m-kabel-fuer-3g-4g-5g-gsm-gprs-router\\\/#breadcrumb\",\"itemListElement\":[{\"@type\":\"ListItem\",\"position\":1,\"name\":\"Startseite\",\"item\":\"https:\\\/\\\/marktxxl.de\\\/markt\\\/\"},{\"@type\":\"ListItem\",\"position\":2,\"name\":\"Markt\",\"item\":\"https:\\\/\\\/marktxxl.de\\\/markt\\\/\"},{\"@type\":\"ListItem\",\"position\":3,\"name\":\"5G LTE Antenne Outdoor Omnidirektionaler,f\u00fcr Outdoor Indoor Antenne mit SMA TS9-Stecker,15DBI Magnetfu\u00df Antenne mit 3M Kabel f\u00fcr 3G\\\/4G\\\/5G\\\/GSM\\\/GPRS-Router\"}]},{\"@type\":\"WebSite\",\"@id\":\"https:\\\/\\\/marktxxl.de\\\/markt\\\/#website\",\"url\":\"https:\\\/\\\/marktxxl.de\\\/markt\\\/\",\"name\":\"Markt-XXL\",\"description\":\"Ihr Markt Online\",\"publisher\":{\"@id\":\"https:\\\/\\\/marktxxl.de\\\/markt\\\/#organization\"},\"potentialAction\":[{\"@type\":\"SearchAction\",\"target\":{\"@type\":\"EntryPoint\",\"urlTemplate\":\"https:\\\/\\\/marktxxl.de\\\/markt\\\/?s={search_term_string}\"},\"query-input\":{\"@type\":\"PropertyValueSpecification\",\"valueRequired\":true,\"valueName\":\"search_term_string\"}}],\"inLanguage\":\"de\"},{\"@type\":\"Organization\",\"@id\":\"https:\\\/\\\/marktxxl.de\\\/markt\\\/#organization\",\"name\":\"Markt-XXL\",\"url\":\"https:\\\/\\\/marktxxl.de\\\/markt\\\/\",\"logo\":{\"@type\":\"ImageObject\",\"inLanguage\":\"de\",\"@id\":\"https:\\\/\\\/marktxxl.de\\\/markt\\\/#\\\/schema\\\/logo\\\/image\\\/\",\"url\":\"https:\\\/\\\/marktxxl.de\\\/markt\\\/wp-content\\\/uploads\\\/sites\\\/3\\\/2020\\\/12\\\/logo.png\",\"contentUrl\":\"https:\\\/\\\/marktxxl.de\\\/markt\\\/wp-content\\\/uploads\\\/sites\\\/3\\\/2020\\\/12\\\/logo.png\",\"width\":200,\"height\":70,\"caption\":\"Markt-XXL\"},\"image\":{\"@id\":\"https:\\\/\\\/marktxxl.de\\\/markt\\\/#\\\/schema\\\/logo\\\/image\\\/\"}}]}<\/script>\n<!-- \/ Yoast SEO plugin. -->","yoast_head_json":{"title":"5G LTE Antenne Outdoor Omnidirektionaler,f\u00fcr Outdoor Indoor Antenne mit SMA TS9-Stecker,15DBI Magnetfu\u00df Antenne mit 3M Kabel f\u00fcr 3G\/4G\/5G\/GSM\/GPRS-Router - Markt-XXL","description":"Markt-XXL 5G LTE Antenne Outdoor Omnidirektionaler,f\u00fcr Outdoor Indoor Antenne mit SMA TS9-Stecker,15DBI Magnetfu\u00df Antenne mit 3M Kabel f\u00fcr 3G\/4G\/5G\/GSM\/GPRS-Router","robots":{"index":"index","follow":"follow","max-snippet":"max-snippet:-1","max-image-preview":"max-image-preview:large","max-video-preview":"max-video-preview:-1"},"canonical":"https:\/\/marktxxl.de\/markt\/produkt\/5g-lte-antenne-outdoor-omnidirektionalerfuer-outdoor-indoor-antenne-mit-sma-ts9-stecker15dbi-magnetfuss-antenne-mit-3m-kabel-fuer-3g-4g-5g-gsm-gprs-router\/","og_locale":"de_DE","og_type":"article","og_title":"5G LTE Antenne Outdoor Omnidirektionaler,f\u00fcr Outdoor Indoor Antenne mit SMA TS9-Stecker,15DBI Magnetfu\u00df Antenne mit 3M Kabel f\u00fcr 3G\/4G\/5G\/GSM\/GPRS-Router - Markt-XXL","og_description":"Markt-XXL 5G LTE Antenne Outdoor Omnidirektionaler,f\u00fcr Outdoor Indoor Antenne mit SMA TS9-Stecker,15DBI Magnetfu\u00df Antenne mit 3M Kabel f\u00fcr 3G\/4G\/5G\/GSM\/GPRS-Router","og_url":"https:\/\/marktxxl.de\/markt\/produkt\/5g-lte-antenne-outdoor-omnidirektionalerfuer-outdoor-indoor-antenne-mit-sma-ts9-stecker15dbi-magnetfuss-antenne-mit-3m-kabel-fuer-3g-4g-5g-gsm-gprs-router\/","og_site_name":"Markt-XXL","twitter_card":"summary_large_image","twitter_misc":{"Gesch\u00e4tzte Lesezeit":"1\u00a0Minute"},"schema":{"@context":"https:\/\/schema.org","@graph":[{"@type":"WebPage","@id":"https:\/\/marktxxl.de\/markt\/produkt\/5g-lte-antenne-outdoor-omnidirektionalerfuer-outdoor-indoor-antenne-mit-sma-ts9-stecker15dbi-magnetfuss-antenne-mit-3m-kabel-fuer-3g-4g-5g-gsm-gprs-router\/","url":"https:\/\/marktxxl.de\/markt\/produkt\/5g-lte-antenne-outdoor-omnidirektionalerfuer-outdoor-indoor-antenne-mit-sma-ts9-stecker15dbi-magnetfuss-antenne-mit-3m-kabel-fuer-3g-4g-5g-gsm-gprs-router\/","name":"5G LTE Antenne Outdoor Omnidirektionaler,f\u00fcr Outdoor Indoor Antenne mit SMA TS9-Stecker,15DBI Magnetfu\u00df Antenne mit 3M Kabel f\u00fcr 3G\/4G\/5G\/GSM\/GPRS-Router - Markt-XXL","isPartOf":{"@id":"https:\/\/marktxxl.de\/markt\/#website"},"primaryImageOfPage":{"@id":"https:\/\/marktxxl.de\/markt\/produkt\/5g-lte-antenne-outdoor-omnidirektionalerfuer-outdoor-indoor-antenne-mit-sma-ts9-stecker15dbi-magnetfuss-antenne-mit-3m-kabel-fuer-3g-4g-5g-gsm-gprs-router\/#primaryimage"},"image":{"@id":"https:\/\/marktxxl.de\/markt\/produkt\/5g-lte-antenne-outdoor-omnidirektionalerfuer-outdoor-indoor-antenne-mit-sma-ts9-stecker15dbi-magnetfuss-antenne-mit-3m-kabel-fuer-3g-4g-5g-gsm-gprs-router\/#primaryimage"},"thumbnailUrl":"https:\/\/m.media-amazon.com\/images\/I\/41T1JE03rXL._SL500_.jpg","datePublished":"2024-07-28T16:32:44+00:00","description":"Markt-XXL 5G LTE Antenne Outdoor Omnidirektionaler,f\u00fcr Outdoor Indoor Antenne mit SMA TS9-Stecker,15DBI Magnetfu\u00df Antenne mit 3M Kabel f\u00fcr 3G\/4G\/5G\/GSM\/GPRS-Router","breadcrumb":{"@id":"https:\/\/marktxxl.de\/markt\/produkt\/5g-lte-antenne-outdoor-omnidirektionalerfuer-outdoor-indoor-antenne-mit-sma-ts9-stecker15dbi-magnetfuss-antenne-mit-3m-kabel-fuer-3g-4g-5g-gsm-gprs-router\/#breadcrumb"},"inLanguage":"de","potentialAction":[{"@type":"ReadAction","target":["https:\/\/marktxxl.de\/markt\/produkt\/5g-lte-antenne-outdoor-omnidirektionalerfuer-outdoor-indoor-antenne-mit-sma-ts9-stecker15dbi-magnetfuss-antenne-mit-3m-kabel-fuer-3g-4g-5g-gsm-gprs-router\/"]}]},{"@type":"ImageObject","inLanguage":"de","@id":"https:\/\/marktxxl.de\/markt\/produkt\/5g-lte-antenne-outdoor-omnidirektionalerfuer-outdoor-indoor-antenne-mit-sma-ts9-stecker15dbi-magnetfuss-antenne-mit-3m-kabel-fuer-3g-4g-5g-gsm-gprs-router\/#primaryimage","url":"https:\/\/m.media-amazon.com\/images\/I\/41T1JE03rXL._SL500_.jpg","contentUrl":"https:\/\/m.media-amazon.com\/images\/I\/41T1JE03rXL._SL500_.jpg","width":500,"height":500},{"@type":"BreadcrumbList","@id":"https:\/\/marktxxl.de\/markt\/produkt\/5g-lte-antenne-outdoor-omnidirektionalerfuer-outdoor-indoor-antenne-mit-sma-ts9-stecker15dbi-magnetfuss-antenne-mit-3m-kabel-fuer-3g-4g-5g-gsm-gprs-router\/#breadcrumb","itemListElement":[{"@type":"ListItem","position":1,"name":"Startseite","item":"https:\/\/marktxxl.de\/markt\/"},{"@type":"ListItem","position":2,"name":"Markt","item":"https:\/\/marktxxl.de\/markt\/"},{"@type":"ListItem","position":3,"name":"5G LTE Antenne Outdoor Omnidirektionaler,f\u00fcr Outdoor Indoor Antenne mit SMA TS9-Stecker,15DBI Magnetfu\u00df Antenne mit 3M Kabel f\u00fcr 3G\/4G\/5G\/GSM\/GPRS-Router"}]},{"@type":"WebSite","@id":"https:\/\/marktxxl.de\/markt\/#website","url":"https:\/\/marktxxl.de\/markt\/","name":"Markt-XXL","description":"Ihr Markt Online","publisher":{"@id":"https:\/\/marktxxl.de\/markt\/#organization"},"potentialAction":[{"@type":"SearchAction","target":{"@type":"EntryPoint","urlTemplate":"https:\/\/marktxxl.de\/markt\/?s={search_term_string}"},"query-input":{"@type":"PropertyValueSpecification","valueRequired":true,"valueName":"search_term_string"}}],"inLanguage":"de"},{"@type":"Organization","@id":"https:\/\/marktxxl.de\/markt\/#organization","name":"Markt-XXL","url":"https:\/\/marktxxl.de\/markt\/","logo":{"@type":"ImageObject","inLanguage":"de","@id":"https:\/\/marktxxl.de\/markt\/#\/schema\/logo\/image\/","url":"https:\/\/marktxxl.de\/markt\/wp-content\/uploads\/sites\/3\/2020\/12\/logo.png","contentUrl":"https:\/\/marktxxl.de\/markt\/wp-content\/uploads\/sites\/3\/2020\/12\/logo.png","width":200,"height":70,"caption":"Markt-XXL"},"image":{"@id":"https:\/\/marktxxl.de\/markt\/#\/schema\/logo\/image\/"}}]}},"_links":{"self":[{"href":"https:\/\/marktxxl.de\/markt\/wp-json\/wp\/v2\/product\/224079","targetHints":{"allow":["GET"]}}],"collection":[{"href":"https:\/\/marktxxl.de\/markt\/wp-json\/wp\/v2\/product"}],"about":[{"href":"https:\/\/marktxxl.de\/markt\/wp-json\/wp\/v2\/types\/product"}],"replies":[{"embeddable":true,"href":"https:\/\/marktxxl.de\/markt\/wp-json\/wp\/v2\/comments?post=224079"}],"wp:featuredmedia":[{"embeddable":true,"href":"https:\/\/marktxxl.de\/markt\/wp-json\/wp\/v2\/media\/224080"}],"wp:attachment":[{"href":"https:\/\/marktxxl.de\/markt\/wp-json\/wp\/v2\/media?parent=224079"}],"wp:term":[{"taxonomy":"product_brand","embeddable":true,"href":"https:\/\/marktxxl.de\/markt\/wp-json\/wp\/v2\/product_brand?post=224079"},{"taxonomy":"product_cat","embeddable":true,"href":"https:\/\/marktxxl.de\/markt\/wp-json\/wp\/v2\/product_cat?post=224079"},{"taxonomy":"product_tag","embeddable":true,"href":"https:\/\/marktxxl.de\/markt\/wp-json\/wp\/v2\/product_tag?post=224079"}],"curies":[{"name":"wp","href":"https:\/\/api.w.org\/{rel}","templated":true}]}}