{"id":223993,"date":"2024-07-28T18:28:31","date_gmt":"2024-07-28T16:28:31","guid":{"rendered":"https:\/\/marktxxl.de\/markt\/produkt\/sd-kartenleser-fuer-iphone-dual-l-ightning-usb-c-sd-kartenleser-mit-dualer-steckplatz-micro-sd-card-reader-fotografie-speicherkartenadapter\/"},"modified":"2024-07-28T18:28:31","modified_gmt":"2024-07-28T16:28:31","slug":"sd-kartenleser-fuer-iphone-dual-l-ightning-usb-c-sd-kartenleser-mit-dualer-steckplatz-micro-sd-card-reader-fotografie-speicherkartenadapter","status":"publish","type":"product","link":"https:\/\/marktxxl.de\/markt\/produkt\/sd-kartenleser-fuer-iphone-dual-l-ightning-usb-c-sd-kartenleser-mit-dualer-steckplatz-micro-sd-card-reader-fotografie-speicherkartenadapter\/","title":{"rendered":"SD Kartenleser f\u00fcr iPhone, Dual L-ightning &amp; USB C SD Kartenleser mit Dualer Steckplatz Micro\/SD Card Reader Fotografie Speicherkartenadapter"},"content":{"rendered":"<p>\ud83d\ude0a \u3010Perfektes Design\u3011Im Gegensatz zu anderen SD Kartenleser unterst\u00fctzt unser SD karten adapter sowohl die L-Lightning und die Type-C-Schnittstelle, wodurch das Problem nicht \u00fcbereinstimmender Ger\u00e4teschnittstellen vermieden wird, f\u00fcr Unterst\u00fctzt Ger\u00e4te mit iOS 13 und h\u00f6her, Android Telefone\/Computer und andere Ger\u00e4te mit Typ-C\/USB C Anschluss, f\u00fcr alle Arten von Dashcam-\/Testkamera-\/Digitalkamera-Speicherkarten.<br \/>\n\ud83d\ude0a \u3010Plug &amp; Play\u3011Sie ben\u00f6tigen keine Anwendungen installieren, wenn Sie den SD Kartenleser USB C verwenden. Bitte warten Sie 3-5 Sekunden, nachdem Sie das Ger\u00e4t angeschlossen haben. Die Ihr Ger\u00e4t w\u00e4hrend des Lesens aufladen k\u00f6nnen, wodurch die Peinlichkeit vermieden wird, dass dem Telefon in kritischen Momenten die Energie ausgeht.<br \/>\n\ud83d\ude0a \u3010Zwei Wege \u00dcbertragung\u3011Der SD Kartenleser f\u00fcr iPhone unterst\u00fctzt die bidirektionale \u00dcbertragung von SD-Karte zu Phone, oder Phone zu SD Speicherkarten, mit hohen und stabilen Lesegeschwindigkeiten. Laden Sie einfach Fotos oder Videos von SD Karten direkt auf Phone oder Pad herunter und teilen Sie Videos oder Fotos jederzeit und \u00fcberall mit Freunden und Verwandten.<br \/>\n\ud83d\ude0a \u3010Unterst\u00fctzung von Formaten\u3011Der SD card reader f\u00fcr iPhone ist mit SD, SDHC, SDXC, MicroSD, MicroSDXC und MicroSDHC Speicherkarten kompatibel. Der Kartenleser USB C unterst\u00fctzt Standardfotoformate einschlie\u00dflich JPEG, RAW und 4K-Videoformate einschlie\u00dflich H. 264 und MPEG-4, mit einer maximalen Kapazit\u00e4t von 512 GB, sodass Sie ausreichend Speicherplatz f\u00fcr Ihre Fotos und Videos haben.<br \/>\n\ud83d\ude0a \u3010Kompatible Ger\u00e4te\u3011Unsere SD card reader ist vollst\u00e4ndig kompatibel mit iPhone,14,13, 13 mini, 13 Pro, 13 Pro Max, 12, 12 mini, 12 Pro, 12 Pro Max, 11, 11 Pro, X, XS, XS Max, XR, 8, 8 Plus, 7, 7 Plus, Pad, Pad mini, Pad Air, Pad Pro.Typ-C f\u00fcr iPhone 15 Serie, Samsung Galaxy S10 S9 S8 Note 9 8, LG G5 G6 V20, Google Pixel, Google Nexus 5X 6P, MacBook Air\/Pro, Surface Pro 9\/8, usw.<br \/>\n<div class=\"main-cross-sell\" data-asin=\"B0D7PZ2LQL\">\n\n\t<div class=\"WooZone-cross-sell-loader\">\n\t\t<div>\n\t\t\t<div id=\"floatingBarsG\">\n\t\t\t\t<div class=\"blockG\" id=\"rotateG_01\"><\/div>\n\t\t\t\t<div class=\"blockG\" id=\"rotateG_02\"><\/div>\n\t\t\t\t<div class=\"blockG\" id=\"rotateG_03\"><\/div>\n\t\t\t\t<div class=\"blockG\" id=\"rotateG_04\"><\/div>\n\t\t\t\t<div class=\"blockG\" id=\"rotateG_05\"><\/div>\n\t\t\t\t<div class=\"blockG\" id=\"rotateG_06\"><\/div>\n\t\t\t\t<div class=\"blockG\" id=\"rotateG_07\"><\/div>\n\t\t\t\t<div class=\"blockG\" id=\"rotateG_08\"><\/div>\n\t\t\t<\/div>\n\t\t\t<div class=\"WooZone-cross-sell-loader-text\"><\/div>\n\t\t<\/div>\n\t<\/div>\n\n\t\t\n<\/div>\n<div style=\"clear:both;\"><\/div><\/p>\n","protected":false},"excerpt":{"rendered":"<p>\ud83d\ude0a \u3010Perfektes Design\u3011Im Gegensatz zu anderen SD Kartenleser unterst\u00fctzt unser SD karten adapter sowohl die L-Lightning und die Type-C-Schnittstelle, wodurch das Problem nicht \u00fcbereinstimmender Ger\u00e4teschnittstellen vermieden wird, f\u00fcr Unterst\u00fctzt Ger\u00e4te mit iOS 13 und h\u00f6her, Android Telefone\/Computer und andere Ger\u00e4te mit Typ-C\/USB C Anschluss, f\u00fcr alle Arten von Dashcam-\/Testkamera-\/Digitalkamera-Speicherkarten.<br \/>\n\ud83d\ude0a \u3010Plug &amp; Play\u3011Sie ben\u00f6tigen keine Anwendungen installieren, wenn Sie den SD Kartenleser USB C verwenden. Bitte warten Sie 3-5 Sekunden, nachdem Sie das Ger\u00e4t angeschlossen haben. Die Ihr Ger\u00e4t w\u00e4hrend des Lesens aufladen k\u00f6nnen, wodurch die Peinlichkeit vermieden wird, dass dem Telefon in kritischen Momenten die Energie ausgeht.<br \/>\n\ud83d\ude0a \u3010Zwei Wege \u00dcbertragung\u3011Der SD Kartenleser f\u00fcr iPhone unterst\u00fctzt die bidirektionale \u00dcbertragung von SD-Karte zu Phone, oder Phone zu SD Speicherkarten, mit hohen und stabilen Lesegeschwindigkeiten. Laden Sie einfach Fotos oder Videos von SD Karten direkt auf Phone oder Pad herunter und teilen Sie Videos oder Fotos jederzeit und \u00fcberall mit Freunden und Verwandten.<\/p>\n","protected":false},"featured_media":223994,"comment_status":"open","ping_status":"closed","template":"","meta":[],"product_brand":[],"product_cat":[863],"product_tag":[],"class_list":{"0":"post-223993","1":"product","2":"type-product","3":"status-publish","4":"has-post-thumbnail","6":"product_cat-computer-zubehoer","7":"pa_binding-personal-computers","8":"pa_brand-aplimln","9":"pa_manufacturer-aplimln","10":"pa_warranty-1013","12":"first","13":"instock","14":"shipping-taxable","15":"purchasable","16":"product-type-simple","17":"customify-col","18":"product-has-gallery"},"yoast_head":"<!-- This site is optimized with the Yoast SEO plugin v27.4 - https:\/\/yoast.com\/product\/yoast-seo-wordpress\/ -->\n<title>SD Kartenleser f\u00fcr iPhone, Dual L-ightning &amp; USB C SD Kartenleser mit Dualer Steckplatz Micro\/SD Card Reader Fotografie Speicherkartenadapter - Markt-XXL<\/title>\n<meta name=\"description\" content=\"Markt-XXL SD Kartenleser f\u00fcr iPhone, Dual L-ightning &amp; USB C SD Kartenleser mit Dualer Steckplatz Micro\/SD Card Reader Fotografie Speicherkartenadapter\" \/>\n<meta name=\"robots\" content=\"index, follow, max-snippet:-1, max-image-preview:large, max-video-preview:-1\" \/>\n<link rel=\"canonical\" href=\"https:\/\/marktxxl.de\/markt\/produkt\/sd-kartenleser-fuer-iphone-dual-l-ightning-usb-c-sd-kartenleser-mit-dualer-steckplatz-micro-sd-card-reader-fotografie-speicherkartenadapter\/\" \/>\n<meta property=\"og:locale\" content=\"de_DE\" \/>\n<meta property=\"og:type\" content=\"article\" \/>\n<meta property=\"og:title\" content=\"SD Kartenleser f\u00fcr iPhone, Dual L-ightning &amp; USB C SD Kartenleser mit Dualer Steckplatz Micro\/SD Card Reader Fotografie Speicherkartenadapter - Markt-XXL\" \/>\n<meta property=\"og:description\" content=\"Markt-XXL SD Kartenleser f\u00fcr iPhone, Dual L-ightning &amp; USB C SD Kartenleser mit Dualer Steckplatz Micro\/SD Card Reader Fotografie Speicherkartenadapter\" \/>\n<meta property=\"og:url\" content=\"https:\/\/marktxxl.de\/markt\/produkt\/sd-kartenleser-fuer-iphone-dual-l-ightning-usb-c-sd-kartenleser-mit-dualer-steckplatz-micro-sd-card-reader-fotografie-speicherkartenadapter\/\" \/>\n<meta property=\"og:site_name\" content=\"Markt-XXL\" \/>\n<meta name=\"twitter:card\" content=\"summary_large_image\" \/>\n<meta name=\"twitter:label1\" content=\"Gesch\u00e4tzte Lesezeit\" \/>\n\t<meta name=\"twitter:data1\" content=\"2\u00a0Minuten\" \/>\n<script type=\"application\/ld+json\" class=\"yoast-schema-graph\">{\"@context\":\"https:\\\/\\\/schema.org\",\"@graph\":[{\"@type\":\"WebPage\",\"@id\":\"https:\\\/\\\/marktxxl.de\\\/markt\\\/produkt\\\/sd-kartenleser-fuer-iphone-dual-l-ightning-usb-c-sd-kartenleser-mit-dualer-steckplatz-micro-sd-card-reader-fotografie-speicherkartenadapter\\\/\",\"url\":\"https:\\\/\\\/marktxxl.de\\\/markt\\\/produkt\\\/sd-kartenleser-fuer-iphone-dual-l-ightning-usb-c-sd-kartenleser-mit-dualer-steckplatz-micro-sd-card-reader-fotografie-speicherkartenadapter\\\/\",\"name\":\"SD Kartenleser f\u00fcr iPhone, Dual L-ightning &amp; USB C SD Kartenleser mit Dualer Steckplatz Micro\\\/SD Card Reader Fotografie Speicherkartenadapter - Markt-XXL\",\"isPartOf\":{\"@id\":\"https:\\\/\\\/marktxxl.de\\\/markt\\\/#website\"},\"primaryImageOfPage\":{\"@id\":\"https:\\\/\\\/marktxxl.de\\\/markt\\\/produkt\\\/sd-kartenleser-fuer-iphone-dual-l-ightning-usb-c-sd-kartenleser-mit-dualer-steckplatz-micro-sd-card-reader-fotografie-speicherkartenadapter\\\/#primaryimage\"},\"image\":{\"@id\":\"https:\\\/\\\/marktxxl.de\\\/markt\\\/produkt\\\/sd-kartenleser-fuer-iphone-dual-l-ightning-usb-c-sd-kartenleser-mit-dualer-steckplatz-micro-sd-card-reader-fotografie-speicherkartenadapter\\\/#primaryimage\"},\"thumbnailUrl\":\"https:\\\/\\\/m.media-amazon.com\\\/images\\\/I\\\/317tC3J4rzL._SL500_.jpg\",\"datePublished\":\"2024-07-28T16:28:31+00:00\",\"description\":\"Markt-XXL SD Kartenleser f\u00fcr iPhone, Dual L-ightning &amp; USB C SD Kartenleser mit Dualer Steckplatz Micro\\\/SD Card Reader Fotografie Speicherkartenadapter\",\"breadcrumb\":{\"@id\":\"https:\\\/\\\/marktxxl.de\\\/markt\\\/produkt\\\/sd-kartenleser-fuer-iphone-dual-l-ightning-usb-c-sd-kartenleser-mit-dualer-steckplatz-micro-sd-card-reader-fotografie-speicherkartenadapter\\\/#breadcrumb\"},\"inLanguage\":\"de\",\"potentialAction\":[{\"@type\":\"ReadAction\",\"target\":[\"https:\\\/\\\/marktxxl.de\\\/markt\\\/produkt\\\/sd-kartenleser-fuer-iphone-dual-l-ightning-usb-c-sd-kartenleser-mit-dualer-steckplatz-micro-sd-card-reader-fotografie-speicherkartenadapter\\\/\"]}]},{\"@type\":\"ImageObject\",\"inLanguage\":\"de\",\"@id\":\"https:\\\/\\\/marktxxl.de\\\/markt\\\/produkt\\\/sd-kartenleser-fuer-iphone-dual-l-ightning-usb-c-sd-kartenleser-mit-dualer-steckplatz-micro-sd-card-reader-fotografie-speicherkartenadapter\\\/#primaryimage\",\"url\":\"https:\\\/\\\/m.media-amazon.com\\\/images\\\/I\\\/317tC3J4rzL._SL500_.jpg\",\"contentUrl\":\"https:\\\/\\\/m.media-amazon.com\\\/images\\\/I\\\/317tC3J4rzL._SL500_.jpg\",\"width\":500,\"height\":500},{\"@type\":\"BreadcrumbList\",\"@id\":\"https:\\\/\\\/marktxxl.de\\\/markt\\\/produkt\\\/sd-kartenleser-fuer-iphone-dual-l-ightning-usb-c-sd-kartenleser-mit-dualer-steckplatz-micro-sd-card-reader-fotografie-speicherkartenadapter\\\/#breadcrumb\",\"itemListElement\":[{\"@type\":\"ListItem\",\"position\":1,\"name\":\"Startseite\",\"item\":\"https:\\\/\\\/marktxxl.de\\\/markt\\\/\"},{\"@type\":\"ListItem\",\"position\":2,\"name\":\"Markt\",\"item\":\"https:\\\/\\\/marktxxl.de\\\/markt\\\/\"},{\"@type\":\"ListItem\",\"position\":3,\"name\":\"SD Kartenleser f\u00fcr iPhone, Dual L-ightning &amp; USB C SD Kartenleser mit Dualer Steckplatz Micro\\\/SD Card Reader Fotografie Speicherkartenadapter\"}]},{\"@type\":\"WebSite\",\"@id\":\"https:\\\/\\\/marktxxl.de\\\/markt\\\/#website\",\"url\":\"https:\\\/\\\/marktxxl.de\\\/markt\\\/\",\"name\":\"Markt-XXL\",\"description\":\"Ihr Markt Online\",\"publisher\":{\"@id\":\"https:\\\/\\\/marktxxl.de\\\/markt\\\/#organization\"},\"potentialAction\":[{\"@type\":\"SearchAction\",\"target\":{\"@type\":\"EntryPoint\",\"urlTemplate\":\"https:\\\/\\\/marktxxl.de\\\/markt\\\/?s={search_term_string}\"},\"query-input\":{\"@type\":\"PropertyValueSpecification\",\"valueRequired\":true,\"valueName\":\"search_term_string\"}}],\"inLanguage\":\"de\"},{\"@type\":\"Organization\",\"@id\":\"https:\\\/\\\/marktxxl.de\\\/markt\\\/#organization\",\"name\":\"Markt-XXL\",\"url\":\"https:\\\/\\\/marktxxl.de\\\/markt\\\/\",\"logo\":{\"@type\":\"ImageObject\",\"inLanguage\":\"de\",\"@id\":\"https:\\\/\\\/marktxxl.de\\\/markt\\\/#\\\/schema\\\/logo\\\/image\\\/\",\"url\":\"https:\\\/\\\/marktxxl.de\\\/markt\\\/wp-content\\\/uploads\\\/sites\\\/3\\\/2020\\\/12\\\/logo.png\",\"contentUrl\":\"https:\\\/\\\/marktxxl.de\\\/markt\\\/wp-content\\\/uploads\\\/sites\\\/3\\\/2020\\\/12\\\/logo.png\",\"width\":200,\"height\":70,\"caption\":\"Markt-XXL\"},\"image\":{\"@id\":\"https:\\\/\\\/marktxxl.de\\\/markt\\\/#\\\/schema\\\/logo\\\/image\\\/\"}}]}<\/script>\n<!-- \/ Yoast SEO plugin. -->","yoast_head_json":{"title":"SD Kartenleser f\u00fcr iPhone, Dual L-ightning &amp; USB C SD Kartenleser mit Dualer Steckplatz Micro\/SD Card Reader Fotografie Speicherkartenadapter - Markt-XXL","description":"Markt-XXL SD Kartenleser f\u00fcr iPhone, Dual L-ightning &amp; USB C SD Kartenleser mit Dualer Steckplatz Micro\/SD Card Reader Fotografie Speicherkartenadapter","robots":{"index":"index","follow":"follow","max-snippet":"max-snippet:-1","max-image-preview":"max-image-preview:large","max-video-preview":"max-video-preview:-1"},"canonical":"https:\/\/marktxxl.de\/markt\/produkt\/sd-kartenleser-fuer-iphone-dual-l-ightning-usb-c-sd-kartenleser-mit-dualer-steckplatz-micro-sd-card-reader-fotografie-speicherkartenadapter\/","og_locale":"de_DE","og_type":"article","og_title":"SD Kartenleser f\u00fcr iPhone, Dual L-ightning &amp; USB C SD Kartenleser mit Dualer Steckplatz Micro\/SD Card Reader Fotografie Speicherkartenadapter - Markt-XXL","og_description":"Markt-XXL SD Kartenleser f\u00fcr iPhone, Dual L-ightning &amp; USB C SD Kartenleser mit Dualer Steckplatz Micro\/SD Card Reader Fotografie Speicherkartenadapter","og_url":"https:\/\/marktxxl.de\/markt\/produkt\/sd-kartenleser-fuer-iphone-dual-l-ightning-usb-c-sd-kartenleser-mit-dualer-steckplatz-micro-sd-card-reader-fotografie-speicherkartenadapter\/","og_site_name":"Markt-XXL","twitter_card":"summary_large_image","twitter_misc":{"Gesch\u00e4tzte Lesezeit":"2\u00a0Minuten"},"schema":{"@context":"https:\/\/schema.org","@graph":[{"@type":"WebPage","@id":"https:\/\/marktxxl.de\/markt\/produkt\/sd-kartenleser-fuer-iphone-dual-l-ightning-usb-c-sd-kartenleser-mit-dualer-steckplatz-micro-sd-card-reader-fotografie-speicherkartenadapter\/","url":"https:\/\/marktxxl.de\/markt\/produkt\/sd-kartenleser-fuer-iphone-dual-l-ightning-usb-c-sd-kartenleser-mit-dualer-steckplatz-micro-sd-card-reader-fotografie-speicherkartenadapter\/","name":"SD Kartenleser f\u00fcr iPhone, Dual L-ightning &amp; USB C SD Kartenleser mit Dualer Steckplatz Micro\/SD Card Reader Fotografie Speicherkartenadapter - Markt-XXL","isPartOf":{"@id":"https:\/\/marktxxl.de\/markt\/#website"},"primaryImageOfPage":{"@id":"https:\/\/marktxxl.de\/markt\/produkt\/sd-kartenleser-fuer-iphone-dual-l-ightning-usb-c-sd-kartenleser-mit-dualer-steckplatz-micro-sd-card-reader-fotografie-speicherkartenadapter\/#primaryimage"},"image":{"@id":"https:\/\/marktxxl.de\/markt\/produkt\/sd-kartenleser-fuer-iphone-dual-l-ightning-usb-c-sd-kartenleser-mit-dualer-steckplatz-micro-sd-card-reader-fotografie-speicherkartenadapter\/#primaryimage"},"thumbnailUrl":"https:\/\/m.media-amazon.com\/images\/I\/317tC3J4rzL._SL500_.jpg","datePublished":"2024-07-28T16:28:31+00:00","description":"Markt-XXL SD Kartenleser f\u00fcr iPhone, Dual L-ightning &amp; USB C SD Kartenleser mit Dualer Steckplatz Micro\/SD Card Reader Fotografie Speicherkartenadapter","breadcrumb":{"@id":"https:\/\/marktxxl.de\/markt\/produkt\/sd-kartenleser-fuer-iphone-dual-l-ightning-usb-c-sd-kartenleser-mit-dualer-steckplatz-micro-sd-card-reader-fotografie-speicherkartenadapter\/#breadcrumb"},"inLanguage":"de","potentialAction":[{"@type":"ReadAction","target":["https:\/\/marktxxl.de\/markt\/produkt\/sd-kartenleser-fuer-iphone-dual-l-ightning-usb-c-sd-kartenleser-mit-dualer-steckplatz-micro-sd-card-reader-fotografie-speicherkartenadapter\/"]}]},{"@type":"ImageObject","inLanguage":"de","@id":"https:\/\/marktxxl.de\/markt\/produkt\/sd-kartenleser-fuer-iphone-dual-l-ightning-usb-c-sd-kartenleser-mit-dualer-steckplatz-micro-sd-card-reader-fotografie-speicherkartenadapter\/#primaryimage","url":"https:\/\/m.media-amazon.com\/images\/I\/317tC3J4rzL._SL500_.jpg","contentUrl":"https:\/\/m.media-amazon.com\/images\/I\/317tC3J4rzL._SL500_.jpg","width":500,"height":500},{"@type":"BreadcrumbList","@id":"https:\/\/marktxxl.de\/markt\/produkt\/sd-kartenleser-fuer-iphone-dual-l-ightning-usb-c-sd-kartenleser-mit-dualer-steckplatz-micro-sd-card-reader-fotografie-speicherkartenadapter\/#breadcrumb","itemListElement":[{"@type":"ListItem","position":1,"name":"Startseite","item":"https:\/\/marktxxl.de\/markt\/"},{"@type":"ListItem","position":2,"name":"Markt","item":"https:\/\/marktxxl.de\/markt\/"},{"@type":"ListItem","position":3,"name":"SD Kartenleser f\u00fcr iPhone, Dual L-ightning &amp; USB C SD Kartenleser mit Dualer Steckplatz Micro\/SD Card Reader Fotografie Speicherkartenadapter"}]},{"@type":"WebSite","@id":"https:\/\/marktxxl.de\/markt\/#website","url":"https:\/\/marktxxl.de\/markt\/","name":"Markt-XXL","description":"Ihr Markt Online","publisher":{"@id":"https:\/\/marktxxl.de\/markt\/#organization"},"potentialAction":[{"@type":"SearchAction","target":{"@type":"EntryPoint","urlTemplate":"https:\/\/marktxxl.de\/markt\/?s={search_term_string}"},"query-input":{"@type":"PropertyValueSpecification","valueRequired":true,"valueName":"search_term_string"}}],"inLanguage":"de"},{"@type":"Organization","@id":"https:\/\/marktxxl.de\/markt\/#organization","name":"Markt-XXL","url":"https:\/\/marktxxl.de\/markt\/","logo":{"@type":"ImageObject","inLanguage":"de","@id":"https:\/\/marktxxl.de\/markt\/#\/schema\/logo\/image\/","url":"https:\/\/marktxxl.de\/markt\/wp-content\/uploads\/sites\/3\/2020\/12\/logo.png","contentUrl":"https:\/\/marktxxl.de\/markt\/wp-content\/uploads\/sites\/3\/2020\/12\/logo.png","width":200,"height":70,"caption":"Markt-XXL"},"image":{"@id":"https:\/\/marktxxl.de\/markt\/#\/schema\/logo\/image\/"}}]}},"_links":{"self":[{"href":"https:\/\/marktxxl.de\/markt\/wp-json\/wp\/v2\/product\/223993","targetHints":{"allow":["GET"]}}],"collection":[{"href":"https:\/\/marktxxl.de\/markt\/wp-json\/wp\/v2\/product"}],"about":[{"href":"https:\/\/marktxxl.de\/markt\/wp-json\/wp\/v2\/types\/product"}],"replies":[{"embeddable":true,"href":"https:\/\/marktxxl.de\/markt\/wp-json\/wp\/v2\/comments?post=223993"}],"wp:featuredmedia":[{"embeddable":true,"href":"https:\/\/marktxxl.de\/markt\/wp-json\/wp\/v2\/media\/223994"}],"wp:attachment":[{"href":"https:\/\/marktxxl.de\/markt\/wp-json\/wp\/v2\/media?parent=223993"}],"wp:term":[{"taxonomy":"product_brand","embeddable":true,"href":"https:\/\/marktxxl.de\/markt\/wp-json\/wp\/v2\/product_brand?post=223993"},{"taxonomy":"product_cat","embeddable":true,"href":"https:\/\/marktxxl.de\/markt\/wp-json\/wp\/v2\/product_cat?post=223993"},{"taxonomy":"product_tag","embeddable":true,"href":"https:\/\/marktxxl.de\/markt\/wp-json\/wp\/v2\/product_tag?post=223993"}],"curies":[{"name":"wp","href":"https:\/\/api.w.org\/{rel}","templated":true}]}}