{"id":223300,"date":"2024-07-28T17:25:43","date_gmt":"2024-07-28T15:25:43","guid":{"rendered":"https:\/\/marktxxl.de\/markt\/produkt\/pholiten-2-pack-monitorstaender-4-hoehenverstellbare-bildschirmerhoehung-monitorerhoehung-fuer-pc-monitor-laptop-drucker-platzsparender-monitor-stand-riser-mit-mesh-plattformbis-zu-20-kg-mst008\/"},"modified":"2024-07-28T17:25:43","modified_gmt":"2024-07-28T15:25:43","slug":"pholiten-2-pack-monitorstaender-4-hoehenverstellbare-bildschirmerhoehung-monitorerhoehung-fuer-pc-monitor-laptop-drucker-platzsparender-monitor-stand-riser-mit-mesh-plattformbis-zu-20-kg-mst008","status":"publish","type":"product","link":"https:\/\/marktxxl.de\/markt\/produkt\/pholiten-2-pack-monitorstaender-4-hoehenverstellbare-bildschirmerhoehung-monitorerhoehung-fuer-pc-monitor-laptop-drucker-platzsparender-monitor-stand-riser-mit-mesh-plattformbis-zu-20-kg-mst008\/","title":{"rendered":"Pholiten 2 Pack Monitorst\u00e4nder, 4 H\u00f6henverstellbare Bildschirmerh\u00f6hung, Monitorerh\u00f6hung f\u00fcr PC\/Monitor\/Laptop\/Drucker, Platzsparender Monitor Stand Riser mit Mesh-Plattformbis zu 20 kg MST008"},"content":{"rendered":"<p>Ergonomischer Monitorst\u00e4nder &#8211; 4 h\u00f6henverstellbare Monitor St\u00e4nder mit abnehmbaren f\u00fc\u00dfen. Mindesth\u00f6he: 30 mm Maximale H\u00f6he: 142 mm. Erh\u00f6hen Sie Ihren Monitor und Ihr Notebook mit dem Pholiten bildschirm st\u00e4nder in eine bequeme Betrachtungsposition. Hilft, die durch schlechte Haltung verursachte Belastung von Schulter, Nacken, R\u00fccken und Augen zu verringern. Schaffen Sie eine gute Umgebung f\u00fcr Arbeit und Unterhaltung.<br \/>\nMultifunktionaler Monitorst\u00e4nder &#8211; Dies ist ein multifunktionaler Bildschirmst\u00e4nder. Er kann sowohl f\u00fcr einen Monitor als auch f\u00fcr einen Laptop verwendet werden. Wenn Sie andere Ideen haben, k\u00f6nnen Sie ihn auch f\u00fcr andere Ger\u00e4te oder als desktop-speicher verwenden. Beachten Sie: dass der PC Bildschirm Erhoehung eine maximale Belastbarkeit von 20 kg hat. Er ist in der Regel f\u00fcr Schreibtische im B\u00fcrostil konzipiert und eignet sich perfekt f\u00fcr Ihr Schlafzimmerb\u00fcro usw.<br \/>\nPlatz Sparen &#8211; PC Monitor st\u00e4nder und Laptopst\u00e4nder Desktop Organizer Schaffen Sie zus\u00e4tzlichen Stauraum f\u00fcr Ihren Schreibtisch, Ihren Tisch oder Ihre Home-Entertainment-M\u00f6bel, indem Sie Ihre Ger\u00e4te vom Schreibtisch abheben. B\u00fcromaterialien wie Zeitschriften, Stifte und Papier k\u00f6nnen darunter verstaut werden, um Ihren Schreibtisch aufger\u00e4umt zu halten. Schaffen Sie eine saubere und komfortable Umgebung f\u00fcr Arbeit und Unterhaltung.<br \/>\nBel\u00fcftetes Design &#8211; Dieser Computermonitorst\u00e4nder hat eine gro\u00dfe 235x368mm gro\u00dfe stabile Metallplattform mit Bel\u00fcftungsl\u00f6chern. Dieser Laptop-Monitorst\u00e4nder mit L\u00fcftungsl\u00f6chern kann \u00dcberhitzung verhindern und h\u00e4lt das Ger\u00e4t k\u00fchl.<br \/>\nEinfach zu installieren &#8211; Dieser Monitorst\u00e4nder wird mit allem Standzubeh\u00f6r geliefert. Die Installation kann in weniger als 10 Minuten schnell abgeschlossen werden. Der Monitorst\u00e4nder wird mit abnehmbaren rutschfesten Beinen geliefert, so dass Sie ihn nach Ihren Bed\u00fcrfnissen zerlegen und zusammenbauen k\u00f6nnen. Wenn Sie Fragen haben, z\u00f6gern Sie nicht uns zu kontaktieren. Wir werden innerhalb von 24 Stunden antworten.<br \/>\n<div class=\"main-cross-sell\" data-asin=\"B0BWXH43PF\">\n\n\t<div class=\"WooZone-cross-sell-loader\">\n\t\t<div>\n\t\t\t<div id=\"floatingBarsG\">\n\t\t\t\t<div class=\"blockG\" id=\"rotateG_01\"><\/div>\n\t\t\t\t<div class=\"blockG\" id=\"rotateG_02\"><\/div>\n\t\t\t\t<div class=\"blockG\" id=\"rotateG_03\"><\/div>\n\t\t\t\t<div class=\"blockG\" id=\"rotateG_04\"><\/div>\n\t\t\t\t<div class=\"blockG\" id=\"rotateG_05\"><\/div>\n\t\t\t\t<div class=\"blockG\" id=\"rotateG_06\"><\/div>\n\t\t\t\t<div class=\"blockG\" id=\"rotateG_07\"><\/div>\n\t\t\t\t<div class=\"blockG\" id=\"rotateG_08\"><\/div>\n\t\t\t<\/div>\n\t\t\t<div class=\"WooZone-cross-sell-loader-text\"><\/div>\n\t\t<\/div>\n\t<\/div>\n\n\t\t\n<\/div>\n<div style=\"clear:both;\"><\/div><\/p>\n","protected":false},"excerpt":{"rendered":"<p>Ergonomischer Monitorst\u00e4nder &#8211; 4 h\u00f6henverstellbare Monitor St\u00e4nder mit abnehmbaren f\u00fc\u00dfen. Mindesth\u00f6he: 30 mm Maximale H\u00f6he: 142 mm. Erh\u00f6hen Sie Ihren Monitor und Ihr Notebook mit dem Pholiten bildschirm st\u00e4nder in eine bequeme Betrachtungsposition. Hilft, die durch schlechte Haltung verursachte Belastung von Schulter, Nacken, R\u00fccken und Augen zu verringern. Schaffen Sie eine gute Umgebung f\u00fcr Arbeit und Unterhaltung.<br \/>\nMultifunktionaler Monitorst\u00e4nder &#8211; Dies ist ein multifunktionaler Bildschirmst\u00e4nder. Er kann sowohl f\u00fcr einen Monitor als auch f\u00fcr einen Laptop verwendet werden. Wenn Sie andere Ideen haben, k\u00f6nnen Sie ihn auch f\u00fcr andere Ger\u00e4te oder als desktop-speicher verwenden. Beachten Sie: dass der PC Bildschirm Erhoehung eine maximale Belastbarkeit von 20 kg hat. Er ist in der Regel f\u00fcr Schreibtische im B\u00fcrostil konzipiert und eignet sich perfekt f\u00fcr Ihr Schlafzimmerb\u00fcro usw.<br \/>\nPlatz Sparen &#8211; PC Monitor st\u00e4nder und Laptopst\u00e4nder Desktop Organizer Schaffen Sie zus\u00e4tzlichen Stauraum f\u00fcr Ihren Schreibtisch, Ihren Tisch oder Ihre Home-Entertainment-M\u00f6bel, indem Sie Ihre Ger\u00e4te vom Schreibtisch abheben. B\u00fcromaterialien wie Zeitschriften, Stifte und Papier k\u00f6nnen darunter verstaut werden, um Ihren Schreibtisch aufger\u00e4umt zu halten. Schaffen Sie eine saubere und komfortable Umgebung f\u00fcr Arbeit und Unterhaltung.<\/p>\n","protected":false},"featured_media":223301,"comment_status":"open","ping_status":"closed","template":"","meta":[],"product_brand":[],"product_cat":[504,8312],"product_tag":[],"class_list":{"0":"post-223300","1":"product","2":"type-product","3":"status-publish","4":"has-post-thumbnail","6":"product_cat-buerobedarf-schreibwaren","7":"product_cat-bueromoebel-beleuchtung","8":"pa_binding-unbekannter-einband","9":"pa_brand-pholiten","10":"pa_color-schwarz","11":"pa_model-pholiten","13":"first","14":"instock","15":"shipping-taxable","16":"purchasable","17":"product-type-simple","18":"customify-col","19":"product-has-gallery"},"yoast_head":"<!-- This site is optimized with the Yoast SEO plugin v27.4 - https:\/\/yoast.com\/product\/yoast-seo-wordpress\/ -->\n<title>Pholiten 2 Pack Monitorst\u00e4nder, 4 H\u00f6henverstellbare Bildschirmerh\u00f6hung, Monitorerh\u00f6hung f\u00fcr PC\/Monitor\/Laptop\/Drucker, Platzsparender Monitor Stand Riser mit Mesh-Plattformbis zu 20 kg MST008 - Markt-XXL<\/title>\n<meta name=\"description\" content=\"Markt-XXL Pholiten 2 Pack Monitorst\u00e4nder, 4 H\u00f6henverstellbare Bildschirmerh\u00f6hung, Monitorerh\u00f6hung f\u00fcr PC\/Monitor\/Laptop\/Drucker, Platzsparender Monitor Stand Riser mit Mesh-Plattformbis zu 20 kg MST008\" \/>\n<meta name=\"robots\" content=\"index, follow, max-snippet:-1, max-image-preview:large, max-video-preview:-1\" \/>\n<link rel=\"canonical\" href=\"https:\/\/marktxxl.de\/markt\/produkt\/pholiten-2-pack-monitorstaender-4-hoehenverstellbare-bildschirmerhoehung-monitorerhoehung-fuer-pc-monitor-laptop-drucker-platzsparender-monitor-stand-riser-mit-mesh-plattformbis-zu-20-kg-mst008\/\" \/>\n<meta property=\"og:locale\" content=\"de_DE\" \/>\n<meta property=\"og:type\" content=\"article\" \/>\n<meta property=\"og:title\" content=\"Pholiten 2 Pack Monitorst\u00e4nder, 4 H\u00f6henverstellbare Bildschirmerh\u00f6hung, Monitorerh\u00f6hung f\u00fcr PC\/Monitor\/Laptop\/Drucker, Platzsparender Monitor Stand Riser mit Mesh-Plattformbis zu 20 kg MST008 - Markt-XXL\" \/>\n<meta property=\"og:description\" content=\"Markt-XXL Pholiten 2 Pack Monitorst\u00e4nder, 4 H\u00f6henverstellbare Bildschirmerh\u00f6hung, Monitorerh\u00f6hung f\u00fcr PC\/Monitor\/Laptop\/Drucker, Platzsparender Monitor Stand Riser mit Mesh-Plattformbis zu 20 kg MST008\" \/>\n<meta property=\"og:url\" content=\"https:\/\/marktxxl.de\/markt\/produkt\/pholiten-2-pack-monitorstaender-4-hoehenverstellbare-bildschirmerhoehung-monitorerhoehung-fuer-pc-monitor-laptop-drucker-platzsparender-monitor-stand-riser-mit-mesh-plattformbis-zu-20-kg-mst008\/\" \/>\n<meta property=\"og:site_name\" content=\"Markt-XXL\" \/>\n<meta name=\"twitter:card\" content=\"summary_large_image\" \/>\n<meta name=\"twitter:label1\" content=\"Gesch\u00e4tzte Lesezeit\" \/>\n\t<meta name=\"twitter:data1\" content=\"2\u00a0Minuten\" \/>\n<script type=\"application\/ld+json\" class=\"yoast-schema-graph\">{\"@context\":\"https:\\\/\\\/schema.org\",\"@graph\":[{\"@type\":\"WebPage\",\"@id\":\"https:\\\/\\\/marktxxl.de\\\/markt\\\/produkt\\\/pholiten-2-pack-monitorstaender-4-hoehenverstellbare-bildschirmerhoehung-monitorerhoehung-fuer-pc-monitor-laptop-drucker-platzsparender-monitor-stand-riser-mit-mesh-plattformbis-zu-20-kg-mst008\\\/\",\"url\":\"https:\\\/\\\/marktxxl.de\\\/markt\\\/produkt\\\/pholiten-2-pack-monitorstaender-4-hoehenverstellbare-bildschirmerhoehung-monitorerhoehung-fuer-pc-monitor-laptop-drucker-platzsparender-monitor-stand-riser-mit-mesh-plattformbis-zu-20-kg-mst008\\\/\",\"name\":\"Pholiten 2 Pack Monitorst\u00e4nder, 4 H\u00f6henverstellbare Bildschirmerh\u00f6hung, Monitorerh\u00f6hung f\u00fcr PC\\\/Monitor\\\/Laptop\\\/Drucker, Platzsparender Monitor Stand Riser mit Mesh-Plattformbis zu 20 kg MST008 - Markt-XXL\",\"isPartOf\":{\"@id\":\"https:\\\/\\\/marktxxl.de\\\/markt\\\/#website\"},\"primaryImageOfPage\":{\"@id\":\"https:\\\/\\\/marktxxl.de\\\/markt\\\/produkt\\\/pholiten-2-pack-monitorstaender-4-hoehenverstellbare-bildschirmerhoehung-monitorerhoehung-fuer-pc-monitor-laptop-drucker-platzsparender-monitor-stand-riser-mit-mesh-plattformbis-zu-20-kg-mst008\\\/#primaryimage\"},\"image\":{\"@id\":\"https:\\\/\\\/marktxxl.de\\\/markt\\\/produkt\\\/pholiten-2-pack-monitorstaender-4-hoehenverstellbare-bildschirmerhoehung-monitorerhoehung-fuer-pc-monitor-laptop-drucker-platzsparender-monitor-stand-riser-mit-mesh-plattformbis-zu-20-kg-mst008\\\/#primaryimage\"},\"thumbnailUrl\":\"https:\\\/\\\/m.media-amazon.com\\\/images\\\/I\\\/41TS2r5bzGL._SL500_.jpg\",\"datePublished\":\"2024-07-28T15:25:43+00:00\",\"description\":\"Markt-XXL Pholiten 2 Pack Monitorst\u00e4nder, 4 H\u00f6henverstellbare Bildschirmerh\u00f6hung, Monitorerh\u00f6hung f\u00fcr PC\\\/Monitor\\\/Laptop\\\/Drucker, Platzsparender Monitor Stand Riser mit Mesh-Plattformbis zu 20 kg MST008\",\"breadcrumb\":{\"@id\":\"https:\\\/\\\/marktxxl.de\\\/markt\\\/produkt\\\/pholiten-2-pack-monitorstaender-4-hoehenverstellbare-bildschirmerhoehung-monitorerhoehung-fuer-pc-monitor-laptop-drucker-platzsparender-monitor-stand-riser-mit-mesh-plattformbis-zu-20-kg-mst008\\\/#breadcrumb\"},\"inLanguage\":\"de\",\"potentialAction\":[{\"@type\":\"ReadAction\",\"target\":[\"https:\\\/\\\/marktxxl.de\\\/markt\\\/produkt\\\/pholiten-2-pack-monitorstaender-4-hoehenverstellbare-bildschirmerhoehung-monitorerhoehung-fuer-pc-monitor-laptop-drucker-platzsparender-monitor-stand-riser-mit-mesh-plattformbis-zu-20-kg-mst008\\\/\"]}]},{\"@type\":\"ImageObject\",\"inLanguage\":\"de\",\"@id\":\"https:\\\/\\\/marktxxl.de\\\/markt\\\/produkt\\\/pholiten-2-pack-monitorstaender-4-hoehenverstellbare-bildschirmerhoehung-monitorerhoehung-fuer-pc-monitor-laptop-drucker-platzsparender-monitor-stand-riser-mit-mesh-plattformbis-zu-20-kg-mst008\\\/#primaryimage\",\"url\":\"https:\\\/\\\/m.media-amazon.com\\\/images\\\/I\\\/41TS2r5bzGL._SL500_.jpg\",\"contentUrl\":\"https:\\\/\\\/m.media-amazon.com\\\/images\\\/I\\\/41TS2r5bzGL._SL500_.jpg\",\"width\":500,\"height\":500},{\"@type\":\"BreadcrumbList\",\"@id\":\"https:\\\/\\\/marktxxl.de\\\/markt\\\/produkt\\\/pholiten-2-pack-monitorstaender-4-hoehenverstellbare-bildschirmerhoehung-monitorerhoehung-fuer-pc-monitor-laptop-drucker-platzsparender-monitor-stand-riser-mit-mesh-plattformbis-zu-20-kg-mst008\\\/#breadcrumb\",\"itemListElement\":[{\"@type\":\"ListItem\",\"position\":1,\"name\":\"Startseite\",\"item\":\"https:\\\/\\\/marktxxl.de\\\/markt\\\/\"},{\"@type\":\"ListItem\",\"position\":2,\"name\":\"Markt\",\"item\":\"https:\\\/\\\/marktxxl.de\\\/markt\\\/\"},{\"@type\":\"ListItem\",\"position\":3,\"name\":\"Pholiten 2 Pack Monitorst\u00e4nder, 4 H\u00f6henverstellbare Bildschirmerh\u00f6hung, Monitorerh\u00f6hung f\u00fcr PC\\\/Monitor\\\/Laptop\\\/Drucker, Platzsparender Monitor Stand Riser mit Mesh-Plattformbis zu 20 kg MST008\"}]},{\"@type\":\"WebSite\",\"@id\":\"https:\\\/\\\/marktxxl.de\\\/markt\\\/#website\",\"url\":\"https:\\\/\\\/marktxxl.de\\\/markt\\\/\",\"name\":\"Markt-XXL\",\"description\":\"Ihr Markt Online\",\"publisher\":{\"@id\":\"https:\\\/\\\/marktxxl.de\\\/markt\\\/#organization\"},\"potentialAction\":[{\"@type\":\"SearchAction\",\"target\":{\"@type\":\"EntryPoint\",\"urlTemplate\":\"https:\\\/\\\/marktxxl.de\\\/markt\\\/?s={search_term_string}\"},\"query-input\":{\"@type\":\"PropertyValueSpecification\",\"valueRequired\":true,\"valueName\":\"search_term_string\"}}],\"inLanguage\":\"de\"},{\"@type\":\"Organization\",\"@id\":\"https:\\\/\\\/marktxxl.de\\\/markt\\\/#organization\",\"name\":\"Markt-XXL\",\"url\":\"https:\\\/\\\/marktxxl.de\\\/markt\\\/\",\"logo\":{\"@type\":\"ImageObject\",\"inLanguage\":\"de\",\"@id\":\"https:\\\/\\\/marktxxl.de\\\/markt\\\/#\\\/schema\\\/logo\\\/image\\\/\",\"url\":\"https:\\\/\\\/marktxxl.de\\\/markt\\\/wp-content\\\/uploads\\\/sites\\\/3\\\/2020\\\/12\\\/logo.png\",\"contentUrl\":\"https:\\\/\\\/marktxxl.de\\\/markt\\\/wp-content\\\/uploads\\\/sites\\\/3\\\/2020\\\/12\\\/logo.png\",\"width\":200,\"height\":70,\"caption\":\"Markt-XXL\"},\"image\":{\"@id\":\"https:\\\/\\\/marktxxl.de\\\/markt\\\/#\\\/schema\\\/logo\\\/image\\\/\"}}]}<\/script>\n<!-- \/ Yoast SEO plugin. -->","yoast_head_json":{"title":"Pholiten 2 Pack Monitorst\u00e4nder, 4 H\u00f6henverstellbare Bildschirmerh\u00f6hung, Monitorerh\u00f6hung f\u00fcr PC\/Monitor\/Laptop\/Drucker, Platzsparender Monitor Stand Riser mit Mesh-Plattformbis zu 20 kg MST008 - Markt-XXL","description":"Markt-XXL Pholiten 2 Pack Monitorst\u00e4nder, 4 H\u00f6henverstellbare Bildschirmerh\u00f6hung, Monitorerh\u00f6hung f\u00fcr PC\/Monitor\/Laptop\/Drucker, Platzsparender Monitor Stand Riser mit Mesh-Plattformbis zu 20 kg MST008","robots":{"index":"index","follow":"follow","max-snippet":"max-snippet:-1","max-image-preview":"max-image-preview:large","max-video-preview":"max-video-preview:-1"},"canonical":"https:\/\/marktxxl.de\/markt\/produkt\/pholiten-2-pack-monitorstaender-4-hoehenverstellbare-bildschirmerhoehung-monitorerhoehung-fuer-pc-monitor-laptop-drucker-platzsparender-monitor-stand-riser-mit-mesh-plattformbis-zu-20-kg-mst008\/","og_locale":"de_DE","og_type":"article","og_title":"Pholiten 2 Pack Monitorst\u00e4nder, 4 H\u00f6henverstellbare Bildschirmerh\u00f6hung, Monitorerh\u00f6hung f\u00fcr PC\/Monitor\/Laptop\/Drucker, Platzsparender Monitor Stand Riser mit Mesh-Plattformbis zu 20 kg MST008 - Markt-XXL","og_description":"Markt-XXL Pholiten 2 Pack Monitorst\u00e4nder, 4 H\u00f6henverstellbare Bildschirmerh\u00f6hung, Monitorerh\u00f6hung f\u00fcr PC\/Monitor\/Laptop\/Drucker, Platzsparender Monitor Stand Riser mit Mesh-Plattformbis zu 20 kg MST008","og_url":"https:\/\/marktxxl.de\/markt\/produkt\/pholiten-2-pack-monitorstaender-4-hoehenverstellbare-bildschirmerhoehung-monitorerhoehung-fuer-pc-monitor-laptop-drucker-platzsparender-monitor-stand-riser-mit-mesh-plattformbis-zu-20-kg-mst008\/","og_site_name":"Markt-XXL","twitter_card":"summary_large_image","twitter_misc":{"Gesch\u00e4tzte Lesezeit":"2\u00a0Minuten"},"schema":{"@context":"https:\/\/schema.org","@graph":[{"@type":"WebPage","@id":"https:\/\/marktxxl.de\/markt\/produkt\/pholiten-2-pack-monitorstaender-4-hoehenverstellbare-bildschirmerhoehung-monitorerhoehung-fuer-pc-monitor-laptop-drucker-platzsparender-monitor-stand-riser-mit-mesh-plattformbis-zu-20-kg-mst008\/","url":"https:\/\/marktxxl.de\/markt\/produkt\/pholiten-2-pack-monitorstaender-4-hoehenverstellbare-bildschirmerhoehung-monitorerhoehung-fuer-pc-monitor-laptop-drucker-platzsparender-monitor-stand-riser-mit-mesh-plattformbis-zu-20-kg-mst008\/","name":"Pholiten 2 Pack Monitorst\u00e4nder, 4 H\u00f6henverstellbare Bildschirmerh\u00f6hung, Monitorerh\u00f6hung f\u00fcr PC\/Monitor\/Laptop\/Drucker, Platzsparender Monitor Stand Riser mit Mesh-Plattformbis zu 20 kg MST008 - Markt-XXL","isPartOf":{"@id":"https:\/\/marktxxl.de\/markt\/#website"},"primaryImageOfPage":{"@id":"https:\/\/marktxxl.de\/markt\/produkt\/pholiten-2-pack-monitorstaender-4-hoehenverstellbare-bildschirmerhoehung-monitorerhoehung-fuer-pc-monitor-laptop-drucker-platzsparender-monitor-stand-riser-mit-mesh-plattformbis-zu-20-kg-mst008\/#primaryimage"},"image":{"@id":"https:\/\/marktxxl.de\/markt\/produkt\/pholiten-2-pack-monitorstaender-4-hoehenverstellbare-bildschirmerhoehung-monitorerhoehung-fuer-pc-monitor-laptop-drucker-platzsparender-monitor-stand-riser-mit-mesh-plattformbis-zu-20-kg-mst008\/#primaryimage"},"thumbnailUrl":"https:\/\/m.media-amazon.com\/images\/I\/41TS2r5bzGL._SL500_.jpg","datePublished":"2024-07-28T15:25:43+00:00","description":"Markt-XXL Pholiten 2 Pack Monitorst\u00e4nder, 4 H\u00f6henverstellbare Bildschirmerh\u00f6hung, Monitorerh\u00f6hung f\u00fcr PC\/Monitor\/Laptop\/Drucker, Platzsparender Monitor Stand Riser mit Mesh-Plattformbis zu 20 kg MST008","breadcrumb":{"@id":"https:\/\/marktxxl.de\/markt\/produkt\/pholiten-2-pack-monitorstaender-4-hoehenverstellbare-bildschirmerhoehung-monitorerhoehung-fuer-pc-monitor-laptop-drucker-platzsparender-monitor-stand-riser-mit-mesh-plattformbis-zu-20-kg-mst008\/#breadcrumb"},"inLanguage":"de","potentialAction":[{"@type":"ReadAction","target":["https:\/\/marktxxl.de\/markt\/produkt\/pholiten-2-pack-monitorstaender-4-hoehenverstellbare-bildschirmerhoehung-monitorerhoehung-fuer-pc-monitor-laptop-drucker-platzsparender-monitor-stand-riser-mit-mesh-plattformbis-zu-20-kg-mst008\/"]}]},{"@type":"ImageObject","inLanguage":"de","@id":"https:\/\/marktxxl.de\/markt\/produkt\/pholiten-2-pack-monitorstaender-4-hoehenverstellbare-bildschirmerhoehung-monitorerhoehung-fuer-pc-monitor-laptop-drucker-platzsparender-monitor-stand-riser-mit-mesh-plattformbis-zu-20-kg-mst008\/#primaryimage","url":"https:\/\/m.media-amazon.com\/images\/I\/41TS2r5bzGL._SL500_.jpg","contentUrl":"https:\/\/m.media-amazon.com\/images\/I\/41TS2r5bzGL._SL500_.jpg","width":500,"height":500},{"@type":"BreadcrumbList","@id":"https:\/\/marktxxl.de\/markt\/produkt\/pholiten-2-pack-monitorstaender-4-hoehenverstellbare-bildschirmerhoehung-monitorerhoehung-fuer-pc-monitor-laptop-drucker-platzsparender-monitor-stand-riser-mit-mesh-plattformbis-zu-20-kg-mst008\/#breadcrumb","itemListElement":[{"@type":"ListItem","position":1,"name":"Startseite","item":"https:\/\/marktxxl.de\/markt\/"},{"@type":"ListItem","position":2,"name":"Markt","item":"https:\/\/marktxxl.de\/markt\/"},{"@type":"ListItem","position":3,"name":"Pholiten 2 Pack Monitorst\u00e4nder, 4 H\u00f6henverstellbare Bildschirmerh\u00f6hung, Monitorerh\u00f6hung f\u00fcr PC\/Monitor\/Laptop\/Drucker, Platzsparender Monitor Stand Riser mit Mesh-Plattformbis zu 20 kg MST008"}]},{"@type":"WebSite","@id":"https:\/\/marktxxl.de\/markt\/#website","url":"https:\/\/marktxxl.de\/markt\/","name":"Markt-XXL","description":"Ihr Markt Online","publisher":{"@id":"https:\/\/marktxxl.de\/markt\/#organization"},"potentialAction":[{"@type":"SearchAction","target":{"@type":"EntryPoint","urlTemplate":"https:\/\/marktxxl.de\/markt\/?s={search_term_string}"},"query-input":{"@type":"PropertyValueSpecification","valueRequired":true,"valueName":"search_term_string"}}],"inLanguage":"de"},{"@type":"Organization","@id":"https:\/\/marktxxl.de\/markt\/#organization","name":"Markt-XXL","url":"https:\/\/marktxxl.de\/markt\/","logo":{"@type":"ImageObject","inLanguage":"de","@id":"https:\/\/marktxxl.de\/markt\/#\/schema\/logo\/image\/","url":"https:\/\/marktxxl.de\/markt\/wp-content\/uploads\/sites\/3\/2020\/12\/logo.png","contentUrl":"https:\/\/marktxxl.de\/markt\/wp-content\/uploads\/sites\/3\/2020\/12\/logo.png","width":200,"height":70,"caption":"Markt-XXL"},"image":{"@id":"https:\/\/marktxxl.de\/markt\/#\/schema\/logo\/image\/"}}]}},"_links":{"self":[{"href":"https:\/\/marktxxl.de\/markt\/wp-json\/wp\/v2\/product\/223300","targetHints":{"allow":["GET"]}}],"collection":[{"href":"https:\/\/marktxxl.de\/markt\/wp-json\/wp\/v2\/product"}],"about":[{"href":"https:\/\/marktxxl.de\/markt\/wp-json\/wp\/v2\/types\/product"}],"replies":[{"embeddable":true,"href":"https:\/\/marktxxl.de\/markt\/wp-json\/wp\/v2\/comments?post=223300"}],"wp:featuredmedia":[{"embeddable":true,"href":"https:\/\/marktxxl.de\/markt\/wp-json\/wp\/v2\/media\/223301"}],"wp:attachment":[{"href":"https:\/\/marktxxl.de\/markt\/wp-json\/wp\/v2\/media?parent=223300"}],"wp:term":[{"taxonomy":"product_brand","embeddable":true,"href":"https:\/\/marktxxl.de\/markt\/wp-json\/wp\/v2\/product_brand?post=223300"},{"taxonomy":"product_cat","embeddable":true,"href":"https:\/\/marktxxl.de\/markt\/wp-json\/wp\/v2\/product_cat?post=223300"},{"taxonomy":"product_tag","embeddable":true,"href":"https:\/\/marktxxl.de\/markt\/wp-json\/wp\/v2\/product_tag?post=223300"}],"curies":[{"name":"wp","href":"https:\/\/api.w.org\/{rel}","templated":true}]}}