{"id":222719,"date":"2024-07-28T16:46:33","date_gmt":"2024-07-28T14:46:33","guid":{"rendered":"https:\/\/marktxxl.de\/markt\/produkt\/govee-wegeleuchten-aussen-intelligente-gartenbeleuchtung-mit-app-steuerung-250-lumen-rgbic-gartenlampe-ip65-wasserdicht-aluminium-gartenleuchte-funktioniert-mit-alexa-kabelgebunden-4er-pack\/"},"modified":"2024-07-28T16:46:33","modified_gmt":"2024-07-28T14:46:33","slug":"govee-wegeleuchten-aussen-intelligente-gartenbeleuchtung-mit-app-steuerung-250-lumen-rgbic-gartenlampe-ip65-wasserdicht-aluminium-gartenleuchte-funktioniert-mit-alexa-kabelgebunden-4er-pack","status":"publish","type":"product","link":"https:\/\/marktxxl.de\/markt\/produkt\/govee-wegeleuchten-aussen-intelligente-gartenbeleuchtung-mit-app-steuerung-250-lumen-rgbic-gartenlampe-ip65-wasserdicht-aluminium-gartenleuchte-funktioniert-mit-alexa-kabelgebunden-4er-pack\/","title":{"rendered":"Govee Wegeleuchten Au\u00dfen, Intelligente Gartenbeleuchtung mit App Steuerung, 250 Lumen RGBIC Gartenlampe, IP65 Wasserdicht Aluminium Gartenleuchte, Funktioniert mit Alexa, Kabelgebunden, 4er Pack"},"content":{"rendered":"<p>Moderne Outdoor Lampe: Govee Wegeleuchten haben eine wei\u00dfe Farbtemperatur von 2000\u20136500 K, die sowohl eine gem\u00fctliche Atmosph\u00e4re als auch Beleuchtungseffekte schafft. Wenden Sie 54 voreingestellte Szenen f\u00fcr die ganzj\u00e4hrige Au\u00dfendekoration an.<br \/>\nMehrfarbige Anzeige: Durch die RGBIC-Technologie kann jede Wegeleuchte auf unterschiedliche Farben eingestellt werden und in Mustern erstrahlen. Genie\u00dfen Sie Au\u00dfenbeleuchtung mit 16 Millionen Farben. Geeignet f\u00fcr Outdoor Dekorationen und Terrassen Deko.<br \/>\nSolides Design: Gartenbeleuchtung mit strom aus langlebigem Aluminium mit lackierter Oberfl\u00e4che, robust genug f\u00fcr widrige Bedingungen. Im Vergleich zu solarbetriebenen Wegeleuchten bietet dieses kabelgebundene Set eine stabilere Verbindung und eine h\u00f6here Helligkeit von 250 Lumen.<br \/>\nGanzj\u00e4hriger Schutz: Mit der Schutzart IP65 ist diese Terrassenbeleuchtung absolut staubdicht und vor Wasserstrahlen mit niedrigem Druck aus jedem Winkel gesch\u00fctzt. F\u00fcr Garten deko genau richtig.<br \/>\nIntelligente und einfache Steuerung: Timer, Szenenmodi, Farbtemperatur und Helligkeit vollst\u00e4ndig anpassbar in der Govee Home App \u00fcber WLAN und Bluetooth. Govee Wegeleuchten Au\u00dfen k\u00f6nnen nach der Kopplung mit Alexa oder Google Assistant auch sprachgesteuert werden.<br \/>\n<div class=\"main-cross-sell\" data-asin=\"B0CC5WGYYC\">\n\n\t<div class=\"WooZone-cross-sell-loader\">\n\t\t<div>\n\t\t\t<div id=\"floatingBarsG\">\n\t\t\t\t<div class=\"blockG\" id=\"rotateG_01\"><\/div>\n\t\t\t\t<div class=\"blockG\" id=\"rotateG_02\"><\/div>\n\t\t\t\t<div class=\"blockG\" id=\"rotateG_03\"><\/div>\n\t\t\t\t<div class=\"blockG\" id=\"rotateG_04\"><\/div>\n\t\t\t\t<div class=\"blockG\" id=\"rotateG_05\"><\/div>\n\t\t\t\t<div class=\"blockG\" id=\"rotateG_06\"><\/div>\n\t\t\t\t<div class=\"blockG\" id=\"rotateG_07\"><\/div>\n\t\t\t\t<div class=\"blockG\" id=\"rotateG_08\"><\/div>\n\t\t\t<\/div>\n\t\t\t<div class=\"WooZone-cross-sell-loader-text\"><\/div>\n\t\t<\/div>\n\t<\/div>\n\n\t\t\n<\/div>\n<div style=\"clear:both;\"><\/div><\/p>\n","protected":false},"excerpt":{"rendered":"<p>Moderne Outdoor Lampe: Govee Wegeleuchten haben eine wei\u00dfe Farbtemperatur von 2000\u20136500 K, die sowohl eine gem\u00fctliche Atmosph\u00e4re als auch Beleuchtungseffekte schafft. Wenden Sie 54 voreingestellte Szenen f\u00fcr die ganzj\u00e4hrige Au\u00dfendekoration an.<br \/>\nMehrfarbige Anzeige: Durch die RGBIC-Technologie kann jede Wegeleuchte auf unterschiedliche Farben eingestellt werden und in Mustern erstrahlen. Genie\u00dfen Sie Au\u00dfenbeleuchtung mit 16 Millionen Farben. Geeignet f\u00fcr Outdoor Dekorationen und Terrassen Deko.<br \/>\nSolides Design: Gartenbeleuchtung mit strom aus langlebigem Aluminium mit lackierter Oberfl\u00e4che, robust genug f\u00fcr widrige Bedingungen. Im Vergleich zu solarbetriebenen Wegeleuchten bietet dieses kabelgebundene Set eine stabilere Verbindung und eine h\u00f6here Helligkeit von 250 Lumen.<\/p>\n","protected":false},"featured_media":222720,"comment_status":"open","ping_status":"closed","template":"","meta":[],"product_brand":[],"product_cat":[11446,2108],"product_tag":[],"class_list":{"0":"post-222719","1":"product","2":"type-product","3":"status-publish","4":"has-post-thumbnail","6":"product_cat-aussenbeleuchtung","7":"product_cat-beleuchtung","8":"pa_binding-werkzeug","9":"pa_brand-govee","10":"pa_color-rgbic","11":"pa_height-17-322834628-zoll","12":"pa_length-11-6141732165-zoll","13":"pa_manufacturer-govee","14":"pa_model-h7055311de","15":"pa_weight-5-180863157-pfund","16":"pa_width-3-149606296-zoll","18":"first","19":"instock","20":"shipping-taxable","21":"purchasable","22":"product-type-simple","23":"customify-col","24":"product-has-gallery"},"yoast_head":"<!-- This site is optimized with the Yoast SEO plugin v27.4 - https:\/\/yoast.com\/product\/yoast-seo-wordpress\/ -->\n<title>Govee Wegeleuchten Au\u00dfen, Intelligente Gartenbeleuchtung mit App Steuerung, 250 Lumen RGBIC Gartenlampe, IP65 Wasserdicht Aluminium Gartenleuchte, Funktioniert mit Alexa, Kabelgebunden, 4er Pack - Markt-XXL<\/title>\n<meta name=\"description\" content=\"Markt-XXL Govee Wegeleuchten Au\u00dfen, Intelligente Gartenbeleuchtung mit App Steuerung, 250 Lumen RGBIC Gartenlampe, IP65 Wasserdicht Aluminium Gartenleuchte, Funktioniert mit Alexa, Kabelgebunden, 4er Pack\" \/>\n<meta name=\"robots\" content=\"index, follow, max-snippet:-1, max-image-preview:large, max-video-preview:-1\" \/>\n<link rel=\"canonical\" href=\"https:\/\/marktxxl.de\/markt\/produkt\/govee-wegeleuchten-aussen-intelligente-gartenbeleuchtung-mit-app-steuerung-250-lumen-rgbic-gartenlampe-ip65-wasserdicht-aluminium-gartenleuchte-funktioniert-mit-alexa-kabelgebunden-4er-pack\/\" \/>\n<meta property=\"og:locale\" content=\"de_DE\" \/>\n<meta property=\"og:type\" content=\"article\" \/>\n<meta property=\"og:title\" content=\"Govee Wegeleuchten Au\u00dfen, Intelligente Gartenbeleuchtung mit App Steuerung, 250 Lumen RGBIC Gartenlampe, IP65 Wasserdicht Aluminium Gartenleuchte, Funktioniert mit Alexa, Kabelgebunden, 4er Pack - Markt-XXL\" \/>\n<meta property=\"og:description\" content=\"Markt-XXL Govee Wegeleuchten Au\u00dfen, Intelligente Gartenbeleuchtung mit App Steuerung, 250 Lumen RGBIC Gartenlampe, IP65 Wasserdicht Aluminium Gartenleuchte, Funktioniert mit Alexa, Kabelgebunden, 4er Pack\" \/>\n<meta property=\"og:url\" content=\"https:\/\/marktxxl.de\/markt\/produkt\/govee-wegeleuchten-aussen-intelligente-gartenbeleuchtung-mit-app-steuerung-250-lumen-rgbic-gartenlampe-ip65-wasserdicht-aluminium-gartenleuchte-funktioniert-mit-alexa-kabelgebunden-4er-pack\/\" \/>\n<meta property=\"og:site_name\" content=\"Markt-XXL\" \/>\n<meta name=\"twitter:card\" content=\"summary_large_image\" \/>\n<meta name=\"twitter:label1\" content=\"Gesch\u00e4tzte Lesezeit\" \/>\n\t<meta name=\"twitter:data1\" content=\"1\u00a0Minute\" \/>\n<script type=\"application\/ld+json\" class=\"yoast-schema-graph\">{\"@context\":\"https:\\\/\\\/schema.org\",\"@graph\":[{\"@type\":\"WebPage\",\"@id\":\"https:\\\/\\\/marktxxl.de\\\/markt\\\/produkt\\\/govee-wegeleuchten-aussen-intelligente-gartenbeleuchtung-mit-app-steuerung-250-lumen-rgbic-gartenlampe-ip65-wasserdicht-aluminium-gartenleuchte-funktioniert-mit-alexa-kabelgebunden-4er-pack\\\/\",\"url\":\"https:\\\/\\\/marktxxl.de\\\/markt\\\/produkt\\\/govee-wegeleuchten-aussen-intelligente-gartenbeleuchtung-mit-app-steuerung-250-lumen-rgbic-gartenlampe-ip65-wasserdicht-aluminium-gartenleuchte-funktioniert-mit-alexa-kabelgebunden-4er-pack\\\/\",\"name\":\"Govee Wegeleuchten Au\u00dfen, Intelligente Gartenbeleuchtung mit App Steuerung, 250 Lumen RGBIC Gartenlampe, IP65 Wasserdicht Aluminium Gartenleuchte, Funktioniert mit Alexa, Kabelgebunden, 4er Pack - Markt-XXL\",\"isPartOf\":{\"@id\":\"https:\\\/\\\/marktxxl.de\\\/markt\\\/#website\"},\"primaryImageOfPage\":{\"@id\":\"https:\\\/\\\/marktxxl.de\\\/markt\\\/produkt\\\/govee-wegeleuchten-aussen-intelligente-gartenbeleuchtung-mit-app-steuerung-250-lumen-rgbic-gartenlampe-ip65-wasserdicht-aluminium-gartenleuchte-funktioniert-mit-alexa-kabelgebunden-4er-pack\\\/#primaryimage\"},\"image\":{\"@id\":\"https:\\\/\\\/marktxxl.de\\\/markt\\\/produkt\\\/govee-wegeleuchten-aussen-intelligente-gartenbeleuchtung-mit-app-steuerung-250-lumen-rgbic-gartenlampe-ip65-wasserdicht-aluminium-gartenleuchte-funktioniert-mit-alexa-kabelgebunden-4er-pack\\\/#primaryimage\"},\"thumbnailUrl\":\"https:\\\/\\\/m.media-amazon.com\\\/images\\\/I\\\/51jbbE88YFL._SL500_.jpg\",\"datePublished\":\"2024-07-28T14:46:33+00:00\",\"description\":\"Markt-XXL Govee Wegeleuchten Au\u00dfen, Intelligente Gartenbeleuchtung mit App Steuerung, 250 Lumen RGBIC Gartenlampe, IP65 Wasserdicht Aluminium Gartenleuchte, Funktioniert mit Alexa, Kabelgebunden, 4er Pack\",\"breadcrumb\":{\"@id\":\"https:\\\/\\\/marktxxl.de\\\/markt\\\/produkt\\\/govee-wegeleuchten-aussen-intelligente-gartenbeleuchtung-mit-app-steuerung-250-lumen-rgbic-gartenlampe-ip65-wasserdicht-aluminium-gartenleuchte-funktioniert-mit-alexa-kabelgebunden-4er-pack\\\/#breadcrumb\"},\"inLanguage\":\"de\",\"potentialAction\":[{\"@type\":\"ReadAction\",\"target\":[\"https:\\\/\\\/marktxxl.de\\\/markt\\\/produkt\\\/govee-wegeleuchten-aussen-intelligente-gartenbeleuchtung-mit-app-steuerung-250-lumen-rgbic-gartenlampe-ip65-wasserdicht-aluminium-gartenleuchte-funktioniert-mit-alexa-kabelgebunden-4er-pack\\\/\"]}]},{\"@type\":\"ImageObject\",\"inLanguage\":\"de\",\"@id\":\"https:\\\/\\\/marktxxl.de\\\/markt\\\/produkt\\\/govee-wegeleuchten-aussen-intelligente-gartenbeleuchtung-mit-app-steuerung-250-lumen-rgbic-gartenlampe-ip65-wasserdicht-aluminium-gartenleuchte-funktioniert-mit-alexa-kabelgebunden-4er-pack\\\/#primaryimage\",\"url\":\"https:\\\/\\\/m.media-amazon.com\\\/images\\\/I\\\/51jbbE88YFL._SL500_.jpg\",\"contentUrl\":\"https:\\\/\\\/m.media-amazon.com\\\/images\\\/I\\\/51jbbE88YFL._SL500_.jpg\",\"width\":500,\"height\":472},{\"@type\":\"BreadcrumbList\",\"@id\":\"https:\\\/\\\/marktxxl.de\\\/markt\\\/produkt\\\/govee-wegeleuchten-aussen-intelligente-gartenbeleuchtung-mit-app-steuerung-250-lumen-rgbic-gartenlampe-ip65-wasserdicht-aluminium-gartenleuchte-funktioniert-mit-alexa-kabelgebunden-4er-pack\\\/#breadcrumb\",\"itemListElement\":[{\"@type\":\"ListItem\",\"position\":1,\"name\":\"Startseite\",\"item\":\"https:\\\/\\\/marktxxl.de\\\/markt\\\/\"},{\"@type\":\"ListItem\",\"position\":2,\"name\":\"Markt\",\"item\":\"https:\\\/\\\/marktxxl.de\\\/markt\\\/\"},{\"@type\":\"ListItem\",\"position\":3,\"name\":\"Govee Wegeleuchten Au\u00dfen, Intelligente Gartenbeleuchtung mit App Steuerung, 250 Lumen RGBIC Gartenlampe, IP65 Wasserdicht Aluminium Gartenleuchte, Funktioniert mit Alexa, Kabelgebunden, 4er Pack\"}]},{\"@type\":\"WebSite\",\"@id\":\"https:\\\/\\\/marktxxl.de\\\/markt\\\/#website\",\"url\":\"https:\\\/\\\/marktxxl.de\\\/markt\\\/\",\"name\":\"Markt-XXL\",\"description\":\"Ihr Markt Online\",\"publisher\":{\"@id\":\"https:\\\/\\\/marktxxl.de\\\/markt\\\/#organization\"},\"potentialAction\":[{\"@type\":\"SearchAction\",\"target\":{\"@type\":\"EntryPoint\",\"urlTemplate\":\"https:\\\/\\\/marktxxl.de\\\/markt\\\/?s={search_term_string}\"},\"query-input\":{\"@type\":\"PropertyValueSpecification\",\"valueRequired\":true,\"valueName\":\"search_term_string\"}}],\"inLanguage\":\"de\"},{\"@type\":\"Organization\",\"@id\":\"https:\\\/\\\/marktxxl.de\\\/markt\\\/#organization\",\"name\":\"Markt-XXL\",\"url\":\"https:\\\/\\\/marktxxl.de\\\/markt\\\/\",\"logo\":{\"@type\":\"ImageObject\",\"inLanguage\":\"de\",\"@id\":\"https:\\\/\\\/marktxxl.de\\\/markt\\\/#\\\/schema\\\/logo\\\/image\\\/\",\"url\":\"https:\\\/\\\/marktxxl.de\\\/markt\\\/wp-content\\\/uploads\\\/sites\\\/3\\\/2020\\\/12\\\/logo.png\",\"contentUrl\":\"https:\\\/\\\/marktxxl.de\\\/markt\\\/wp-content\\\/uploads\\\/sites\\\/3\\\/2020\\\/12\\\/logo.png\",\"width\":200,\"height\":70,\"caption\":\"Markt-XXL\"},\"image\":{\"@id\":\"https:\\\/\\\/marktxxl.de\\\/markt\\\/#\\\/schema\\\/logo\\\/image\\\/\"}}]}<\/script>\n<!-- \/ Yoast SEO plugin. -->","yoast_head_json":{"title":"Govee Wegeleuchten Au\u00dfen, Intelligente Gartenbeleuchtung mit App Steuerung, 250 Lumen RGBIC Gartenlampe, IP65 Wasserdicht Aluminium Gartenleuchte, Funktioniert mit Alexa, Kabelgebunden, 4er Pack - Markt-XXL","description":"Markt-XXL Govee Wegeleuchten Au\u00dfen, Intelligente Gartenbeleuchtung mit App Steuerung, 250 Lumen RGBIC Gartenlampe, IP65 Wasserdicht Aluminium Gartenleuchte, Funktioniert mit Alexa, Kabelgebunden, 4er Pack","robots":{"index":"index","follow":"follow","max-snippet":"max-snippet:-1","max-image-preview":"max-image-preview:large","max-video-preview":"max-video-preview:-1"},"canonical":"https:\/\/marktxxl.de\/markt\/produkt\/govee-wegeleuchten-aussen-intelligente-gartenbeleuchtung-mit-app-steuerung-250-lumen-rgbic-gartenlampe-ip65-wasserdicht-aluminium-gartenleuchte-funktioniert-mit-alexa-kabelgebunden-4er-pack\/","og_locale":"de_DE","og_type":"article","og_title":"Govee Wegeleuchten Au\u00dfen, Intelligente Gartenbeleuchtung mit App Steuerung, 250 Lumen RGBIC Gartenlampe, IP65 Wasserdicht Aluminium Gartenleuchte, Funktioniert mit Alexa, Kabelgebunden, 4er Pack - Markt-XXL","og_description":"Markt-XXL Govee Wegeleuchten Au\u00dfen, Intelligente Gartenbeleuchtung mit App Steuerung, 250 Lumen RGBIC Gartenlampe, IP65 Wasserdicht Aluminium Gartenleuchte, Funktioniert mit Alexa, Kabelgebunden, 4er Pack","og_url":"https:\/\/marktxxl.de\/markt\/produkt\/govee-wegeleuchten-aussen-intelligente-gartenbeleuchtung-mit-app-steuerung-250-lumen-rgbic-gartenlampe-ip65-wasserdicht-aluminium-gartenleuchte-funktioniert-mit-alexa-kabelgebunden-4er-pack\/","og_site_name":"Markt-XXL","twitter_card":"summary_large_image","twitter_misc":{"Gesch\u00e4tzte Lesezeit":"1\u00a0Minute"},"schema":{"@context":"https:\/\/schema.org","@graph":[{"@type":"WebPage","@id":"https:\/\/marktxxl.de\/markt\/produkt\/govee-wegeleuchten-aussen-intelligente-gartenbeleuchtung-mit-app-steuerung-250-lumen-rgbic-gartenlampe-ip65-wasserdicht-aluminium-gartenleuchte-funktioniert-mit-alexa-kabelgebunden-4er-pack\/","url":"https:\/\/marktxxl.de\/markt\/produkt\/govee-wegeleuchten-aussen-intelligente-gartenbeleuchtung-mit-app-steuerung-250-lumen-rgbic-gartenlampe-ip65-wasserdicht-aluminium-gartenleuchte-funktioniert-mit-alexa-kabelgebunden-4er-pack\/","name":"Govee Wegeleuchten Au\u00dfen, Intelligente Gartenbeleuchtung mit App Steuerung, 250 Lumen RGBIC Gartenlampe, IP65 Wasserdicht Aluminium Gartenleuchte, Funktioniert mit Alexa, Kabelgebunden, 4er Pack - Markt-XXL","isPartOf":{"@id":"https:\/\/marktxxl.de\/markt\/#website"},"primaryImageOfPage":{"@id":"https:\/\/marktxxl.de\/markt\/produkt\/govee-wegeleuchten-aussen-intelligente-gartenbeleuchtung-mit-app-steuerung-250-lumen-rgbic-gartenlampe-ip65-wasserdicht-aluminium-gartenleuchte-funktioniert-mit-alexa-kabelgebunden-4er-pack\/#primaryimage"},"image":{"@id":"https:\/\/marktxxl.de\/markt\/produkt\/govee-wegeleuchten-aussen-intelligente-gartenbeleuchtung-mit-app-steuerung-250-lumen-rgbic-gartenlampe-ip65-wasserdicht-aluminium-gartenleuchte-funktioniert-mit-alexa-kabelgebunden-4er-pack\/#primaryimage"},"thumbnailUrl":"https:\/\/m.media-amazon.com\/images\/I\/51jbbE88YFL._SL500_.jpg","datePublished":"2024-07-28T14:46:33+00:00","description":"Markt-XXL Govee Wegeleuchten Au\u00dfen, Intelligente Gartenbeleuchtung mit App Steuerung, 250 Lumen RGBIC Gartenlampe, IP65 Wasserdicht Aluminium Gartenleuchte, Funktioniert mit Alexa, Kabelgebunden, 4er Pack","breadcrumb":{"@id":"https:\/\/marktxxl.de\/markt\/produkt\/govee-wegeleuchten-aussen-intelligente-gartenbeleuchtung-mit-app-steuerung-250-lumen-rgbic-gartenlampe-ip65-wasserdicht-aluminium-gartenleuchte-funktioniert-mit-alexa-kabelgebunden-4er-pack\/#breadcrumb"},"inLanguage":"de","potentialAction":[{"@type":"ReadAction","target":["https:\/\/marktxxl.de\/markt\/produkt\/govee-wegeleuchten-aussen-intelligente-gartenbeleuchtung-mit-app-steuerung-250-lumen-rgbic-gartenlampe-ip65-wasserdicht-aluminium-gartenleuchte-funktioniert-mit-alexa-kabelgebunden-4er-pack\/"]}]},{"@type":"ImageObject","inLanguage":"de","@id":"https:\/\/marktxxl.de\/markt\/produkt\/govee-wegeleuchten-aussen-intelligente-gartenbeleuchtung-mit-app-steuerung-250-lumen-rgbic-gartenlampe-ip65-wasserdicht-aluminium-gartenleuchte-funktioniert-mit-alexa-kabelgebunden-4er-pack\/#primaryimage","url":"https:\/\/m.media-amazon.com\/images\/I\/51jbbE88YFL._SL500_.jpg","contentUrl":"https:\/\/m.media-amazon.com\/images\/I\/51jbbE88YFL._SL500_.jpg","width":500,"height":472},{"@type":"BreadcrumbList","@id":"https:\/\/marktxxl.de\/markt\/produkt\/govee-wegeleuchten-aussen-intelligente-gartenbeleuchtung-mit-app-steuerung-250-lumen-rgbic-gartenlampe-ip65-wasserdicht-aluminium-gartenleuchte-funktioniert-mit-alexa-kabelgebunden-4er-pack\/#breadcrumb","itemListElement":[{"@type":"ListItem","position":1,"name":"Startseite","item":"https:\/\/marktxxl.de\/markt\/"},{"@type":"ListItem","position":2,"name":"Markt","item":"https:\/\/marktxxl.de\/markt\/"},{"@type":"ListItem","position":3,"name":"Govee Wegeleuchten Au\u00dfen, Intelligente Gartenbeleuchtung mit App Steuerung, 250 Lumen RGBIC Gartenlampe, IP65 Wasserdicht Aluminium Gartenleuchte, Funktioniert mit Alexa, Kabelgebunden, 4er Pack"}]},{"@type":"WebSite","@id":"https:\/\/marktxxl.de\/markt\/#website","url":"https:\/\/marktxxl.de\/markt\/","name":"Markt-XXL","description":"Ihr Markt Online","publisher":{"@id":"https:\/\/marktxxl.de\/markt\/#organization"},"potentialAction":[{"@type":"SearchAction","target":{"@type":"EntryPoint","urlTemplate":"https:\/\/marktxxl.de\/markt\/?s={search_term_string}"},"query-input":{"@type":"PropertyValueSpecification","valueRequired":true,"valueName":"search_term_string"}}],"inLanguage":"de"},{"@type":"Organization","@id":"https:\/\/marktxxl.de\/markt\/#organization","name":"Markt-XXL","url":"https:\/\/marktxxl.de\/markt\/","logo":{"@type":"ImageObject","inLanguage":"de","@id":"https:\/\/marktxxl.de\/markt\/#\/schema\/logo\/image\/","url":"https:\/\/marktxxl.de\/markt\/wp-content\/uploads\/sites\/3\/2020\/12\/logo.png","contentUrl":"https:\/\/marktxxl.de\/markt\/wp-content\/uploads\/sites\/3\/2020\/12\/logo.png","width":200,"height":70,"caption":"Markt-XXL"},"image":{"@id":"https:\/\/marktxxl.de\/markt\/#\/schema\/logo\/image\/"}}]}},"_links":{"self":[{"href":"https:\/\/marktxxl.de\/markt\/wp-json\/wp\/v2\/product\/222719","targetHints":{"allow":["GET"]}}],"collection":[{"href":"https:\/\/marktxxl.de\/markt\/wp-json\/wp\/v2\/product"}],"about":[{"href":"https:\/\/marktxxl.de\/markt\/wp-json\/wp\/v2\/types\/product"}],"replies":[{"embeddable":true,"href":"https:\/\/marktxxl.de\/markt\/wp-json\/wp\/v2\/comments?post=222719"}],"wp:featuredmedia":[{"embeddable":true,"href":"https:\/\/marktxxl.de\/markt\/wp-json\/wp\/v2\/media\/222720"}],"wp:attachment":[{"href":"https:\/\/marktxxl.de\/markt\/wp-json\/wp\/v2\/media?parent=222719"}],"wp:term":[{"taxonomy":"product_brand","embeddable":true,"href":"https:\/\/marktxxl.de\/markt\/wp-json\/wp\/v2\/product_brand?post=222719"},{"taxonomy":"product_cat","embeddable":true,"href":"https:\/\/marktxxl.de\/markt\/wp-json\/wp\/v2\/product_cat?post=222719"},{"taxonomy":"product_tag","embeddable":true,"href":"https:\/\/marktxxl.de\/markt\/wp-json\/wp\/v2\/product_tag?post=222719"}],"curies":[{"name":"wp","href":"https:\/\/api.w.org\/{rel}","templated":true}]}}