{"id":222524,"date":"2024-07-28T16:16:20","date_gmt":"2024-07-28T14:16:20","guid":{"rendered":"https:\/\/marktxxl.de\/markt\/produkt\/zipit-dino-federmaeppchen-fuer-jungen-grosses-maeppchen-fuer-die-schule-monster-etui-fuer-kinder-federmappe-blau\/"},"modified":"2024-07-28T16:16:20","modified_gmt":"2024-07-28T14:16:20","slug":"zipit-dino-federmaeppchen-fuer-jungen-grosses-maeppchen-fuer-die-schule-monster-etui-fuer-kinder-federmappe-blau","status":"publish","type":"product","link":"https:\/\/marktxxl.de\/markt\/produkt\/zipit-dino-federmaeppchen-fuer-jungen-grosses-maeppchen-fuer-die-schule-monster-etui-fuer-kinder-federmappe-blau\/","title":{"rendered":"ZIPIT Dino Federm\u00e4ppchen f\u00fcr Jungen | Gro\u00dfes M\u00e4ppchen f\u00fcr die Schule | Monster Etui f\u00fcr Kinder | Federmappe Blau"},"content":{"rendered":"<p>\ud83d\udca1MACH DAS LERNEN ZUM VERGN\u00dcGEN \u2013 Entfalte Deine Ideen und lass Deiner Fantasie freien Lauf mithilfe von diesem federtasche Monster f\u00fcr Jungs.<br \/>\n\ud83d\ude42 EIN LANGER REI\u00dfVERSCHLUSS &#8211; Hergestellt aus einem einzelnen langen Rei\u00dfverschluss, welcher sich ganz \u00f6ffnen und schlie\u00dfen l\u00e4sst, bietet das Federm\u00e4ppchen viel Platz f\u00fcr alles was du brauchst! Ob Schulbedarf oder andere pers\u00f6nliche Gegenst\u00e4nde, das Monster is beliebt bei Kindern und Teenagern zugleich.<br \/>\n\ud83d\udccf VIEL STAURAUM &#8211; misst 22x2x9 cm und fasst bis zu 30 Stifte; mit einer gro\u00dfen diagonalen \u00d6ffnung, damit du genau das findest, wonach du suchst.<br \/>\n\ud83d\udca7 MASCHINENWASCHBAR &#8211; Wasch deine Federmappe bei bis zu 30\u00b0 im Schonprogramm in deiner Waschmaschine. Zum trocknen flach hinlegen.<br \/>\n\ud83d\udcafLEBENSLANGE GARANTIE &#8211; Mit ZIPIT\u2019s Verpflichtung zur Qualit\u00e4t kannst du mit Vertrauen kaufen. Hergestellt aus robustem Polyester und riss best\u00e4ndigem EVA garantiert es jahrelangen Einsatz. Weitere Informationen finden Sie auf der ZIPIT-Website.<br \/>\n<div class=\"main-cross-sell\" data-asin=\"B09BD94VPR\">\n\n\t<div class=\"WooZone-cross-sell-loader\">\n\t\t<div>\n\t\t\t<div id=\"floatingBarsG\">\n\t\t\t\t<div class=\"blockG\" id=\"rotateG_01\"><\/div>\n\t\t\t\t<div class=\"blockG\" id=\"rotateG_02\"><\/div>\n\t\t\t\t<div class=\"blockG\" id=\"rotateG_03\"><\/div>\n\t\t\t\t<div class=\"blockG\" id=\"rotateG_04\"><\/div>\n\t\t\t\t<div class=\"blockG\" id=\"rotateG_05\"><\/div>\n\t\t\t\t<div class=\"blockG\" id=\"rotateG_06\"><\/div>\n\t\t\t\t<div class=\"blockG\" id=\"rotateG_07\"><\/div>\n\t\t\t\t<div class=\"blockG\" id=\"rotateG_08\"><\/div>\n\t\t\t<\/div>\n\t\t\t<div class=\"WooZone-cross-sell-loader-text\"><\/div>\n\t\t<\/div>\n\t<\/div>\n\n\t\t\n<\/div>\n<div style=\"clear:both;\"><\/div><\/p>\n","protected":false},"excerpt":{"rendered":"<p>\ud83d\udca1MACH DAS LERNEN ZUM VERGN\u00dcGEN \u2013 Entfalte Deine Ideen und lass Deiner Fantasie freien Lauf mithilfe von diesem federtasche Monster f\u00fcr Jungs.<br \/>\n\ud83d\ude42 EIN LANGER REI\u00dfVERSCHLUSS &#8211; Hergestellt aus einem einzelnen langen Rei\u00dfverschluss, welcher sich ganz \u00f6ffnen und schlie\u00dfen l\u00e4sst, bietet das Federm\u00e4ppchen viel Platz f\u00fcr alles was du brauchst! Ob Schulbedarf oder andere pers\u00f6nliche Gegenst\u00e4nde, das Monster is beliebt bei Kindern und Teenagern zugleich.<br \/>\n\ud83d\udccf VIEL STAURAUM &#8211; misst 22x2x9 cm und fasst bis zu 30 Stifte; mit einer gro\u00dfen diagonalen \u00d6ffnung, damit du genau das findest, wonach du suchst.<\/p>\n","protected":false},"featured_media":222525,"comment_status":"open","ping_status":"closed","template":"","meta":[],"product_brand":[],"product_cat":[1186],"product_tag":[],"class_list":{"0":"post-222524","1":"product","2":"type-product","3":"status-publish","4":"has-post-thumbnail","6":"product_cat-bekleidung","7":"pa_binding-buerobedarf-schreibwaren","9":"first","10":"instock","11":"shipping-taxable","12":"product-type-simple","13":"customify-col","14":"product-has-gallery"},"yoast_head":"<!-- This site is optimized with the Yoast SEO plugin v27.4 - https:\/\/yoast.com\/product\/yoast-seo-wordpress\/ -->\n<title>ZIPIT Dino Federm\u00e4ppchen f\u00fcr Jungen | Gro\u00dfes M\u00e4ppchen f\u00fcr die Schule | Monster Etui f\u00fcr Kinder | Federmappe Blau - Markt-XXL<\/title>\n<meta name=\"description\" content=\"Markt-XXL ZIPIT Dino Federm\u00e4ppchen f\u00fcr Jungen | Gro\u00dfes M\u00e4ppchen f\u00fcr die Schule | Monster Etui f\u00fcr Kinder | Federmappe Blau\" \/>\n<meta name=\"robots\" content=\"index, follow, max-snippet:-1, max-image-preview:large, max-video-preview:-1\" \/>\n<link rel=\"canonical\" href=\"https:\/\/marktxxl.de\/markt\/produkt\/zipit-dino-federmaeppchen-fuer-jungen-grosses-maeppchen-fuer-die-schule-monster-etui-fuer-kinder-federmappe-blau\/\" \/>\n<meta property=\"og:locale\" content=\"de_DE\" \/>\n<meta property=\"og:type\" content=\"article\" \/>\n<meta property=\"og:title\" content=\"ZIPIT Dino Federm\u00e4ppchen f\u00fcr Jungen | Gro\u00dfes M\u00e4ppchen f\u00fcr die Schule | Monster Etui f\u00fcr Kinder | Federmappe Blau - Markt-XXL\" \/>\n<meta property=\"og:description\" content=\"Markt-XXL ZIPIT Dino Federm\u00e4ppchen f\u00fcr Jungen | Gro\u00dfes M\u00e4ppchen f\u00fcr die Schule | Monster Etui f\u00fcr Kinder | Federmappe Blau\" \/>\n<meta property=\"og:url\" content=\"https:\/\/marktxxl.de\/markt\/produkt\/zipit-dino-federmaeppchen-fuer-jungen-grosses-maeppchen-fuer-die-schule-monster-etui-fuer-kinder-federmappe-blau\/\" \/>\n<meta property=\"og:site_name\" content=\"Markt-XXL\" \/>\n<meta name=\"twitter:card\" content=\"summary_large_image\" \/>\n<meta name=\"twitter:label1\" content=\"Gesch\u00e4tzte Lesezeit\" \/>\n\t<meta name=\"twitter:data1\" content=\"1\u00a0Minute\" \/>\n<script type=\"application\/ld+json\" class=\"yoast-schema-graph\">{\"@context\":\"https:\\\/\\\/schema.org\",\"@graph\":[{\"@type\":\"WebPage\",\"@id\":\"https:\\\/\\\/marktxxl.de\\\/markt\\\/produkt\\\/zipit-dino-federmaeppchen-fuer-jungen-grosses-maeppchen-fuer-die-schule-monster-etui-fuer-kinder-federmappe-blau\\\/\",\"url\":\"https:\\\/\\\/marktxxl.de\\\/markt\\\/produkt\\\/zipit-dino-federmaeppchen-fuer-jungen-grosses-maeppchen-fuer-die-schule-monster-etui-fuer-kinder-federmappe-blau\\\/\",\"name\":\"ZIPIT Dino Federm\u00e4ppchen f\u00fcr Jungen | Gro\u00dfes M\u00e4ppchen f\u00fcr die Schule | Monster Etui f\u00fcr Kinder | Federmappe Blau - Markt-XXL\",\"isPartOf\":{\"@id\":\"https:\\\/\\\/marktxxl.de\\\/markt\\\/#website\"},\"primaryImageOfPage\":{\"@id\":\"https:\\\/\\\/marktxxl.de\\\/markt\\\/produkt\\\/zipit-dino-federmaeppchen-fuer-jungen-grosses-maeppchen-fuer-die-schule-monster-etui-fuer-kinder-federmappe-blau\\\/#primaryimage\"},\"image\":{\"@id\":\"https:\\\/\\\/marktxxl.de\\\/markt\\\/produkt\\\/zipit-dino-federmaeppchen-fuer-jungen-grosses-maeppchen-fuer-die-schule-monster-etui-fuer-kinder-federmappe-blau\\\/#primaryimage\"},\"thumbnailUrl\":\"https:\\\/\\\/m.media-amazon.com\\\/images\\\/I\\\/41mKdAk-+NL._SL500_.jpg\",\"datePublished\":\"2024-07-28T14:16:20+00:00\",\"description\":\"Markt-XXL ZIPIT Dino Federm\u00e4ppchen f\u00fcr Jungen | Gro\u00dfes M\u00e4ppchen f\u00fcr die Schule | Monster Etui f\u00fcr Kinder | Federmappe Blau\",\"breadcrumb\":{\"@id\":\"https:\\\/\\\/marktxxl.de\\\/markt\\\/produkt\\\/zipit-dino-federmaeppchen-fuer-jungen-grosses-maeppchen-fuer-die-schule-monster-etui-fuer-kinder-federmappe-blau\\\/#breadcrumb\"},\"inLanguage\":\"de\",\"potentialAction\":[{\"@type\":\"ReadAction\",\"target\":[\"https:\\\/\\\/marktxxl.de\\\/markt\\\/produkt\\\/zipit-dino-federmaeppchen-fuer-jungen-grosses-maeppchen-fuer-die-schule-monster-etui-fuer-kinder-federmappe-blau\\\/\"]}]},{\"@type\":\"ImageObject\",\"inLanguage\":\"de\",\"@id\":\"https:\\\/\\\/marktxxl.de\\\/markt\\\/produkt\\\/zipit-dino-federmaeppchen-fuer-jungen-grosses-maeppchen-fuer-die-schule-monster-etui-fuer-kinder-federmappe-blau\\\/#primaryimage\",\"url\":\"https:\\\/\\\/m.media-amazon.com\\\/images\\\/I\\\/41mKdAk-+NL._SL500_.jpg\",\"contentUrl\":\"https:\\\/\\\/m.media-amazon.com\\\/images\\\/I\\\/41mKdAk-+NL._SL500_.jpg\",\"width\":500,\"height\":500},{\"@type\":\"BreadcrumbList\",\"@id\":\"https:\\\/\\\/marktxxl.de\\\/markt\\\/produkt\\\/zipit-dino-federmaeppchen-fuer-jungen-grosses-maeppchen-fuer-die-schule-monster-etui-fuer-kinder-federmappe-blau\\\/#breadcrumb\",\"itemListElement\":[{\"@type\":\"ListItem\",\"position\":1,\"name\":\"Startseite\",\"item\":\"https:\\\/\\\/marktxxl.de\\\/markt\\\/\"},{\"@type\":\"ListItem\",\"position\":2,\"name\":\"Markt\",\"item\":\"https:\\\/\\\/marktxxl.de\\\/markt\\\/\"},{\"@type\":\"ListItem\",\"position\":3,\"name\":\"ZIPIT Dino Federm\u00e4ppchen f\u00fcr Jungen | Gro\u00dfes M\u00e4ppchen f\u00fcr die Schule | Monster Etui f\u00fcr Kinder | Federmappe Blau\"}]},{\"@type\":\"WebSite\",\"@id\":\"https:\\\/\\\/marktxxl.de\\\/markt\\\/#website\",\"url\":\"https:\\\/\\\/marktxxl.de\\\/markt\\\/\",\"name\":\"Markt-XXL\",\"description\":\"Ihr Markt Online\",\"publisher\":{\"@id\":\"https:\\\/\\\/marktxxl.de\\\/markt\\\/#organization\"},\"potentialAction\":[{\"@type\":\"SearchAction\",\"target\":{\"@type\":\"EntryPoint\",\"urlTemplate\":\"https:\\\/\\\/marktxxl.de\\\/markt\\\/?s={search_term_string}\"},\"query-input\":{\"@type\":\"PropertyValueSpecification\",\"valueRequired\":true,\"valueName\":\"search_term_string\"}}],\"inLanguage\":\"de\"},{\"@type\":\"Organization\",\"@id\":\"https:\\\/\\\/marktxxl.de\\\/markt\\\/#organization\",\"name\":\"Markt-XXL\",\"url\":\"https:\\\/\\\/marktxxl.de\\\/markt\\\/\",\"logo\":{\"@type\":\"ImageObject\",\"inLanguage\":\"de\",\"@id\":\"https:\\\/\\\/marktxxl.de\\\/markt\\\/#\\\/schema\\\/logo\\\/image\\\/\",\"url\":\"https:\\\/\\\/marktxxl.de\\\/markt\\\/wp-content\\\/uploads\\\/sites\\\/3\\\/2020\\\/12\\\/logo.png\",\"contentUrl\":\"https:\\\/\\\/marktxxl.de\\\/markt\\\/wp-content\\\/uploads\\\/sites\\\/3\\\/2020\\\/12\\\/logo.png\",\"width\":200,\"height\":70,\"caption\":\"Markt-XXL\"},\"image\":{\"@id\":\"https:\\\/\\\/marktxxl.de\\\/markt\\\/#\\\/schema\\\/logo\\\/image\\\/\"}}]}<\/script>\n<!-- \/ Yoast SEO plugin. -->","yoast_head_json":{"title":"ZIPIT Dino Federm\u00e4ppchen f\u00fcr Jungen | Gro\u00dfes M\u00e4ppchen f\u00fcr die Schule | Monster Etui f\u00fcr Kinder | Federmappe Blau - Markt-XXL","description":"Markt-XXL ZIPIT Dino Federm\u00e4ppchen f\u00fcr Jungen | Gro\u00dfes M\u00e4ppchen f\u00fcr die Schule | Monster Etui f\u00fcr Kinder | Federmappe Blau","robots":{"index":"index","follow":"follow","max-snippet":"max-snippet:-1","max-image-preview":"max-image-preview:large","max-video-preview":"max-video-preview:-1"},"canonical":"https:\/\/marktxxl.de\/markt\/produkt\/zipit-dino-federmaeppchen-fuer-jungen-grosses-maeppchen-fuer-die-schule-monster-etui-fuer-kinder-federmappe-blau\/","og_locale":"de_DE","og_type":"article","og_title":"ZIPIT Dino Federm\u00e4ppchen f\u00fcr Jungen | Gro\u00dfes M\u00e4ppchen f\u00fcr die Schule | Monster Etui f\u00fcr Kinder | Federmappe Blau - Markt-XXL","og_description":"Markt-XXL ZIPIT Dino Federm\u00e4ppchen f\u00fcr Jungen | Gro\u00dfes M\u00e4ppchen f\u00fcr die Schule | Monster Etui f\u00fcr Kinder | Federmappe Blau","og_url":"https:\/\/marktxxl.de\/markt\/produkt\/zipit-dino-federmaeppchen-fuer-jungen-grosses-maeppchen-fuer-die-schule-monster-etui-fuer-kinder-federmappe-blau\/","og_site_name":"Markt-XXL","twitter_card":"summary_large_image","twitter_misc":{"Gesch\u00e4tzte Lesezeit":"1\u00a0Minute"},"schema":{"@context":"https:\/\/schema.org","@graph":[{"@type":"WebPage","@id":"https:\/\/marktxxl.de\/markt\/produkt\/zipit-dino-federmaeppchen-fuer-jungen-grosses-maeppchen-fuer-die-schule-monster-etui-fuer-kinder-federmappe-blau\/","url":"https:\/\/marktxxl.de\/markt\/produkt\/zipit-dino-federmaeppchen-fuer-jungen-grosses-maeppchen-fuer-die-schule-monster-etui-fuer-kinder-federmappe-blau\/","name":"ZIPIT Dino Federm\u00e4ppchen f\u00fcr Jungen | Gro\u00dfes M\u00e4ppchen f\u00fcr die Schule | Monster Etui f\u00fcr Kinder | Federmappe Blau - Markt-XXL","isPartOf":{"@id":"https:\/\/marktxxl.de\/markt\/#website"},"primaryImageOfPage":{"@id":"https:\/\/marktxxl.de\/markt\/produkt\/zipit-dino-federmaeppchen-fuer-jungen-grosses-maeppchen-fuer-die-schule-monster-etui-fuer-kinder-federmappe-blau\/#primaryimage"},"image":{"@id":"https:\/\/marktxxl.de\/markt\/produkt\/zipit-dino-federmaeppchen-fuer-jungen-grosses-maeppchen-fuer-die-schule-monster-etui-fuer-kinder-federmappe-blau\/#primaryimage"},"thumbnailUrl":"https:\/\/m.media-amazon.com\/images\/I\/41mKdAk-+NL._SL500_.jpg","datePublished":"2024-07-28T14:16:20+00:00","description":"Markt-XXL ZIPIT Dino Federm\u00e4ppchen f\u00fcr Jungen | Gro\u00dfes M\u00e4ppchen f\u00fcr die Schule | Monster Etui f\u00fcr Kinder | Federmappe Blau","breadcrumb":{"@id":"https:\/\/marktxxl.de\/markt\/produkt\/zipit-dino-federmaeppchen-fuer-jungen-grosses-maeppchen-fuer-die-schule-monster-etui-fuer-kinder-federmappe-blau\/#breadcrumb"},"inLanguage":"de","potentialAction":[{"@type":"ReadAction","target":["https:\/\/marktxxl.de\/markt\/produkt\/zipit-dino-federmaeppchen-fuer-jungen-grosses-maeppchen-fuer-die-schule-monster-etui-fuer-kinder-federmappe-blau\/"]}]},{"@type":"ImageObject","inLanguage":"de","@id":"https:\/\/marktxxl.de\/markt\/produkt\/zipit-dino-federmaeppchen-fuer-jungen-grosses-maeppchen-fuer-die-schule-monster-etui-fuer-kinder-federmappe-blau\/#primaryimage","url":"https:\/\/m.media-amazon.com\/images\/I\/41mKdAk-+NL._SL500_.jpg","contentUrl":"https:\/\/m.media-amazon.com\/images\/I\/41mKdAk-+NL._SL500_.jpg","width":500,"height":500},{"@type":"BreadcrumbList","@id":"https:\/\/marktxxl.de\/markt\/produkt\/zipit-dino-federmaeppchen-fuer-jungen-grosses-maeppchen-fuer-die-schule-monster-etui-fuer-kinder-federmappe-blau\/#breadcrumb","itemListElement":[{"@type":"ListItem","position":1,"name":"Startseite","item":"https:\/\/marktxxl.de\/markt\/"},{"@type":"ListItem","position":2,"name":"Markt","item":"https:\/\/marktxxl.de\/markt\/"},{"@type":"ListItem","position":3,"name":"ZIPIT Dino Federm\u00e4ppchen f\u00fcr Jungen | Gro\u00dfes M\u00e4ppchen f\u00fcr die Schule | Monster Etui f\u00fcr Kinder | Federmappe Blau"}]},{"@type":"WebSite","@id":"https:\/\/marktxxl.de\/markt\/#website","url":"https:\/\/marktxxl.de\/markt\/","name":"Markt-XXL","description":"Ihr Markt Online","publisher":{"@id":"https:\/\/marktxxl.de\/markt\/#organization"},"potentialAction":[{"@type":"SearchAction","target":{"@type":"EntryPoint","urlTemplate":"https:\/\/marktxxl.de\/markt\/?s={search_term_string}"},"query-input":{"@type":"PropertyValueSpecification","valueRequired":true,"valueName":"search_term_string"}}],"inLanguage":"de"},{"@type":"Organization","@id":"https:\/\/marktxxl.de\/markt\/#organization","name":"Markt-XXL","url":"https:\/\/marktxxl.de\/markt\/","logo":{"@type":"ImageObject","inLanguage":"de","@id":"https:\/\/marktxxl.de\/markt\/#\/schema\/logo\/image\/","url":"https:\/\/marktxxl.de\/markt\/wp-content\/uploads\/sites\/3\/2020\/12\/logo.png","contentUrl":"https:\/\/marktxxl.de\/markt\/wp-content\/uploads\/sites\/3\/2020\/12\/logo.png","width":200,"height":70,"caption":"Markt-XXL"},"image":{"@id":"https:\/\/marktxxl.de\/markt\/#\/schema\/logo\/image\/"}}]}},"_links":{"self":[{"href":"https:\/\/marktxxl.de\/markt\/wp-json\/wp\/v2\/product\/222524","targetHints":{"allow":["GET"]}}],"collection":[{"href":"https:\/\/marktxxl.de\/markt\/wp-json\/wp\/v2\/product"}],"about":[{"href":"https:\/\/marktxxl.de\/markt\/wp-json\/wp\/v2\/types\/product"}],"replies":[{"embeddable":true,"href":"https:\/\/marktxxl.de\/markt\/wp-json\/wp\/v2\/comments?post=222524"}],"wp:featuredmedia":[{"embeddable":true,"href":"https:\/\/marktxxl.de\/markt\/wp-json\/wp\/v2\/media\/222525"}],"wp:attachment":[{"href":"https:\/\/marktxxl.de\/markt\/wp-json\/wp\/v2\/media?parent=222524"}],"wp:term":[{"taxonomy":"product_brand","embeddable":true,"href":"https:\/\/marktxxl.de\/markt\/wp-json\/wp\/v2\/product_brand?post=222524"},{"taxonomy":"product_cat","embeddable":true,"href":"https:\/\/marktxxl.de\/markt\/wp-json\/wp\/v2\/product_cat?post=222524"},{"taxonomy":"product_tag","embeddable":true,"href":"https:\/\/marktxxl.de\/markt\/wp-json\/wp\/v2\/product_tag?post=222524"}],"curies":[{"name":"wp","href":"https:\/\/api.w.org\/{rel}","templated":true}]}}