{"id":222264,"date":"2024-07-28T16:01:41","date_gmt":"2024-07-28T14:01:41","guid":{"rendered":"https:\/\/marktxxl.de\/markt\/produkt\/brox-bimsstein-wc-3-stueck-klo-reiniger-bei-hartnaeckigem-urinstein-kalk-pumice-stone-toilet-toilettenstein-fuer-effektive-reinigung-reinigungsstein\/"},"modified":"2024-07-28T16:01:41","modified_gmt":"2024-07-28T14:01:41","slug":"brox-bimsstein-wc-3-stueck-klo-reiniger-bei-hartnaeckigem-urinstein-kalk-pumice-stone-toilet-toilettenstein-fuer-effektive-reinigung-reinigungsstein","status":"publish","type":"product","link":"https:\/\/marktxxl.de\/markt\/produkt\/brox-bimsstein-wc-3-stueck-klo-reiniger-bei-hartnaeckigem-urinstein-kalk-pumice-stone-toilet-toilettenstein-fuer-effektive-reinigung-reinigungsstein\/","title":{"rendered":"BROX\u00ae Bimsstein WC 3 St\u00fcck \u2013 Klo Reiniger bei hartn\u00e4ckigem Urinstein &amp; Kalk \u2013 Pumice Stone Toilet \u2013 Toilettenstein f\u00fcr effektive Reinigung \u2013 Reinigungsstein \u2013 Urinsteinentferner mit schwarzem Griff"},"content":{"rendered":"<p>\u2728NAT\u00dcRLICHER REINIGER: Der original BROX Bimsstein aus Naturstein enth\u00e4lt keine chemischen Zus\u00e4tze und wirkt effektiv gegen hartn\u00e4ckige Verschmutzungen im WC wie z. B. Kalk oder Urinstein.<br \/>\n\ud83c\udf31UMWELTFREUNDLICH &amp; SCHONEND: Der Bimsstein Klo Reiniger greift im Gegensatz zu herk\u00f6mmlichen WC-Reiniger die Oberfl\u00e4che des WC-Beckens nicht an und sorgt so f\u00fcr eine schonende und umweltfreundliche Reinigung.<br \/>\n\ud83d\ude4b\ud83c\udffc\u200d\u2640\ufe0fEINFACHE ANWENDUNG: Der Reinigungsstein ist einfach in der Anwendung: Mit Wasser anfeuchten, leicht \u00fcber die Verschmutzungen im WC reiben und anschlie\u00dfend absp\u00fclen. Der schwarze Griff erleichtert Ihnen die Handhabung. Der Griff hat einen praktischen Haken zum bequemen Aufh\u00e4ngen und Verstauen.<br \/>\n\ud83d\udc4dUMFANGREICHES SET: Mit gleich 3 Bimssteinen im Set sind Sie optimal ausgestattet f\u00fcr langanhaltende Sauberkeit! Abh\u00e4ngig von der Verschmutzung bew\u00e4hrt sich unser Toilettenstein \u00fcber zahlreiche Anwendungen. Abnutzungshinweis: Bimssteine sind por\u00f6s und haben eine nat\u00fcrliche, abrasive Beschaffenheit. W\u00e4hrend der Reinigung l\u00f6sen sich kleine Partikel des Bimssteins ab und tragen so zur Entfernung von Ablagerungen und Schmutz bei.<br \/>\n\ud83e\udee7VIELSEITIG EINSETZBAR: Der WC Bimsstein eignet sich nicht nur f\u00fcr die Reinigung von WC-Sch\u00fcsseln, sondern auch f\u00fcr andere Bereiche im Bad oder in der K\u00fcche. ACHTUNG: Der Bimsstein besteht aus Naturstein, der durch seine por\u00f6se Struktur und abrasive Oberfl\u00e4che Schmutz und Ablagerungen beseitigt. Aus diesem Grund ist er f\u00fcr empfindliche Oberfl\u00e4chen wie Aluminium NICHT geeignet!<br \/>\n<div class=\"main-cross-sell\" data-asin=\"B0C2QLWVCZ\">\n\n\t<div class=\"WooZone-cross-sell-loader\">\n\t\t<div>\n\t\t\t<div id=\"floatingBarsG\">\n\t\t\t\t<div class=\"blockG\" id=\"rotateG_01\"><\/div>\n\t\t\t\t<div class=\"blockG\" id=\"rotateG_02\"><\/div>\n\t\t\t\t<div class=\"blockG\" id=\"rotateG_03\"><\/div>\n\t\t\t\t<div class=\"blockG\" id=\"rotateG_04\"><\/div>\n\t\t\t\t<div class=\"blockG\" id=\"rotateG_05\"><\/div>\n\t\t\t\t<div class=\"blockG\" id=\"rotateG_06\"><\/div>\n\t\t\t\t<div class=\"blockG\" id=\"rotateG_07\"><\/div>\n\t\t\t\t<div class=\"blockG\" id=\"rotateG_08\"><\/div>\n\t\t\t<\/div>\n\t\t\t<div class=\"WooZone-cross-sell-loader-text\"><\/div>\n\t\t<\/div>\n\t<\/div>\n\n\t\t\n<\/div>\n<div style=\"clear:both;\"><\/div><\/p>\n","protected":false},"excerpt":{"rendered":"<p>\u2728NAT\u00dcRLICHER REINIGER: Der original BROX Bimsstein aus Naturstein enth\u00e4lt keine chemischen Zus\u00e4tze und wirkt effektiv gegen hartn\u00e4ckige Verschmutzungen im WC wie z. B. Kalk oder Urinstein.<br \/>\n\ud83c\udf31UMWELTFREUNDLICH &amp; SCHONEND: Der Bimsstein Klo Reiniger greift im Gegensatz zu herk\u00f6mmlichen WC-Reiniger die Oberfl\u00e4che des WC-Beckens nicht an und sorgt so f\u00fcr eine schonende und umweltfreundliche Reinigung.<br \/>\n\ud83d\ude4b\ud83c\udffc\u200d\u2640\ufe0fEINFACHE ANWENDUNG: Der Reinigungsstein ist einfach in der Anwendung: Mit Wasser anfeuchten, leicht \u00fcber die Verschmutzungen im WC reiben und anschlie\u00dfend absp\u00fclen. Der schwarze Griff erleichtert Ihnen die Handhabung. Der Griff hat einen praktischen Haken zum bequemen Aufh\u00e4ngen und Verstauen.<\/p>\n","protected":false},"featured_media":222265,"comment_status":"open","ping_status":"closed","template":"","meta":[],"product_brand":[],"product_cat":[2858,7659],"product_tag":[],"class_list":{"0":"post-222264","1":"product","2":"type-product","3":"status-publish","4":"has-post-thumbnail","6":"product_cat-beauty","7":"product_cat-manikuere-pedikuere","8":"pa_brand-brox","9":"pa_color-grau-naturstein","10":"pa_manufacturer-sven-brueckner","11":"pa_size-1-stueck-3er-pack","13":"first","14":"instock","15":"shipping-taxable","16":"product-type-simple","17":"customify-col","18":"product-has-gallery"},"yoast_head":"<!-- This site is optimized with the Yoast SEO plugin v27.4 - https:\/\/yoast.com\/product\/yoast-seo-wordpress\/ -->\n<title>BROX\u00ae Bimsstein WC 3 St\u00fcck \u2013 Klo Reiniger bei hartn\u00e4ckigem Urinstein &amp; Kalk \u2013 Pumice Stone Toilet \u2013 Toilettenstein f\u00fcr effektive Reinigung \u2013 Reinigungsstein \u2013 Urinsteinentferner mit schwarzem Griff - Markt-XXL<\/title>\n<meta name=\"description\" content=\"Markt-XXL BROX\u00ae Bimsstein WC 3 St\u00fcck \u2013 Klo Reiniger bei hartn\u00e4ckigem Urinstein &amp; Kalk \u2013 Pumice Stone Toilet \u2013 Toilettenstein f\u00fcr effektive Reinigung \u2013 Reinigungsstein \u2013 Urinsteinentferner mit schwarzem Griff\" \/>\n<meta name=\"robots\" content=\"index, follow, max-snippet:-1, max-image-preview:large, max-video-preview:-1\" \/>\n<link rel=\"canonical\" href=\"https:\/\/marktxxl.de\/markt\/produkt\/brox-bimsstein-wc-3-stueck-klo-reiniger-bei-hartnaeckigem-urinstein-kalk-pumice-stone-toilet-toilettenstein-fuer-effektive-reinigung-reinigungsstein\/\" \/>\n<meta property=\"og:locale\" content=\"de_DE\" \/>\n<meta property=\"og:type\" content=\"article\" \/>\n<meta property=\"og:title\" content=\"BROX\u00ae Bimsstein WC 3 St\u00fcck \u2013 Klo Reiniger bei hartn\u00e4ckigem Urinstein &amp; Kalk \u2013 Pumice Stone Toilet \u2013 Toilettenstein f\u00fcr effektive Reinigung \u2013 Reinigungsstein \u2013 Urinsteinentferner mit schwarzem Griff - Markt-XXL\" \/>\n<meta property=\"og:description\" content=\"Markt-XXL BROX\u00ae Bimsstein WC 3 St\u00fcck \u2013 Klo Reiniger bei hartn\u00e4ckigem Urinstein &amp; Kalk \u2013 Pumice Stone Toilet \u2013 Toilettenstein f\u00fcr effektive Reinigung \u2013 Reinigungsstein \u2013 Urinsteinentferner mit schwarzem Griff\" \/>\n<meta property=\"og:url\" content=\"https:\/\/marktxxl.de\/markt\/produkt\/brox-bimsstein-wc-3-stueck-klo-reiniger-bei-hartnaeckigem-urinstein-kalk-pumice-stone-toilet-toilettenstein-fuer-effektive-reinigung-reinigungsstein\/\" \/>\n<meta property=\"og:site_name\" content=\"Markt-XXL\" \/>\n<meta name=\"twitter:card\" content=\"summary_large_image\" \/>\n<meta name=\"twitter:label1\" content=\"Gesch\u00e4tzte Lesezeit\" \/>\n\t<meta name=\"twitter:data1\" content=\"1\u00a0Minute\" \/>\n<script type=\"application\/ld+json\" class=\"yoast-schema-graph\">{\"@context\":\"https:\\\/\\\/schema.org\",\"@graph\":[{\"@type\":\"WebPage\",\"@id\":\"https:\\\/\\\/marktxxl.de\\\/markt\\\/produkt\\\/brox-bimsstein-wc-3-stueck-klo-reiniger-bei-hartnaeckigem-urinstein-kalk-pumice-stone-toilet-toilettenstein-fuer-effektive-reinigung-reinigungsstein\\\/\",\"url\":\"https:\\\/\\\/marktxxl.de\\\/markt\\\/produkt\\\/brox-bimsstein-wc-3-stueck-klo-reiniger-bei-hartnaeckigem-urinstein-kalk-pumice-stone-toilet-toilettenstein-fuer-effektive-reinigung-reinigungsstein\\\/\",\"name\":\"BROX\u00ae Bimsstein WC 3 St\u00fcck \u2013 Klo Reiniger bei hartn\u00e4ckigem Urinstein &amp; Kalk \u2013 Pumice Stone Toilet \u2013 Toilettenstein f\u00fcr effektive Reinigung \u2013 Reinigungsstein \u2013 Urinsteinentferner mit schwarzem Griff - Markt-XXL\",\"isPartOf\":{\"@id\":\"https:\\\/\\\/marktxxl.de\\\/markt\\\/#website\"},\"primaryImageOfPage\":{\"@id\":\"https:\\\/\\\/marktxxl.de\\\/markt\\\/produkt\\\/brox-bimsstein-wc-3-stueck-klo-reiniger-bei-hartnaeckigem-urinstein-kalk-pumice-stone-toilet-toilettenstein-fuer-effektive-reinigung-reinigungsstein\\\/#primaryimage\"},\"image\":{\"@id\":\"https:\\\/\\\/marktxxl.de\\\/markt\\\/produkt\\\/brox-bimsstein-wc-3-stueck-klo-reiniger-bei-hartnaeckigem-urinstein-kalk-pumice-stone-toilet-toilettenstein-fuer-effektive-reinigung-reinigungsstein\\\/#primaryimage\"},\"thumbnailUrl\":\"https:\\\/\\\/m.media-amazon.com\\\/images\\\/I\\\/511r9UdXNuL._SL500_.jpg\",\"datePublished\":\"2024-07-28T14:01:41+00:00\",\"description\":\"Markt-XXL BROX\u00ae Bimsstein WC 3 St\u00fcck \u2013 Klo Reiniger bei hartn\u00e4ckigem Urinstein &amp; Kalk \u2013 Pumice Stone Toilet \u2013 Toilettenstein f\u00fcr effektive Reinigung \u2013 Reinigungsstein \u2013 Urinsteinentferner mit schwarzem Griff\",\"breadcrumb\":{\"@id\":\"https:\\\/\\\/marktxxl.de\\\/markt\\\/produkt\\\/brox-bimsstein-wc-3-stueck-klo-reiniger-bei-hartnaeckigem-urinstein-kalk-pumice-stone-toilet-toilettenstein-fuer-effektive-reinigung-reinigungsstein\\\/#breadcrumb\"},\"inLanguage\":\"de\",\"potentialAction\":[{\"@type\":\"ReadAction\",\"target\":[\"https:\\\/\\\/marktxxl.de\\\/markt\\\/produkt\\\/brox-bimsstein-wc-3-stueck-klo-reiniger-bei-hartnaeckigem-urinstein-kalk-pumice-stone-toilet-toilettenstein-fuer-effektive-reinigung-reinigungsstein\\\/\"]}]},{\"@type\":\"ImageObject\",\"inLanguage\":\"de\",\"@id\":\"https:\\\/\\\/marktxxl.de\\\/markt\\\/produkt\\\/brox-bimsstein-wc-3-stueck-klo-reiniger-bei-hartnaeckigem-urinstein-kalk-pumice-stone-toilet-toilettenstein-fuer-effektive-reinigung-reinigungsstein\\\/#primaryimage\",\"url\":\"https:\\\/\\\/m.media-amazon.com\\\/images\\\/I\\\/511r9UdXNuL._SL500_.jpg\",\"contentUrl\":\"https:\\\/\\\/m.media-amazon.com\\\/images\\\/I\\\/511r9UdXNuL._SL500_.jpg\",\"width\":500,\"height\":500},{\"@type\":\"BreadcrumbList\",\"@id\":\"https:\\\/\\\/marktxxl.de\\\/markt\\\/produkt\\\/brox-bimsstein-wc-3-stueck-klo-reiniger-bei-hartnaeckigem-urinstein-kalk-pumice-stone-toilet-toilettenstein-fuer-effektive-reinigung-reinigungsstein\\\/#breadcrumb\",\"itemListElement\":[{\"@type\":\"ListItem\",\"position\":1,\"name\":\"Startseite\",\"item\":\"https:\\\/\\\/marktxxl.de\\\/markt\\\/\"},{\"@type\":\"ListItem\",\"position\":2,\"name\":\"Markt\",\"item\":\"https:\\\/\\\/marktxxl.de\\\/markt\\\/\"},{\"@type\":\"ListItem\",\"position\":3,\"name\":\"BROX\u00ae Bimsstein WC 3 St\u00fcck \u2013 Klo Reiniger bei hartn\u00e4ckigem Urinstein &amp; Kalk \u2013 Pumice Stone Toilet \u2013 Toilettenstein f\u00fcr effektive Reinigung \u2013 Reinigungsstein \u2013 Urinsteinentferner mit schwarzem Griff\"}]},{\"@type\":\"WebSite\",\"@id\":\"https:\\\/\\\/marktxxl.de\\\/markt\\\/#website\",\"url\":\"https:\\\/\\\/marktxxl.de\\\/markt\\\/\",\"name\":\"Markt-XXL\",\"description\":\"Ihr Markt Online\",\"publisher\":{\"@id\":\"https:\\\/\\\/marktxxl.de\\\/markt\\\/#organization\"},\"potentialAction\":[{\"@type\":\"SearchAction\",\"target\":{\"@type\":\"EntryPoint\",\"urlTemplate\":\"https:\\\/\\\/marktxxl.de\\\/markt\\\/?s={search_term_string}\"},\"query-input\":{\"@type\":\"PropertyValueSpecification\",\"valueRequired\":true,\"valueName\":\"search_term_string\"}}],\"inLanguage\":\"de\"},{\"@type\":\"Organization\",\"@id\":\"https:\\\/\\\/marktxxl.de\\\/markt\\\/#organization\",\"name\":\"Markt-XXL\",\"url\":\"https:\\\/\\\/marktxxl.de\\\/markt\\\/\",\"logo\":{\"@type\":\"ImageObject\",\"inLanguage\":\"de\",\"@id\":\"https:\\\/\\\/marktxxl.de\\\/markt\\\/#\\\/schema\\\/logo\\\/image\\\/\",\"url\":\"https:\\\/\\\/marktxxl.de\\\/markt\\\/wp-content\\\/uploads\\\/sites\\\/3\\\/2020\\\/12\\\/logo.png\",\"contentUrl\":\"https:\\\/\\\/marktxxl.de\\\/markt\\\/wp-content\\\/uploads\\\/sites\\\/3\\\/2020\\\/12\\\/logo.png\",\"width\":200,\"height\":70,\"caption\":\"Markt-XXL\"},\"image\":{\"@id\":\"https:\\\/\\\/marktxxl.de\\\/markt\\\/#\\\/schema\\\/logo\\\/image\\\/\"}}]}<\/script>\n<!-- \/ Yoast SEO plugin. -->","yoast_head_json":{"title":"BROX\u00ae Bimsstein WC 3 St\u00fcck \u2013 Klo Reiniger bei hartn\u00e4ckigem Urinstein &amp; Kalk \u2013 Pumice Stone Toilet \u2013 Toilettenstein f\u00fcr effektive Reinigung \u2013 Reinigungsstein \u2013 Urinsteinentferner mit schwarzem Griff - Markt-XXL","description":"Markt-XXL BROX\u00ae Bimsstein WC 3 St\u00fcck \u2013 Klo Reiniger bei hartn\u00e4ckigem Urinstein &amp; Kalk \u2013 Pumice Stone Toilet \u2013 Toilettenstein f\u00fcr effektive Reinigung \u2013 Reinigungsstein \u2013 Urinsteinentferner mit schwarzem Griff","robots":{"index":"index","follow":"follow","max-snippet":"max-snippet:-1","max-image-preview":"max-image-preview:large","max-video-preview":"max-video-preview:-1"},"canonical":"https:\/\/marktxxl.de\/markt\/produkt\/brox-bimsstein-wc-3-stueck-klo-reiniger-bei-hartnaeckigem-urinstein-kalk-pumice-stone-toilet-toilettenstein-fuer-effektive-reinigung-reinigungsstein\/","og_locale":"de_DE","og_type":"article","og_title":"BROX\u00ae Bimsstein WC 3 St\u00fcck \u2013 Klo Reiniger bei hartn\u00e4ckigem Urinstein &amp; Kalk \u2013 Pumice Stone Toilet \u2013 Toilettenstein f\u00fcr effektive Reinigung \u2013 Reinigungsstein \u2013 Urinsteinentferner mit schwarzem Griff - Markt-XXL","og_description":"Markt-XXL BROX\u00ae Bimsstein WC 3 St\u00fcck \u2013 Klo Reiniger bei hartn\u00e4ckigem Urinstein &amp; Kalk \u2013 Pumice Stone Toilet \u2013 Toilettenstein f\u00fcr effektive Reinigung \u2013 Reinigungsstein \u2013 Urinsteinentferner mit schwarzem Griff","og_url":"https:\/\/marktxxl.de\/markt\/produkt\/brox-bimsstein-wc-3-stueck-klo-reiniger-bei-hartnaeckigem-urinstein-kalk-pumice-stone-toilet-toilettenstein-fuer-effektive-reinigung-reinigungsstein\/","og_site_name":"Markt-XXL","twitter_card":"summary_large_image","twitter_misc":{"Gesch\u00e4tzte Lesezeit":"1\u00a0Minute"},"schema":{"@context":"https:\/\/schema.org","@graph":[{"@type":"WebPage","@id":"https:\/\/marktxxl.de\/markt\/produkt\/brox-bimsstein-wc-3-stueck-klo-reiniger-bei-hartnaeckigem-urinstein-kalk-pumice-stone-toilet-toilettenstein-fuer-effektive-reinigung-reinigungsstein\/","url":"https:\/\/marktxxl.de\/markt\/produkt\/brox-bimsstein-wc-3-stueck-klo-reiniger-bei-hartnaeckigem-urinstein-kalk-pumice-stone-toilet-toilettenstein-fuer-effektive-reinigung-reinigungsstein\/","name":"BROX\u00ae Bimsstein WC 3 St\u00fcck \u2013 Klo Reiniger bei hartn\u00e4ckigem Urinstein &amp; Kalk \u2013 Pumice Stone Toilet \u2013 Toilettenstein f\u00fcr effektive Reinigung \u2013 Reinigungsstein \u2013 Urinsteinentferner mit schwarzem Griff - Markt-XXL","isPartOf":{"@id":"https:\/\/marktxxl.de\/markt\/#website"},"primaryImageOfPage":{"@id":"https:\/\/marktxxl.de\/markt\/produkt\/brox-bimsstein-wc-3-stueck-klo-reiniger-bei-hartnaeckigem-urinstein-kalk-pumice-stone-toilet-toilettenstein-fuer-effektive-reinigung-reinigungsstein\/#primaryimage"},"image":{"@id":"https:\/\/marktxxl.de\/markt\/produkt\/brox-bimsstein-wc-3-stueck-klo-reiniger-bei-hartnaeckigem-urinstein-kalk-pumice-stone-toilet-toilettenstein-fuer-effektive-reinigung-reinigungsstein\/#primaryimage"},"thumbnailUrl":"https:\/\/m.media-amazon.com\/images\/I\/511r9UdXNuL._SL500_.jpg","datePublished":"2024-07-28T14:01:41+00:00","description":"Markt-XXL BROX\u00ae Bimsstein WC 3 St\u00fcck \u2013 Klo Reiniger bei hartn\u00e4ckigem Urinstein &amp; Kalk \u2013 Pumice Stone Toilet \u2013 Toilettenstein f\u00fcr effektive Reinigung \u2013 Reinigungsstein \u2013 Urinsteinentferner mit schwarzem Griff","breadcrumb":{"@id":"https:\/\/marktxxl.de\/markt\/produkt\/brox-bimsstein-wc-3-stueck-klo-reiniger-bei-hartnaeckigem-urinstein-kalk-pumice-stone-toilet-toilettenstein-fuer-effektive-reinigung-reinigungsstein\/#breadcrumb"},"inLanguage":"de","potentialAction":[{"@type":"ReadAction","target":["https:\/\/marktxxl.de\/markt\/produkt\/brox-bimsstein-wc-3-stueck-klo-reiniger-bei-hartnaeckigem-urinstein-kalk-pumice-stone-toilet-toilettenstein-fuer-effektive-reinigung-reinigungsstein\/"]}]},{"@type":"ImageObject","inLanguage":"de","@id":"https:\/\/marktxxl.de\/markt\/produkt\/brox-bimsstein-wc-3-stueck-klo-reiniger-bei-hartnaeckigem-urinstein-kalk-pumice-stone-toilet-toilettenstein-fuer-effektive-reinigung-reinigungsstein\/#primaryimage","url":"https:\/\/m.media-amazon.com\/images\/I\/511r9UdXNuL._SL500_.jpg","contentUrl":"https:\/\/m.media-amazon.com\/images\/I\/511r9UdXNuL._SL500_.jpg","width":500,"height":500},{"@type":"BreadcrumbList","@id":"https:\/\/marktxxl.de\/markt\/produkt\/brox-bimsstein-wc-3-stueck-klo-reiniger-bei-hartnaeckigem-urinstein-kalk-pumice-stone-toilet-toilettenstein-fuer-effektive-reinigung-reinigungsstein\/#breadcrumb","itemListElement":[{"@type":"ListItem","position":1,"name":"Startseite","item":"https:\/\/marktxxl.de\/markt\/"},{"@type":"ListItem","position":2,"name":"Markt","item":"https:\/\/marktxxl.de\/markt\/"},{"@type":"ListItem","position":3,"name":"BROX\u00ae Bimsstein WC 3 St\u00fcck \u2013 Klo Reiniger bei hartn\u00e4ckigem Urinstein &amp; Kalk \u2013 Pumice Stone Toilet \u2013 Toilettenstein f\u00fcr effektive Reinigung \u2013 Reinigungsstein \u2013 Urinsteinentferner mit schwarzem Griff"}]},{"@type":"WebSite","@id":"https:\/\/marktxxl.de\/markt\/#website","url":"https:\/\/marktxxl.de\/markt\/","name":"Markt-XXL","description":"Ihr Markt Online","publisher":{"@id":"https:\/\/marktxxl.de\/markt\/#organization"},"potentialAction":[{"@type":"SearchAction","target":{"@type":"EntryPoint","urlTemplate":"https:\/\/marktxxl.de\/markt\/?s={search_term_string}"},"query-input":{"@type":"PropertyValueSpecification","valueRequired":true,"valueName":"search_term_string"}}],"inLanguage":"de"},{"@type":"Organization","@id":"https:\/\/marktxxl.de\/markt\/#organization","name":"Markt-XXL","url":"https:\/\/marktxxl.de\/markt\/","logo":{"@type":"ImageObject","inLanguage":"de","@id":"https:\/\/marktxxl.de\/markt\/#\/schema\/logo\/image\/","url":"https:\/\/marktxxl.de\/markt\/wp-content\/uploads\/sites\/3\/2020\/12\/logo.png","contentUrl":"https:\/\/marktxxl.de\/markt\/wp-content\/uploads\/sites\/3\/2020\/12\/logo.png","width":200,"height":70,"caption":"Markt-XXL"},"image":{"@id":"https:\/\/marktxxl.de\/markt\/#\/schema\/logo\/image\/"}}]}},"_links":{"self":[{"href":"https:\/\/marktxxl.de\/markt\/wp-json\/wp\/v2\/product\/222264","targetHints":{"allow":["GET"]}}],"collection":[{"href":"https:\/\/marktxxl.de\/markt\/wp-json\/wp\/v2\/product"}],"about":[{"href":"https:\/\/marktxxl.de\/markt\/wp-json\/wp\/v2\/types\/product"}],"replies":[{"embeddable":true,"href":"https:\/\/marktxxl.de\/markt\/wp-json\/wp\/v2\/comments?post=222264"}],"wp:featuredmedia":[{"embeddable":true,"href":"https:\/\/marktxxl.de\/markt\/wp-json\/wp\/v2\/media\/222265"}],"wp:attachment":[{"href":"https:\/\/marktxxl.de\/markt\/wp-json\/wp\/v2\/media?parent=222264"}],"wp:term":[{"taxonomy":"product_brand","embeddable":true,"href":"https:\/\/marktxxl.de\/markt\/wp-json\/wp\/v2\/product_brand?post=222264"},{"taxonomy":"product_cat","embeddable":true,"href":"https:\/\/marktxxl.de\/markt\/wp-json\/wp\/v2\/product_cat?post=222264"},{"taxonomy":"product_tag","embeddable":true,"href":"https:\/\/marktxxl.de\/markt\/wp-json\/wp\/v2\/product_tag?post=222264"}],"curies":[{"name":"wp","href":"https:\/\/api.w.org\/{rel}","templated":true}]}}