{"id":222144,"date":"2024-07-28T15:59:30","date_gmt":"2024-07-28T13:59:30","guid":{"rendered":"https:\/\/marktxxl.de\/markt\/produkt\/mellow-noir-concentrated-booster-sofort-straffend-vegan-klimaneutral-clean-hyaluron-gesichtsserum-zertifizierte-naturkosmetik-augenserum-serum-zur-augenpflege-gesichtspflege\/"},"modified":"2024-07-28T15:59:30","modified_gmt":"2024-07-28T13:59:30","slug":"mellow-noir-concentrated-booster-sofort-straffend-vegan-klimaneutral-clean-hyaluron-gesichtsserum-zertifizierte-naturkosmetik-augenserum-serum-zur-augenpflege-gesichtspflege","status":"publish","type":"product","link":"https:\/\/marktxxl.de\/markt\/produkt\/mellow-noir-concentrated-booster-sofort-straffend-vegan-klimaneutral-clean-hyaluron-gesichtsserum-zertifizierte-naturkosmetik-augenserum-serum-zur-augenpflege-gesichtspflege\/","title":{"rendered":"mellow NOIR Concentrated Booster | SOFORT STRAFFEND | vegan, klimaneutral &amp; clean | Hyaluron Gesichtsserum | zertifizierte Naturkosmetik | Augenserum | Serum zur Augenpflege &amp; Gesichtspflege"},"content":{"rendered":"<p>\u2705 SOFORT STRAFFENDES Hyaluron Serum wirkt gegen Falten und F\u00e4ltchen, versorgt Deine Haut schnell und intensiv mit Feuchtigkeit, st\u00e4rkt die Hautbarriere und wirkt aufpolsternd. Soforteffekt: bis zu 39,5% bessere Hautrauigkeit bereits nach 30min.<br \/>\n\u2705 HOCHWIRKSAME INHALTSSTOFFE. Der Extrakt aus frischen Kirschbl\u00fcten der Provence und die Sch\u00f6nheitsinnovation, aktives Kaffee\u00f6l aus 100% verbrauchtem Kaffee. Beide regen die Kollagenproduktion an und tragen zum Schutz des hauteigenen Kollagens bei. Mit kurz- und mittelkettiger Hyalurons\u00e4ure, welche Deine Haut auch in der Tiefe mit Feuchtigkeit versorgen kann.<br \/>\n\u2705 SEHR GUTE HAUTVERTR\u00c4GLICHKEIT, erfolgreich dermatologisch an sensibler Haut getestet. Besonders sanfte Formulierung, daher sehr gut als Augencreme geeignet. Feuchtigkeitsserum morgens und abends sanft in die gereinigte Gesichtshaut einklopfen.<br \/>\n\u2705 FREI VON umstrittenen Zusatzstoffen. Ohne Mikroplastik, Nanopartikel, Duftstoffe, Parfum, Sulfate, Parabene, Mineral\u00f6le, Silikone oder Ethanol.<br \/>\n\u2705 KOSMETIK MIT EINEM NEUEN GRUNDGEDANKEN &#8211; ALLEN GUTES TUN! Deiner Haut. Der Umwelt. Den Mitmenschen. mellow NOIR ist klimaneutrale, vegane und zertifizierte Naturkosmetik mit aktivem Kaffee\u00f6l aus 100% verbrauchtem Kaffee. Aus Liebe zum Tier verzichten wir selbstverst\u00e4ndlich auf Tierversuche. Zus\u00e4tzlich zum klimaneutralen Produkt spenden wir f\u00fcr jedes verkaufte Produkt einen Baum zur Aufforstung zerst\u00f6rter W\u00e4lder. F\u00fcr eine Haut, so rein wie Dein Gewissen.<br \/>\n<div class=\"main-cross-sell\" data-asin=\"B0B6GH21M1\">\n\n\t<div class=\"WooZone-cross-sell-loader\">\n\t\t<div>\n\t\t\t<div id=\"floatingBarsG\">\n\t\t\t\t<div class=\"blockG\" id=\"rotateG_01\"><\/div>\n\t\t\t\t<div class=\"blockG\" id=\"rotateG_02\"><\/div>\n\t\t\t\t<div class=\"blockG\" id=\"rotateG_03\"><\/div>\n\t\t\t\t<div class=\"blockG\" id=\"rotateG_04\"><\/div>\n\t\t\t\t<div class=\"blockG\" id=\"rotateG_05\"><\/div>\n\t\t\t\t<div class=\"blockG\" id=\"rotateG_06\"><\/div>\n\t\t\t\t<div class=\"blockG\" id=\"rotateG_07\"><\/div>\n\t\t\t\t<div class=\"blockG\" id=\"rotateG_08\"><\/div>\n\t\t\t<\/div>\n\t\t\t<div class=\"WooZone-cross-sell-loader-text\"><\/div>\n\t\t<\/div>\n\t<\/div>\n\n\t\t\n<\/div>\n<div style=\"clear:both;\"><\/div><\/p>\n","protected":false},"excerpt":{"rendered":"<p>\u2705 SOFORT STRAFFENDES Hyaluron Serum wirkt gegen Falten und F\u00e4ltchen, versorgt Deine Haut schnell und intensiv mit Feuchtigkeit, st\u00e4rkt die Hautbarriere und wirkt aufpolsternd. Soforteffekt: bis zu 39,5% bessere Hautrauigkeit bereits nach 30min.<br \/>\n\u2705 HOCHWIRKSAME INHALTSSTOFFE. Der Extrakt aus frischen Kirschbl\u00fcten der Provence und die Sch\u00f6nheitsinnovation, aktives Kaffee\u00f6l aus 100% verbrauchtem Kaffee. Beide regen die Kollagenproduktion an und tragen zum Schutz des hauteigenen Kollagens bei. Mit kurz- und mittelkettiger Hyalurons\u00e4ure, welche Deine Haut auch in der Tiefe mit Feuchtigkeit versorgen kann.<br \/>\n\u2705 SEHR GUTE HAUTVERTR\u00c4GLICHKEIT, erfolgreich dermatologisch an sensibler Haut getestet. Besonders sanfte Formulierung, daher sehr gut als Augencreme geeignet. Feuchtigkeitsserum morgens und abends sanft in die gereinigte Gesichtshaut einklopfen.<\/p>\n","protected":false},"featured_media":222145,"comment_status":"open","ping_status":"closed","template":"","meta":[],"product_brand":[],"product_cat":[2858,7067],"product_tag":[],"class_list":{"0":"post-222144","1":"product","2":"type-product","3":"status-publish","4":"has-post-thumbnail","6":"product_cat-beauty","7":"product_cat-hautpflege","8":"pa_brand-mellow-noir","9":"pa_manufacturer-truly-natural-cosmetics-gmbh","11":"first","12":"instock","13":"shipping-taxable","14":"product-type-simple","15":"customify-col","16":"product-has-gallery"},"yoast_head":"<!-- This site is optimized with the Yoast SEO plugin v27.4 - https:\/\/yoast.com\/product\/yoast-seo-wordpress\/ -->\n<title>mellow NOIR Concentrated Booster | SOFORT STRAFFEND | vegan, klimaneutral &amp; clean | Hyaluron Gesichtsserum | zertifizierte Naturkosmetik | Augenserum | Serum zur Augenpflege &amp; Gesichtspflege - Markt-XXL<\/title>\n<meta name=\"description\" content=\"Markt-XXL mellow NOIR Concentrated Booster | SOFORT STRAFFEND | vegan, klimaneutral &amp; clean | Hyaluron Gesichtsserum | zertifizierte Naturkosmetik | Augenserum | Serum zur Augenpflege &amp; Gesichtspflege\" \/>\n<meta name=\"robots\" content=\"index, follow, max-snippet:-1, max-image-preview:large, max-video-preview:-1\" \/>\n<link rel=\"canonical\" href=\"https:\/\/marktxxl.de\/markt\/produkt\/mellow-noir-concentrated-booster-sofort-straffend-vegan-klimaneutral-clean-hyaluron-gesichtsserum-zertifizierte-naturkosmetik-augenserum-serum-zur-augenpflege-gesichtspflege\/\" \/>\n<meta property=\"og:locale\" content=\"de_DE\" \/>\n<meta property=\"og:type\" content=\"article\" \/>\n<meta property=\"og:title\" content=\"mellow NOIR Concentrated Booster | SOFORT STRAFFEND | vegan, klimaneutral &amp; clean | Hyaluron Gesichtsserum | zertifizierte Naturkosmetik | Augenserum | Serum zur Augenpflege &amp; Gesichtspflege - Markt-XXL\" \/>\n<meta property=\"og:description\" content=\"Markt-XXL mellow NOIR Concentrated Booster | SOFORT STRAFFEND | vegan, klimaneutral &amp; clean | Hyaluron Gesichtsserum | zertifizierte Naturkosmetik | Augenserum | Serum zur Augenpflege &amp; Gesichtspflege\" \/>\n<meta property=\"og:url\" content=\"https:\/\/marktxxl.de\/markt\/produkt\/mellow-noir-concentrated-booster-sofort-straffend-vegan-klimaneutral-clean-hyaluron-gesichtsserum-zertifizierte-naturkosmetik-augenserum-serum-zur-augenpflege-gesichtspflege\/\" \/>\n<meta property=\"og:site_name\" content=\"Markt-XXL\" \/>\n<meta name=\"twitter:card\" content=\"summary_large_image\" \/>\n<meta name=\"twitter:label1\" content=\"Gesch\u00e4tzte Lesezeit\" \/>\n\t<meta name=\"twitter:data1\" content=\"1\u00a0Minute\" \/>\n<script type=\"application\/ld+json\" class=\"yoast-schema-graph\">{\"@context\":\"https:\\\/\\\/schema.org\",\"@graph\":[{\"@type\":\"WebPage\",\"@id\":\"https:\\\/\\\/marktxxl.de\\\/markt\\\/produkt\\\/mellow-noir-concentrated-booster-sofort-straffend-vegan-klimaneutral-clean-hyaluron-gesichtsserum-zertifizierte-naturkosmetik-augenserum-serum-zur-augenpflege-gesichtspflege\\\/\",\"url\":\"https:\\\/\\\/marktxxl.de\\\/markt\\\/produkt\\\/mellow-noir-concentrated-booster-sofort-straffend-vegan-klimaneutral-clean-hyaluron-gesichtsserum-zertifizierte-naturkosmetik-augenserum-serum-zur-augenpflege-gesichtspflege\\\/\",\"name\":\"mellow NOIR Concentrated Booster | SOFORT STRAFFEND | vegan, klimaneutral &amp; clean | Hyaluron Gesichtsserum | zertifizierte Naturkosmetik | Augenserum | Serum zur Augenpflege &amp; Gesichtspflege - Markt-XXL\",\"isPartOf\":{\"@id\":\"https:\\\/\\\/marktxxl.de\\\/markt\\\/#website\"},\"primaryImageOfPage\":{\"@id\":\"https:\\\/\\\/marktxxl.de\\\/markt\\\/produkt\\\/mellow-noir-concentrated-booster-sofort-straffend-vegan-klimaneutral-clean-hyaluron-gesichtsserum-zertifizierte-naturkosmetik-augenserum-serum-zur-augenpflege-gesichtspflege\\\/#primaryimage\"},\"image\":{\"@id\":\"https:\\\/\\\/marktxxl.de\\\/markt\\\/produkt\\\/mellow-noir-concentrated-booster-sofort-straffend-vegan-klimaneutral-clean-hyaluron-gesichtsserum-zertifizierte-naturkosmetik-augenserum-serum-zur-augenpflege-gesichtspflege\\\/#primaryimage\"},\"thumbnailUrl\":\"https:\\\/\\\/m.media-amazon.com\\\/images\\\/I\\\/317iyLG78nL._SL500_.jpg\",\"datePublished\":\"2024-07-28T13:59:30+00:00\",\"description\":\"Markt-XXL mellow NOIR Concentrated Booster | SOFORT STRAFFEND | vegan, klimaneutral &amp; clean | Hyaluron Gesichtsserum | zertifizierte Naturkosmetik | Augenserum | Serum zur Augenpflege &amp; Gesichtspflege\",\"breadcrumb\":{\"@id\":\"https:\\\/\\\/marktxxl.de\\\/markt\\\/produkt\\\/mellow-noir-concentrated-booster-sofort-straffend-vegan-klimaneutral-clean-hyaluron-gesichtsserum-zertifizierte-naturkosmetik-augenserum-serum-zur-augenpflege-gesichtspflege\\\/#breadcrumb\"},\"inLanguage\":\"de\",\"potentialAction\":[{\"@type\":\"ReadAction\",\"target\":[\"https:\\\/\\\/marktxxl.de\\\/markt\\\/produkt\\\/mellow-noir-concentrated-booster-sofort-straffend-vegan-klimaneutral-clean-hyaluron-gesichtsserum-zertifizierte-naturkosmetik-augenserum-serum-zur-augenpflege-gesichtspflege\\\/\"]}]},{\"@type\":\"ImageObject\",\"inLanguage\":\"de\",\"@id\":\"https:\\\/\\\/marktxxl.de\\\/markt\\\/produkt\\\/mellow-noir-concentrated-booster-sofort-straffend-vegan-klimaneutral-clean-hyaluron-gesichtsserum-zertifizierte-naturkosmetik-augenserum-serum-zur-augenpflege-gesichtspflege\\\/#primaryimage\",\"url\":\"https:\\\/\\\/m.media-amazon.com\\\/images\\\/I\\\/317iyLG78nL._SL500_.jpg\",\"contentUrl\":\"https:\\\/\\\/m.media-amazon.com\\\/images\\\/I\\\/317iyLG78nL._SL500_.jpg\",\"width\":500,\"height\":500},{\"@type\":\"BreadcrumbList\",\"@id\":\"https:\\\/\\\/marktxxl.de\\\/markt\\\/produkt\\\/mellow-noir-concentrated-booster-sofort-straffend-vegan-klimaneutral-clean-hyaluron-gesichtsserum-zertifizierte-naturkosmetik-augenserum-serum-zur-augenpflege-gesichtspflege\\\/#breadcrumb\",\"itemListElement\":[{\"@type\":\"ListItem\",\"position\":1,\"name\":\"Startseite\",\"item\":\"https:\\\/\\\/marktxxl.de\\\/markt\\\/\"},{\"@type\":\"ListItem\",\"position\":2,\"name\":\"Markt\",\"item\":\"https:\\\/\\\/marktxxl.de\\\/markt\\\/\"},{\"@type\":\"ListItem\",\"position\":3,\"name\":\"mellow NOIR Concentrated Booster | SOFORT STRAFFEND | vegan, klimaneutral &amp; clean | Hyaluron Gesichtsserum | zertifizierte Naturkosmetik | Augenserum | Serum zur Augenpflege &amp; Gesichtspflege\"}]},{\"@type\":\"WebSite\",\"@id\":\"https:\\\/\\\/marktxxl.de\\\/markt\\\/#website\",\"url\":\"https:\\\/\\\/marktxxl.de\\\/markt\\\/\",\"name\":\"Markt-XXL\",\"description\":\"Ihr Markt Online\",\"publisher\":{\"@id\":\"https:\\\/\\\/marktxxl.de\\\/markt\\\/#organization\"},\"potentialAction\":[{\"@type\":\"SearchAction\",\"target\":{\"@type\":\"EntryPoint\",\"urlTemplate\":\"https:\\\/\\\/marktxxl.de\\\/markt\\\/?s={search_term_string}\"},\"query-input\":{\"@type\":\"PropertyValueSpecification\",\"valueRequired\":true,\"valueName\":\"search_term_string\"}}],\"inLanguage\":\"de\"},{\"@type\":\"Organization\",\"@id\":\"https:\\\/\\\/marktxxl.de\\\/markt\\\/#organization\",\"name\":\"Markt-XXL\",\"url\":\"https:\\\/\\\/marktxxl.de\\\/markt\\\/\",\"logo\":{\"@type\":\"ImageObject\",\"inLanguage\":\"de\",\"@id\":\"https:\\\/\\\/marktxxl.de\\\/markt\\\/#\\\/schema\\\/logo\\\/image\\\/\",\"url\":\"https:\\\/\\\/marktxxl.de\\\/markt\\\/wp-content\\\/uploads\\\/sites\\\/3\\\/2020\\\/12\\\/logo.png\",\"contentUrl\":\"https:\\\/\\\/marktxxl.de\\\/markt\\\/wp-content\\\/uploads\\\/sites\\\/3\\\/2020\\\/12\\\/logo.png\",\"width\":200,\"height\":70,\"caption\":\"Markt-XXL\"},\"image\":{\"@id\":\"https:\\\/\\\/marktxxl.de\\\/markt\\\/#\\\/schema\\\/logo\\\/image\\\/\"}}]}<\/script>\n<!-- \/ Yoast SEO plugin. -->","yoast_head_json":{"title":"mellow NOIR Concentrated Booster | SOFORT STRAFFEND | vegan, klimaneutral &amp; clean | Hyaluron Gesichtsserum | zertifizierte Naturkosmetik | Augenserum | Serum zur Augenpflege &amp; Gesichtspflege - Markt-XXL","description":"Markt-XXL mellow NOIR Concentrated Booster | SOFORT STRAFFEND | vegan, klimaneutral &amp; clean | Hyaluron Gesichtsserum | zertifizierte Naturkosmetik | Augenserum | Serum zur Augenpflege &amp; Gesichtspflege","robots":{"index":"index","follow":"follow","max-snippet":"max-snippet:-1","max-image-preview":"max-image-preview:large","max-video-preview":"max-video-preview:-1"},"canonical":"https:\/\/marktxxl.de\/markt\/produkt\/mellow-noir-concentrated-booster-sofort-straffend-vegan-klimaneutral-clean-hyaluron-gesichtsserum-zertifizierte-naturkosmetik-augenserum-serum-zur-augenpflege-gesichtspflege\/","og_locale":"de_DE","og_type":"article","og_title":"mellow NOIR Concentrated Booster | SOFORT STRAFFEND | vegan, klimaneutral &amp; clean | Hyaluron Gesichtsserum | zertifizierte Naturkosmetik | Augenserum | Serum zur Augenpflege &amp; Gesichtspflege - Markt-XXL","og_description":"Markt-XXL mellow NOIR Concentrated Booster | SOFORT STRAFFEND | vegan, klimaneutral &amp; clean | Hyaluron Gesichtsserum | zertifizierte Naturkosmetik | Augenserum | Serum zur Augenpflege &amp; Gesichtspflege","og_url":"https:\/\/marktxxl.de\/markt\/produkt\/mellow-noir-concentrated-booster-sofort-straffend-vegan-klimaneutral-clean-hyaluron-gesichtsserum-zertifizierte-naturkosmetik-augenserum-serum-zur-augenpflege-gesichtspflege\/","og_site_name":"Markt-XXL","twitter_card":"summary_large_image","twitter_misc":{"Gesch\u00e4tzte Lesezeit":"1\u00a0Minute"},"schema":{"@context":"https:\/\/schema.org","@graph":[{"@type":"WebPage","@id":"https:\/\/marktxxl.de\/markt\/produkt\/mellow-noir-concentrated-booster-sofort-straffend-vegan-klimaneutral-clean-hyaluron-gesichtsserum-zertifizierte-naturkosmetik-augenserum-serum-zur-augenpflege-gesichtspflege\/","url":"https:\/\/marktxxl.de\/markt\/produkt\/mellow-noir-concentrated-booster-sofort-straffend-vegan-klimaneutral-clean-hyaluron-gesichtsserum-zertifizierte-naturkosmetik-augenserum-serum-zur-augenpflege-gesichtspflege\/","name":"mellow NOIR Concentrated Booster | SOFORT STRAFFEND | vegan, klimaneutral &amp; clean | Hyaluron Gesichtsserum | zertifizierte Naturkosmetik | Augenserum | Serum zur Augenpflege &amp; Gesichtspflege - Markt-XXL","isPartOf":{"@id":"https:\/\/marktxxl.de\/markt\/#website"},"primaryImageOfPage":{"@id":"https:\/\/marktxxl.de\/markt\/produkt\/mellow-noir-concentrated-booster-sofort-straffend-vegan-klimaneutral-clean-hyaluron-gesichtsserum-zertifizierte-naturkosmetik-augenserum-serum-zur-augenpflege-gesichtspflege\/#primaryimage"},"image":{"@id":"https:\/\/marktxxl.de\/markt\/produkt\/mellow-noir-concentrated-booster-sofort-straffend-vegan-klimaneutral-clean-hyaluron-gesichtsserum-zertifizierte-naturkosmetik-augenserum-serum-zur-augenpflege-gesichtspflege\/#primaryimage"},"thumbnailUrl":"https:\/\/m.media-amazon.com\/images\/I\/317iyLG78nL._SL500_.jpg","datePublished":"2024-07-28T13:59:30+00:00","description":"Markt-XXL mellow NOIR Concentrated Booster | SOFORT STRAFFEND | vegan, klimaneutral &amp; clean | Hyaluron Gesichtsserum | zertifizierte Naturkosmetik | Augenserum | Serum zur Augenpflege &amp; Gesichtspflege","breadcrumb":{"@id":"https:\/\/marktxxl.de\/markt\/produkt\/mellow-noir-concentrated-booster-sofort-straffend-vegan-klimaneutral-clean-hyaluron-gesichtsserum-zertifizierte-naturkosmetik-augenserum-serum-zur-augenpflege-gesichtspflege\/#breadcrumb"},"inLanguage":"de","potentialAction":[{"@type":"ReadAction","target":["https:\/\/marktxxl.de\/markt\/produkt\/mellow-noir-concentrated-booster-sofort-straffend-vegan-klimaneutral-clean-hyaluron-gesichtsserum-zertifizierte-naturkosmetik-augenserum-serum-zur-augenpflege-gesichtspflege\/"]}]},{"@type":"ImageObject","inLanguage":"de","@id":"https:\/\/marktxxl.de\/markt\/produkt\/mellow-noir-concentrated-booster-sofort-straffend-vegan-klimaneutral-clean-hyaluron-gesichtsserum-zertifizierte-naturkosmetik-augenserum-serum-zur-augenpflege-gesichtspflege\/#primaryimage","url":"https:\/\/m.media-amazon.com\/images\/I\/317iyLG78nL._SL500_.jpg","contentUrl":"https:\/\/m.media-amazon.com\/images\/I\/317iyLG78nL._SL500_.jpg","width":500,"height":500},{"@type":"BreadcrumbList","@id":"https:\/\/marktxxl.de\/markt\/produkt\/mellow-noir-concentrated-booster-sofort-straffend-vegan-klimaneutral-clean-hyaluron-gesichtsserum-zertifizierte-naturkosmetik-augenserum-serum-zur-augenpflege-gesichtspflege\/#breadcrumb","itemListElement":[{"@type":"ListItem","position":1,"name":"Startseite","item":"https:\/\/marktxxl.de\/markt\/"},{"@type":"ListItem","position":2,"name":"Markt","item":"https:\/\/marktxxl.de\/markt\/"},{"@type":"ListItem","position":3,"name":"mellow NOIR Concentrated Booster | SOFORT STRAFFEND | vegan, klimaneutral &amp; clean | Hyaluron Gesichtsserum | zertifizierte Naturkosmetik | Augenserum | Serum zur Augenpflege &amp; Gesichtspflege"}]},{"@type":"WebSite","@id":"https:\/\/marktxxl.de\/markt\/#website","url":"https:\/\/marktxxl.de\/markt\/","name":"Markt-XXL","description":"Ihr Markt Online","publisher":{"@id":"https:\/\/marktxxl.de\/markt\/#organization"},"potentialAction":[{"@type":"SearchAction","target":{"@type":"EntryPoint","urlTemplate":"https:\/\/marktxxl.de\/markt\/?s={search_term_string}"},"query-input":{"@type":"PropertyValueSpecification","valueRequired":true,"valueName":"search_term_string"}}],"inLanguage":"de"},{"@type":"Organization","@id":"https:\/\/marktxxl.de\/markt\/#organization","name":"Markt-XXL","url":"https:\/\/marktxxl.de\/markt\/","logo":{"@type":"ImageObject","inLanguage":"de","@id":"https:\/\/marktxxl.de\/markt\/#\/schema\/logo\/image\/","url":"https:\/\/marktxxl.de\/markt\/wp-content\/uploads\/sites\/3\/2020\/12\/logo.png","contentUrl":"https:\/\/marktxxl.de\/markt\/wp-content\/uploads\/sites\/3\/2020\/12\/logo.png","width":200,"height":70,"caption":"Markt-XXL"},"image":{"@id":"https:\/\/marktxxl.de\/markt\/#\/schema\/logo\/image\/"}}]}},"_links":{"self":[{"href":"https:\/\/marktxxl.de\/markt\/wp-json\/wp\/v2\/product\/222144","targetHints":{"allow":["GET"]}}],"collection":[{"href":"https:\/\/marktxxl.de\/markt\/wp-json\/wp\/v2\/product"}],"about":[{"href":"https:\/\/marktxxl.de\/markt\/wp-json\/wp\/v2\/types\/product"}],"replies":[{"embeddable":true,"href":"https:\/\/marktxxl.de\/markt\/wp-json\/wp\/v2\/comments?post=222144"}],"wp:featuredmedia":[{"embeddable":true,"href":"https:\/\/marktxxl.de\/markt\/wp-json\/wp\/v2\/media\/222145"}],"wp:attachment":[{"href":"https:\/\/marktxxl.de\/markt\/wp-json\/wp\/v2\/media?parent=222144"}],"wp:term":[{"taxonomy":"product_brand","embeddable":true,"href":"https:\/\/marktxxl.de\/markt\/wp-json\/wp\/v2\/product_brand?post=222144"},{"taxonomy":"product_cat","embeddable":true,"href":"https:\/\/marktxxl.de\/markt\/wp-json\/wp\/v2\/product_cat?post=222144"},{"taxonomy":"product_tag","embeddable":true,"href":"https:\/\/marktxxl.de\/markt\/wp-json\/wp\/v2\/product_tag?post=222144"}],"curies":[{"name":"wp","href":"https:\/\/api.w.org\/{rel}","templated":true}]}}