{"id":221942,"date":"2024-07-28T15:50:10","date_gmt":"2024-07-28T13:50:10","guid":{"rendered":"https:\/\/marktxxl.de\/markt\/produkt\/storage-double-hooks-garage-space-saver-organizer-utility-hangerrack-extended-wall-mount-tool-heavy-duty-steel-holder-with-anti-rutsch-beschichtung\/"},"modified":"2024-07-28T15:50:10","modified_gmt":"2024-07-28T13:50:10","slug":"storage-double-hooks-garage-space-saver-organizer-utility-hangerrack-extended-wall-mount-tool-heavy-duty-steel-holder-with-anti-rutsch-beschichtung","status":"publish","type":"product","link":"https:\/\/marktxxl.de\/markt\/produkt\/storage-double-hooks-garage-space-saver-organizer-utility-hangerrack-extended-wall-mount-tool-heavy-duty-steel-holder-with-anti-rutsch-beschichtung\/","title":{"rendered":"Storage Double Hooks Garage Space Saver Organizer Utility Hanger,Rack Extended Wall Mount Tool Heavy Duty Steel Holder with Anti-Rutsch-Beschichtung"},"content":{"rendered":"<p>Vielseitig einsetzbar: Garagenhaken ideal zum Stapeln von Besen, Schaufeln, Klappst\u00fchlen, Leitern, Fahrr\u00e4dern, Rasenm\u00e4hern, Werkzeugtaschen und mehr, ist endlose M\u00f6glichkeiten f\u00fcr eine effiziente Aufbewahrung in der Garage, Laden, Keller oder Schuppen.<br \/>\nHervorragende Qualit\u00e4t: Haken sind aus robustem Eisen, w\u00e4hrend die Anti-Rutsch-Beschichtung aus weichem Gummi besteht, 29,9 kg Tragkraft, das Doppelarm-Design macht die Kraft ausbalanciert und stabiler.<br \/>\nM\u00fchelose Installation: Die Einkerbungen und die Spitze auf der R\u00fcckseite der Platte erm\u00f6glichen es Ihnen, die Hakenplatten leichter zu befestigen oder anzupassen. Sie passen auf Trockenbauw\u00e4nde, Wandbolzen und andere Wandtypen sauber und schnell. Lieferung mit Schrauben und D\u00fcbeln im Lieferumfang enthalten<br \/>\nGr\u00f6\u00dfe: Wandhalterung: 13 x 6,1 x 13 cm (L x B x H), Kunststoffanker-L\u00e4nge: 4,5 cm, M6-Schraubenl\u00e4nge: 4 cm, M5-Schraubenl\u00e4nge: 3,5 cm.<br \/>\nLebenslange Garantie: Wir stehen hinter unseren Produkten.<br \/>\n<div class=\"main-cross-sell\" data-asin=\"B07N16RG66\">\n\n\t<div class=\"WooZone-cross-sell-loader\">\n\t\t<div>\n\t\t\t<div id=\"floatingBarsG\">\n\t\t\t\t<div class=\"blockG\" id=\"rotateG_01\"><\/div>\n\t\t\t\t<div class=\"blockG\" id=\"rotateG_02\"><\/div>\n\t\t\t\t<div class=\"blockG\" id=\"rotateG_03\"><\/div>\n\t\t\t\t<div class=\"blockG\" id=\"rotateG_04\"><\/div>\n\t\t\t\t<div class=\"blockG\" id=\"rotateG_05\"><\/div>\n\t\t\t\t<div class=\"blockG\" id=\"rotateG_06\"><\/div>\n\t\t\t\t<div class=\"blockG\" id=\"rotateG_07\"><\/div>\n\t\t\t\t<div class=\"blockG\" id=\"rotateG_08\"><\/div>\n\t\t\t<\/div>\n\t\t\t<div class=\"WooZone-cross-sell-loader-text\"><\/div>\n\t\t<\/div>\n\t<\/div>\n\n\t\t\n<\/div>\n<div style=\"clear:both;\"><\/div><\/p>\n","protected":false},"excerpt":{"rendered":"<p>Vielseitig einsetzbar: Garagenhaken ideal zum Stapeln von Besen, Schaufeln, Klappst\u00fchlen, Leitern, Fahrr\u00e4dern, Rasenm\u00e4hern, Werkzeugtaschen und mehr, ist endlose M\u00f6glichkeiten f\u00fcr eine effiziente Aufbewahrung in der Garage, Laden, Keller oder Schuppen.<br \/>\nHervorragende Qualit\u00e4t: Haken sind aus robustem Eisen, w\u00e4hrend die Anti-Rutsch-Beschichtung aus weichem Gummi besteht, 29,9 kg Tragkraft, das Doppelarm-Design macht die Kraft ausbalanciert und stabiler.<br \/>\nM\u00fchelose Installation: Die Einkerbungen und die Spitze auf der R\u00fcckseite der Platte erm\u00f6glichen es Ihnen, die Hakenplatten leichter zu befestigen oder anzupassen. Sie passen auf Trockenbauw\u00e4nde, Wandbolzen und andere Wandtypen sauber und schnell. Lieferung mit Schrauben und D\u00fcbeln im Lieferumfang enthalten<\/p>\n","protected":false},"featured_media":221943,"comment_status":"open","ping_status":"closed","template":"","meta":[],"product_brand":[],"product_cat":[1983,11179],"product_tag":[],"class_list":{"0":"post-221942","1":"product","2":"type-product","3":"status-publish","4":"has-post-thumbnail","6":"product_cat-baumarkt","7":"product_cat-lagersysteme","8":"pa_brand-swendo-garage-hooks","9":"pa_manufacturer-swendo","11":"first","12":"instock","13":"shipping-taxable","14":"product-type-simple","15":"customify-col","16":"product-has-gallery"},"yoast_head":"<!-- This site is optimized with the Yoast SEO plugin v27.4 - https:\/\/yoast.com\/product\/yoast-seo-wordpress\/ -->\n<title>Storage Double Hooks Garage Space Saver Organizer Utility Hanger,Rack Extended Wall Mount Tool Heavy Duty Steel Holder with Anti-Rutsch-Beschichtung - Markt-XXL<\/title>\n<meta name=\"description\" content=\"Markt-XXL Storage Double Hooks Garage Space Saver Organizer Utility Hanger,Rack Extended Wall Mount Tool Heavy Duty Steel Holder with Anti-Rutsch-Beschichtung\" \/>\n<meta name=\"robots\" content=\"index, follow, max-snippet:-1, max-image-preview:large, max-video-preview:-1\" \/>\n<link rel=\"canonical\" href=\"https:\/\/marktxxl.de\/markt\/produkt\/storage-double-hooks-garage-space-saver-organizer-utility-hangerrack-extended-wall-mount-tool-heavy-duty-steel-holder-with-anti-rutsch-beschichtung\/\" \/>\n<meta property=\"og:locale\" content=\"de_DE\" \/>\n<meta property=\"og:type\" content=\"article\" \/>\n<meta property=\"og:title\" content=\"Storage Double Hooks Garage Space Saver Organizer Utility Hanger,Rack Extended Wall Mount Tool Heavy Duty Steel Holder with Anti-Rutsch-Beschichtung - Markt-XXL\" \/>\n<meta property=\"og:description\" content=\"Markt-XXL Storage Double Hooks Garage Space Saver Organizer Utility Hanger,Rack Extended Wall Mount Tool Heavy Duty Steel Holder with Anti-Rutsch-Beschichtung\" \/>\n<meta property=\"og:url\" content=\"https:\/\/marktxxl.de\/markt\/produkt\/storage-double-hooks-garage-space-saver-organizer-utility-hangerrack-extended-wall-mount-tool-heavy-duty-steel-holder-with-anti-rutsch-beschichtung\/\" \/>\n<meta property=\"og:site_name\" content=\"Markt-XXL\" \/>\n<meta name=\"twitter:card\" content=\"summary_large_image\" \/>\n<meta name=\"twitter:label1\" content=\"Gesch\u00e4tzte Lesezeit\" \/>\n\t<meta name=\"twitter:data1\" content=\"1\u00a0Minute\" \/>\n<script type=\"application\/ld+json\" class=\"yoast-schema-graph\">{\"@context\":\"https:\\\/\\\/schema.org\",\"@graph\":[{\"@type\":\"WebPage\",\"@id\":\"https:\\\/\\\/marktxxl.de\\\/markt\\\/produkt\\\/storage-double-hooks-garage-space-saver-organizer-utility-hangerrack-extended-wall-mount-tool-heavy-duty-steel-holder-with-anti-rutsch-beschichtung\\\/\",\"url\":\"https:\\\/\\\/marktxxl.de\\\/markt\\\/produkt\\\/storage-double-hooks-garage-space-saver-organizer-utility-hangerrack-extended-wall-mount-tool-heavy-duty-steel-holder-with-anti-rutsch-beschichtung\\\/\",\"name\":\"Storage Double Hooks Garage Space Saver Organizer Utility Hanger,Rack Extended Wall Mount Tool Heavy Duty Steel Holder with Anti-Rutsch-Beschichtung - Markt-XXL\",\"isPartOf\":{\"@id\":\"https:\\\/\\\/marktxxl.de\\\/markt\\\/#website\"},\"primaryImageOfPage\":{\"@id\":\"https:\\\/\\\/marktxxl.de\\\/markt\\\/produkt\\\/storage-double-hooks-garage-space-saver-organizer-utility-hangerrack-extended-wall-mount-tool-heavy-duty-steel-holder-with-anti-rutsch-beschichtung\\\/#primaryimage\"},\"image\":{\"@id\":\"https:\\\/\\\/marktxxl.de\\\/markt\\\/produkt\\\/storage-double-hooks-garage-space-saver-organizer-utility-hangerrack-extended-wall-mount-tool-heavy-duty-steel-holder-with-anti-rutsch-beschichtung\\\/#primaryimage\"},\"thumbnailUrl\":\"https:\\\/\\\/m.media-amazon.com\\\/images\\\/I\\\/51eE-+BbcGL._SL500_.jpg\",\"datePublished\":\"2024-07-28T13:50:10+00:00\",\"description\":\"Markt-XXL Storage Double Hooks Garage Space Saver Organizer Utility Hanger,Rack Extended Wall Mount Tool Heavy Duty Steel Holder with Anti-Rutsch-Beschichtung\",\"breadcrumb\":{\"@id\":\"https:\\\/\\\/marktxxl.de\\\/markt\\\/produkt\\\/storage-double-hooks-garage-space-saver-organizer-utility-hangerrack-extended-wall-mount-tool-heavy-duty-steel-holder-with-anti-rutsch-beschichtung\\\/#breadcrumb\"},\"inLanguage\":\"de\",\"potentialAction\":[{\"@type\":\"ReadAction\",\"target\":[\"https:\\\/\\\/marktxxl.de\\\/markt\\\/produkt\\\/storage-double-hooks-garage-space-saver-organizer-utility-hangerrack-extended-wall-mount-tool-heavy-duty-steel-holder-with-anti-rutsch-beschichtung\\\/\"]}]},{\"@type\":\"ImageObject\",\"inLanguage\":\"de\",\"@id\":\"https:\\\/\\\/marktxxl.de\\\/markt\\\/produkt\\\/storage-double-hooks-garage-space-saver-organizer-utility-hangerrack-extended-wall-mount-tool-heavy-duty-steel-holder-with-anti-rutsch-beschichtung\\\/#primaryimage\",\"url\":\"https:\\\/\\\/m.media-amazon.com\\\/images\\\/I\\\/51eE-+BbcGL._SL500_.jpg\",\"contentUrl\":\"https:\\\/\\\/m.media-amazon.com\\\/images\\\/I\\\/51eE-+BbcGL._SL500_.jpg\",\"width\":500,\"height\":500},{\"@type\":\"BreadcrumbList\",\"@id\":\"https:\\\/\\\/marktxxl.de\\\/markt\\\/produkt\\\/storage-double-hooks-garage-space-saver-organizer-utility-hangerrack-extended-wall-mount-tool-heavy-duty-steel-holder-with-anti-rutsch-beschichtung\\\/#breadcrumb\",\"itemListElement\":[{\"@type\":\"ListItem\",\"position\":1,\"name\":\"Startseite\",\"item\":\"https:\\\/\\\/marktxxl.de\\\/markt\\\/\"},{\"@type\":\"ListItem\",\"position\":2,\"name\":\"Markt\",\"item\":\"https:\\\/\\\/marktxxl.de\\\/markt\\\/\"},{\"@type\":\"ListItem\",\"position\":3,\"name\":\"Storage Double Hooks Garage Space Saver Organizer Utility Hanger,Rack Extended Wall Mount Tool Heavy Duty Steel Holder with Anti-Rutsch-Beschichtung\"}]},{\"@type\":\"WebSite\",\"@id\":\"https:\\\/\\\/marktxxl.de\\\/markt\\\/#website\",\"url\":\"https:\\\/\\\/marktxxl.de\\\/markt\\\/\",\"name\":\"Markt-XXL\",\"description\":\"Ihr Markt Online\",\"publisher\":{\"@id\":\"https:\\\/\\\/marktxxl.de\\\/markt\\\/#organization\"},\"potentialAction\":[{\"@type\":\"SearchAction\",\"target\":{\"@type\":\"EntryPoint\",\"urlTemplate\":\"https:\\\/\\\/marktxxl.de\\\/markt\\\/?s={search_term_string}\"},\"query-input\":{\"@type\":\"PropertyValueSpecification\",\"valueRequired\":true,\"valueName\":\"search_term_string\"}}],\"inLanguage\":\"de\"},{\"@type\":\"Organization\",\"@id\":\"https:\\\/\\\/marktxxl.de\\\/markt\\\/#organization\",\"name\":\"Markt-XXL\",\"url\":\"https:\\\/\\\/marktxxl.de\\\/markt\\\/\",\"logo\":{\"@type\":\"ImageObject\",\"inLanguage\":\"de\",\"@id\":\"https:\\\/\\\/marktxxl.de\\\/markt\\\/#\\\/schema\\\/logo\\\/image\\\/\",\"url\":\"https:\\\/\\\/marktxxl.de\\\/markt\\\/wp-content\\\/uploads\\\/sites\\\/3\\\/2020\\\/12\\\/logo.png\",\"contentUrl\":\"https:\\\/\\\/marktxxl.de\\\/markt\\\/wp-content\\\/uploads\\\/sites\\\/3\\\/2020\\\/12\\\/logo.png\",\"width\":200,\"height\":70,\"caption\":\"Markt-XXL\"},\"image\":{\"@id\":\"https:\\\/\\\/marktxxl.de\\\/markt\\\/#\\\/schema\\\/logo\\\/image\\\/\"}}]}<\/script>\n<!-- \/ Yoast SEO plugin. -->","yoast_head_json":{"title":"Storage Double Hooks Garage Space Saver Organizer Utility Hanger,Rack Extended Wall Mount Tool Heavy Duty Steel Holder with Anti-Rutsch-Beschichtung - Markt-XXL","description":"Markt-XXL Storage Double Hooks Garage Space Saver Organizer Utility Hanger,Rack Extended Wall Mount Tool Heavy Duty Steel Holder with Anti-Rutsch-Beschichtung","robots":{"index":"index","follow":"follow","max-snippet":"max-snippet:-1","max-image-preview":"max-image-preview:large","max-video-preview":"max-video-preview:-1"},"canonical":"https:\/\/marktxxl.de\/markt\/produkt\/storage-double-hooks-garage-space-saver-organizer-utility-hangerrack-extended-wall-mount-tool-heavy-duty-steel-holder-with-anti-rutsch-beschichtung\/","og_locale":"de_DE","og_type":"article","og_title":"Storage Double Hooks Garage Space Saver Organizer Utility Hanger,Rack Extended Wall Mount Tool Heavy Duty Steel Holder with Anti-Rutsch-Beschichtung - Markt-XXL","og_description":"Markt-XXL Storage Double Hooks Garage Space Saver Organizer Utility Hanger,Rack Extended Wall Mount Tool Heavy Duty Steel Holder with Anti-Rutsch-Beschichtung","og_url":"https:\/\/marktxxl.de\/markt\/produkt\/storage-double-hooks-garage-space-saver-organizer-utility-hangerrack-extended-wall-mount-tool-heavy-duty-steel-holder-with-anti-rutsch-beschichtung\/","og_site_name":"Markt-XXL","twitter_card":"summary_large_image","twitter_misc":{"Gesch\u00e4tzte Lesezeit":"1\u00a0Minute"},"schema":{"@context":"https:\/\/schema.org","@graph":[{"@type":"WebPage","@id":"https:\/\/marktxxl.de\/markt\/produkt\/storage-double-hooks-garage-space-saver-organizer-utility-hangerrack-extended-wall-mount-tool-heavy-duty-steel-holder-with-anti-rutsch-beschichtung\/","url":"https:\/\/marktxxl.de\/markt\/produkt\/storage-double-hooks-garage-space-saver-organizer-utility-hangerrack-extended-wall-mount-tool-heavy-duty-steel-holder-with-anti-rutsch-beschichtung\/","name":"Storage Double Hooks Garage Space Saver Organizer Utility Hanger,Rack Extended Wall Mount Tool Heavy Duty Steel Holder with Anti-Rutsch-Beschichtung - Markt-XXL","isPartOf":{"@id":"https:\/\/marktxxl.de\/markt\/#website"},"primaryImageOfPage":{"@id":"https:\/\/marktxxl.de\/markt\/produkt\/storage-double-hooks-garage-space-saver-organizer-utility-hangerrack-extended-wall-mount-tool-heavy-duty-steel-holder-with-anti-rutsch-beschichtung\/#primaryimage"},"image":{"@id":"https:\/\/marktxxl.de\/markt\/produkt\/storage-double-hooks-garage-space-saver-organizer-utility-hangerrack-extended-wall-mount-tool-heavy-duty-steel-holder-with-anti-rutsch-beschichtung\/#primaryimage"},"thumbnailUrl":"https:\/\/m.media-amazon.com\/images\/I\/51eE-+BbcGL._SL500_.jpg","datePublished":"2024-07-28T13:50:10+00:00","description":"Markt-XXL Storage Double Hooks Garage Space Saver Organizer Utility Hanger,Rack Extended Wall Mount Tool Heavy Duty Steel Holder with Anti-Rutsch-Beschichtung","breadcrumb":{"@id":"https:\/\/marktxxl.de\/markt\/produkt\/storage-double-hooks-garage-space-saver-organizer-utility-hangerrack-extended-wall-mount-tool-heavy-duty-steel-holder-with-anti-rutsch-beschichtung\/#breadcrumb"},"inLanguage":"de","potentialAction":[{"@type":"ReadAction","target":["https:\/\/marktxxl.de\/markt\/produkt\/storage-double-hooks-garage-space-saver-organizer-utility-hangerrack-extended-wall-mount-tool-heavy-duty-steel-holder-with-anti-rutsch-beschichtung\/"]}]},{"@type":"ImageObject","inLanguage":"de","@id":"https:\/\/marktxxl.de\/markt\/produkt\/storage-double-hooks-garage-space-saver-organizer-utility-hangerrack-extended-wall-mount-tool-heavy-duty-steel-holder-with-anti-rutsch-beschichtung\/#primaryimage","url":"https:\/\/m.media-amazon.com\/images\/I\/51eE-+BbcGL._SL500_.jpg","contentUrl":"https:\/\/m.media-amazon.com\/images\/I\/51eE-+BbcGL._SL500_.jpg","width":500,"height":500},{"@type":"BreadcrumbList","@id":"https:\/\/marktxxl.de\/markt\/produkt\/storage-double-hooks-garage-space-saver-organizer-utility-hangerrack-extended-wall-mount-tool-heavy-duty-steel-holder-with-anti-rutsch-beschichtung\/#breadcrumb","itemListElement":[{"@type":"ListItem","position":1,"name":"Startseite","item":"https:\/\/marktxxl.de\/markt\/"},{"@type":"ListItem","position":2,"name":"Markt","item":"https:\/\/marktxxl.de\/markt\/"},{"@type":"ListItem","position":3,"name":"Storage Double Hooks Garage Space Saver Organizer Utility Hanger,Rack Extended Wall Mount Tool Heavy Duty Steel Holder with Anti-Rutsch-Beschichtung"}]},{"@type":"WebSite","@id":"https:\/\/marktxxl.de\/markt\/#website","url":"https:\/\/marktxxl.de\/markt\/","name":"Markt-XXL","description":"Ihr Markt Online","publisher":{"@id":"https:\/\/marktxxl.de\/markt\/#organization"},"potentialAction":[{"@type":"SearchAction","target":{"@type":"EntryPoint","urlTemplate":"https:\/\/marktxxl.de\/markt\/?s={search_term_string}"},"query-input":{"@type":"PropertyValueSpecification","valueRequired":true,"valueName":"search_term_string"}}],"inLanguage":"de"},{"@type":"Organization","@id":"https:\/\/marktxxl.de\/markt\/#organization","name":"Markt-XXL","url":"https:\/\/marktxxl.de\/markt\/","logo":{"@type":"ImageObject","inLanguage":"de","@id":"https:\/\/marktxxl.de\/markt\/#\/schema\/logo\/image\/","url":"https:\/\/marktxxl.de\/markt\/wp-content\/uploads\/sites\/3\/2020\/12\/logo.png","contentUrl":"https:\/\/marktxxl.de\/markt\/wp-content\/uploads\/sites\/3\/2020\/12\/logo.png","width":200,"height":70,"caption":"Markt-XXL"},"image":{"@id":"https:\/\/marktxxl.de\/markt\/#\/schema\/logo\/image\/"}}]}},"_links":{"self":[{"href":"https:\/\/marktxxl.de\/markt\/wp-json\/wp\/v2\/product\/221942","targetHints":{"allow":["GET"]}}],"collection":[{"href":"https:\/\/marktxxl.de\/markt\/wp-json\/wp\/v2\/product"}],"about":[{"href":"https:\/\/marktxxl.de\/markt\/wp-json\/wp\/v2\/types\/product"}],"replies":[{"embeddable":true,"href":"https:\/\/marktxxl.de\/markt\/wp-json\/wp\/v2\/comments?post=221942"}],"wp:featuredmedia":[{"embeddable":true,"href":"https:\/\/marktxxl.de\/markt\/wp-json\/wp\/v2\/media\/221943"}],"wp:attachment":[{"href":"https:\/\/marktxxl.de\/markt\/wp-json\/wp\/v2\/media?parent=221942"}],"wp:term":[{"taxonomy":"product_brand","embeddable":true,"href":"https:\/\/marktxxl.de\/markt\/wp-json\/wp\/v2\/product_brand?post=221942"},{"taxonomy":"product_cat","embeddable":true,"href":"https:\/\/marktxxl.de\/markt\/wp-json\/wp\/v2\/product_cat?post=221942"},{"taxonomy":"product_tag","embeddable":true,"href":"https:\/\/marktxxl.de\/markt\/wp-json\/wp\/v2\/product_tag?post=221942"}],"curies":[{"name":"wp","href":"https:\/\/api.w.org\/{rel}","templated":true}]}}