{"id":221771,"date":"2024-07-28T15:19:22","date_gmt":"2024-07-28T13:19:22","guid":{"rendered":"https:\/\/marktxxl.de\/markt\/produkt\/tamiya-schleifschwamm-4-arten-400-600-1000-1500\/"},"modified":"2024-07-28T15:19:22","modified_gmt":"2024-07-28T13:19:22","slug":"tamiya-schleifschwamm-4-arten-400-600-1000-1500","status":"publish","type":"product","link":"https:\/\/marktxxl.de\/markt\/produkt\/tamiya-schleifschwamm-4-arten-400-600-1000-1500\/","title":{"rendered":"Tamiya Schleifschwamm, 4 Arten (#400, 600, 1000, 1500)"},"content":{"rendered":"<p>TAMIYA Schleifschwamm 4 Typ \u00d7 1 Blatt-Set.<br \/>\nAuf einer flexiblen Schwammbasis befestigt, eignet sich die Schleifschicht dieses Schleifblatts gut zum Entfernen von Vorspr\u00fcngen an Kunststoffmodellen und auch zur Veredelung von Materialien wie Holz und Metall. Die Flexibilit\u00e4t des Schwamms erm\u00f6glicht eine gleichm\u00e4\u00dfige Bearbeitung von gekr\u00fcmmten Oberfl\u00e4chen und schwer zug\u00e4nglichen Ecken. Dieser Artikel kann einfach mit einem Modelliermesser in die gew\u00fcnschte Form\/Gr\u00f6\u00dfe geschnitten werden. Geeignet f\u00fcr Nassschleifen.<br \/>\nBlattgr\u00f6\u00dfe 114 \u00d7 140 mm\/Dicke 5 mm<br \/>\nSchleifmaterial: Alminoxid<br \/>\nHergestellt in Spanien.<br \/>\n<div class=\"main-cross-sell\" data-asin=\"B00MCM21P6\">\n\n\t<div class=\"WooZone-cross-sell-loader\">\n\t\t<div>\n\t\t\t<div id=\"floatingBarsG\">\n\t\t\t\t<div class=\"blockG\" id=\"rotateG_01\"><\/div>\n\t\t\t\t<div class=\"blockG\" id=\"rotateG_02\"><\/div>\n\t\t\t\t<div class=\"blockG\" id=\"rotateG_03\"><\/div>\n\t\t\t\t<div class=\"blockG\" id=\"rotateG_04\"><\/div>\n\t\t\t\t<div class=\"blockG\" id=\"rotateG_05\"><\/div>\n\t\t\t\t<div class=\"blockG\" id=\"rotateG_06\"><\/div>\n\t\t\t\t<div class=\"blockG\" id=\"rotateG_07\"><\/div>\n\t\t\t\t<div class=\"blockG\" id=\"rotateG_08\"><\/div>\n\t\t\t<\/div>\n\t\t\t<div class=\"WooZone-cross-sell-loader-text\"><\/div>\n\t\t<\/div>\n\t<\/div>\n\n\t\t\n<\/div>\n<div style=\"clear:both;\"><\/div><\/p>\n","protected":false},"excerpt":{"rendered":"<p>TAMIYA Schleifschwamm 4 Typ \u00d7 1 Blatt-Set.<br \/>\nAuf einer flexiblen Schwammbasis befestigt, eignet sich die Schleifschicht dieses Schleifblatts gut zum Entfernen von Vorspr\u00fcngen an Kunststoffmodellen und auch zur Veredelung von Materialien wie Holz und Metall. Die Flexibilit\u00e4t des Schwamms erm\u00f6glicht eine gleichm\u00e4\u00dfige Bearbeitung von gekr\u00fcmmten Oberfl\u00e4chen und schwer zug\u00e4nglichen Ecken. Dieser Artikel kann einfach mit einem Modelliermesser in die gew\u00fcnschte Form\/Gr\u00f6\u00dfe geschnitten werden. Geeignet f\u00fcr Nassschleifen.<br \/>\nBlattgr\u00f6\u00dfe 114 \u00d7 140 mm\/Dicke 5 mm<\/p>\n","protected":false},"featured_media":221772,"comment_status":"open","ping_status":"closed","template":"","meta":[],"product_brand":[],"product_cat":[1983,11212],"product_tag":[],"class_list":{"0":"post-221771","1":"product","2":"type-product","3":"status-publish","4":"has-post-thumbnail","6":"product_cat-baumarkt","7":"product_cat-malerbedarf-werkzeuge-tapeten","8":"pa_binding-haushaltswaren","9":"pa_brand-tamiya","10":"pa_color-grau-gruen","11":"pa_height-0-9-zoll","12":"pa_languages-unbekannt-englisch","13":"pa_length-6-1-zoll","14":"pa_manufacturer-tamiya","15":"pa_model-55631","16":"pa_weight-0-04-pfund","17":"pa_width-5-zoll","19":"first","20":"instock","21":"sale","22":"shipping-taxable","23":"purchasable","24":"product-type-simple","25":"customify-col","26":"product-has-gallery"},"yoast_head":"<!-- This site is optimized with the Yoast SEO plugin v27.4 - https:\/\/yoast.com\/product\/yoast-seo-wordpress\/ -->\n<title>Tamiya Schleifschwamm, 4 Arten (#400, 600, 1000, 1500) - Markt-XXL<\/title>\n<meta name=\"description\" content=\"Markt-XXL Tamiya Schleifschwamm, 4 Arten (#400, 600, 1000, 1500)\" \/>\n<meta name=\"robots\" content=\"index, follow, max-snippet:-1, max-image-preview:large, max-video-preview:-1\" \/>\n<link rel=\"canonical\" href=\"https:\/\/marktxxl.de\/markt\/produkt\/tamiya-schleifschwamm-4-arten-400-600-1000-1500\/\" \/>\n<meta property=\"og:locale\" content=\"de_DE\" \/>\n<meta property=\"og:type\" content=\"article\" \/>\n<meta property=\"og:title\" content=\"Tamiya Schleifschwamm, 4 Arten (#400, 600, 1000, 1500) - Markt-XXL\" \/>\n<meta property=\"og:description\" content=\"Markt-XXL Tamiya Schleifschwamm, 4 Arten (#400, 600, 1000, 1500)\" \/>\n<meta property=\"og:url\" content=\"https:\/\/marktxxl.de\/markt\/produkt\/tamiya-schleifschwamm-4-arten-400-600-1000-1500\/\" \/>\n<meta property=\"og:site_name\" content=\"Markt-XXL\" \/>\n<meta name=\"twitter:card\" content=\"summary_large_image\" \/>\n<script type=\"application\/ld+json\" class=\"yoast-schema-graph\">{\"@context\":\"https:\\\/\\\/schema.org\",\"@graph\":[{\"@type\":\"WebPage\",\"@id\":\"https:\\\/\\\/marktxxl.de\\\/markt\\\/produkt\\\/tamiya-schleifschwamm-4-arten-400-600-1000-1500\\\/\",\"url\":\"https:\\\/\\\/marktxxl.de\\\/markt\\\/produkt\\\/tamiya-schleifschwamm-4-arten-400-600-1000-1500\\\/\",\"name\":\"Tamiya Schleifschwamm, 4 Arten (#400, 600, 1000, 1500) - Markt-XXL\",\"isPartOf\":{\"@id\":\"https:\\\/\\\/marktxxl.de\\\/markt\\\/#website\"},\"primaryImageOfPage\":{\"@id\":\"https:\\\/\\\/marktxxl.de\\\/markt\\\/produkt\\\/tamiya-schleifschwamm-4-arten-400-600-1000-1500\\\/#primaryimage\"},\"image\":{\"@id\":\"https:\\\/\\\/marktxxl.de\\\/markt\\\/produkt\\\/tamiya-schleifschwamm-4-arten-400-600-1000-1500\\\/#primaryimage\"},\"thumbnailUrl\":\"https:\\\/\\\/m.media-amazon.com\\\/images\\\/I\\\/51v16X1gHHL._SL500_.jpg\",\"datePublished\":\"2024-07-28T13:19:22+00:00\",\"description\":\"Markt-XXL Tamiya Schleifschwamm, 4 Arten (#400, 600, 1000, 1500)\",\"breadcrumb\":{\"@id\":\"https:\\\/\\\/marktxxl.de\\\/markt\\\/produkt\\\/tamiya-schleifschwamm-4-arten-400-600-1000-1500\\\/#breadcrumb\"},\"inLanguage\":\"de\",\"potentialAction\":[{\"@type\":\"ReadAction\",\"target\":[\"https:\\\/\\\/marktxxl.de\\\/markt\\\/produkt\\\/tamiya-schleifschwamm-4-arten-400-600-1000-1500\\\/\"]}]},{\"@type\":\"ImageObject\",\"inLanguage\":\"de\",\"@id\":\"https:\\\/\\\/marktxxl.de\\\/markt\\\/produkt\\\/tamiya-schleifschwamm-4-arten-400-600-1000-1500\\\/#primaryimage\",\"url\":\"https:\\\/\\\/m.media-amazon.com\\\/images\\\/I\\\/51v16X1gHHL._SL500_.jpg\",\"contentUrl\":\"https:\\\/\\\/m.media-amazon.com\\\/images\\\/I\\\/51v16X1gHHL._SL500_.jpg\",\"width\":500,\"height\":318},{\"@type\":\"BreadcrumbList\",\"@id\":\"https:\\\/\\\/marktxxl.de\\\/markt\\\/produkt\\\/tamiya-schleifschwamm-4-arten-400-600-1000-1500\\\/#breadcrumb\",\"itemListElement\":[{\"@type\":\"ListItem\",\"position\":1,\"name\":\"Startseite\",\"item\":\"https:\\\/\\\/marktxxl.de\\\/markt\\\/\"},{\"@type\":\"ListItem\",\"position\":2,\"name\":\"Markt\",\"item\":\"https:\\\/\\\/marktxxl.de\\\/markt\\\/\"},{\"@type\":\"ListItem\",\"position\":3,\"name\":\"Tamiya Schleifschwamm, 4 Arten (#400, 600, 1000, 1500)\"}]},{\"@type\":\"WebSite\",\"@id\":\"https:\\\/\\\/marktxxl.de\\\/markt\\\/#website\",\"url\":\"https:\\\/\\\/marktxxl.de\\\/markt\\\/\",\"name\":\"Markt-XXL\",\"description\":\"Ihr Markt Online\",\"publisher\":{\"@id\":\"https:\\\/\\\/marktxxl.de\\\/markt\\\/#organization\"},\"potentialAction\":[{\"@type\":\"SearchAction\",\"target\":{\"@type\":\"EntryPoint\",\"urlTemplate\":\"https:\\\/\\\/marktxxl.de\\\/markt\\\/?s={search_term_string}\"},\"query-input\":{\"@type\":\"PropertyValueSpecification\",\"valueRequired\":true,\"valueName\":\"search_term_string\"}}],\"inLanguage\":\"de\"},{\"@type\":\"Organization\",\"@id\":\"https:\\\/\\\/marktxxl.de\\\/markt\\\/#organization\",\"name\":\"Markt-XXL\",\"url\":\"https:\\\/\\\/marktxxl.de\\\/markt\\\/\",\"logo\":{\"@type\":\"ImageObject\",\"inLanguage\":\"de\",\"@id\":\"https:\\\/\\\/marktxxl.de\\\/markt\\\/#\\\/schema\\\/logo\\\/image\\\/\",\"url\":\"https:\\\/\\\/marktxxl.de\\\/markt\\\/wp-content\\\/uploads\\\/sites\\\/3\\\/2020\\\/12\\\/logo.png\",\"contentUrl\":\"https:\\\/\\\/marktxxl.de\\\/markt\\\/wp-content\\\/uploads\\\/sites\\\/3\\\/2020\\\/12\\\/logo.png\",\"width\":200,\"height\":70,\"caption\":\"Markt-XXL\"},\"image\":{\"@id\":\"https:\\\/\\\/marktxxl.de\\\/markt\\\/#\\\/schema\\\/logo\\\/image\\\/\"}}]}<\/script>\n<!-- \/ Yoast SEO plugin. -->","yoast_head_json":{"title":"Tamiya Schleifschwamm, 4 Arten (#400, 600, 1000, 1500) - Markt-XXL","description":"Markt-XXL Tamiya Schleifschwamm, 4 Arten (#400, 600, 1000, 1500)","robots":{"index":"index","follow":"follow","max-snippet":"max-snippet:-1","max-image-preview":"max-image-preview:large","max-video-preview":"max-video-preview:-1"},"canonical":"https:\/\/marktxxl.de\/markt\/produkt\/tamiya-schleifschwamm-4-arten-400-600-1000-1500\/","og_locale":"de_DE","og_type":"article","og_title":"Tamiya Schleifschwamm, 4 Arten (#400, 600, 1000, 1500) - Markt-XXL","og_description":"Markt-XXL Tamiya Schleifschwamm, 4 Arten (#400, 600, 1000, 1500)","og_url":"https:\/\/marktxxl.de\/markt\/produkt\/tamiya-schleifschwamm-4-arten-400-600-1000-1500\/","og_site_name":"Markt-XXL","twitter_card":"summary_large_image","schema":{"@context":"https:\/\/schema.org","@graph":[{"@type":"WebPage","@id":"https:\/\/marktxxl.de\/markt\/produkt\/tamiya-schleifschwamm-4-arten-400-600-1000-1500\/","url":"https:\/\/marktxxl.de\/markt\/produkt\/tamiya-schleifschwamm-4-arten-400-600-1000-1500\/","name":"Tamiya Schleifschwamm, 4 Arten (#400, 600, 1000, 1500) - Markt-XXL","isPartOf":{"@id":"https:\/\/marktxxl.de\/markt\/#website"},"primaryImageOfPage":{"@id":"https:\/\/marktxxl.de\/markt\/produkt\/tamiya-schleifschwamm-4-arten-400-600-1000-1500\/#primaryimage"},"image":{"@id":"https:\/\/marktxxl.de\/markt\/produkt\/tamiya-schleifschwamm-4-arten-400-600-1000-1500\/#primaryimage"},"thumbnailUrl":"https:\/\/m.media-amazon.com\/images\/I\/51v16X1gHHL._SL500_.jpg","datePublished":"2024-07-28T13:19:22+00:00","description":"Markt-XXL Tamiya Schleifschwamm, 4 Arten (#400, 600, 1000, 1500)","breadcrumb":{"@id":"https:\/\/marktxxl.de\/markt\/produkt\/tamiya-schleifschwamm-4-arten-400-600-1000-1500\/#breadcrumb"},"inLanguage":"de","potentialAction":[{"@type":"ReadAction","target":["https:\/\/marktxxl.de\/markt\/produkt\/tamiya-schleifschwamm-4-arten-400-600-1000-1500\/"]}]},{"@type":"ImageObject","inLanguage":"de","@id":"https:\/\/marktxxl.de\/markt\/produkt\/tamiya-schleifschwamm-4-arten-400-600-1000-1500\/#primaryimage","url":"https:\/\/m.media-amazon.com\/images\/I\/51v16X1gHHL._SL500_.jpg","contentUrl":"https:\/\/m.media-amazon.com\/images\/I\/51v16X1gHHL._SL500_.jpg","width":500,"height":318},{"@type":"BreadcrumbList","@id":"https:\/\/marktxxl.de\/markt\/produkt\/tamiya-schleifschwamm-4-arten-400-600-1000-1500\/#breadcrumb","itemListElement":[{"@type":"ListItem","position":1,"name":"Startseite","item":"https:\/\/marktxxl.de\/markt\/"},{"@type":"ListItem","position":2,"name":"Markt","item":"https:\/\/marktxxl.de\/markt\/"},{"@type":"ListItem","position":3,"name":"Tamiya Schleifschwamm, 4 Arten (#400, 600, 1000, 1500)"}]},{"@type":"WebSite","@id":"https:\/\/marktxxl.de\/markt\/#website","url":"https:\/\/marktxxl.de\/markt\/","name":"Markt-XXL","description":"Ihr Markt Online","publisher":{"@id":"https:\/\/marktxxl.de\/markt\/#organization"},"potentialAction":[{"@type":"SearchAction","target":{"@type":"EntryPoint","urlTemplate":"https:\/\/marktxxl.de\/markt\/?s={search_term_string}"},"query-input":{"@type":"PropertyValueSpecification","valueRequired":true,"valueName":"search_term_string"}}],"inLanguage":"de"},{"@type":"Organization","@id":"https:\/\/marktxxl.de\/markt\/#organization","name":"Markt-XXL","url":"https:\/\/marktxxl.de\/markt\/","logo":{"@type":"ImageObject","inLanguage":"de","@id":"https:\/\/marktxxl.de\/markt\/#\/schema\/logo\/image\/","url":"https:\/\/marktxxl.de\/markt\/wp-content\/uploads\/sites\/3\/2020\/12\/logo.png","contentUrl":"https:\/\/marktxxl.de\/markt\/wp-content\/uploads\/sites\/3\/2020\/12\/logo.png","width":200,"height":70,"caption":"Markt-XXL"},"image":{"@id":"https:\/\/marktxxl.de\/markt\/#\/schema\/logo\/image\/"}}]}},"_links":{"self":[{"href":"https:\/\/marktxxl.de\/markt\/wp-json\/wp\/v2\/product\/221771","targetHints":{"allow":["GET"]}}],"collection":[{"href":"https:\/\/marktxxl.de\/markt\/wp-json\/wp\/v2\/product"}],"about":[{"href":"https:\/\/marktxxl.de\/markt\/wp-json\/wp\/v2\/types\/product"}],"replies":[{"embeddable":true,"href":"https:\/\/marktxxl.de\/markt\/wp-json\/wp\/v2\/comments?post=221771"}],"wp:featuredmedia":[{"embeddable":true,"href":"https:\/\/marktxxl.de\/markt\/wp-json\/wp\/v2\/media\/221772"}],"wp:attachment":[{"href":"https:\/\/marktxxl.de\/markt\/wp-json\/wp\/v2\/media?parent=221771"}],"wp:term":[{"taxonomy":"product_brand","embeddable":true,"href":"https:\/\/marktxxl.de\/markt\/wp-json\/wp\/v2\/product_brand?post=221771"},{"taxonomy":"product_cat","embeddable":true,"href":"https:\/\/marktxxl.de\/markt\/wp-json\/wp\/v2\/product_cat?post=221771"},{"taxonomy":"product_tag","embeddable":true,"href":"https:\/\/marktxxl.de\/markt\/wp-json\/wp\/v2\/product_tag?post=221771"}],"curies":[{"name":"wp","href":"https:\/\/api.w.org\/{rel}","templated":true}]}}