{"id":221108,"date":"2024-07-28T14:17:28","date_gmt":"2024-07-28T12:17:28","guid":{"rendered":"https:\/\/marktxxl.de\/markt\/produkt\/baby-erinnerungsbuch-fuer-jungen-und-maedchen-zeitloses-buch-fuer-babys-ab-5-jahren-schoenes-sammelalbum-oder-baby-fotoalbum-aus-leinen-ein-meilensteinbuch-zum-aufzeichnen-jedes-ereignis-seit-dem\/"},"modified":"2024-07-28T14:17:28","modified_gmt":"2024-07-28T12:17:28","slug":"baby-erinnerungsbuch-fuer-jungen-und-maedchen-zeitloses-buch-fuer-babys-ab-5-jahren-schoenes-sammelalbum-oder-baby-fotoalbum-aus-leinen-ein-meilensteinbuch-zum-aufzeichnen-jedes-ereignis-seit-dem","status":"publish","type":"product","link":"https:\/\/marktxxl.de\/markt\/produkt\/baby-erinnerungsbuch-fuer-jungen-und-maedchen-zeitloses-buch-fuer-babys-ab-5-jahren-schoenes-sammelalbum-oder-baby-fotoalbum-aus-leinen-ein-meilensteinbuch-zum-aufzeichnen-jedes-ereignis-seit-dem\/","title":{"rendered":"Baby Erinnerungsbuch f\u00fcr Jungen und M\u00e4dchen, zeitloses Buch f\u00fcr Babys ab 5 Jahren, sch\u00f6nes Sammelalbum oder Baby-Fotoalbum aus Leinen, ein Meilensteinbuch zum Aufzeichnen jedes Ereignis seit dem"},"content":{"rendered":"<p>Modernes Buch f\u00fcr bleibende Erinnerungen \u2013 von wo das gro\u00dfe Familienabenteuer begann, bis zu allen gro\u00dfen Meilensteinen Ihres Kleinen. Mit dem Erinnerungsbuch f\u00fcr Babys k\u00f6nnen Sie wertvolle Momente von der Geburt bis zu den ersten 5 Jahren an einem Ort festhalten<br \/>\nFangen Sie den Fortschritt Ihres Babys ein \u2013 beobachten Sie Ihr Baby wachsen und f\u00fcgen Sie unvergessliche Geschichten und Fotos in das Baby-Tagebuch hinzu: Ultraschallbilder, alle ersten und wunderbaren Ereignisse bis zur Vorschule. 20 Jahre und diese Erinnerungen zaubern jedem ein L\u00e4cheln ins Gesicht<br \/>\n\u2764 \u3010Hinterlassen Sie pers\u00f6nliche s\u00fc\u00dfe Notizen\u3011Um dieses Baby-Meilensteinbuch noch pers\u00f6nlicher zu gestalten, haben Sie viel Platz, um Buchstaben und Notizen hinzuzuf\u00fcgen, wertvolle W\u00f6rter, die in Zukunft das Herz Ihres Kindes ber\u00fchren werden<br \/>\nNiedliches Leinendesign und einfach zu bef\u00fcllen: Das Baby-Scrapbooking mit modernem Design und bezaubernden Zitaten f\u00fchrt Sie zu allen Gelegenheiten. Das Erinnerungsbuch f\u00fcr Babys besteht aus hochwertigem Papier und wird in einem Leinen-Hardcover-Ringbuch (22,9 x 21,9 cm) mit einer zus\u00e4tzlichen R\u00fcckentasche f\u00fcr kleine Erinnerungen wie Krankenhausarmb\u00e4nder geliefert<br \/>\nAufrichtiges Geschenk f\u00fcr werdende Eltern: Was f\u00fcr eine wunderbare Idee, dieses Babyalbum zur Babyparty oder als Schwangerschaftsgeschenk zu verschenken. Dank des geschlechtsneutralen Designs ist es eine fantastische Wahl f\u00fcr ein Baby-M\u00e4dchen und einen Jungen gleicherma\u00dfen<br \/>\n<div class=\"main-cross-sell\" data-asin=\"B0CZN4LHVD\">\n\n\t<div class=\"WooZone-cross-sell-loader\">\n\t\t<div>\n\t\t\t<div id=\"floatingBarsG\">\n\t\t\t\t<div class=\"blockG\" id=\"rotateG_01\"><\/div>\n\t\t\t\t<div class=\"blockG\" id=\"rotateG_02\"><\/div>\n\t\t\t\t<div class=\"blockG\" id=\"rotateG_03\"><\/div>\n\t\t\t\t<div class=\"blockG\" id=\"rotateG_04\"><\/div>\n\t\t\t\t<div class=\"blockG\" id=\"rotateG_05\"><\/div>\n\t\t\t\t<div class=\"blockG\" id=\"rotateG_06\"><\/div>\n\t\t\t\t<div class=\"blockG\" id=\"rotateG_07\"><\/div>\n\t\t\t\t<div class=\"blockG\" id=\"rotateG_08\"><\/div>\n\t\t\t<\/div>\n\t\t\t<div class=\"WooZone-cross-sell-loader-text\"><\/div>\n\t\t<\/div>\n\t<\/div>\n\n\t\t\n<\/div>\n<div style=\"clear:both;\"><\/div><\/p>\n","protected":false},"excerpt":{"rendered":"<p>Modernes Buch f\u00fcr bleibende Erinnerungen \u2013 von wo das gro\u00dfe Familienabenteuer begann, bis zu allen gro\u00dfen Meilensteinen Ihres Kleinen. Mit dem Erinnerungsbuch f\u00fcr Babys k\u00f6nnen Sie wertvolle Momente von der Geburt bis zu den ersten 5 Jahren an einem Ort festhalten<br \/>\nFangen Sie den Fortschritt Ihres Babys ein \u2013 beobachten Sie Ihr Baby wachsen und f\u00fcgen Sie unvergessliche Geschichten und Fotos in das Baby-Tagebuch hinzu: Ultraschallbilder, alle ersten und wunderbaren Ereignisse bis zur Vorschule. 20 Jahre und diese Erinnerungen zaubern jedem ein L\u00e4cheln ins Gesicht<br \/>\n\u2764 \u3010Hinterlassen Sie pers\u00f6nliche s\u00fc\u00dfe Notizen\u3011Um dieses Baby-Meilensteinbuch noch pers\u00f6nlicher zu gestalten, haben Sie viel Platz, um Buchstaben und Notizen hinzuzuf\u00fcgen, wertvolle W\u00f6rter, die in Zukunft das Herz Ihres Kindes ber\u00fchren werden<\/p>\n","protected":false},"featured_media":221109,"comment_status":"open","ping_status":"closed","template":"","meta":[],"product_brand":[],"product_cat":[21,8929],"product_tag":[],"class_list":{"0":"post-221108","1":"product","2":"type-product","3":"status-publish","4":"has-post-thumbnail","6":"product_cat-baby","7":"product_cat-babygeschenke-baby","8":"pa_binding-werkzeug","9":"pa_brand-zicoto","10":"pa_color-beige","11":"pa_height-0-98-zoll","12":"pa_length-9-53-zoll","13":"pa_manufacturer-zicoto","14":"pa_model-zic-babyb5-p","15":"pa_width-9-29-zoll","17":"first","18":"instock","19":"shipping-taxable","20":"product-type-simple","21":"customify-col","22":"product-has-gallery"},"yoast_head":"<!-- This site is optimized with the Yoast SEO plugin v27.4 - https:\/\/yoast.com\/product\/yoast-seo-wordpress\/ -->\n<title>Baby Erinnerungsbuch f\u00fcr Jungen und M\u00e4dchen, zeitloses Buch f\u00fcr Babys ab 5 Jahren, sch\u00f6nes Sammelalbum oder Baby-Fotoalbum aus Leinen, ein Meilensteinbuch zum Aufzeichnen jedes Ereignis seit dem - Markt-XXL<\/title>\n<meta name=\"description\" content=\"Markt-XXL Baby Erinnerungsbuch f\u00fcr Jungen und M\u00e4dchen, zeitloses Buch f\u00fcr Babys ab 5 Jahren, sch\u00f6nes Sammelalbum oder Baby-Fotoalbum aus Leinen, ein Meilensteinbuch zum Aufzeichnen jedes Ereignis seit dem\" \/>\n<meta name=\"robots\" content=\"index, follow, max-snippet:-1, max-image-preview:large, max-video-preview:-1\" \/>\n<link rel=\"canonical\" href=\"https:\/\/marktxxl.de\/markt\/produkt\/baby-erinnerungsbuch-fuer-jungen-und-maedchen-zeitloses-buch-fuer-babys-ab-5-jahren-schoenes-sammelalbum-oder-baby-fotoalbum-aus-leinen-ein-meilensteinbuch-zum-aufzeichnen-jedes-ereignis-seit-dem\/\" \/>\n<meta property=\"og:locale\" content=\"de_DE\" \/>\n<meta property=\"og:type\" content=\"article\" \/>\n<meta property=\"og:title\" content=\"Baby Erinnerungsbuch f\u00fcr Jungen und M\u00e4dchen, zeitloses Buch f\u00fcr Babys ab 5 Jahren, sch\u00f6nes Sammelalbum oder Baby-Fotoalbum aus Leinen, ein Meilensteinbuch zum Aufzeichnen jedes Ereignis seit dem - Markt-XXL\" \/>\n<meta property=\"og:description\" content=\"Markt-XXL Baby Erinnerungsbuch f\u00fcr Jungen und M\u00e4dchen, zeitloses Buch f\u00fcr Babys ab 5 Jahren, sch\u00f6nes Sammelalbum oder Baby-Fotoalbum aus Leinen, ein Meilensteinbuch zum Aufzeichnen jedes Ereignis seit dem\" \/>\n<meta property=\"og:url\" content=\"https:\/\/marktxxl.de\/markt\/produkt\/baby-erinnerungsbuch-fuer-jungen-und-maedchen-zeitloses-buch-fuer-babys-ab-5-jahren-schoenes-sammelalbum-oder-baby-fotoalbum-aus-leinen-ein-meilensteinbuch-zum-aufzeichnen-jedes-ereignis-seit-dem\/\" \/>\n<meta property=\"og:site_name\" content=\"Markt-XXL\" \/>\n<meta name=\"twitter:card\" content=\"summary_large_image\" \/>\n<meta name=\"twitter:label1\" content=\"Gesch\u00e4tzte Lesezeit\" \/>\n\t<meta name=\"twitter:data1\" content=\"1\u00a0Minute\" \/>\n<script type=\"application\/ld+json\" class=\"yoast-schema-graph\">{\"@context\":\"https:\\\/\\\/schema.org\",\"@graph\":[{\"@type\":\"WebPage\",\"@id\":\"https:\\\/\\\/marktxxl.de\\\/markt\\\/produkt\\\/baby-erinnerungsbuch-fuer-jungen-und-maedchen-zeitloses-buch-fuer-babys-ab-5-jahren-schoenes-sammelalbum-oder-baby-fotoalbum-aus-leinen-ein-meilensteinbuch-zum-aufzeichnen-jedes-ereignis-seit-dem\\\/\",\"url\":\"https:\\\/\\\/marktxxl.de\\\/markt\\\/produkt\\\/baby-erinnerungsbuch-fuer-jungen-und-maedchen-zeitloses-buch-fuer-babys-ab-5-jahren-schoenes-sammelalbum-oder-baby-fotoalbum-aus-leinen-ein-meilensteinbuch-zum-aufzeichnen-jedes-ereignis-seit-dem\\\/\",\"name\":\"Baby Erinnerungsbuch f\u00fcr Jungen und M\u00e4dchen, zeitloses Buch f\u00fcr Babys ab 5 Jahren, sch\u00f6nes Sammelalbum oder Baby-Fotoalbum aus Leinen, ein Meilensteinbuch zum Aufzeichnen jedes Ereignis seit dem - Markt-XXL\",\"isPartOf\":{\"@id\":\"https:\\\/\\\/marktxxl.de\\\/markt\\\/#website\"},\"primaryImageOfPage\":{\"@id\":\"https:\\\/\\\/marktxxl.de\\\/markt\\\/produkt\\\/baby-erinnerungsbuch-fuer-jungen-und-maedchen-zeitloses-buch-fuer-babys-ab-5-jahren-schoenes-sammelalbum-oder-baby-fotoalbum-aus-leinen-ein-meilensteinbuch-zum-aufzeichnen-jedes-ereignis-seit-dem\\\/#primaryimage\"},\"image\":{\"@id\":\"https:\\\/\\\/marktxxl.de\\\/markt\\\/produkt\\\/baby-erinnerungsbuch-fuer-jungen-und-maedchen-zeitloses-buch-fuer-babys-ab-5-jahren-schoenes-sammelalbum-oder-baby-fotoalbum-aus-leinen-ein-meilensteinbuch-zum-aufzeichnen-jedes-ereignis-seit-dem\\\/#primaryimage\"},\"thumbnailUrl\":\"https:\\\/\\\/m.media-amazon.com\\\/images\\\/I\\\/31KsUaX7x4L._SL500_.jpg\",\"datePublished\":\"2024-07-28T12:17:28+00:00\",\"description\":\"Markt-XXL Baby Erinnerungsbuch f\u00fcr Jungen und M\u00e4dchen, zeitloses Buch f\u00fcr Babys ab 5 Jahren, sch\u00f6nes Sammelalbum oder Baby-Fotoalbum aus Leinen, ein Meilensteinbuch zum Aufzeichnen jedes Ereignis seit dem\",\"breadcrumb\":{\"@id\":\"https:\\\/\\\/marktxxl.de\\\/markt\\\/produkt\\\/baby-erinnerungsbuch-fuer-jungen-und-maedchen-zeitloses-buch-fuer-babys-ab-5-jahren-schoenes-sammelalbum-oder-baby-fotoalbum-aus-leinen-ein-meilensteinbuch-zum-aufzeichnen-jedes-ereignis-seit-dem\\\/#breadcrumb\"},\"inLanguage\":\"de\",\"potentialAction\":[{\"@type\":\"ReadAction\",\"target\":[\"https:\\\/\\\/marktxxl.de\\\/markt\\\/produkt\\\/baby-erinnerungsbuch-fuer-jungen-und-maedchen-zeitloses-buch-fuer-babys-ab-5-jahren-schoenes-sammelalbum-oder-baby-fotoalbum-aus-leinen-ein-meilensteinbuch-zum-aufzeichnen-jedes-ereignis-seit-dem\\\/\"]}]},{\"@type\":\"ImageObject\",\"inLanguage\":\"de\",\"@id\":\"https:\\\/\\\/marktxxl.de\\\/markt\\\/produkt\\\/baby-erinnerungsbuch-fuer-jungen-und-maedchen-zeitloses-buch-fuer-babys-ab-5-jahren-schoenes-sammelalbum-oder-baby-fotoalbum-aus-leinen-ein-meilensteinbuch-zum-aufzeichnen-jedes-ereignis-seit-dem\\\/#primaryimage\",\"url\":\"https:\\\/\\\/m.media-amazon.com\\\/images\\\/I\\\/31KsUaX7x4L._SL500_.jpg\",\"contentUrl\":\"https:\\\/\\\/m.media-amazon.com\\\/images\\\/I\\\/31KsUaX7x4L._SL500_.jpg\",\"width\":500,\"height\":500},{\"@type\":\"BreadcrumbList\",\"@id\":\"https:\\\/\\\/marktxxl.de\\\/markt\\\/produkt\\\/baby-erinnerungsbuch-fuer-jungen-und-maedchen-zeitloses-buch-fuer-babys-ab-5-jahren-schoenes-sammelalbum-oder-baby-fotoalbum-aus-leinen-ein-meilensteinbuch-zum-aufzeichnen-jedes-ereignis-seit-dem\\\/#breadcrumb\",\"itemListElement\":[{\"@type\":\"ListItem\",\"position\":1,\"name\":\"Startseite\",\"item\":\"https:\\\/\\\/marktxxl.de\\\/markt\\\/\"},{\"@type\":\"ListItem\",\"position\":2,\"name\":\"Markt\",\"item\":\"https:\\\/\\\/marktxxl.de\\\/markt\\\/\"},{\"@type\":\"ListItem\",\"position\":3,\"name\":\"Baby Erinnerungsbuch f\u00fcr Jungen und M\u00e4dchen, zeitloses Buch f\u00fcr Babys ab 5 Jahren, sch\u00f6nes Sammelalbum oder Baby-Fotoalbum aus Leinen, ein Meilensteinbuch zum Aufzeichnen jedes Ereignis seit dem\"}]},{\"@type\":\"WebSite\",\"@id\":\"https:\\\/\\\/marktxxl.de\\\/markt\\\/#website\",\"url\":\"https:\\\/\\\/marktxxl.de\\\/markt\\\/\",\"name\":\"Markt-XXL\",\"description\":\"Ihr Markt Online\",\"publisher\":{\"@id\":\"https:\\\/\\\/marktxxl.de\\\/markt\\\/#organization\"},\"potentialAction\":[{\"@type\":\"SearchAction\",\"target\":{\"@type\":\"EntryPoint\",\"urlTemplate\":\"https:\\\/\\\/marktxxl.de\\\/markt\\\/?s={search_term_string}\"},\"query-input\":{\"@type\":\"PropertyValueSpecification\",\"valueRequired\":true,\"valueName\":\"search_term_string\"}}],\"inLanguage\":\"de\"},{\"@type\":\"Organization\",\"@id\":\"https:\\\/\\\/marktxxl.de\\\/markt\\\/#organization\",\"name\":\"Markt-XXL\",\"url\":\"https:\\\/\\\/marktxxl.de\\\/markt\\\/\",\"logo\":{\"@type\":\"ImageObject\",\"inLanguage\":\"de\",\"@id\":\"https:\\\/\\\/marktxxl.de\\\/markt\\\/#\\\/schema\\\/logo\\\/image\\\/\",\"url\":\"https:\\\/\\\/marktxxl.de\\\/markt\\\/wp-content\\\/uploads\\\/sites\\\/3\\\/2020\\\/12\\\/logo.png\",\"contentUrl\":\"https:\\\/\\\/marktxxl.de\\\/markt\\\/wp-content\\\/uploads\\\/sites\\\/3\\\/2020\\\/12\\\/logo.png\",\"width\":200,\"height\":70,\"caption\":\"Markt-XXL\"},\"image\":{\"@id\":\"https:\\\/\\\/marktxxl.de\\\/markt\\\/#\\\/schema\\\/logo\\\/image\\\/\"}}]}<\/script>\n<!-- \/ Yoast SEO plugin. -->","yoast_head_json":{"title":"Baby Erinnerungsbuch f\u00fcr Jungen und M\u00e4dchen, zeitloses Buch f\u00fcr Babys ab 5 Jahren, sch\u00f6nes Sammelalbum oder Baby-Fotoalbum aus Leinen, ein Meilensteinbuch zum Aufzeichnen jedes Ereignis seit dem - Markt-XXL","description":"Markt-XXL Baby Erinnerungsbuch f\u00fcr Jungen und M\u00e4dchen, zeitloses Buch f\u00fcr Babys ab 5 Jahren, sch\u00f6nes Sammelalbum oder Baby-Fotoalbum aus Leinen, ein Meilensteinbuch zum Aufzeichnen jedes Ereignis seit dem","robots":{"index":"index","follow":"follow","max-snippet":"max-snippet:-1","max-image-preview":"max-image-preview:large","max-video-preview":"max-video-preview:-1"},"canonical":"https:\/\/marktxxl.de\/markt\/produkt\/baby-erinnerungsbuch-fuer-jungen-und-maedchen-zeitloses-buch-fuer-babys-ab-5-jahren-schoenes-sammelalbum-oder-baby-fotoalbum-aus-leinen-ein-meilensteinbuch-zum-aufzeichnen-jedes-ereignis-seit-dem\/","og_locale":"de_DE","og_type":"article","og_title":"Baby Erinnerungsbuch f\u00fcr Jungen und M\u00e4dchen, zeitloses Buch f\u00fcr Babys ab 5 Jahren, sch\u00f6nes Sammelalbum oder Baby-Fotoalbum aus Leinen, ein Meilensteinbuch zum Aufzeichnen jedes Ereignis seit dem - Markt-XXL","og_description":"Markt-XXL Baby Erinnerungsbuch f\u00fcr Jungen und M\u00e4dchen, zeitloses Buch f\u00fcr Babys ab 5 Jahren, sch\u00f6nes Sammelalbum oder Baby-Fotoalbum aus Leinen, ein Meilensteinbuch zum Aufzeichnen jedes Ereignis seit dem","og_url":"https:\/\/marktxxl.de\/markt\/produkt\/baby-erinnerungsbuch-fuer-jungen-und-maedchen-zeitloses-buch-fuer-babys-ab-5-jahren-schoenes-sammelalbum-oder-baby-fotoalbum-aus-leinen-ein-meilensteinbuch-zum-aufzeichnen-jedes-ereignis-seit-dem\/","og_site_name":"Markt-XXL","twitter_card":"summary_large_image","twitter_misc":{"Gesch\u00e4tzte Lesezeit":"1\u00a0Minute"},"schema":{"@context":"https:\/\/schema.org","@graph":[{"@type":"WebPage","@id":"https:\/\/marktxxl.de\/markt\/produkt\/baby-erinnerungsbuch-fuer-jungen-und-maedchen-zeitloses-buch-fuer-babys-ab-5-jahren-schoenes-sammelalbum-oder-baby-fotoalbum-aus-leinen-ein-meilensteinbuch-zum-aufzeichnen-jedes-ereignis-seit-dem\/","url":"https:\/\/marktxxl.de\/markt\/produkt\/baby-erinnerungsbuch-fuer-jungen-und-maedchen-zeitloses-buch-fuer-babys-ab-5-jahren-schoenes-sammelalbum-oder-baby-fotoalbum-aus-leinen-ein-meilensteinbuch-zum-aufzeichnen-jedes-ereignis-seit-dem\/","name":"Baby Erinnerungsbuch f\u00fcr Jungen und M\u00e4dchen, zeitloses Buch f\u00fcr Babys ab 5 Jahren, sch\u00f6nes Sammelalbum oder Baby-Fotoalbum aus Leinen, ein Meilensteinbuch zum Aufzeichnen jedes Ereignis seit dem - Markt-XXL","isPartOf":{"@id":"https:\/\/marktxxl.de\/markt\/#website"},"primaryImageOfPage":{"@id":"https:\/\/marktxxl.de\/markt\/produkt\/baby-erinnerungsbuch-fuer-jungen-und-maedchen-zeitloses-buch-fuer-babys-ab-5-jahren-schoenes-sammelalbum-oder-baby-fotoalbum-aus-leinen-ein-meilensteinbuch-zum-aufzeichnen-jedes-ereignis-seit-dem\/#primaryimage"},"image":{"@id":"https:\/\/marktxxl.de\/markt\/produkt\/baby-erinnerungsbuch-fuer-jungen-und-maedchen-zeitloses-buch-fuer-babys-ab-5-jahren-schoenes-sammelalbum-oder-baby-fotoalbum-aus-leinen-ein-meilensteinbuch-zum-aufzeichnen-jedes-ereignis-seit-dem\/#primaryimage"},"thumbnailUrl":"https:\/\/m.media-amazon.com\/images\/I\/31KsUaX7x4L._SL500_.jpg","datePublished":"2024-07-28T12:17:28+00:00","description":"Markt-XXL Baby Erinnerungsbuch f\u00fcr Jungen und M\u00e4dchen, zeitloses Buch f\u00fcr Babys ab 5 Jahren, sch\u00f6nes Sammelalbum oder Baby-Fotoalbum aus Leinen, ein Meilensteinbuch zum Aufzeichnen jedes Ereignis seit dem","breadcrumb":{"@id":"https:\/\/marktxxl.de\/markt\/produkt\/baby-erinnerungsbuch-fuer-jungen-und-maedchen-zeitloses-buch-fuer-babys-ab-5-jahren-schoenes-sammelalbum-oder-baby-fotoalbum-aus-leinen-ein-meilensteinbuch-zum-aufzeichnen-jedes-ereignis-seit-dem\/#breadcrumb"},"inLanguage":"de","potentialAction":[{"@type":"ReadAction","target":["https:\/\/marktxxl.de\/markt\/produkt\/baby-erinnerungsbuch-fuer-jungen-und-maedchen-zeitloses-buch-fuer-babys-ab-5-jahren-schoenes-sammelalbum-oder-baby-fotoalbum-aus-leinen-ein-meilensteinbuch-zum-aufzeichnen-jedes-ereignis-seit-dem\/"]}]},{"@type":"ImageObject","inLanguage":"de","@id":"https:\/\/marktxxl.de\/markt\/produkt\/baby-erinnerungsbuch-fuer-jungen-und-maedchen-zeitloses-buch-fuer-babys-ab-5-jahren-schoenes-sammelalbum-oder-baby-fotoalbum-aus-leinen-ein-meilensteinbuch-zum-aufzeichnen-jedes-ereignis-seit-dem\/#primaryimage","url":"https:\/\/m.media-amazon.com\/images\/I\/31KsUaX7x4L._SL500_.jpg","contentUrl":"https:\/\/m.media-amazon.com\/images\/I\/31KsUaX7x4L._SL500_.jpg","width":500,"height":500},{"@type":"BreadcrumbList","@id":"https:\/\/marktxxl.de\/markt\/produkt\/baby-erinnerungsbuch-fuer-jungen-und-maedchen-zeitloses-buch-fuer-babys-ab-5-jahren-schoenes-sammelalbum-oder-baby-fotoalbum-aus-leinen-ein-meilensteinbuch-zum-aufzeichnen-jedes-ereignis-seit-dem\/#breadcrumb","itemListElement":[{"@type":"ListItem","position":1,"name":"Startseite","item":"https:\/\/marktxxl.de\/markt\/"},{"@type":"ListItem","position":2,"name":"Markt","item":"https:\/\/marktxxl.de\/markt\/"},{"@type":"ListItem","position":3,"name":"Baby Erinnerungsbuch f\u00fcr Jungen und M\u00e4dchen, zeitloses Buch f\u00fcr Babys ab 5 Jahren, sch\u00f6nes Sammelalbum oder Baby-Fotoalbum aus Leinen, ein Meilensteinbuch zum Aufzeichnen jedes Ereignis seit dem"}]},{"@type":"WebSite","@id":"https:\/\/marktxxl.de\/markt\/#website","url":"https:\/\/marktxxl.de\/markt\/","name":"Markt-XXL","description":"Ihr Markt Online","publisher":{"@id":"https:\/\/marktxxl.de\/markt\/#organization"},"potentialAction":[{"@type":"SearchAction","target":{"@type":"EntryPoint","urlTemplate":"https:\/\/marktxxl.de\/markt\/?s={search_term_string}"},"query-input":{"@type":"PropertyValueSpecification","valueRequired":true,"valueName":"search_term_string"}}],"inLanguage":"de"},{"@type":"Organization","@id":"https:\/\/marktxxl.de\/markt\/#organization","name":"Markt-XXL","url":"https:\/\/marktxxl.de\/markt\/","logo":{"@type":"ImageObject","inLanguage":"de","@id":"https:\/\/marktxxl.de\/markt\/#\/schema\/logo\/image\/","url":"https:\/\/marktxxl.de\/markt\/wp-content\/uploads\/sites\/3\/2020\/12\/logo.png","contentUrl":"https:\/\/marktxxl.de\/markt\/wp-content\/uploads\/sites\/3\/2020\/12\/logo.png","width":200,"height":70,"caption":"Markt-XXL"},"image":{"@id":"https:\/\/marktxxl.de\/markt\/#\/schema\/logo\/image\/"}}]}},"_links":{"self":[{"href":"https:\/\/marktxxl.de\/markt\/wp-json\/wp\/v2\/product\/221108","targetHints":{"allow":["GET"]}}],"collection":[{"href":"https:\/\/marktxxl.de\/markt\/wp-json\/wp\/v2\/product"}],"about":[{"href":"https:\/\/marktxxl.de\/markt\/wp-json\/wp\/v2\/types\/product"}],"replies":[{"embeddable":true,"href":"https:\/\/marktxxl.de\/markt\/wp-json\/wp\/v2\/comments?post=221108"}],"wp:featuredmedia":[{"embeddable":true,"href":"https:\/\/marktxxl.de\/markt\/wp-json\/wp\/v2\/media\/221109"}],"wp:attachment":[{"href":"https:\/\/marktxxl.de\/markt\/wp-json\/wp\/v2\/media?parent=221108"}],"wp:term":[{"taxonomy":"product_brand","embeddable":true,"href":"https:\/\/marktxxl.de\/markt\/wp-json\/wp\/v2\/product_brand?post=221108"},{"taxonomy":"product_cat","embeddable":true,"href":"https:\/\/marktxxl.de\/markt\/wp-json\/wp\/v2\/product_cat?post=221108"},{"taxonomy":"product_tag","embeddable":true,"href":"https:\/\/marktxxl.de\/markt\/wp-json\/wp\/v2\/product_tag?post=221108"}],"curies":[{"name":"wp","href":"https:\/\/api.w.org\/{rel}","templated":true}]}}